000
CDUS44 KLZK 210635
CLILIT


CLIMATE REPORT
NATIONAL WEATHER SERVICE LITTLE ROCK AR
1235 AM CST SAT JAN 21 2017


...................................

...THE LITTLE ROCK ADAMS FIELD CLIMATE SUMMARY FOR JANUARY 20 2017...

CLIMATE NORMAL PERIOD 1981 TO 2010
CLIMATE RECORD PERIOD 1874 TO 2017


WEATHER ITEM   OBSERVED TIME   RECORD YEAR NORMAL DEPARTURE LAST
                VALUE   (LST)  VALUE       VALUE  FROM      YEAR
                                                  NORMAL
..................................................................
TEMPERATURE (F)
 YESTERDAY
  MAXIMUM         69    248 PM  75    1972  51     18       36
  MINIMUM         48   1116 PM  -2    1985  31     17       31
  AVERAGE         59                        41     18       34

PRECIPITATION (IN)
  YESTERDAY        0.00          3.60 1937   0.11  -0.11     0.18
  MONTH TO DATE    1.21                      2.34  -1.13     1.72
  SINCE DEC 1      5.60                      7.31  -1.71    10.10
  SINCE JAN 1      1.21                      2.34  -1.13     1.72

SNOWFALL (IN)
  YESTERDAY        0.0           0.4  1970   0.0    0.0      0.0
  MONTH TO DATE    0.2                       1.0   -0.8       T
  SINCE DEC 1      0.2                       1.2   -1.0       T
  SINCE JUL 1      0.2                       1.2   -1.0       T
  SNOW DEPTH       0

DEGREE DAYS
 HEATING
  YESTERDAY        6                        24    -18       31
  MONTH TO DATE  397                       480    -83      488
  SINCE DEC 1   1064                      1163    -99      896
  SINCE JUL 1   1403                      1677   -274     1220

 COOLING
  YESTERDAY        0                         0      0        0
  MONTH TO DATE    0                         0      0        0
  SINCE DEC 1      2                         2      0       11
  SINCE JAN 1      0                         0      0        0
..................................................................


WIND (MPH)
  HIGHEST WIND SPEED    22   HIGHEST WIND DIRECTION     S (190)
  HIGHEST GUST SPEED    28   HIGHEST GUST DIRECTION    SW (210)
  AVERAGE WIND SPEED     7.7


SKY COVER
  POSSIBLE SUNSHINE  MM
  AVERAGE SKY COVER 0.7


WEATHER CONDITIONS
 THE FOLLOWING WEATHER WAS RECORDED YESTERDAY.
  NO SIGNIFICANT WEATHER WAS OBSERVED.


RELATIVE HUMIDITY (PERCENT)
 HIGHEST   100          1200 AM
 LOWEST     58           300 PM
 AVERAGE    79

..........................................................


THE LITTLE ROCK ADAMS FIELD CLIMATE NORMALS FOR TODAY
                         NORMAL    RECORD    YEAR
 MAXIMUM TEMPERATURE (F)   51        75      1986
 MINIMUM TEMPERATURE (F)   31         4      1985


SUNRISE AND SUNSET
JANUARY 21 2017.......SUNRISE   714 AM CST   SUNSET   527 PM CST
JANUARY 22 2017.......SUNRISE   713 AM CST   SUNSET   528 PM CST


-  INDICATES NEGATIVE NUMBERS.
R  INDICATES RECORD WAS SET OR TIED.
MM INDICATES DATA IS MISSING.
T  INDICATES TRACE AMOUNT.




$$
