946
CDUS44 KLZK 130635
CLILIT


CLIMATE REPORT
NATIONAL WEATHER SERVICE LITTLE ROCK AR
1235 AM CST SAT FEB 13 2016


...................................

...THE LITTLE ROCK ADAMS FIELD CLIMATE SUMMARY FOR FEBRUARY 12 2016...

CLIMATE NORMAL PERIOD 1981 TO 2010
CLIMATE RECORD PERIOD 1874 TO 2016


WEATHER ITEM   OBSERVED TIME   RECORD YEAR NORMAL DEPARTURE LAST
                VALUE   (LST)  VALUE       VALUE  FROM      YEAR
                                                  NORMAL
..................................................................
TEMPERATURE (F)
 YESTERDAY
  MAXIMUM         64    412 PM  83    1962  54     10       48
  MINIMUM         32    719 AM -12    1899  34     -2       32
  AVERAGE         48                        44      4       40

PRECIPITATION (IN)
  YESTERDAY        0.00          3.98 1950   0.12  -0.12     0.00
  MONTH TO DATE    T                         1.47  -1.47     0.55
  SINCE DEC 1     11.93                      9.99   1.94     6.68
  SINCE JAN 1      3.55                      5.02  -1.47     3.52

SNOWFALL (IN)
  YESTERDAY        0.0           0.5  1895   0.0    0.0      0.0
  MONTH TO DATE    0.0                       0.6   -0.6      0.0
  SINCE DEC 1      5.7                       2.4    3.3       T
  SINCE JUL 1      5.7                       2.4    3.3      0.1
  SNOW DEPTH       0

DEGREE DAYS
 HEATING
  YESTERDAY       17                        21     -4       25
  MONTH TO DATE  226                       267    -41      243
  SINCE DEC 1   1338                      1699   -361     1572
  SINCE JUL 1   1662                      2213   -551     2143

 COOLING
  YESTERDAY        0                         0      0        0
  MONTH TO DATE    0                         0      0        0
  SINCE DEC 1     12                         3      9        0
  SINCE JAN 1      1                         1      0        0
..................................................................


WIND (MPH)
  HIGHEST WIND SPEED    18   HIGHEST WIND DIRECTION    NE (30)
  HIGHEST GUST SPEED    26   HIGHEST GUST DIRECTION    NE (30)
  AVERAGE WIND SPEED     7.5


SKY COVER
  POSSIBLE SUNSHINE  MM
  AVERAGE SKY COVER 0.3


WEATHER CONDITIONS
 THE FOLLOWING WEATHER WAS RECORDED YESTERDAY.
  NO SIGNIFICANT WEATHER WAS OBSERVED.


RELATIVE HUMIDITY (PERCENT)
 HIGHEST    75           700 AM
 LOWEST     30           300 PM
 AVERAGE    53

..........................................................


THE LITTLE ROCK ADAMS FIELD CLIMATE NORMALS FOR TODAY
                         NORMAL    RECORD    YEAR
 MAXIMUM TEMPERATURE (F)   55        82      1962
 MINIMUM TEMPERATURE (F)   34        -4      1899


SUNRISE AND SUNSET
FEBRUARY 13 2016......SUNRISE   657 AM CST   SUNSET   550 PM CST
FEBRUARY 14 2016......SUNRISE   656 AM CST   SUNSET   551 PM CST


-  INDICATES NEGATIVE NUMBERS.
R  INDICATES RECORD WAS SET OR TIED.
MM INDICATES DATA IS MISSING.
T  INDICATES TRACE AMOUNT.




$$
