000
CDUS44 KLZK 270640
CLILIT


CLIMATE REPORT
NATIONAL WEATHER SERVICE LITTLE ROCK AR
140 AM CDT TUE SEP 27 2016


...................................

...THE LITTLE ROCK ADAMS FIELD CLIMATE SUMMARY FOR SEPTEMBER 26 2016...

CLIMATE NORMAL PERIOD 1981 TO 2010
CLIMATE RECORD PERIOD 1874 TO 2016


WEATHER ITEM   OBSERVED TIME   RECORD YEAR NORMAL DEPARTURE LAST
                VALUE   (LST)  VALUE       VALUE  FROM      YEAR
                                                  NORMAL
..................................................................
TEMPERATURE (F)
 YESTERDAY
  MAXIMUM         80   1205 AM  99    1954  82     -2       88
  MINIMUM         62   1116 PM  42    1975  60      2       63
                                      1942
                                      1893
  AVERAGE         71                        71      0       76

PRECIPITATION (IN)
  YESTERDAY        0.00          2.86 1996   0.12  -0.12     0.00
  MONTH TO DATE    1.31                      2.70  -1.39     0.12
  SINCE SEP 1      1.31                      2.70  -1.39     0.12
  SINCE JAN 1     47.26                     34.11  13.15    37.99

SNOWFALL (IN)
  YESTERDAY        0.0          MM      MM   0.0    0.0      0.0
  MONTH TO DATE    0.0                       0.0    0.0      0.0
  SINCE SEP 1      0.0                       0.0    0.0      0.0
  SINCE JUL 1      0.0                       0.0    0.0      0.0
  SNOW DEPTH       0

DEGREE DAYS
 HEATING
  YESTERDAY        0                         1     -1        0
  MONTH TO DATE    0                         5     -5        0
  SINCE SEP 1      0                         5     -5        0
  SINCE JUL 1      0                         5     -5        0

 COOLING
  YESTERDAY        6                         7     -1       11
  MONTH TO DATE  428                       288    140      361
  SINCE SEP 1    428                       288    140      361
  SINCE JAN 1   2481                      2089    392     2331
..................................................................


WIND (MPH)
  HIGHEST WIND SPEED    21   HIGHEST WIND DIRECTION     N (10)
  HIGHEST GUST SPEED    29   HIGHEST GUST DIRECTION     N (20)
  AVERAGE WIND SPEED     9.5


SKY COVER
  POSSIBLE SUNSHINE  MM
  AVERAGE SKY COVER 0.7


WEATHER CONDITIONS
 THE FOLLOWING WEATHER WAS RECORDED YESTERDAY.
  NO SIGNIFICANT WEATHER WAS OBSERVED.


RELATIVE HUMIDITY (PERCENT)
 HIGHEST    84           900 PM
 LOWEST     41          1100 AM
 AVERAGE    63

..........................................................


THE LITTLE ROCK ADAMS FIELD CLIMATE NORMALS FOR TODAY
                         NORMAL    RECORD    YEAR
 MAXIMUM TEMPERATURE (F)   81        98      1953
 MINIMUM TEMPERATURE (F)   60        37      1942


SUNRISE AND SUNSET
SEPTEMBER 27 2016.....SUNRISE   701 AM CDT   SUNSET   658 PM CDT
SEPTEMBER 28 2016.....SUNRISE   702 AM CDT   SUNSET   656 PM CDT


-  INDICATES NEGATIVE NUMBERS.
R  INDICATES RECORD WAS SET OR TIED.
MM INDICATES DATA IS MISSING.
T  INDICATES TRACE AMOUNT.




$$
