000
CDUS44 KLZK 190909
CLILIT


CLIMATE REPORT
NATIONAL WEATHER SERVICE LITTLE ROCK AR
408 AM CDT FRI SEP 19 2014


...................................

...THE LITTLE ROCK ADAMS FIELD CLIMATE SUMMARY FOR SEPTEMBER 18 2014...

CLIMATE NORMAL PERIOD 1981 TO 2010
CLIMATE RECORD PERIOD 1874 TO 2014


WEATHER ITEM   OBSERVED TIME   RECORD YEAR NORMAL DEPARTURE LAST
                VALUE   (LST)  VALUE       VALUE  FROM      YEAR
                                                  NORMAL
..................................................................
TEMPERATURE (F)
 YESTERDAY
  MAXIMUM         81    329 PM  98    2005  85     -4       97
                                      1925
  MINIMUM         67    657 AM  50    1993  64      3       70
                                      1961
                                      1901
  AVERAGE         74                        74      0       84

PRECIPITATION (IN)
  YESTERDAY        0.00          1.27 1899   0.10  -0.10     0.43
  MONTH TO DATE    2.01                      1.86   0.15     0.46
  SINCE SEP 1      2.01                      1.86   0.15     0.46
  SINCE JAN 1     39.14                     33.27   5.87    35.06

SNOWFALL (IN)
  YESTERDAY        0.0          MM      MM   0.0    0.0      0.0
  MONTH TO DATE    0.0                       0.0    0.0      0.0
  SINCE SEP 1      0.0                       0.0    0.0      0.0
  SINCE JUL 1      0.0                       0.0    0.0      0.0
  SNOW DEPTH       0

DEGREE DAYS
 HEATING
  YESTERDAY        0                         0      0        0
  MONTH TO DATE    4                         0      4        0
  SINCE SEP 1      4                         0      4        0
  SINCE JUL 1      4                         0      4        0

 COOLING
  YESTERDAY        9                        10     -1       19
  MONTH TO DATE  219                       225     -6      293
  SINCE SEP 1    219                       225     -6      293
  SINCE JAN 1   1829                      2026   -197     1999
..................................................................


WIND (MPH)
  HIGHEST WIND SPEED    13   HIGHEST WIND DIRECTION    NE (30)
  HIGHEST GUST SPEED    15   HIGHEST GUST DIRECTION    NE (40)
  AVERAGE WIND SPEED     6.7


SKY COVER
  POSSIBLE SUNSHINE  MM
  AVERAGE SKY COVER 0.9


WEATHER CONDITIONS
 THE FOLLOWING WEATHER WAS RECORDED YESTERDAY.
  FOG
  HAZE


RELATIVE HUMIDITY (PERCENT)
 HIGHEST    90           200 AM
 LOWEST     62           400 PM
 AVERAGE    76

..........................................................


THE LITTLE ROCK ADAMS FIELD CLIMATE NORMALS FOR TODAY
                         NORMAL    RECORD    YEAR
 MAXIMUM TEMPERATURE (F)   84       100      2005
 MINIMUM TEMPERATURE (F)   63        46      1901


SUNRISE AND SUNSET
SEPTEMBER 19 2014.....SUNRISE   655 AM CDT   SUNSET   710 PM CDT
SEPTEMBER 20 2014.....SUNRISE   655 AM CDT   SUNSET   709 PM CDT


-  INDICATES NEGATIVE NUMBERS.
R  INDICATES RECORD WAS SET OR TIED.
MM INDICATES DATA IS MISSING.
T  INDICATES TRACE AMOUNT.




$$
