000
CDUS44 KLZK 290634
CLILIT


CLIMATE REPORT
NATIONAL WEATHER SERVICE LITTLE ROCK AR
134 AM CDT MON AUG 29 2016


...................................

...THE LITTLE ROCK ADAMS FIELD CLIMATE SUMMARY FOR AUGUST 28 2016...

CLIMATE NORMAL PERIOD 1981 TO 2010
CLIMATE RECORD PERIOD 1874 TO 2016


WEATHER ITEM   OBSERVED TIME   RECORD YEAR NORMAL DEPARTURE LAST
                VALUE   (LST)  VALUE       VALUE  FROM      YEAR
                                                  NORMAL
..................................................................
TEMPERATURE (F)
 YESTERDAY
  MAXIMUM         95    258 PM 107    1998  91      4       88
                                      1963
  MINIMUM         76    558 AM  52    1967  71      5       61
  AVERAGE         86                        81      5       75

PRECIPITATION (IN)
  YESTERDAY        0.00          1.91 1978   0.09  -0.09     0.00
  MONTH TO DATE    7.56                      2.32   5.24     0.56
  SINCE JUN 1     16.76                      9.24   7.52     8.08
  SINCE JAN 1     45.95                     31.14  14.81    37.87

SNOWFALL (IN)
  YESTERDAY        0.0          MM      MM   0.0    0.0      0.0
  MONTH TO DATE    0.0                       0.0    0.0      0.0
  SINCE JUN 1      0.0                       0.0    0.0      0.0
  SINCE JUL 1      0.0                       0.0    0.0      0.0
  SNOW DEPTH       0

DEGREE DAYS
 HEATING
  YESTERDAY        0                         0      0        0
  MONTH TO DATE    0                         0      0        0
  SINCE JUN 1      0                         0      0        0
  SINCE JUL 1      0                         0      0        0

 COOLING
  YESTERDAY       21                        16      5       10
  MONTH TO DATE  522                       493     29      486
  SINCE JUN 1   1714                      1471    243     1590
  SINCE JAN 1   1988                      1752    236     1920
..................................................................


WIND (MPH)
  HIGHEST WIND SPEED    15   HIGHEST WIND DIRECTION     E (90)
  HIGHEST GUST SPEED    19   HIGHEST GUST DIRECTION     E (70)
  AVERAGE WIND SPEED     5.9


SKY COVER
  POSSIBLE SUNSHINE  MM
  AVERAGE SKY COVER 0.5


WEATHER CONDITIONS
 THE FOLLOWING WEATHER WAS RECORDED YESTERDAY.
  NO SIGNIFICANT WEATHER WAS OBSERVED.


RELATIVE HUMIDITY (PERCENT)
 HIGHEST    85           100 AM
 LOWEST     46           200 PM
 AVERAGE    66

..........................................................


THE LITTLE ROCK ADAMS FIELD CLIMATE NORMALS FOR TODAY
                         NORMAL    RECORD    YEAR
 MAXIMUM TEMPERATURE (F)   91       107      2000
 MINIMUM TEMPERATURE (F)   71        52      1986
                                             1967


SUNRISE AND SUNSET
AUGUST 29 2016........SUNRISE   640 AM CDT   SUNSET   739 PM CDT
AUGUST 30 2016........SUNRISE   641 AM CDT   SUNSET   737 PM CDT


-  INDICATES NEGATIVE NUMBERS.
R  INDICATES RECORD WAS SET OR TIED.
MM INDICATES DATA IS MISSING.
T  INDICATES TRACE AMOUNT.




$$
