000
CDUS44 KLZK 200643
CLILIT


CLIMATE REPORT
NATIONAL WEATHER SERVICE LITTLE ROCK AR
1243 AM CST SAT JAN 20 2018


...................................

...THE LITTLE ROCK ADAMS FIELD CLIMATE SUMMARY FOR JANUARY 19 2018...

CLIMATE NORMAL PERIOD 1981 TO 2010
CLIMATE RECORD PERIOD 1874 TO 2018


WEATHER ITEM   OBSERVED TIME   RECORD YEAR NORMAL DEPARTURE LAST
                VALUE   (LST)  VALUE       VALUE  FROM      YEAR
                                                  NORMAL
..................................................................
TEMPERATURE (F)
 YESTERDAY
  MAXIMUM         45    259 PM  76    1951  51     -6       54
  MINIMUM         21    137 AM   0    1940  31    -10       46
  AVERAGE         33                        41     -8       50

PRECIPITATION (IN)
  YESTERDAY        0.00          3.01 1935   0.11  -0.11     0.36
  MONTH TO DATE    1.00                      2.23  -1.23     1.21
  SINCE DEC 1      8.74                      7.20   1.54     5.60
  SINCE JAN 1      1.00                      2.23  -1.23     1.21

SNOWFALL (IN)
  YESTERDAY        0.0           5.0  1918   0.1   -0.1      0.0
  MONTH TO DATE    1.7                       1.0    0.7      0.2
  SINCE DEC 1      1.7                       1.2    0.5      0.2
  SINCE JUL 1      1.7                       1.2    0.5      0.2
  SNOW DEPTH       0

DEGREE DAYS
 HEATING
  YESTERDAY       32                        24      8       15
  MONTH TO DATE  641                       456    185      391
  SINCE DEC 1   1314                      1139    175     1058
  SINCE JUL 1   1780                      1653    127     1397

 COOLING
  YESTERDAY        0                         0      0        0
  MONTH TO DATE    0                         0      0        0
  SINCE DEC 1      0                         2     -2        2
  SINCE JAN 1      0                         0      0        0
..................................................................


WIND (MPH)
  HIGHEST WIND SPEED    12   HIGHEST WIND DIRECTION     S (160)
  HIGHEST GUST SPEED    15   HIGHEST GUST DIRECTION     S (200)
  AVERAGE WIND SPEED     5.9


SKY COVER
  POSSIBLE SUNSHINE  MM
  AVERAGE SKY COVER 0.7


WEATHER CONDITIONS
 THE FOLLOWING WEATHER WAS RECORDED YESTERDAY.
  NO SIGNIFICANT WEATHER WAS OBSERVED.


RELATIVE HUMIDITY (PERCENT)
 HIGHEST    77           100 AM
 LOWEST     37           100 PM
 AVERAGE    57

..........................................................


THE LITTLE ROCK ADAMS FIELD CLIMATE NORMALS FOR TODAY
                         NORMAL    RECORD    YEAR
 MAXIMUM TEMPERATURE (F)   51        75      1972
 MINIMUM TEMPERATURE (F)   31        -2      1985


SUNRISE AND SUNSET
JANUARY 20 2018.......SUNRISE   714 AM CST   SUNSET   526 PM CST
JANUARY 21 2018.......SUNRISE   714 AM CST   SUNSET   527 PM CST


-  INDICATES NEGATIVE NUMBERS.
R  INDICATES RECORD WAS SET OR TIED.
MM INDICATES DATA IS MISSING.
T  INDICATES TRACE AMOUNT.




$$
