000
CDUS44 KLZK 100634
CLILIT


CLIMATE REPORT
NATIONAL WEATHER SERVICE LITTLE ROCK AR
1233 AM CST SAT DEC 10 2016


...................................

...THE LITTLE ROCK ADAMS FIELD CLIMATE SUMMARY FOR DECEMBER 9 2016...

CLIMATE NORMAL PERIOD 1981 TO 2010
CLIMATE RECORD PERIOD 1874 TO 2016


WEATHER ITEM   OBSERVED TIME   RECORD YEAR NORMAL DEPARTURE LAST
                VALUE   (LST)  VALUE       VALUE  FROM      YEAR
                                                  NORMAL
..................................................................
TEMPERATURE (F)
 YESTERDAY
  MAXIMUM         38    343 PM  77    2007  54    -16       71
  MINIMUM         20    719 AM   5    1917  35    -15       46
  AVERAGE         29                        44    -15       59

PRECIPITATION (IN)
  YESTERDAY        0.00          3.13 1971   0.17  -0.17     0.00
  MONTH TO DATE    0.99                      1.57  -0.58     0.00
  SINCE DEC 1      0.99                      1.57  -0.58     0.00
  SINCE JAN 1     52.72                     46.35   6.37    52.85

SNOWFALL (IN)
  YESTERDAY        0.0           0.8  1932   0.0    0.0      0.0
  MONTH TO DATE    0.0                       0.0    0.0      0.0
  SINCE DEC 1      0.0                       0.0    0.0      0.0
  SINCE JUL 1      0.0                       T      0.0      0.0
  SNOW DEPTH       0

DEGREE DAYS
 HEATING
  YESTERDAY       36                        21     15        6
  MONTH TO DATE  208                       177     31      149
  SINCE DEC 1    208                       177     31      149
  SINCE JUL 1    547                       691   -144      473

 COOLING
  YESTERDAY        0                         0      0        0
  MONTH TO DATE    0                         0      0        0
  SINCE DEC 1      0                         0      0        0
  SINCE JAN 1   2650                      2204    446     2489
..................................................................


WIND (MPH)
  HIGHEST WIND SPEED    13   HIGHEST WIND DIRECTION     N (350)
  HIGHEST GUST SPEED    16   HIGHEST GUST DIRECTION     N (340)
  AVERAGE WIND SPEED     4.6


SKY COVER
  POSSIBLE SUNSHINE  MM
  AVERAGE SKY COVER 0.1


WEATHER CONDITIONS
 THE FOLLOWING WEATHER WAS RECORDED YESTERDAY.
  NO SIGNIFICANT WEATHER WAS OBSERVED.


RELATIVE HUMIDITY (PERCENT)
 HIGHEST    92          1000 PM
 LOWEST     37           400 PM
 AVERAGE    65

..........................................................


THE LITTLE ROCK ADAMS FIELD CLIMATE NORMALS FOR TODAY
                         NORMAL    RECORD    YEAR
 MAXIMUM TEMPERATURE (F)   53        78      1889
 MINIMUM TEMPERATURE (F)   35         8      1917


SUNRISE AND SUNSET
DECEMBER 10 2016......SUNRISE   706 AM CST   SUNSET   458 PM CST
DECEMBER 11 2016......SUNRISE   706 AM CST   SUNSET   458 PM CST


-  INDICATES NEGATIVE NUMBERS.
R  INDICATES RECORD WAS SET OR TIED.
MM INDICATES DATA IS MISSING.
T  INDICATES TRACE AMOUNT.




$$
