000
CDUS44 KLZK 280914
CLILIT


CLIMATE REPORT
NATIONAL WEATHER SERVICE LITTLE ROCK AR
414 AM CDT MON JUL 28 2014


...................................

...THE LITTLE ROCK ADAMS FIELD CLIMATE SUMMARY FOR JULY 27 2014...

CLIMATE NORMAL PERIOD 1981 TO 2010
CLIMATE RECORD PERIOD 1874 TO 2014


WEATHER ITEM   OBSERVED TIME   RECORD YEAR NORMAL DEPARTURE LAST
                VALUE   (LST)  VALUE       VALUE  FROM      YEAR
                                                  NORMAL
..................................................................
TEMPERATURE (F)
 YESTERDAY
  MAXIMUM         95    339 PM 104    1952  93      2       88
                                      1930
  MINIMUM         77    510 AM  61    1920  74      3       67
  AVERAGE         86                        83      3       78

PRECIPITATION (IN)
  YESTERDAY        0.00          3.70 1891   0.10  -0.10     0.28
  MONTH TO DATE    7.02                      2.90   4.12     1.46
  SINCE JUN 1     12.47                      6.55   5.92     4.69
  SINCE JAN 1     34.90                     28.45   6.45    30.31

SNOWFALL (IN)
  YESTERDAY        0.0          MM      MM   0.0    0.0      0.0
  MONTH TO DATE    0.0                       0.0    0.0      0.0
  SINCE JUN 1      0.0                       0.0    0.0      0.0
  SINCE JUL 1      0.0                       0.0    0.0      0.0
  SNOW DEPTH       0

DEGREE DAYS
 HEATING
  YESTERDAY        0                         0      0        0
  MONTH TO DATE    0                         0      0        0
  SINCE JUN 1      0                         0      0        0
  SINCE JUL 1      0                         0      0        0

 COOLING
  YESTERDAY       21                        18      3       13
  MONTH TO DATE  353                       479   -126      431
  SINCE JUN 1    783                       904   -121      874
  SINCE JAN 1   1050                      1185   -135     1135
..................................................................


WIND (MPH)
  HIGHEST WIND SPEED    15   HIGHEST WIND DIRECTION     W (250)
  HIGHEST GUST SPEED    20   HIGHEST GUST DIRECTION    SW (220)
  AVERAGE WIND SPEED     7.2


SKY COVER
  POSSIBLE SUNSHINE  MM
  AVERAGE SKY COVER 0.7


WEATHER CONDITIONS
 THE FOLLOWING WEATHER WAS RECORDED YESTERDAY.
  NO SIGNIFICANT WEATHER WAS OBSERVED.


RELATIVE HUMIDITY (PERCENT)
 HIGHEST    88           500 AM
 LOWEST     49           200 PM
 AVERAGE    69

..........................................................


THE LITTLE ROCK ADAMS FIELD CLIMATE NORMALS FOR TODAY
                         NORMAL    RECORD    YEAR
 MAXIMUM TEMPERATURE (F)   93       108      2012
 MINIMUM TEMPERATURE (F)   74        64      2004
                                             1994
                                             1944


SUNRISE AND SUNSET
JULY 28 2014..........SUNRISE   616 AM CDT   SUNSET   814 PM CDT
JULY 29 2014..........SUNRISE   617 AM CDT   SUNSET   814 PM CDT


-  INDICATES NEGATIVE NUMBERS.
R  INDICATES RECORD WAS SET OR TIED.
MM INDICATES DATA IS MISSING.
T  INDICATES TRACE AMOUNT.




$$
