000
CDUS44 KLZK 240633
CLILIT


CLIMATE REPORT
NATIONAL WEATHER SERVICE LITTLE ROCK AR
133 AM CDT TUE OCT 24 2017


...................................

...THE LITTLE ROCK ADAMS FIELD CLIMATE SUMMARY FOR OCTOBER 23 2017...

CLIMATE NORMAL PERIOD 1981 TO 2010
CLIMATE RECORD PERIOD 1874 TO 2017


WEATHER ITEM   OBSERVED TIME   RECORD YEAR NORMAL DEPARTURE LAST
                VALUE   (LST)  VALUE       VALUE  FROM      YEAR
                                                  NORMAL
..................................................................
TEMPERATURE (F)
 YESTERDAY
  MAXIMUM         76    342 PM  92    1939  73      3       75
  MINIMUM         44    628 AM  31    1952  50     -6       44
                                      1937
  AVERAGE         60                        61     -1       60

PRECIPITATION (IN)
  YESTERDAY        0.00          2.32 1986   0.17  -0.17     0.00
  MONTH TO DATE    0.99                      3.59  -2.60     1.91
  SINCE SEP 1      1.44                      6.77  -5.33     3.22
  SINCE JAN 1     38.73                     38.18   0.55    49.17

SNOWFALL (IN)
  YESTERDAY        0.0          MM      MM   0.0    0.0      0.0
  MONTH TO DATE    0.0                       0.0    0.0      0.0
  SINCE SEP 1      0.0                       0.0    0.0      0.0
  SINCE JUL 1      0.0                       0.0    0.0      0.0
  SNOW DEPTH       0

DEGREE DAYS
 HEATING
  YESTERDAY        5                         5      0        5
  MONTH TO DATE   34                        70    -36       33
  SINCE SEP 1     35                        81    -46       33
  SINCE JUL 1     35                        81    -46       33

 COOLING
  YESTERDAY        0                         2     -2        0
  MONTH TO DATE  122                        71     51      105
  SINCE SEP 1    426                       383     43      556
  SINCE JAN 1   1994                      2184   -190     2609
..................................................................


WIND (MPH)
  HIGHEST WIND SPEED    18   HIGHEST WIND DIRECTION     W (290)
  HIGHEST GUST SPEED    23   HIGHEST GUST DIRECTION     W (290)
  AVERAGE WIND SPEED     9.1


SKY COVER
  POSSIBLE SUNSHINE  MM
  AVERAGE SKY COVER 0.2


WEATHER CONDITIONS
 THE FOLLOWING WEATHER WAS RECORDED YESTERDAY.
  NO SIGNIFICANT WEATHER WAS OBSERVED.


RELATIVE HUMIDITY (PERCENT)
 HIGHEST    93           300 AM
 LOWEST     29           200 PM
 AVERAGE    61

..........................................................


THE LITTLE ROCK ADAMS FIELD CLIMATE NORMALS FOR TODAY
                         NORMAL    RECORD    YEAR
 MAXIMUM TEMPERATURE (F)   72        89      2003
 MINIMUM TEMPERATURE (F)   50        30      1981


SUNRISE AND SUNSET
OCTOBER 24 2017.......SUNRISE   723 AM CDT   SUNSET   623 PM CDT
OCTOBER 25 2017.......SUNRISE   723 AM CDT   SUNSET   622 PM CDT


-  INDICATES NEGATIVE NUMBERS.
R  INDICATES RECORD WAS SET OR TIED.
MM INDICATES DATA IS MISSING.
T  INDICATES TRACE AMOUNT.




$$
