000
CDUS45 KPIH 010733
CLILLJ


CLIMATE REPORT
NATIONAL WEATHER SERVICE POCATELLO ID
132 AM MDT TUE SEP 1 2015


...................................

...THE CHALLIS ID CLIMATE SUMMARY FOR AUGUST 31 2015...

CLIMATE NORMAL PERIOD 1981 TO 2010
CLIMATE RECORD PERIOD 1898 TO 2015


WEATHER ITEM   OBSERVED TIME   RECORD YEAR NORMAL DEPARTURE LAST
                VALUE   (LST)  VALUE       VALUE  FROM      YEAR
                                                  NORMAL
..................................................................
TEMPERATURE (F)
 YESTERDAY
  MAXIMUM         82    430 PM  93    1955  80      2       71
  MINIMUM         42    616 AM  28    1932  43     -1       49
  AVERAGE         62                        62      0       60

PRECIPITATION (IN)
  YESTERDAY        0.00          0.23 1986   0.02  -0.02     0.05
  MONTH TO DATE    0.50                      0.79  -0.29     1.70
  SINCE OCT 1      5.78                      9.32  -3.54     5.55
  SINCE JAN 1      3.99                      7.39  -3.40     4.82

SNOWFALL (IN)
  YESTERDAY       MM
  MONTH TO DATE   MM
  SINCE JUN 1     MM
  SINCE JUL 1     MM
  SNOW DEPTH      MM

DEGREE DAYS
 HEATING
  YESTERDAY        3                         4     -1        5
  MONTH TO DATE   30                        52    -22       67
  SINCE JUN 1    110                       238   -128      234
  SINCE JUL 1     63                        73    -10       68

 COOLING
  YESTERDAY        0                         1     -1        0
  MONTH TO DATE  105                        86     19       70
  SINCE JUN 1    304                       240     64      305
  SINCE JAN 1    307                       242     65      305
..................................................................


WIND (MPH)
  HIGHEST WIND SPEED    17   HIGHEST WIND DIRECTION    SW (220)
  HIGHEST GUST SPEED    23   HIGHEST GUST DIRECTION    SW (220)
  AVERAGE WIND SPEED     4.7


SKY COVER
  POSSIBLE SUNSHINE  MM
  AVERAGE SKY COVER 0.0


WEATHER CONDITIONS
 THE FOLLOWING WEATHER WAS RECORDED YESTERDAY.
  HAZE


RELATIVE HUMIDITY (PERCENT)
 HIGHEST    65           400 AM
 LOWEST     15           500 PM
 AVERAGE    40

..........................................................


THE CHALLIS ID CLIMATE NORMALS FOR TODAY
                         NORMAL    RECORD    YEAR
 MAXIMUM TEMPERATURE (F)   79        93      1995
 MINIMUM TEMPERATURE (F)   43        33      1930


SUNRISE AND SUNSET
SEPTEMBER  1 2015.....SUNRISE   659 AM MDT   SUNSET   814 PM MDT
SEPTEMBER  2 2015.....SUNRISE   700 AM MDT   SUNSET   812 PM MDT


-  INDICATES NEGATIVE NUMBERS.
R  INDICATES RECORD WAS SET OR TIED.
MM INDICATES DATA IS MISSING.
T  INDICATES TRACE AMOUNT.




$$
