964
CDUS45 KPIH 160737
CLILLJ


CLIMATE REPORT
NATIONAL WEATHER SERVICE POCATELLO ID
1236 AM MST TUE JAN 16 2018


...................................

...THE CHALLIS ID CLIMATE SUMMARY FOR JANUARY 15 2018...

CLIMATE NORMAL PERIOD 1981 TO 2010
CLIMATE RECORD PERIOD 1898 TO 2018


WEATHER ITEM   OBSERVED TIME   RECORD YEAR NORMAL DEPARTURE LAST
                VALUE   (LST)  VALUE       VALUE  FROM      YEAR
                                                  NORMAL
..................................................................
TEMPERATURE (F)
 YESTERDAY
  MAXIMUM         27    546 PM  59    2000  29     -2       -8
  MINIMUM         22    657 AM -32    2017   8     14      -32
  AVERAGE         25                        19      6      -20

PRECIPITATION (IN)
  YESTERDAY        0.00          0.35 1995   0.01  -0.01     0.00
  MONTH TO DATE    0.09                      0.28  -0.19     1.31
  SINCE OCT 1      1.23                      2.21  -0.98     4.72
  SINCE JAN 1      0.09                      0.28  -0.19     1.31

SNOWFALL (IN)
  YESTERDAY       MM
  MONTH TO DATE   MM
  SINCE DEC 1     MM
  SINCE JUL 1     MM
  SNOW DEPTH      MM

DEGREE DAYS
 HEATING
  YESTERDAY       40                        46     -6       85
  MONTH TO DATE  543                       704   -161     1009
  SINCE DEC 1   1819                      2157   -338     2687
  SINCE JUL 1   3725                      4200   -475     4474

 COOLING
  YESTERDAY        0                         0      0        0
  MONTH TO DATE    0                         0      0        0
  SINCE DEC 1      0                         0      0        0
  SINCE JAN 1      0                         0      0        0
..................................................................


WIND (MPH)
  HIGHEST WIND SPEED     7   HIGHEST WIND DIRECTION     S (170)
  HIGHEST GUST SPEED     8   HIGHEST GUST DIRECTION    NW (320)
  AVERAGE WIND SPEED     1.0


SKY COVER
  POSSIBLE SUNSHINE  MM
  AVERAGE SKY COVER 0.9


WEATHER CONDITIONS
 THE FOLLOWING WEATHER WAS RECORDED YESTERDAY.
  FOG
  FOG W/VISIBILITY <= 1/4 MILE


RELATIVE HUMIDITY (PERCENT)
 HIGHEST    92           200 AM
 LOWEST     81          1200 PM
 AVERAGE    87

..........................................................


THE CHALLIS ID CLIMATE NORMALS FOR TODAY
                         NORMAL    RECORD    YEAR
 MAXIMUM TEMPERATURE (F)   30        48      1976
 MINIMUM TEMPERATURE (F)    9       -29      2017


SUNRISE AND SUNSET
JANUARY 16 2018.......SUNRISE   809 AM MST   SUNSET   524 PM MST
JANUARY 17 2018.......SUNRISE   809 AM MST   SUNSET   526 PM MST


-  INDICATES NEGATIVE NUMBERS.
R  INDICATES RECORD WAS SET OR TIED.
MM INDICATES DATA IS MISSING.
T  INDICATES TRACE AMOUNT.




$$
