000
CDUS45 KPIH 050732
CLILLJ


CLIMATE REPORT
NATIONAL WEATHER SERVICE POCATELLO ID
131 AM MDT THU MAY 5 2016


...................................

...THE CHALLIS ID CLIMATE SUMMARY FOR MAY 4 2016...

CLIMATE NORMAL PERIOD 1981 TO 2010
CLIMATE RECORD PERIOD 1898 TO 2016


WEATHER ITEM   OBSERVED TIME   RECORD YEAR NORMAL DEPARTURE LAST
                VALUE   (LST)  VALUE       VALUE  FROM      YEAR
                                                  NORMAL
..................................................................
TEMPERATURE (F)
 YESTERDAY
  MAXIMUM         76    423 PM  88    1966  63     13       73
  MINIMUM         37    524 AM  17    1915  34      3       38
  AVERAGE         57                        48      9       56

PRECIPITATION (IN)
  YESTERDAY        0.00          0.57 1993   0.04  -0.04      T
  MONTH TO DATE    0.00                      0.14  -0.14      T
  SINCE OCT 1      4.11                      4.73  -0.62     3.04
  SINCE JAN 1      1.77                      2.80  -1.03     1.25

SNOWFALL (IN)
  YESTERDAY       MM
  MONTH TO DATE   MM
  SINCE MAR 1     MM
  SINCE JUL 1     MM
  SNOW DEPTH      MM

DEGREE DAYS
 HEATING
  YESTERDAY        8                        17     -9        9
  MONTH TO DATE   45                        69    -24       37
  SINCE MAR 1   1367                      1611   -244     1361
  SINCE JUL 1   7302                      7660   -358     6499

 COOLING
  YESTERDAY        0                         0      0        0
  MONTH TO DATE    0                         0      0        0
  SINCE MAR 1      0                         0      0        0
  SINCE JAN 1      0                         0      0        0
..................................................................


WIND (MPH)
  HIGHEST WIND SPEED    20   HIGHEST WIND DIRECTION     S (180)
  HIGHEST GUST SPEED    25   HIGHEST GUST DIRECTION     S (180)
  AVERAGE WIND SPEED     3.9


SKY COVER
  POSSIBLE SUNSHINE  MM
  AVERAGE SKY COVER 0.0


WEATHER CONDITIONS
 THE FOLLOWING WEATHER WAS RECORDED YESTERDAY.
  NO SIGNIFICANT WEATHER WAS OBSERVED.


RELATIVE HUMIDITY (PERCENT)
 HIGHEST    64           400 AM
 LOWEST     13           400 PM
 AVERAGE    39

..........................................................


THE CHALLIS ID CLIMATE NORMALS FOR TODAY
                         NORMAL    RECORD    YEAR
 MAXIMUM TEMPERATURE (F)   63        87      1966
 MINIMUM TEMPERATURE (F)   35        15      1915


SUNRISE AND SUNSET
MAY  5 2016...........SUNRISE   621 AM MDT   SUNSET   847 PM MDT
MAY  6 2016...........SUNRISE   620 AM MDT   SUNSET   848 PM MDT


-  INDICATES NEGATIVE NUMBERS.
R  INDICATES RECORD WAS SET OR TIED.
MM INDICATES DATA IS MISSING.
T  INDICATES TRACE AMOUNT.




$$
