000
CDUS45 KPIH 252321
CLILLJ


CLIMATE REPORT
NATIONAL WEATHER SERVICE POCATELLO ID
520 PM MDT MON MAY 25 2015


...................................

...THE CHALLIS ID CLIMATE SUMMARY FOR MAY 25 2015...
VALID TODAY AS OF 0500 PM LOCAL TIME.

CLIMATE NORMAL PERIOD 1981 TO 2010
CLIMATE RECORD PERIOD 1898 TO 2015


WEATHER ITEM   OBSERVED TIME   RECORD YEAR NORMAL DEPARTURE LAST
                VALUE   (LST)  VALUE       VALUE  FROM      YEAR
                                                  NORMAL
..................................................................
TEMPERATURE (F)
 TODAY
  MAXIMUM         72    256 PM  89    1993  69      3       79
                                      1966
  MINIMUM         40    446 AM  26    1953  41     -1       45
  AVERAGE         56                        55      1       62

PRECIPITATION (IN)
  TODAY            T             0.80 1899   0.06  -0.06     0.00
  MONTH TO DATE    0.61                      1.14  -0.53     0.11
  SINCE OCT 1      3.65                      5.73  -2.08     3.48
  SINCE JAN 1      1.86                      3.80  -1.94     2.75

SNOWFALL (IN)
  TODAY           MM
  MONTH TO DATE   MM
  SINCE MAR 1     MM
  SINCE JUL 1     MM
  SNOW DEPTH      MM

DEGREE DAYS
 HEATING
  TODAY            9                        11     -2        3
  MONTH TO DATE  295                       347    -52      301
  SINCE MAR 1   1619                      1889   -270     1789
  SINCE JUL 1   6757                      7938  -1181     7538

 COOLING
  TODAY            0                         0      0        0
  MONTH TO DATE    0                         0      0        0
  SINCE MAR 1      0                         0      0        0
  SINCE JAN 1      0                         0      0        0
..................................................................


WIND (MPH)
  HIGHEST WIND SPEED    18   HIGHEST WIND DIRECTION    SW (210)
  HIGHEST GUST SPEED    23   HIGHEST GUST DIRECTION    SW (210)
  AVERAGE WIND SPEED     3.3


SKY COVER
  POSSIBLE SUNSHINE  MM
  AVERAGE SKY COVER 0.5


WEATHER CONDITIONS
 THE FOLLOWING WEATHER WAS RECORDED TODAY.
  NO SIGNIFICANT WEATHER WAS OBSERVED.


RELATIVE HUMIDITY (PERCENT)
 HIGHEST    82           300 AM
 LOWEST     27           300 PM
 AVERAGE    55

..........................................................


THE CHALLIS ID CLIMATE NORMALS FOR TOMORROW
                         NORMAL    RECORD    YEAR
 MAXIMUM TEMPERATURE (F)   69        90      1966
 MINIMUM TEMPERATURE (F)   41        26      1920


SUNRISE AND SUNSET
MAY 25 2015...........SUNRISE   600 AM MDT   SUNSET   908 PM MDT
MAY 26 2015...........SUNRISE   559 AM MDT   SUNSET   909 PM MDT


-  INDICATES NEGATIVE NUMBERS.
R  INDICATES RECORD WAS SET OR TIED.
MM INDICATES DATA IS MISSING.
T  INDICATES TRACE AMOUNT.




$$
