000
CDUS45 KPIH 310736
CLILLJ


CLIMATE REPORT
NATIONAL WEATHER SERVICE POCATELLO ID
1234 AM MST SAT JAN 31 2015


...................................

...THE CHALLIS ID CLIMATE SUMMARY FOR JANUARY 30 2015...

CLIMATE NORMAL PERIOD 1981 TO 2010
CLIMATE RECORD PERIOD 1898 TO 2015


WEATHER ITEM   OBSERVED TIME   RECORD YEAR NORMAL DEPARTURE LAST
                VALUE   (LST)  VALUE       VALUE  FROM      YEAR
                                                  NORMAL
..................................................................
TEMPERATURE (F)
 YESTERDAY
  MAXIMUM         29    147 AM  59    1971  31     -2       39
  MINIMUM         24    840 AM -27    1951  10     14       17
  AVERAGE         27                        21      6       28

PRECIPITATION (IN)
  YESTERDAY        0.00          0.51 1915   0.02  -0.02      T
  MONTH TO DATE    0.12                      0.50  -0.38     0.23
  SINCE OCT 1      1.91                      2.43  -0.52     0.96
  SINCE JAN 1      0.12                      0.50  -0.38     0.23

SNOWFALL (IN)
  YESTERDAY       MM
  MONTH TO DATE   MM
  SINCE DEC 1     MM
  SINCE JUL 1     MM
  SNOW DEPTH      MM

DEGREE DAYS
 HEATING
  YESTERDAY       38                        44     -6       37
  MONTH TO DATE 1191                      1382   -191     1169
  SINCE DEC 1   2433                      2835   -402     2699
  SINCE JUL 1   4267                      4878   -611     4625

 COOLING
  YESTERDAY        0                         0      0        0
  MONTH TO DATE    0                         0      0        0
  SINCE DEC 1      0                         0      0        0
  SINCE JAN 1      0                         0      0        0
..................................................................


WIND (MPH)
  HIGHEST WIND SPEED    10   HIGHEST WIND DIRECTION    NW (330)
  HIGHEST GUST SPEED    12   HIGHEST GUST DIRECTION     N (340)
  AVERAGE WIND SPEED     3.4


SKY COVER
  POSSIBLE SUNSHINE  MM
  AVERAGE SKY COVER 1.0


WEATHER CONDITIONS
 THE FOLLOWING WEATHER WAS RECORDED YESTERDAY.
  NO SIGNIFICANT WEATHER WAS OBSERVED.


RELATIVE HUMIDITY (PERCENT)
 HIGHEST    85          1200 AM
 LOWEST     75           700 AM
 AVERAGE    80

..........................................................


THE CHALLIS ID CLIMATE NORMALS FOR TODAY
                         NORMAL    RECORD    YEAR
 MAXIMUM TEMPERATURE (F)   31        56      2003
 MINIMUM TEMPERATURE (F)   11       -25      1951


SUNRISE AND SUNSET
JANUARY 31 2015.......SUNRISE   757 AM MST   SUNSET   544 PM MST
FEBRUARY  1 2015......SUNRISE   756 AM MST   SUNSET   546 PM MST


-  INDICATES NEGATIVE NUMBERS.
R  INDICATES RECORD WAS SET OR TIED.
MM INDICATES DATA IS MISSING.
T  INDICATES TRACE AMOUNT.




$$
