000
CDUS45 KPIH 250735
CLILLJ


CLIMATE REPORT
NATIONAL WEATHER SERVICE POCATELLO ID
132 AM MDT WED MAY 25 2016


...................................

...THE CHALLIS ID CLIMATE SUMMARY FOR MAY 24 2016...

CLIMATE NORMAL PERIOD 1981 TO 2010
CLIMATE RECORD PERIOD 1898 TO 2016


WEATHER ITEM   OBSERVED TIME   RECORD YEAR NORMAL DEPARTURE LAST
                VALUE   (LST)  VALUE       VALUE  FROM      YEAR
                                                  NORMAL
..................................................................
TEMPERATURE (F)
 YESTERDAY
  MAXIMUM         62    324 PM  87    2001  69     -7       70
                                      1969
  MINIMUM         31    430 AM  28    1944  40     -9       45
  AVERAGE         47                        54     -7       58

PRECIPITATION (IN)
  YESTERDAY        0.02          1.00 1962   0.06  -0.04      T
  MONTH TO DATE    1.24                      1.08   0.16     0.61
  SINCE OCT 1      5.35                      5.67  -0.32     3.65
  SINCE JAN 1      3.01                      3.74  -0.73     1.86

SNOWFALL (IN)
  YESTERDAY       MM
  MONTH TO DATE   MM
  SINCE MAR 1     MM
  SINCE JUL 1     MM
  SNOW DEPTH      MM

DEGREE DAYS
 HEATING
  YESTERDAY       18                        11      7        7
  MONTH TO DATE  295                       336    -41      286
  SINCE MAR 1   1617                      1878   -261     1610
  SINCE JUL 1   7552                      7927   -375     6748

 COOLING
  YESTERDAY        0                         0      0        0
  MONTH TO DATE    0                         0      0        0
  SINCE MAR 1      0                         0      0        0
  SINCE JAN 1      0                         0      0        0
..................................................................


WIND (MPH)
  HIGHEST WIND SPEED    20   HIGHEST WIND DIRECTION    SW (230)
  HIGHEST GUST SPEED    28   HIGHEST GUST DIRECTION    SW (230)
  AVERAGE WIND SPEED     3.1


SKY COVER
  POSSIBLE SUNSHINE  MM
  AVERAGE SKY COVER 0.5


WEATHER CONDITIONS
 THE FOLLOWING WEATHER WAS RECORDED YESTERDAY.
  LIGHT RAIN


RELATIVE HUMIDITY (PERCENT)
 HIGHEST    82           400 AM
 LOWEST     30          1200 PM
 AVERAGE    56

..........................................................


THE CHALLIS ID CLIMATE NORMALS FOR TODAY
                         NORMAL    RECORD    YEAR
 MAXIMUM TEMPERATURE (F)   69        89      1993
                                             1966
 MINIMUM TEMPERATURE (F)   41        26      1953


SUNRISE AND SUNSET
MAY 25 2016...........SUNRISE   559 AM MDT   SUNSET   909 PM MDT
MAY 26 2016...........SUNRISE   559 AM MDT   SUNSET   910 PM MDT


-  INDICATES NEGATIVE NUMBERS.
R  INDICATES RECORD WAS SET OR TIED.
MM INDICATES DATA IS MISSING.
T  INDICATES TRACE AMOUNT.




$$
