000
CDUS45 KPIH 282322
CLILLJ


CLIMATE REPORT
NATIONAL WEATHER SERVICE POCATELLO ID
420 PM MST FRI NOV 28 2014


...................................

...THE CHALLIS ID CLIMATE SUMMARY FOR NOVEMBER 28 2014...
VALID TODAY AS OF 0400 PM LOCAL TIME.

CLIMATE NORMAL PERIOD 1981 TO 2010
CLIMATE RECORD PERIOD 1898 TO 2014


WEATHER ITEM   OBSERVED TIME   RECORD YEAR NORMAL DEPARTURE LAST
                VALUE   (LST)  VALUE       VALUE  FROM      YEAR
                                                  NORMAL
..................................................................
TEMPERATURE (F)
 TODAY
  MAXIMUM         54    220 PM  64    1929  32     22       39
  MINIMUM         31    622 AM -10    1919  15     16       14
  AVERAGE         43                        23     20       27

PRECIPITATION (IN)
  TODAY            0.00          0.33 1984   0.02  -0.02     0.00
  MONTH TO DATE    0.75                      0.49   0.26     0.18
  SINCE OCT 1      1.04                      1.16  -0.12     0.45
  SINCE JAN 1      6.97                      9.29  -2.32     4.65

SNOWFALL (IN)
  TODAY           MM
  MONTH TO DATE   MM
  SINCE SEP 1     MM
  SINCE JUL 1     MM
  SNOW DEPTH      MM

DEGREE DAYS
 HEATING
  TODAY           22                        42    -20       38
  MONTH TO DATE 1044                       963     81      922
  SINCE SEP 1   1694                      1884   -190     1852
  SINCE JUL 1   1762                      1957   -195     1858

 COOLING
  TODAY            0                         0      0        0
  MONTH TO DATE    0                         0      0        0
  SINCE SEP 1      5                         6     -1       30
  SINCE JAN 1    310                       248     62      420
..................................................................


WIND (MPH)
  HIGHEST WIND SPEED    37   HIGHEST WIND DIRECTION     W (250)
  HIGHEST GUST SPEED    52   HIGHEST GUST DIRECTION     W (260)
  AVERAGE WIND SPEED     7.2


SKY COVER
  POSSIBLE SUNSHINE  MM
  AVERAGE SKY COVER 0.3


WEATHER CONDITIONS
 THE FOLLOWING WEATHER WAS RECORDED TODAY.
  NO SIGNIFICANT WEATHER WAS OBSERVED.


RELATIVE HUMIDITY (PERCENT)
 HIGHEST    82           600 AM
 LOWEST     16           400 PM
 AVERAGE    49

..........................................................


THE CHALLIS ID CLIMATE NORMALS FOR TOMORROW
                         NORMAL    RECORD    YEAR
 MAXIMUM TEMPERATURE (F)   32        56      1995
 MINIMUM TEMPERATURE (F)   14       -12      1979


SUNRISE AND SUNSET
NOVEMBER 28 2014......SUNRISE   750 AM MST   SUNSET   500 PM MST
NOVEMBER 29 2014......SUNRISE   751 AM MST   SUNSET   459 PM MST


-  INDICATES NEGATIVE NUMBERS.
R  INDICATES RECORD WAS SET OR TIED.
MM INDICATES DATA IS MISSING.
T  INDICATES TRACE AMOUNT.




$$
