000
CDUS46 KMFR 230837
CLILMT


CLIMATE REPORT
NATIONAL WEATHER SERVICE MEDFORD, OR
137 AM PDT TUE AUG 23 2016


...................................

...THE KLAMATH FALLS OR CLIMATE SUMMARY FOR AUGUST 22 2016...

CLIMATE NORMAL PERIOD 1981 TO 2010
CLIMATE RECORD PERIOD 1928 TO 2016


WEATHER ITEM   OBSERVED TIME   RECORD YEAR NORMAL DEPARTURE LAST
                VALUE   (LST)  VALUE       VALUE  FROM      YEAR
                                                  NORMAL
..................................................................
TEMPERATURE (F)
 YESTERDAY
  MAXIMUM         88    228 PM  92    1982  82      6       87
  MINIMUM         45    515 AM  34    1968  46     -1       48
  AVERAGE         67                        64      3       68

PRECIPITATION (IN)
  YESTERDAY        0.00          1.04 1948   0.01  -0.01     0.00
  MONTH TO DATE    0.00                      0.26  -0.26     0.42
  SINCE OCT 1     11.64                     14.26  -2.62    12.82
  SINCE JAN 1      7.11                      9.57  -2.46     6.36

SNOWFALL (IN)
  YESTERDAY       MM                        MM     MM       MM
  MONTH TO DATE   MM                        MM     MM       MM
  SINCE JUL 1     MM                        MM     MM       MM
  SNOW DEPTH      MM

DEGREE DAYS
 HEATING
  YESTERDAY        0                         2     -2        0
  MONTH TO DATE   22                        37    -15       17
  SINCE JUN 1    262                       304    -42       87
  SINCE JUL 1     94                        87      7       35

 COOLING
  YESTERDAY        2                         1      1        3
  MONTH TO DATE   85                        54     31       54
  SINCE JUN 1    213                       147     66      273
  SINCE JAN 1    213                       148     65      276
..................................................................


WIND (MPH)
  HIGHEST WIND SPEED    24   HIGHEST WIND DIRECTION     W (280)
  HIGHEST GUST SPEED    31   HIGHEST GUST DIRECTION     W (280)
  AVERAGE WIND SPEED     5.6


SKY COVER
  POSSIBLE SUNSHINE  MM
  AVERAGE SKY COVER 0.0


WEATHER CONDITIONS
 THE FOLLOWING WEATHER WAS RECORDED YESTERDAY.
  NO SIGNIFICANT WEATHER WAS OBSERVED.


RELATIVE HUMIDITY (PERCENT)
 HIGHEST    82           600 AM
 LOWEST      7           200 PM

..........................................................


THE KLAMATH FALLS OR CLIMATE NORMALS FOR TODAY
                         NORMAL    RECORD    YEAR
 MAXIMUM TEMPERATURE (F)   82        95      1996
 MINIMUM TEMPERATURE (F)   46        33      1960


SUNRISE AND SUNSET
AUGUST 23 2016........SUNRISE   624 AM PDT   SUNSET   754 PM PDT
AUGUST 24 2016........SUNRISE   625 AM PDT   SUNSET   753 PM PDT


-  INDICATES NEGATIVE NUMBERS.
R  INDICATES RECORD WAS SET OR TIED.
MM INDICATES DATA IS MISSING.
T  INDICATES TRACE AMOUNT.




$$
