000
CDUS46 KMFR 230838
CLILMT


CLIMATE REPORT
NATIONAL WEATHER SERVICE MEDFORD, OR
138 AM PDT SUN JUL 23 2017


...................................

...THE KLAMATH FALLS OR CLIMATE SUMMARY FOR JULY 22 2017...

CLIMATE NORMAL PERIOD 1981 TO 2010
CLIMATE RECORD PERIOD 1928 TO 2017


WEATHER ITEM   OBSERVED TIME   RECORD YEAR NORMAL DEPARTURE LAST
                VALUE   (LST)  VALUE       VALUE  FROM      YEAR
                                                  NORMAL
..................................................................
TEMPERATURE (F)
 YESTERDAY
  MAXIMUM         92    445 PM 100    2003  86      6       82
  MINIMUM         50    516 AM  37    1973  49      1       43
  AVERAGE         71                        67      4       63

PRECIPITATION (IN)
  YESTERDAY        0.00          0.13 1957   0.01  -0.01     0.00
  MONTH TO DATE    0.00                      0.40  -0.40     0.42
  SINCE OCT 1     11.26                     13.92  -2.66    11.64
  SINCE JAN 1      6.51                      9.23  -2.72     7.11

SNOWFALL (IN)
  YESTERDAY       MM                        MM     MM       MM
  MONTH TO DATE   MM                        MM     MM       MM
  SINCE JUL 1     MM                        MM     MM       MM
  SNOW DEPTH      MM

DEGREE DAYS
 HEATING
  YESTERDAY        0                         1     -1        2
  MONTH TO DATE    1                        38    -37       71
  SINCE JUN 1    168                       255    -87      239
  SINCE JUL 1      1                        38    -37       71

 COOLING
  YESTERDAY        6                         3      3        0
  MONTH TO DATE   75                        51     24       15
  SINCE JUN 1    138                        62     76       64
  SINCE JAN 1    141                        63     78       64
..................................................................


WIND (MPH)
  HIGHEST WIND SPEED    20   HIGHEST WIND DIRECTION    NW (330)
  HIGHEST GUST SPEED    23   HIGHEST GUST DIRECTION    NW (330)
  AVERAGE WIND SPEED     9.9


SKY COVER
  POSSIBLE SUNSHINE  MM
  AVERAGE SKY COVER 0.0


WEATHER CONDITIONS
 THE FOLLOWING WEATHER WAS RECORDED YESTERDAY.
  NO SIGNIFICANT WEATHER WAS OBSERVED.


RELATIVE HUMIDITY (PERCENT)
 HIGHEST    83           200 AM
 LOWEST     15           400 PM

..........................................................


THE KLAMATH FALLS OR CLIMATE NORMALS FOR TODAY
                         NORMAL    RECORD    YEAR
 MAXIMUM TEMPERATURE (F)   86        97      2003
 MINIMUM TEMPERATURE (F)   49        40      1973


SUNRISE AND SUNSET
JULY 23 2017..........SUNRISE   552 AM PDT   SUNSET   835 PM PDT
JULY 24 2017..........SUNRISE   553 AM PDT   SUNSET   834 PM PDT


-  INDICATES NEGATIVE NUMBERS.
R  INDICATES RECORD WAS SET OR TIED.
MM INDICATES DATA IS MISSING.
T  INDICATES TRACE AMOUNT.




$$
