000
CDUS46 KMFR 240045
CLILMT


CLIMATE REPORT
NATIONAL WEATHER SERVICE MEDFORD, OR
444 PM PST FRI FEB 23 2018


...................................

...THE KLAMATH FALLS OR CLIMATE SUMMARY FOR FEBRUARY 23 2018...
VALID TODAY AS OF 0400 PM LOCAL TIME.

CLIMATE NORMAL PERIOD 1981 TO 2010
CLIMATE RECORD PERIOD 1928 TO 2018


WEATHER ITEM   OBSERVED TIME   RECORD YEAR NORMAL DEPARTURE LAST
                VALUE   (LST)  VALUE       VALUE  FROM      YEAR
                                                  NORMAL
..................................................................
TEMPERATURE (F)
 TODAY
  MAXIMUM         34    359 PM  70    1995  47    -13       33
  MINIMUM          9    643 AM   8    1974  25    -16       20
  AVERAGE         22                        36    -14       27

PRECIPITATION (IN)
  TODAY            0.00          0.40 1968   0.06  -0.06      T
  MONTH TO DATE    0.13                      1.58  -1.45     1.84
  SINCE OCT 1      3.04                      8.12  -5.08     7.94
  SINCE JAN 1      0.79                      3.43  -2.64     3.19

SNOWFALL (IN)
  TODAY           MM                        MM     MM       MM
  MONTH TO DATE   MM                        MM     MM       MM
  SINCE JUL 1     MM                        MM     MM       MM
  SNOW DEPTH      MM

DEGREE DAYS
 HEATING
  TODAY           43                        29     14       38
  MONTH TO DATE  723                       717      6      615
  SINCE DEC 1   2657                      2895   -238     2995
  SINCE JUL 1   4243                      4697   -454     4655

 COOLING
  TODAY            0                         0      0        0
  MONTH TO DATE    0                         0      0        0
  SINCE DEC 1      0                         0      0        0
  SINCE JAN 1      0                         0      0        0
..................................................................


WIND (MPH)
  HIGHEST WIND SPEED    15   HIGHEST WIND DIRECTION     N (360)
  HIGHEST GUST SPEED    19   HIGHEST GUST DIRECTION     N (360)
  AVERAGE WIND SPEED     3.7


SKY COVER
  POSSIBLE SUNSHINE  MM
  AVERAGE SKY COVER 0.2


WEATHER CONDITIONS
 THE FOLLOWING WEATHER WAS RECORDED TODAY.
  NO SIGNIFICANT WEATHER WAS OBSERVED.


RELATIVE HUMIDITY (PERCENT)
 HIGHEST    83           700 AM
 LOWEST     39           100 PM

..........................................................


THE KLAMATH FALLS OR CLIMATE NORMALS FOR TOMORROW
                         NORMAL    RECORD    YEAR
 MAXIMUM TEMPERATURE (F)   47        67      1995
 MINIMUM TEMPERATURE (F)   25         4      1993


SUNRISE AND SUNSET
FEBRUARY 23 2018......SUNRISE   651 AM PST   SUNSET   550 PM PST
FEBRUARY 24 2018......SUNRISE   650 AM PST   SUNSET   551 PM PST


-  INDICATES NEGATIVE NUMBERS.
R  INDICATES RECORD WAS SET OR TIED.
MM INDICATES DATA IS MISSING.
T  INDICATES TRACE AMOUNT.




$$
