000
CDUS46 KMFR 030835
CLILMT


CLIMATE REPORT
NATIONAL WEATHER SERVICE MEDFORD, OR
135 AM PDT FRI JUL 3 2015


...................................

...THE KLAMATH FALLS OR CLIMATE SUMMARY FOR JULY 2 2015...

CLIMATE NORMAL PERIOD 1981 TO 2010
CLIMATE RECORD PERIOD 1928 TO 2015


WEATHER ITEM   OBSERVED TIME   RECORD YEAR NORMAL DEPARTURE LAST
                VALUE   (LST)  VALUE       VALUE  FROM      YEAR
                                                  NORMAL
..................................................................
TEMPERATURE (F)
 YESTERDAY
  MAXIMUM         99    321 PM 101    2013  80     19       91
  MINIMUM         59    436 AM  33    1979  46     13       56
  AVERAGE         79                        63     16       74

PRECIPITATION (IN)
  YESTERDAY        0.00          0.55 1982   0.03  -0.03     0.00
  MONTH TO DATE    0.00                      0.06  -0.06      T
  SINCE OCT 1     11.88                     13.58  -1.70     7.13
  SINCE JAN 1      5.42                      8.89  -3.47     6.50

SNOWFALL (IN)
  YESTERDAY       MM                        MM     MM       MM
  MONTH TO DATE   MM                        MM     MM       MM
  SINCE JUL 1     MM                        MM     MM       MM
  SNOW DEPTH      MM

DEGREE DAYS
 HEATING
  YESTERDAY        0                         3     -3        0
  MONTH TO DATE    0                         6     -6        0
  SINCE JUN 1     52                       223   -171      175
  SINCE JUL 1      0                         6     -6        0

 COOLING
  YESTERDAY       14                         1     13        9
  MONTH TO DATE   27                         2     25       22
  SINCE JUN 1    118                        13    105       29
  SINCE JAN 1    121                        14    107       29
..................................................................


WIND (MPH)
  HIGHEST WIND SPEED    23   HIGHEST WIND DIRECTION    NW (320)
  HIGHEST GUST SPEED    27   HIGHEST GUST DIRECTION    NW (330)
  AVERAGE WIND SPEED     6.4


SKY COVER
  POSSIBLE SUNSHINE  MM
  AVERAGE SKY COVER 0.0


WEATHER CONDITIONS
 THE FOLLOWING WEATHER WAS RECORDED YESTERDAY.
  NO SIGNIFICANT WEATHER WAS OBSERVED.


RELATIVE HUMIDITY (PERCENT)
 HIGHEST    78           400 AM
 LOWEST     16           100 PM

..........................................................


THE KLAMATH FALLS OR CLIMATE NORMALS FOR TODAY
                         NORMAL    RECORD    YEAR
 MAXIMUM TEMPERATURE (F)   81        96      2013
 MINIMUM TEMPERATURE (F)   47        31      1976


SUNRISE AND SUNSET
JULY  3 2015..........SUNRISE   536 AM PDT   SUNSET   846 PM PDT
JULY  4 2015..........SUNRISE   536 AM PDT   SUNSET   846 PM PDT


-  INDICATES NEGATIVE NUMBERS.
R  INDICATES RECORD WAS SET OR TIED.
MM INDICATES DATA IS MISSING.
T  INDICATES TRACE AMOUNT.




$$
