000
CDUS45 KRIW 280031
CLILND


CLIMATE REPORT
NATIONAL WEATHER SERVICE RIVERTON WY
629 PM MDT SAT AUG 27 2016


...................................

...THE LANDER WY CLIMATE SUMMARY FOR AUGUST 27 2016...
VALID TODAY AS OF 0500 PM LOCAL TIME.

CLIMATE NORMAL PERIOD 1981 TO 2010
CLIMATE RECORD PERIOD 1891 TO 2016


WEATHER ITEM   OBSERVED TIME   RECORD YEAR NORMAL DEPARTURE LAST
                VALUE   (LST)  VALUE       VALUE  FROM      YEAR
                                                  NORMAL
..................................................................
TEMPERATURE (F)
 TODAY
  MAXIMUM         83        MM  95    2011  82      1       82
  MINIMUM         42        MM  36    1903  52    -10       55
  AVERAGE         63                        67     -4       69

PRECIPITATION (IN)
  TODAY            0.00          0.67 1895   0.02  -0.02     0.08
  MONTH TO DATE    0.52                      0.54  -0.02     0.58
  SINCE JUN 1      1.09                      2.59  -1.50     1.88
  SINCE JAN 1     16.24                      8.81   7.43    12.40

DEGREE DAYS
 HEATING
  TODAY            2                         1      1        0
  MONTH TO DATE   48                        15     33       22
  SINCE JUN 1     74                       157    -83       71
  SINCE JUL 1     52                        31     21       40

 COOLING
  TODAY            0                         3     -3        4
  MONTH TO DATE  132                       154    -22      160
  SINCE JUN 1    504                       426     78      406
  SINCE JAN 1    504                       431     73      406
..................................................................


WIND (MPH)
  HIGHEST WIND SPEED    14   HIGHEST WIND DIRECTION     W (250)
  HIGHEST GUST SPEED    18   HIGHEST GUST DIRECTION    NW (300)
  AVERAGE WIND SPEED     3.8


SKY COVER
  POSSIBLE SUNSHINE  MM
  AVERAGE SKY COVER 0.0


WEATHER CONDITIONS
 THE FOLLOWING WEATHER WAS RECORDED TODAY.
  NO SIGNIFICANT WEATHER WAS OBSERVED.


RELATIVE HUMIDITY (PERCENT)
 HIGHEST    76           600 AM
 LOWEST     10           400 PM
 AVERAGE    43

..........................................................


THE LANDER WY CLIMATE NORMALS FOR TOMORROW
                         NORMAL    RECORD    YEAR
 MAXIMUM TEMPERATURE (F)   82        94      2012
 MINIMUM TEMPERATURE (F)   52        36      1911


SUNRISE AND SUNSET
AUGUST 27 2016........SUNRISE   635 AM MDT   SUNSET   757 PM MDT
AUGUST 28 2016........SUNRISE   636 AM MDT   SUNSET   755 PM MDT


-  INDICATES NEGATIVE NUMBERS.
R  INDICATES RECORD WAS SET OR TIED.
MM INDICATES DATA IS MISSING.
T  INDICATES TRACE AMOUNT.




$$
