000
CDUS45 KRIW 030105
CLILND


CLIMATE REPORT
NATIONAL WEATHER SERVICE RIVERTON WY
702 PM MDT TUE SEP 2 2014


...................................

...THE LANDER WY CLIMATE SUMMARY FOR SEPTEMBER 2 2014...
VALID TODAY AS OF 0500 PM LOCAL TIME.

CLIMATE NORMAL PERIOD 1981 TO 2010
CLIMATE RECORD PERIOD 1891 TO 2014


WEATHER ITEM   OBSERVED TIME   RECORD YEAR NORMAL DEPARTURE LAST
                VALUE   (LST)  VALUE       VALUE  FROM      YEAR
                                                  NORMAL
..................................................................
TEMPERATURE (F)
 TODAY
  MAXIMUM         83        MM  92    2007  80      3       88
                                      1950
                                      1947
  MINIMUM         44        MM  34    1914  50     -6       61
                                      1905
  AVERAGE         64                        65     -1       75

PRECIPITATION (IN)
  TODAY            0.00          1.01 1973   0.02  -0.02     0.00
  MONTH TO DATE    0.00                      0.04  -0.04     0.00
  SINCE SEP 1      0.00                      0.04  -0.04     0.00
  SINCE JAN 1      7.02                      8.92  -1.90     7.86

SNOWFALL (IN)
  TODAY            0.0                       0.0    0.0      0.0
  MONTH TO DATE    0.0                       0.0    0.0      0.0
  SINCE SEP 1      0.0                       0.0    0.0      0.0
  SINCE JUL 1      0.0                       0.0    0.0      0.0
  SNOW DEPTH       0

DEGREE DAYS
 HEATING
  TODAY            1                         3     -2        0
  MONTH TO DATE    5                         5      0        0
  SINCE SEP 1      5                         5      0        0
  SINCE JUL 1     49                        45      4        0

 COOLING
  TODAY            0                         2     -2       10
  MONTH TO DATE    0                         5     -5       17
  SINCE SEP 1      0                         5     -5       17
  SINCE JAN 1    406                       450    -44      695
..................................................................


WIND (MPH)
  HIGHEST WIND SPEED    12   HIGHEST WIND DIRECTION    SW (240)
  HIGHEST GUST SPEED    MM   HIGHEST GUST DIRECTION    MM
  AVERAGE WIND SPEED     4.5


SKY COVER
  POSSIBLE SUNSHINE  MM
  AVERAGE SKY COVER 0.0


WEATHER CONDITIONS
 THE FOLLOWING WEATHER WAS RECORDED TODAY.
  NO SIGNIFICANT WEATHER WAS OBSERVED.


RELATIVE HUMIDITY (PERCENT)
 HIGHEST    62           500 AM
 LOWEST     13           400 PM
 AVERAGE    38

..........................................................


THE LANDER WY CLIMATE NORMALS FOR TOMORROW
                         NORMAL    RECORD    YEAR
 MAXIMUM TEMPERATURE (F)   79        93      1950
 MINIMUM TEMPERATURE (F)   50        29      1961


SUNRISE AND SUNSET
SEPTEMBER  2 2014.....SUNRISE   641 AM MDT   SUNSET   748 PM MDT
SEPTEMBER  3 2014.....SUNRISE   642 AM MDT   SUNSET   746 PM MDT


-  INDICATES NEGATIVE NUMBERS.
R  INDICATES RECORD WAS SET OR TIED.
MM INDICATES DATA IS MISSING.
T  INDICATES TRACE AMOUNT.




$$
