000
CDUS45 KRIW 010736
CLILND


CLIMATE REPORT
NATIONAL WEATHER SERVICE RIVERTON WY
136 AM MDT SAT AUG 1 2015


...................................

...THE LANDER WY CLIMATE SUMMARY FOR JULY 31 2015...

CLIMATE NORMAL PERIOD 1981 TO 2010
CLIMATE RECORD PERIOD 1891 TO 2015


WEATHER ITEM   OBSERVED TIME   RECORD YEAR NORMAL DEPARTURE LAST
                VALUE   (LST)  VALUE       VALUE  FROM      YEAR
                                                  NORMAL
..................................................................
TEMPERATURE (F)
 YESTERDAY
  MAXIMUM         92    408 PM  99    1901  88      4       85
  MINIMUM         55    225 AM  40    1913  57     -2       51
  AVERAGE         74                        72      2       68

PRECIPITATION (IN)
  YESTERDAY        0.00          1.46 1931   0.03  -0.03     0.00
  MONTH TO DATE    0.50                      0.78  -0.28     0.62
  SINCE JUN 1      1.30                      2.05  -0.75     1.22
  SINCE JAN 1     11.82                      8.27   3.55     5.41

SNOWFALL (IN)
  YESTERDAY        0.0                       0.0    0.0      0.0
  MONTH TO DATE    0.0                       0.0    0.0      0.0
  SINCE JUN 1      0.0                       0.1   -0.1      0.0
  SINCE JUL 1      0.0                       0.0    0.0      0.0
  SNOW DEPTH       0

DEGREE DAYS
 HEATING
  YESTERDAY        0                         0      0        0
  MONTH TO DATE   18                        11      7        3
  SINCE JUN 1     49                       142    -93      139
  SINCE JUL 1     18                        16      2        3

 COOLING
  YESTERDAY        9                         7      2        3
  MONTH TO DATE  136                       208    -72      242
  SINCE JUN 1    246                       272    -26      265
  SINCE JAN 1    246                       277    -31      283
..................................................................


WIND (MPH)
  HIGHEST WIND SPEED    16   HIGHEST WIND DIRECTION    SW (240)
  HIGHEST GUST SPEED    19   HIGHEST GUST DIRECTION    SW (240)
  AVERAGE WIND SPEED     7.2


SKY COVER
  POSSIBLE SUNSHINE  MM
  AVERAGE SKY COVER 0.0


WEATHER CONDITIONS
 THE FOLLOWING WEATHER WAS RECORDED YESTERDAY.
  NO SIGNIFICANT WEATHER WAS OBSERVED.


RELATIVE HUMIDITY (PERCENT)
 HIGHEST    43           100 AM
 LOWEST     10           400 PM
 AVERAGE    27

..........................................................


THE LANDER WY CLIMATE NORMALS FOR TODAY
                         NORMAL    RECORD    YEAR
 MAXIMUM TEMPERATURE (F)   88        99      2000
 MINIMUM TEMPERATURE (F)   57        40      1903


SUNRISE AND SUNSET
AUGUST  1 2015........SUNRISE   606 AM MDT   SUNSET   836 PM MDT
AUGUST  2 2015........SUNRISE   607 AM MDT   SUNSET   835 PM MDT


-  INDICATES NEGATIVE NUMBERS.
R  INDICATES RECORD WAS SET OR TIED.
MM INDICATES DATA IS MISSING.
T  INDICATES TRACE AMOUNT.




$$
