000
CDUS45 KRIW 250031
CLILND


CLIMATE REPORT
NATIONAL WEATHER SERVICE RIVERTON WY
531 PM MST FRI NOV 24 2017


...................................

...THE LANDER WY CLIMATE SUMMARY FOR NOVEMBER 24 2017...
VALID TODAY AS OF 0500 PM LOCAL TIME.

CLIMATE NORMAL PERIOD 1981 TO 2010
CLIMATE RECORD PERIOD 1891 TO 2017


WEATHER ITEM   OBSERVED TIME   RECORD YEAR NORMAL DEPARTURE LAST
                VALUE   (LST)  VALUE       VALUE  FROM      YEAR
                                                  NORMAL
..................................................................
TEMPERATURE (F)
 TODAY
  MAXIMUM         57   1200 AM  65    1933  38     19       37
  MINIMUM         43        MM -12    1895  15     28       21
  AVERAGE         50                        26     24       29

PRECIPITATION (IN)
  TODAY            0.03          0.53 1944   0.03   0.00     0.00
  MONTH TO DATE    0.43                      0.71  -0.28     1.48
  SINCE SEP 1      1.76                      3.05  -1.29     4.14
  SINCE JAN 1     14.94                     11.93   3.01    20.38

SNOWFALL (IN)
  TODAY           MM                         0.4   MM        0.0
  MONTH TO DATE    3.5                      10.4   -6.9     14.0
  SINCE SEP 1      8.0                      22.9  -14.9     14.0
  SINCE JUL 1      8.0                      22.9  -14.9     14.0
  SNOW DEPTH       0

DEGREE DAYS
 HEATING
  TODAY           15                        39    -24       36
  MONTH TO DATE  660                       771   -111      610
  SINCE SEP 1   1434                      1592   -158     1273
  SINCE JUL 1   1434                      1632   -198     1325

 COOLING
  TODAY            0                         0      0        0
  MONTH TO DATE    0                         0      0        0
  SINCE SEP 1      0                        27    -27       34
  SINCE JAN 1    292                       472   -180      562
..................................................................


WIND (MPH)
  HIGHEST WIND SPEED    25   HIGHEST WIND DIRECTION     N (350)
  HIGHEST GUST SPEED    43   HIGHEST GUST DIRECTION    NW (330)
  AVERAGE WIND SPEED     8.4


SKY COVER
  POSSIBLE SUNSHINE  MM
  AVERAGE SKY COVER 0.3


WEATHER CONDITIONS
 THE FOLLOWING WEATHER WAS RECORDED TODAY.
  RAIN
  LIGHT RAIN
  FOG


RELATIVE HUMIDITY (PERCENT)
 HIGHEST    86           100 PM
 LOWEST     32           900 AM
 AVERAGE    59

..........................................................


THE LANDER WY CLIMATE NORMALS FOR TOMORROW
                         NORMAL    RECORD    YEAR
 MAXIMUM TEMPERATURE (F)   37        67      1949
 MINIMUM TEMPERATURE (F)   15       -15      1993
                                             1918


SUNRISE AND SUNSET
NOVEMBER 24 2017......SUNRISE   718 AM MST   SUNSET   445 PM MST
NOVEMBER 25 2017......SUNRISE   719 AM MST   SUNSET   444 PM MST


-  INDICATES NEGATIVE NUMBERS.
R  INDICATES RECORD WAS SET OR TIED.
MM INDICATES DATA IS MISSING.
T  INDICATES TRACE AMOUNT.




$$
