000
CDUS45 KRIW 200733
CLILND


CLIMATE REPORT
NATIONAL WEATHER SERVICE RIVERTON WY
129 AM MDT SAT SEP 20 2014


...................................

...THE LANDER WY CLIMATE SUMMARY FOR SEPTEMBER 19 2014...

CLIMATE NORMAL PERIOD 1981 TO 2010
CLIMATE RECORD PERIOD 1891 TO 2014


WEATHER ITEM   OBSERVED TIME   RECORD YEAR NORMAL DEPARTURE LAST
                VALUE   (LST)  VALUE       VALUE  FROM      YEAR
                                                  NORMAL
..................................................................
TEMPERATURE (F)
 YESTERDAY
  MAXIMUM         83    410 PM  90    2010  71     12       63
  MINIMUM         55   1106 PM  24    1965  43     12       38
  AVERAGE         69                        57     12       51

PRECIPITATION (IN)
  YESTERDAY        T             0.72 1999   0.04  -0.04     0.00
  MONTH TO DATE    0.17                      0.56  -0.39     2.20
  SINCE SEP 1      0.17                      0.56  -0.39     2.20
  SINCE JAN 1      7.19                      9.44  -2.25    10.06

SNOWFALL (IN)
  YESTERDAY        0.0                       0.1   -0.1      0.0
  MONTH TO DATE    T                         1.0   -1.0      0.0
  SINCE SEP 1      T                         1.0   -1.0      0.0
  SINCE JUL 1      T                         1.0   -1.0      0.0
  SNOW DEPTH       0

DEGREE DAYS
 HEATING
  YESTERDAY        0                         8     -8       14
  MONTH TO DATE  105                        97      8       54
  SINCE SEP 1    105                        97      8       54
  SINCE JUL 1    149                       137     12       54

 COOLING
  YESTERDAY        4                         0      4        0
  MONTH TO DATE   23                        26     -3       65
  SINCE SEP 1     23                        26     -3       65
  SINCE JAN 1    429                       471    -42      743
..................................................................


WIND (MPH)
  HIGHEST WIND SPEED    22   HIGHEST WIND DIRECTION     S (190)
  HIGHEST GUST SPEED    26   HIGHEST GUST DIRECTION     S (190)
  AVERAGE WIND SPEED     6.8


SKY COVER
  POSSIBLE SUNSHINE  MM
  AVERAGE SKY COVER 0.1


WEATHER CONDITIONS
 THE FOLLOWING WEATHER WAS RECORDED YESTERDAY.
  NO SIGNIFICANT WEATHER WAS OBSERVED.


RELATIVE HUMIDITY (PERCENT)
 HIGHEST    60           100 AM
 LOWEST     17           400 PM
 AVERAGE    39

..........................................................


THE LANDER WY CLIMATE NORMALS FOR TODAY
                         NORMAL    RECORD    YEAR
 MAXIMUM TEMPERATURE (F)   70        88      1956
 MINIMUM TEMPERATURE (F)   43        23      1983


SUNRISE AND SUNSET
SEPTEMBER 20 2014.....SUNRISE   700 AM MDT   SUNSET   716 PM MDT
SEPTEMBER 21 2014.....SUNRISE   701 AM MDT   SUNSET   714 PM MDT


-  INDICATES NEGATIVE NUMBERS.
R  INDICATES RECORD WAS SET OR TIED.
MM INDICATES DATA IS MISSING.
T  INDICATES TRACE AMOUNT.




$$
