000
CDUS45 KRIW 260743
CLILND


CLIMATE REPORT
NATIONAL WEATHER SERVICE RIVERTON WY
127 AM MDT SUN MAR 26 2017


...................................

...THE LANDER WY CLIMATE SUMMARY FOR MARCH 25 2017...

CLIMATE NORMAL PERIOD 1981 TO 2010
CLIMATE RECORD PERIOD 1891 TO 2017


WEATHER ITEM   OBSERVED TIME   RECORD YEAR NORMAL DEPARTURE LAST
                VALUE   (LST)  VALUE       VALUE  FROM      YEAR
                                                  NORMAL
..................................................................
TEMPERATURE (F)
 YESTERDAY
  MAXIMUM         53   1155 AM  73    2012  51      2       41
  MINIMUM         36    636 AM -11    1965  26     10       29
  AVERAGE         45                        38      7       35

PRECIPITATION (IN)
  YESTERDAY        0.05          1.28 1977   0.04   0.01     0.01
  MONTH TO DATE    1.09                      0.87   0.22     1.62
  SINCE MAR 1      1.09                      0.87   0.22     1.62
  SINCE JAN 1      3.47                      1.86   1.61     2.54

SNOWFALL (IN)
  YESTERDAY        0.0                       0.6   -0.6      0.1
  MONTH TO DATE    T                        12.5  -12.5     10.1
  SINCE MAR 1      T                        12.5  -12.5     10.1
  SINCE JUL 1     61.0                      66.1   -5.1     47.1
  SNOW DEPTH       0

DEGREE DAYS
 HEATING
  YESTERDAY       20                        27     -7       30
  MONTH TO DATE  573                       761   -188      647
  SINCE MAR 1    573                       761   -188      647
  SINCE JUL 1   6276                      6465   -189     5798

 COOLING
  YESTERDAY        0                         0      0        0
  MONTH TO DATE    0                         0      0        0
  SINCE MAR 1      0                         0      0        0
  SINCE JAN 1      0                         0      0        0
..................................................................


WIND (MPH)
  HIGHEST WIND SPEED    32   HIGHEST WIND DIRECTION    SW (240)
  HIGHEST GUST SPEED    44   HIGHEST GUST DIRECTION    SW (240)
  AVERAGE WIND SPEED     7.8


SKY COVER
  POSSIBLE SUNSHINE  MM
  AVERAGE SKY COVER 0.5


WEATHER CONDITIONS
 THE FOLLOWING WEATHER WAS RECORDED YESTERDAY.
  LIGHT RAIN


RELATIVE HUMIDITY (PERCENT)
 HIGHEST    92          1000 PM
 LOWEST     28          1200 AM
 AVERAGE    60

..........................................................


THE LANDER WY CLIMATE NORMALS FOR TODAY
                         NORMAL    RECORD    YEAR
 MAXIMUM TEMPERATURE (F)   51        69      1895
 MINIMUM TEMPERATURE (F)   27        -6      1955


SUNRISE AND SUNSET
MARCH 26 2017.........SUNRISE   707 AM MDT   SUNSET   735 PM MDT
MARCH 27 2017.........SUNRISE   705 AM MDT   SUNSET   736 PM MDT


-  INDICATES NEGATIVE NUMBERS.
R  INDICATES RECORD WAS SET OR TIED.
MM INDICATES DATA IS MISSING.
T  INDICATES TRACE AMOUNT.




$$
