000
CDUS45 KRIW 270756
CLILND


CLIMATE REPORT
NATIONAL WEATHER SERVICE RIVERTON WY
130 AM MDT TUE SEP 27 2016


...................................

...THE LANDER WY CLIMATE SUMMARY FOR SEPTEMBER 26 2016...

CLIMATE NORMAL PERIOD 1981 TO 2010
CLIMATE RECORD PERIOD 1891 TO 2016


WEATHER ITEM   OBSERVED TIME   RECORD YEAR NORMAL DEPARTURE LAST
                VALUE   (LST)  VALUE       VALUE  FROM      YEAR
                                                  NORMAL
..................................................................
TEMPERATURE (F)
 YESTERDAY
  MAXIMUM         71    415 PM  90    2015  67      4       90
  MINIMUM         39    540 AM  21    1934  40     -1       55
  AVERAGE         55                        54      1       73

PRECIPITATION (IN)
  YESTERDAY        0.00          1.25 2013   0.05  -0.05     0.00
  MONTH TO DATE    1.68                      0.87   0.81      T
  SINCE SEP 1      1.68                      0.87   0.81      T
  SINCE JAN 1     17.92                      9.75   8.17    12.40

SNOWFALL (IN)
  YESTERDAY        0.0                       0.2   -0.2      0.0
  MONTH TO DATE    0.0                       2.0   -2.0      0.0
  SINCE SEP 1      0.0                       2.0   -2.0      0.0
  SINCE JUL 1      0.0                       2.0   -2.0      0.0
  SNOW DEPTH       0

DEGREE DAYS
 HEATING
  YESTERDAY       10                        12     -2        0
  MONTH TO DATE  183                       169     14       59
  SINCE SEP 1    183                       169     14       59
  SINCE JUL 1    235                       209     26       99

 COOLING
  YESTERDAY        0                         0      0        8
  MONTH TO DATE   34                        26      8       79
  SINCE SEP 1     34                        26      8       79
  SINCE JAN 1    562                       471     91      514
..................................................................


WIND (MPH)
  HIGHEST WIND SPEED    14   HIGHEST WIND DIRECTION     W (250)
  HIGHEST GUST SPEED    16   HIGHEST GUST DIRECTION     W (250)
  AVERAGE WIND SPEED     4.0


SKY COVER
  POSSIBLE SUNSHINE  MM
  AVERAGE SKY COVER 0.0


WEATHER CONDITIONS
 THE FOLLOWING WEATHER WAS RECORDED YESTERDAY.
  NO SIGNIFICANT WEATHER WAS OBSERVED.


RELATIVE HUMIDITY (PERCENT)
 HIGHEST    86           600 AM
 LOWEST     37           300 PM
 AVERAGE    62

..........................................................


THE LANDER WY CLIMATE NORMALS FOR TODAY
                         NORMAL    RECORD    YEAR
 MAXIMUM TEMPERATURE (F)   67        87      2001
 MINIMUM TEMPERATURE (F)   40        19      1908


SUNRISE AND SUNSET
SEPTEMBER 27 2016.....SUNRISE   708 AM MDT   SUNSET   702 PM MDT
SEPTEMBER 28 2016.....SUNRISE   709 AM MDT   SUNSET   700 PM MDT


-  INDICATES NEGATIVE NUMBERS.
R  INDICATES RECORD WAS SET OR TIED.
MM INDICATES DATA IS MISSING.
T  INDICATES TRACE AMOUNT.




$$
