000
CDUS45 KRIW 280031
CLILND


CLIMATE REPORT
NATIONAL WEATHER SERVICE RIVERTON WY
530 PM MST TUE JAN 27 2015


...................................

...THE LANDER WY CLIMATE SUMMARY FOR JANUARY 27 2015...
VALID TODAY AS OF 0500 PM LOCAL TIME.

CLIMATE NORMAL PERIOD 1981 TO 2010
CLIMATE RECORD PERIOD 1891 TO 2015


WEATHER ITEM   OBSERVED TIME   RECORD YEAR NORMAL DEPARTURE LAST
                VALUE   (LST)  VALUE       VALUE  FROM      YEAR
                                                  NORMAL
..................................................................
TEMPERATURE (F)
 TODAY
  MAXIMUM         44        MM  56    2003  33     11       22
  MINIMUM         22        MM -25    1902  11     11        6
  AVERAGE         33                        22     11       14

PRECIPITATION (IN)
  TODAY            0.00          0.55 1916   0.01  -0.01      T
                                      1899
  MONTH TO DATE    T                         0.36  -0.36     0.61
  SINCE DEC 1      1.82                      0.94   0.88     1.30
  SINCE JAN 1      T                         0.36  -0.36     0.61

SNOWFALL (IN)
  TODAY            0.0                       0.2   -0.2       T
  MONTH TO DATE    0.3                       6.6   -6.3      8.9
  SINCE DEC 1     21.4                      16.7    4.7     22.0
  SINCE JUL 1     30.3                      42.3  -12.0     51.5
  SNOW DEPTH       T

DEGREE DAYS
 HEATING
  TODAY           32                        43    -11       51
  MONTH TO DATE 1188                      1170     18     1084
  SINCE DEC 1   2474                      2543    -69     2469
  SINCE JUL 1   4015                      4416   -401     4357

 COOLING
  TODAY            0                         0      0        0
  MONTH TO DATE    0                         0      0        0
  SINCE DEC 1      0                         0      0        0
  SINCE JAN 1      0                         0      0        0
..................................................................


WIND (MPH)
  HIGHEST WIND SPEED     4   HIGHEST WIND DIRECTION     S (180)
  HIGHEST GUST SPEED    MM   HIGHEST GUST DIRECTION    MM
  AVERAGE WIND SPEED     1.1


SKY COVER
  POSSIBLE SUNSHINE  MM
  AVERAGE SKY COVER 0.1


WEATHER CONDITIONS
 THE FOLLOWING WEATHER WAS RECORDED TODAY.
  NO SIGNIFICANT WEATHER WAS OBSERVED.


RELATIVE HUMIDITY (PERCENT)
 HIGHEST    81           400 AM
 LOWEST     53           400 PM
 AVERAGE    67

..........................................................


THE LANDER WY CLIMATE NORMALS FOR TOMORROW
                         NORMAL    RECORD    YEAR
 MAXIMUM TEMPERATURE (F)   33        60      1931
 MINIMUM TEMPERATURE (F)   11       -28      1895


SUNRISE AND SUNSET
JANUARY 27 2015.......SUNRISE   735 AM MST   SUNSET   521 PM MST
JANUARY 28 2015.......SUNRISE   734 AM MST   SUNSET   523 PM MST


-  INDICATES NEGATIVE NUMBERS.
R  INDICATES RECORD WAS SET OR TIED.
MM INDICATES DATA IS MISSING.
T  INDICATES TRACE AMOUNT.




$$
