000
CDUS43 KOAX 231342
CLILNK


CLIMATE REPORT
NATIONAL WEATHER SERVICE OMAHA NEBRASKA
831 AM CDT WED APR 23 2014


...................................

...THE LINCOLN, NEBRASKA CLIMATE SUMMARY FOR APRIL 22 2014...

CLIMATE NORMAL PERIOD 1981 TO 2010
CLIMATE RECORD PERIOD 1887 TO 2014


WEATHER ITEM   OBSERVED TIME   RECORD YEAR NORMAL DEPARTURE LAST
                VALUE   (LST)  VALUE       VALUE  FROM      YEAR
                                                  NORMAL
..................................................................
TEMPERATURE (F)
 YESTERDAY
  MAXIMUM         73    454 PM  94    1989  67      6       53
  MINIMUM         38    547 AM  25    1992  41     -3       32
  AVERAGE         56                        54      2       43

PRECIPITATION (IN)
  YESTERDAY        0.00          1.40 2001   0.11  -0.11     1.19
  MONTH TO DATE    2.13                      1.81   0.32     3.99
  SINCE MAR 1      2.26                      3.74  -1.48     6.11
  SINCE JAN 1      3.12                      5.15  -2.03     7.38

SNOWFALL (IN)
  YESTERDAY        0.0                       0.0    0.0       T
  MONTH TO DATE    0.5                       1.2   -0.7      0.6
  SINCE JUL 1     18.2                      25.7   -7.5     24.8
  SNOW DEPTH       0

DEGREE DAYS
 HEATING
  YESTERDAY        9                        12     -3       22
  MONTH TO DATE  313                       335    -22      473
  SINCE MAR 1   1170                      1108     62     1402
  SINCE JUL 1   6287                      5811    476     6030

 COOLING
  YESTERDAY        0                         1     -1        0
  MONTH TO DATE   13                         5      8        0
  SINCE MAR 1     13                         6      7        0
  SINCE JAN 1     13                         6      7        0
..................................................................


WIND (MPH)
  HIGHEST WIND SPEED    18   HIGHEST WIND DIRECTION    SE (150)
  HIGHEST GUST SPEED    23   HIGHEST GUST DIRECTION    SE (140)
  AVERAGE WIND SPEED     9.1


SKY COVER
  POSSIBLE SUNSHINE  MM
  AVERAGE SKY COVER 0.2


WEATHER CONDITIONS
 THE FOLLOWING WEATHER WAS RECORDED YESTERDAY.
  NO SIGNIFICANT WEATHER WAS OBSERVED.


RELATIVE HUMIDITY (PERCENT)
 HIGHEST    70           300 AM
 LOWEST     23           500 PM
 AVERAGE    47

..........................................................


THE LINCOLN, NEBRASKA CLIMATE NORMALS FOR TODAY
                         NORMAL    RECORD    YEAR
 MAXIMUM TEMPERATURE (F)   67        89      2009
                                             1921
 MINIMUM TEMPERATURE (F)   42        26      1996


SUNRISE AND SUNSET
APRIL 23 2014.........SUNRISE   636 AM CDT   SUNSET   815 PM CDT
APRIL 24 2014.........SUNRISE   635 AM CDT   SUNSET   816 PM CDT


-  INDICATES NEGATIVE NUMBERS.
R  INDICATES RECORD WAS SET OR TIED.
MM INDICATES DATA IS MISSING.
T  INDICATES TRACE AMOUNT.




$$
