000
CDUS43 KOAX 202132
CLILNK


CLIMATE REPORT
NATIONAL WEATHER SERVICE OMAHA NEBRASKA
430 PM CDT SUN APR 20 2014


...................................

...THE LINCOLN, NEBRASKA CLIMATE SUMMARY FOR APRIL 20 2014...
VALID TODAY AS OF 0400 PM LOCAL TIME.

CLIMATE NORMAL PERIOD 1981 TO 2010
CLIMATE RECORD PERIOD 1887 TO 2014


WEATHER ITEM   OBSERVED TIME   RECORD YEAR NORMAL DEPARTURE LAST
                VALUE   (LST)  VALUE       VALUE  FROM      YEAR
                                                  NORMAL
..................................................................
TEMPERATURE (F)
 TODAY
  MAXIMUM         83   1254 PM  95    1902  66     17       48
  MINIMUM         62    624 AM  20    2013  41     21       20
  AVERAGE         73                        53     20       34

PRECIPITATION (IN)
  TODAY            T             1.93 1912   0.10  -0.10     0.00
  MONTH TO DATE    1.48                      1.60  -0.12     2.47
  SINCE MAR 1      1.61                      3.53  -1.92     4.59
  SINCE JAN 1      2.47                      4.94  -2.47     5.86

SNOWFALL (IN)
  TODAY            0.0                       0.1   -0.1      0.0
  MONTH TO DATE    0.5                       1.2   -0.7      0.6
  SINCE JUL 1     18.2                      25.7   -7.5     24.8
  SNOW DEPTH       0

DEGREE DAYS
 HEATING
  TODAY            0                        12    -12       31
  MONTH TO DATE  302                       311     -9      440
  SINCE MAR 1   1159                      1084     75     1369
  SINCE JUL 1   6276                      5787    489     5997

 COOLING
  TODAY            8                         1      7        0
  MONTH TO DATE   16                         3     13        0
  SINCE MAR 1     16                         4     12        0
  SINCE JAN 1     16                         4     12        0
..................................................................


WIND (MPH)
  HIGHEST WIND SPEED    28   HIGHEST WIND DIRECTION    SW (230)
  HIGHEST GUST SPEED    32   HIGHEST GUST DIRECTION    SW (230)
  AVERAGE WIND SPEED    14.9


SKY COVER
  POSSIBLE SUNSHINE  MM
  AVERAGE SKY COVER 0.1


WEATHER CONDITIONS
 THE FOLLOWING WEATHER WAS RECORDED TODAY.
  THUNDERSTORM


RELATIVE HUMIDITY (PERCENT)
 HIGHEST    60           600 AM
 LOWEST     34           100 PM
 AVERAGE    47

..........................................................


THE LINCOLN, NEBRASKA CLIMATE NORMALS FOR TOMORROW
                         NORMAL    RECORD    YEAR
 MAXIMUM TEMPERATURE (F)   66        92      1989
 MINIMUM TEMPERATURE (F)   41        24      1978


SUNRISE AND SUNSET
APRIL 20 2014.........SUNRISE   641 AM CDT   SUNSET   812 PM CDT
APRIL 21 2014.........SUNRISE   639 AM CDT   SUNSET   813 PM CDT


-  INDICATES NEGATIVE NUMBERS.
R  INDICATES RECORD WAS SET OR TIED.
MM INDICATES DATA IS MISSING.
T  INDICATES TRACE AMOUNT.




$$
