000
CDUS43 KOAX 162131
CLILNK


CLIMATE REPORT
NATIONAL WEATHER SERVICE OMAHA NEBRASKA
429 PM CDT TUE SEP 16 2014


...................................

...THE LINCOLN, NEBRASKA CLIMATE SUMMARY FOR SEPTEMBER 16 2014...
VALID TODAY AS OF 0400 PM LOCAL TIME.

CLIMATE NORMAL PERIOD 1981 TO 2010
CLIMATE RECORD PERIOD 1887 TO 2014


WEATHER ITEM   OBSERVED TIME   RECORD YEAR NORMAL DEPARTURE LAST
                VALUE   (LST)  VALUE       VALUE  FROM      YEAR
                                                  NORMAL
..................................................................
TEMPERATURE (F)
 TODAY
  MAXIMUM         72    234 PM 100    1931  79     -7       65
  MINIMUM         39    600 AM  34    1903  53    -14       53
  AVERAGE         56                        66    -10       59

PRECIPITATION (IN)
  TODAY            0.00          2.53 1968   0.10  -0.10     0.04
  MONTH TO DATE    3.26                      1.73   1.53     1.39
  SINCE SEP 1      3.26                      1.73   1.53     1.39
  SINCE JAN 1     26.96                     23.31   3.65    21.84

SNOWFALL (IN)
  TODAY            0.0                       0.0    0.0      0.0
  MONTH TO DATE    0.0                       0.0    0.0      0.0
  SINCE JUL 1      0.0                       0.0    0.0      0.0
  SNOW DEPTH       0

DEGREE DAYS
 HEATING
  TODAY            9                         3      6        6
  MONTH TO DATE   83                        25     58        8
  SINCE SEP 1     83                        25     58        8
  SINCE JUL 1     85                        31     54       11

 COOLING
  TODAY            0                         4     -4        0
  MONTH TO DATE   54                        89    -35      151
  SINCE SEP 1     54                        89    -35      151
  SINCE JAN 1   1165                      1124     41     1166
..................................................................


WIND (MPH)
  HIGHEST WIND SPEED    14   HIGHEST WIND DIRECTION     S (180)
  HIGHEST GUST SPEED    17   HIGHEST GUST DIRECTION     S (160)
  AVERAGE WIND SPEED     3.7


SKY COVER
  POSSIBLE SUNSHINE  MM
  AVERAGE SKY COVER 0.0


WEATHER CONDITIONS
 THE FOLLOWING WEATHER WAS RECORDED TODAY.
  NO SIGNIFICANT WEATHER WAS OBSERVED.


RELATIVE HUMIDITY (PERCENT)
 HIGHEST    96          1200 AM
 LOWEST     41           300 PM
 AVERAGE    69

..........................................................


THE LINCOLN, NEBRASKA CLIMATE NORMALS FOR TOMORROW
                         NORMAL    RECORD    YEAR
 MAXIMUM TEMPERATURE (F)   78       101      1953
                                             1895
 MINIMUM TEMPERATURE (F)   53        35      1981


SUNRISE AND SUNSET
SEPTEMBER 16 2014.....SUNRISE   709 AM CDT   SUNSET   734 PM CDT
SEPTEMBER 17 2014.....SUNRISE   710 AM CDT   SUNSET   733 PM CDT


-  INDICATES NEGATIVE NUMBERS.
R  INDICATES RECORD WAS SET OR TIED.
MM INDICATES DATA IS MISSING.
T  INDICATES TRACE AMOUNT.




$$
