000
CDUS43 KOAX 310631
CLILNK


CLIMATE REPORT
NATIONAL WEATHER SERVICE OMAHA NEBRASKA
1230 AM CST SAT JAN 31 2015


...................................

...THE LINCOLN, NEBRASKA CLIMATE SUMMARY FOR JANUARY 30 2015...

CLIMATE NORMAL PERIOD 1981 TO 2010
CLIMATE RECORD PERIOD 1887 TO 2015


WEATHER ITEM   OBSERVED TIME   RECORD YEAR NORMAL DEPARTURE LAST
                VALUE   (LST)  VALUE       VALUE  FROM      YEAR
                                                  NORMAL
..................................................................
TEMPERATURE (F)
 YESTERDAY
  MAXIMUM         42    337 PM  70    2012  36      6       41
  MINIMUM         11    717 AM -16    1918  14     -3       20
  AVERAGE         27                        25      2       31

PRECIPITATION (IN)
  YESTERDAY        0.00          0.34 1938   0.02  -0.02     0.00
  MONTH TO DATE    0.09                      0.61  -0.52     0.21
  SINCE DEC 1      1.31                      1.56  -0.25     0.43
  SINCE JAN 1      0.09                      0.61  -0.52     0.21

SNOWFALL (IN)
  YESTERDAY        0.0                       0.2   -0.2      0.0
  MONTH TO DATE    0.9                       5.2   -4.3      3.3
  SINCE JUL 1      6.0                      13.9   -7.9      9.2
  SNOW DEPTH       0

DEGREE DAYS
 HEATING
  YESTERDAY       38                        40     -2       34
  MONTH TO DATE 1109                      1216   -107     1273
  SINCE DEC 1   2141                      2400   -259     2594
  SINCE JUL 1   3450                      3661   -211     3891

 COOLING
  YESTERDAY        0                         0      0        0
  MONTH TO DATE    0                         0      0        0
  SINCE DEC 1      0                         0      0        0
  SINCE JAN 1      0                         0      0        0
..................................................................


WIND (MPH)
  HIGHEST WIND SPEED    17   HIGHEST WIND DIRECTION     S (190)
  HIGHEST GUST SPEED    20   HIGHEST GUST DIRECTION     S (190)
  AVERAGE WIND SPEED     6.8


SKY COVER
  POSSIBLE SUNSHINE  MM
  AVERAGE SKY COVER 0.1


WEATHER CONDITIONS
 THE FOLLOWING WEATHER WAS RECORDED YESTERDAY.
  FOG


RELATIVE HUMIDITY (PERCENT)
 HIGHEST    92           400 AM
 LOWEST     51           300 PM
 AVERAGE    72

..........................................................


THE LINCOLN, NEBRASKA CLIMATE NORMALS FOR TODAY
                         NORMAL    RECORD    YEAR
 MAXIMUM TEMPERATURE (F)   36        72      1989
 MINIMUM TEMPERATURE (F)   14       -20      1979


SUNRISE AND SUNSET
JANUARY 31 2015.......SUNRISE   738 AM CST   SUNSET   543 PM CST
FEBRUARY  1 2015......SUNRISE   737 AM CST   SUNSET   544 PM CST


-  INDICATES NEGATIVE NUMBERS.
R  INDICATES RECORD WAS SET OR TIED.
MM INDICATES DATA IS MISSING.
T  INDICATES TRACE AMOUNT.




$$
