000
CDUS43 KOAX 210630
CLILNK


CLIMATE REPORT
NATIONAL WEATHER SERVICE OMAHA NEBRASKA
1227 AM CST FRI NOV 21 2014


...................................

...THE LINCOLN, NEBRASKA CLIMATE SUMMARY FOR NOVEMBER 20 2014...

CLIMATE NORMAL PERIOD 1981 TO 2010
CLIMATE RECORD PERIOD 1887 TO 2014


WEATHER ITEM   OBSERVED TIME   RECORD YEAR NORMAL DEPARTURE LAST
                VALUE   (LST)  VALUE       VALUE  FROM      YEAR
                                                  NORMAL
..................................................................
TEMPERATURE (F)
 YESTERDAY
  MAXIMUM         36    306 PM  75    1936  48    -12       62
                                      1933
  MINIMUM          9    740 AM   1    1985  25    -16       36
  AVERAGE         23                        36    -13       49

PRECIPITATION (IN)
  YESTERDAY        0.00          1.05 1994   0.04  -0.04     0.00
  MONTH TO DATE    0.46                      1.01  -0.55     1.20
  SINCE SEP 1      9.81                      6.00   3.81     6.02
  SINCE JAN 1     33.51                     27.58   5.93    26.47

SNOWFALL (IN)
  YESTERDAY        0.0                       0.0    0.0      0.0
  MONTH TO DATE    3.0                       1.0    2.0       T
  SINCE JUL 1      3.0                       1.7    1.3       T
  SNOW DEPTH       1

DEGREE DAYS
 HEATING
  YESTERDAY       42                        29     13       16
  MONTH TO DATE  615                       468    147      458
  SINCE SEP 1   1018                       941     77      911
  SINCE JUL 1   1020                       947     73      914

 COOLING
  YESTERDAY        0                         0      0        0
  MONTH TO DATE    0                         0      0        0
  SINCE SEP 1    126                       138    -12      221
  SINCE JAN 1   1237                      1173     64     1236
..................................................................


WIND (MPH)
  HIGHEST WIND SPEED    12   HIGHEST WIND DIRECTION     E (70)
  HIGHEST GUST SPEED    13   HIGHEST GUST DIRECTION     E (70)
  AVERAGE WIND SPEED     2.5


SKY COVER
  POSSIBLE SUNSHINE  MM
  AVERAGE SKY COVER 0.0


WEATHER CONDITIONS
 THE FOLLOWING WEATHER WAS RECORDED YESTERDAY.
  NO SIGNIFICANT WEATHER WAS OBSERVED.


RELATIVE HUMIDITY (PERCENT)
 HIGHEST    84           100 AM
 LOWEST     52           300 PM
 AVERAGE    68

..........................................................


THE LINCOLN, NEBRASKA CLIMATE NORMALS FOR TODAY
                         NORMAL    RECORD    YEAR
 MAXIMUM TEMPERATURE (F)   47        73      2012
 MINIMUM TEMPERATURE (F)   25         3      1985
                                             1898


SUNRISE AND SUNSET
NOVEMBER 21 2014......SUNRISE   721 AM CST   SUNSET   504 PM CST
NOVEMBER 22 2014......SUNRISE   722 AM CST   SUNSET   504 PM CST


-  INDICATES NEGATIVE NUMBERS.
R  INDICATES RECORD WAS SET OR TIED.
MM INDICATES DATA IS MISSING.
T  INDICATES TRACE AMOUNT.




$$
