000
CDUS43 KOAX 232156
CLILNK


CLIMATE REPORT
NATIONAL WEATHER SERVICE OMAHA NEBRASKA
452 PM CDT SAT MAY 23 2015


...................................

...THE LINCOLN, NEBRASKA CLIMATE SUMMARY FOR MAY 23 2015...
VALID TODAY AS OF 400 PM LOCAL TIME.

CLIMATE NORMAL PERIOD 1981 TO 2010
CLIMATE RECORD PERIOD 1887 TO 2015


WEATHER ITEM   OBSERVED TIME   RECORD YEAR NORMAL DEPARTURE LAST
                VALUE   (LST)  VALUE       VALUE  FROM      YEAR
                                                  NORMAL
..................................................................
TEMPERATURE (F)
 TODAY
  MAXIMUM         63    259 PM  94    2012  76    -13       80
                                      1939
  MINIMUM         56    648 AM  39    1893  53      3       54
  AVERAGE         60                        65     -5       67

PRECIPITATION (IN)
  TODAY            0.01          1.45 1948   0.13  -0.12     0.00
  MONTH TO DATE   10.41                      3.19   7.22     3.92
  SINCE MAR 1     13.17                      7.83   5.34     7.55
  SINCE JAN 1     15.01                      9.24   5.77     8.41

SNOWFALL (IN)
  TODAY            0.0                       0.0    0.0      0.0
  MONTH TO DATE    0.0                       0.1   -0.1      0.0
  SINCE JUL 1     21.9                      26.0   -4.1     18.2
  SNOW DEPTH       0

DEGREE DAYS
 HEATING
  TODAY            5                         3      2        0
  MONTH TO DATE  133                       130      3      134
  SINCE MAR 1   1129                      1320   -191     1365
  SINCE JUL 1   5816                      6023   -207     6482

 COOLING
  TODAY            0                         3     -3        2
  MONTH TO DATE   30                        37     -7       58
  SINCE MAR 1     35                        51    -16       73
  SINCE JAN 1     35                        51    -16       73
..................................................................


WIND (MPH)
  HIGHEST WIND SPEED    15   HIGHEST WIND DIRECTION     S (160)
  HIGHEST GUST SPEED    18   HIGHEST GUST DIRECTION    SE (150)
  AVERAGE WIND SPEED     8.7


SKY COVER
  POSSIBLE SUNSHINE  MM
  AVERAGE SKY COVER 1.0


WEATHER CONDITIONS
 THE FOLLOWING WEATHER WAS RECORDED TODAY.
  LIGHT RAIN
  FOG


RELATIVE HUMIDITY (PERCENT)
 HIGHEST    93           900 AM
 LOWEST     57          1200 AM
 AVERAGE    75

..........................................................


THE LINCOLN, NEBRASKA CLIMATE NORMALS FOR TOMORROW
                         NORMAL    RECORD    YEAR
 MAXIMUM TEMPERATURE (F)   77       100      1967
 MINIMUM TEMPERATURE (F)   53        34      1924
                                             1897


SUNRISE AND SUNSET
MAY 23 2015...........SUNRISE   603 AM CDT   SUNSET   845 PM CDT
MAY 24 2015...........SUNRISE   602 AM CDT   SUNSET   846 PM CDT


-  INDICATES NEGATIVE NUMBERS.
R  INDICATES RECORD WAS SET OR TIED.
MM INDICATES DATA IS MISSING.
T  INDICATES TRACE AMOUNT.




$$

KLISH
