000
CDUS43 KLOT 270636
CLILOT


CLIMATE REPORT
NATIONAL WEATHER SERVICE CHICAGO IL
136 AM CDT THU APR 27 2017


...................................

...THE ROMEOVILLE  WFO CLIMATE SUMMARY FOR APRIL 26 2017...

CLIMATE NORMAL PERIOD 1981 TO 2010
CLIMATE RECORD PERIOD 1992 TO 2017


WEATHER ITEM   OBSERVED RECORD YEAR NORMAL DEPARTURE LAST
                VALUE   VALUE       VALUE  FROM      YEAR
                                           NORMAL
...........................................................
TEMPERATURE (F)
 YESTERDAY
  MAXIMUM         74     89    1994  65      9       68
  MINIMUM         59     33    2012  43     16       43
  AVERAGE         67                 54     13       56

PRECIPITATION (IN)
  YESTERDAY        0.33   0.76 1995   0.14   0.19     0.00
  MONTH TO DATE    3.08               3.30  -0.22     1.40
  SINCE MAR 1      8.00               6.07   1.93     5.13
  SINCE JAN 1     13.71               9.78   3.93     7.20

SNOWFALL (IN)
  YESTERDAY        0.0    0.0  2011   0.0    0.0      0.0
                               2010
                               2009
  MONTH TO DATE    T                  0.5   -0.5      0.4
  SINCE MAR 1      4.9                4.9    0.0      2.4
  SINCE JUL 1     24.3               32.3   -8.0     22.3
  SNOW DEPTH       0

DEGREE DAYS
 HEATING
  YESTERDAY        0                 11    -11
  MONTH TO DATE  272                408   -136
  SINCE MAR 1   1067               1225   -158
  SINCE JUL 1   5042               5953   -911

 COOLING
  YESTERDAY        2                  0      2
  MONTH TO DATE   11                  0     11
  SINCE MAR 1     11                  0     11
  SINCE JAN 1     11                  0     11
...........................................................







THE ROMEOVILLE  WFO CLIMATE NORMALS FOR TODAY
                         NORMAL    RECORD    YEAR
 MAXIMUM TEMPERATURE (F)   65        76      2003
 MINIMUM TEMPERATURE (F)   44        31      2012
                                             1996
                                             1992


SUNRISE AND SUNSET
APRIL 27 2017.........SUNRISE   554 AM CDT   SUNSET   746 PM CDT
APRIL 28 2017.........SUNRISE   553 AM CDT   SUNSET   747 PM CDT


-  INDICATES NEGATIVE NUMBERS.
R  INDICATES RECORD WAS SET OR TIED.
MM INDICATES DATA IS MISSING.
T  INDICATES TRACE AMOUNT.




$$
