000
CDUS43 KLOT 230638
CLILOT


CLIMATE REPORT
NATIONAL WEATHER SERVICE CHICAGO IL
137 AM CDT WED JUL 23 2014


...................................

...THE ROMEOVILLE  WFO CLIMATE SUMMARY FOR JULY 22 2014...

CLIMATE NORMAL PERIOD 1981 TO 2010
CLIMATE RECORD PERIOD 1992 TO 2014


WEATHER ITEM   OBSERVED RECORD YEAR NORMAL DEPARTURE LAST
                VALUE   VALUE       VALUE  FROM      YEAR
                                           NORMAL
...........................................................
TEMPERATURE (F)
 YESTERDAY
  MAXIMUM         87     93    2001  84      3       87
  MINIMUM         66     54    1996  64      2       69
  AVERAGE         77                 74      3       78

PRECIPITATION (IN)
  YESTERDAY        0.12   0.69 2004   0.17  -0.05     0.01
  MONTH TO DATE    4.30               3.22   1.08     0.57
  SINCE JUN 1     13.52               7.56   5.96     5.01
  SINCE JAN 1     28.89              22.26   6.63    26.00

DEGREE DAYS
 HEATING
  YESTERDAY        0                  0      0
  MONTH TO DATE    8                  0      8
  SINCE JUN 1     20                 33    -13
  SINCE JUL 1      8                  0      8

 COOLING
  YESTERDAY       12                  9      3
  MONTH TO DATE  109                198    -89
  SINCE JUN 1    307                378    -71
  SINCE JAN 1    395                436    -41
...........................................................







THE ROMEOVILLE  WFO CLIMATE NORMALS FOR TODAY
                         NORMAL    RECORD    YEAR
 MAXIMUM TEMPERATURE (F)   84        94      2012
                                             2001
 MINIMUM TEMPERATURE (F)   64        53      2000


SUNRISE AND SUNSET
JULY 23 2014..........SUNRISE   538 AM CDT   SUNSET   819 PM CDT
JULY 24 2014..........SUNRISE   539 AM CDT   SUNSET   818 PM CDT


-  INDICATES NEGATIVE NUMBERS.
R  INDICATES RECORD WAS SET OR TIED.
MM INDICATES DATA IS MISSING.
T  INDICATES TRACE AMOUNT.




$$
