000
CDUS43 KLOT 250636
CLILOT


CLIMATE REPORT
NATIONAL WEATHER SERVICE CHICAGO IL
136 AM CDT WED MAY 25 2016


...................................

...THE ROMEOVILLE  WFO CLIMATE SUMMARY FOR MAY 24 2016...

CLIMATE NORMAL PERIOD 1981 TO 2010
CLIMATE RECORD PERIOD 1992 TO 2016


WEATHER ITEM   OBSERVED RECORD YEAR NORMAL DEPARTURE LAST
                VALUE   VALUE       VALUE  FROM      YEAR
                                           NORMAL
...........................................................
TEMPERATURE (F)
 YESTERDAY
  MAXIMUM         87     92    2010  72     15       79
  MINIMUM         58     34    1992  52      6       58
  AVERAGE         73                 63     10       69

PRECIPITATION (IN)
  YESTERDAY        0.00   0.68 2015   0.14  -0.14     0.68
  MONTH TO DATE    2.62               3.30  -0.68     3.10
  SINCE MAR 1      9.25              10.03  -0.78     7.35
  SINCE JAN 1     11.32              13.74  -2.42    10.19

DEGREE DAYS
 HEATING
  YESTERDAY        0                  4     -4
  MONTH TO DATE  213                167     46
  SINCE MAR 1   1312               1433   -121
  SINCE JUL 1   5345               6161   -816

 COOLING
  YESTERDAY        8                  2      6
  MONTH TO DATE   11                 33    -22
  SINCE MAR 1     22                 38    -16
  SINCE JAN 1     22                 38    -16
...........................................................







THE ROMEOVILLE  WFO CLIMATE NORMALS FOR TODAY
                         NORMAL    RECORD    YEAR
 MAXIMUM TEMPERATURE (F)   74        88      2010
 MINIMUM TEMPERATURE (F)   53        32      1992


SUNRISE AND SUNSET
MAY 25 2016...........SUNRISE   524 AM CDT   SUNSET   815 PM CDT
MAY 26 2016...........SUNRISE   524 AM CDT   SUNSET   816 PM CDT


-  INDICATES NEGATIVE NUMBERS.
R  INDICATES RECORD WAS SET OR TIED.
MM INDICATES DATA IS MISSING.
T  INDICATES TRACE AMOUNT.




$$
