000
CDUS43 KLOT 260632
CLILOT


CLIMATE REPORT
NATIONAL WEATHER SERVICE CHICAGO IL
131 AM CDT MON JUN 26 2017


...................................

...THE ROMEOVILLE  WFO CLIMATE SUMMARY FOR JUNE 25 2017...

CLIMATE NORMAL PERIOD 1981 TO 2010
CLIMATE RECORD PERIOD 1992 TO 2017


WEATHER ITEM   OBSERVED RECORD YEAR NORMAL DEPARTURE LAST
                VALUE   VALUE       VALUE  FROM      YEAR
                                           NORMAL
...........................................................
TEMPERATURE (F)
 YESTERDAY
  MAXIMUM         73     96    2005  83    -10       89
  MINIMUM         51     47    1992  62    -11       68
  AVERAGE         62                 73    -11       79

PRECIPITATION (IN)
  YESTERDAY        0.00   1.16 2014   0.13  -0.13     0.00
  MONTH TO DATE    1.19               3.73  -2.54     2.04
  SINCE JUN 1      1.19               3.73  -2.54     2.04
  SINCE JAN 1     23.41              18.43   4.98    14.27

DEGREE DAYS
 HEATING
  YESTERDAY        3                  0      3
  MONTH TO DATE    6                 31    -25
  SINCE JUN 1      6                 31    -25
  SINCE JUL 1   5342               6217   -875

 COOLING
  YESTERDAY        0                  8     -8
  MONTH TO DATE  198                137     61
  SINCE JUN 1    198                137     61
  SINCE JAN 1    235                195     40
...........................................................







THE ROMEOVILLE  WFO CLIMATE NORMALS FOR TODAY
                         NORMAL    RECORD    YEAR
 MAXIMUM TEMPERATURE (F)   83        95      2005
 MINIMUM TEMPERATURE (F)   63        50      2004
                                             1992


SUNRISE AND SUNSET
JUNE 26 2017..........SUNRISE   520 AM CDT   SUNSET   831 PM CDT
JUNE 27 2017..........SUNRISE   520 AM CDT   SUNSET   831 PM CDT


-  INDICATES NEGATIVE NUMBERS.
R  INDICATES RECORD WAS SET OR TIED.
MM INDICATES DATA IS MISSING.
T  INDICATES TRACE AMOUNT.




$$
