000
CDUS43 KLOT 240634
CLILOT


CLIMATE REPORT
NATIONAL WEATHER SERVICE CHICAGO IL
134 AM CDT SUN MAY 24 2015


...................................

...THE ROMEOVILLE  WFO CLIMATE SUMMARY FOR MAY 23 2015...

CLIMATE NORMAL PERIOD 1981 TO 2010
CLIMATE RECORD PERIOD 1992 TO 2015


WEATHER ITEM   OBSERVED RECORD YEAR NORMAL DEPARTURE LAST
                VALUE   VALUE       VALUE  FROM      YEAR
                                           NORMAL
...........................................................
TEMPERATURE (F)
 YESTERDAY
  MAXIMUM         81     90    2010  73      8       71
                               2007
  MINIMUM         52     40    1992  52      0       49
  AVERAGE         67                 63      4       60

PRECIPITATION (IN)
  YESTERDAY        0.00   1.40 1995   0.14  -0.14     0.00
  MONTH TO DATE    2.42               3.16  -0.74     3.25
  SINCE MAR 1      6.67               9.89  -3.22     9.17
  SINCE JAN 1      9.51              13.60  -4.09    14.03

DEGREE DAYS
 HEATING
  YESTERDAY        0                  5     -5
  MONTH TO DATE  137                163    -26
  SINCE MAR 1   1456               1429     27
  SINCE JUL 1   6701               6157    544

 COOLING
  YESTERDAY        2                  2      0
  MONTH TO DATE   42                 31     11
  SINCE MAR 1     42                 36      6
  SINCE JAN 1     42                 36      6
...........................................................







THE ROMEOVILLE  WFO CLIMATE NORMALS FOR TODAY
                         NORMAL    RECORD    YEAR
 MAXIMUM TEMPERATURE (F)   72        92      2010
 MINIMUM TEMPERATURE (F)   52        34      1992


SUNRISE AND SUNSET
MAY 24 2015...........SUNRISE   525 AM CDT   SUNSET   813 PM CDT
MAY 25 2015...........SUNRISE   525 AM CDT   SUNSET   814 PM CDT


-  INDICATES NEGATIVE NUMBERS.
R  INDICATES RECORD WAS SET OR TIED.
MM INDICATES DATA IS MISSING.
T  INDICATES TRACE AMOUNT.




$$
