000
CDUS43 KLOT 020641
CLILOT


CLIMATE REPORT
NATIONAL WEATHER SERVICE CHICAGO IL
141 AM CDT THU JUL 2 2015


...................................

...THE ROMEOVILLE  WFO CLIMATE SUMMARY FOR JULY 1 2015...

CLIMATE NORMAL PERIOD 1981 TO 2010
CLIMATE RECORD PERIOD 1992 TO 2015


WEATHER ITEM   OBSERVED RECORD YEAR NORMAL DEPARTURE LAST
                VALUE   VALUE       VALUE  FROM      YEAR
                                           NORMAL
...........................................................
TEMPERATURE (F)
 YESTERDAY
  MAXIMUM         71     91    2002  84    -13       80
                               1992
  MINIMUM         55     54    2010  64     -9       64
                               2001
                               1995
  AVERAGE         63                 74    -11       72

PRECIPITATION (IN)
  YESTERDAY        0.02   0.61 1999   0.13  -0.11     0.01
  MONTH TO DATE    0.02               0.13  -0.11     0.01
  SINCE JUN 1      8.52               4.47   4.05     9.23
  SINCE JAN 1     20.43              19.17   1.26    24.60

DEGREE DAYS
 HEATING
  YESTERDAY        2                  0      2
  MONTH TO DATE    2                  0      2
  SINCE JUN 1     29                 33     -4
  SINCE JUL 1      2                  0      2

 COOLING
  YESTERDAY        0                  9     -9
  MONTH TO DATE    0                  9     -9
  SINCE JUN 1    137                189    -52
  SINCE JAN 1    213                247    -34
...........................................................







THE ROMEOVILLE  WFO CLIMATE NORMALS FOR TODAY
                         NORMAL    RECORD    YEAR
 MAXIMUM TEMPERATURE (F)   84        95      2012
 MINIMUM TEMPERATURE (F)   64        48      2001


SUNRISE AND SUNSET
JULY  2 2015..........SUNRISE   522 AM CDT   SUNSET   830 PM CDT
JULY  3 2015..........SUNRISE   523 AM CDT   SUNSET   830 PM CDT


-  INDICATES NEGATIVE NUMBERS.
R  INDICATES RECORD WAS SET OR TIED.
MM INDICATES DATA IS MISSING.
T  INDICATES TRACE AMOUNT.




$$
