000
CDUS43 KLOT 230633
CLILOT


CLIMATE REPORT
NATIONAL WEATHER SERVICE CHICAGO IL
1233 AM CST THU FEB 23 2017


...................................

...THE ROMEOVILLE  WFO CLIMATE SUMMARY FOR FEBRUARY 22 2017...

CLIMATE NORMAL PERIOD 1981 TO 2010
CLIMATE RECORD PERIOD 1992 TO 2017


WEATHER ITEM   OBSERVED RECORD YEAR NORMAL DEPARTURE LAST
                VALUE   VALUE       VALUE  FROM      YEAR
                                           NORMAL
...........................................................
TEMPERATURE (F)
 YESTERDAY
  MAXIMUM         66R    60    2000  38     28       48
  MINIMUM         47      4    2015  22     25       25
  AVERAGE         57                 30     27       37

PRECIPITATION (IN)
  YESTERDAY        0.00   0.27 1994   0.08  -0.08     0.00
  MONTH TO DATE    0.66               1.30  -0.64     0.98
  SINCE DEC 1      4.85               5.48  -0.63     7.86
  SINCE JAN 1      3.33               3.23   0.10     2.01

SNOWFALL (IN)
  YESTERDAY        0.0    3.5  1994   0.2   -0.2      0.0
  MONTH TO DATE    1.3                5.1   -3.8      3.9
  SINCE DEC 1     19.4               25.2   -5.8     15.0
  SINCE JUL 1     19.4               26.1   -6.7     19.7
  SNOW DEPTH       0

DEGREE DAYS
 HEATING
  YESTERDAY        8                 35    -27
  MONTH TO DATE  604                845   -241
  SINCE DEC 1   2971               3307   -336
  SINCE JUL 1   3827               4526   -699

 COOLING
  YESTERDAY        0                  0      0
  MONTH TO DATE    0                  0      0
  SINCE DEC 1      0                  0      0
  SINCE JAN 1      0                  0      0
...........................................................







THE ROMEOVILLE  WFO CLIMATE NORMALS FOR TODAY
                         NORMAL    RECORD    YEAR
 MAXIMUM TEMPERATURE (F)   38        66      2000
 MINIMUM TEMPERATURE (F)   22        -4      2015


SUNRISE AND SUNSET
FEBRUARY 23 2017......SUNRISE   636 AM CST   SUNSET   536 PM CST
FEBRUARY 24 2017......SUNRISE   634 AM CST   SUNSET   537 PM CST


-  INDICATES NEGATIVE NUMBERS.
R  INDICATES RECORD WAS SET OR TIED.
MM INDICATES DATA IS MISSING.
T  INDICATES TRACE AMOUNT.




$$
