470
CDUS43 KLMK 020634
CLILOU


CLIMATE REPORT
NATIONAL WEATHER SERVICE LOUISVILLE KY
231 AM EDT MON MAY 2 2016


...................................

...THE LOUISVILLE BOWMAN KY CLIMATE SUMMARY FOR MAY 1 2016...

CLIMATE NORMAL PERIOD 1981 TO 2010
CLIMATE RECORD PERIOD 9999 TO 9999


WEATHER ITEM   OBSERVED TIME   RECORD YEAR NORMAL DEPARTURE LAST
                VALUE   (LST)  VALUE       VALUE  FROM      YEAR
                                                  NORMAL
..................................................................
TEMPERATURE (F)
 YESTERDAY
  MAXIMUM         82    204 PM  MM      MM  72     10       72
  MINIMUM         63    630 AM  MM      MM  52     11       43
  AVERAGE         73                        62     11       58

PRECIPITATION (IN)
  YESTERDAY        1.04         MM      MM   0.19   0.85     0.00
  MONTH TO DATE    1.04                      0.19   0.85     0.00
  SINCE MAR 1      9.72                      8.43   1.29    16.57
  SINCE JAN 1     15.61                     14.99   0.62    19.35

SNOWFALL (IN)
  YESTERDAY       MM            MM      MM  MM     MM       MM
  MONTH TO DATE   MM                        MM     MM       MM
  SINCE MAR 1     MM                        MM     MM       MM
  SINCE JUL 1     MM                        MM     MM       MM
  SNOW DEPTH      MM

DEGREE DAYS
 HEATING
  YESTERDAY        0                         5     -5        7
  MONTH TO DATE    0                         5     -5        7
  SINCE MAR 1    595                       835   -240      801
  SINCE JUL 1   3382                      4196   -814     4585

 COOLING
  YESTERDAY        8                         1      7        0
  MONTH TO DATE    8                         1      7        0
  SINCE MAR 1     46                        35     11       21
  SINCE JAN 1     46                        35     11       21
..................................................................


WIND (MPH)
  HIGHEST WIND SPEED    33   HIGHEST WIND DIRECTION    NW (310)
  HIGHEST GUST SPEED    44   HIGHEST GUST DIRECTION    NW (310)
  AVERAGE WIND SPEED     4.4


SKY COVER
  POSSIBLE SUNSHINE  MM
  AVERAGE SKY COVER 0.4


WEATHER CONDITIONS
 THE FOLLOWING WEATHER WAS RECORDED YESTERDAY.
  THUNDERSTORM
  HEAVY RAIN
  LIGHT RAIN
  FOG


RELATIVE HUMIDITY (PERCENT)
 HIGHEST   100           600 AM
 LOWEST     51           200 PM
 AVERAGE    76

..........................................................


THE LOUISVILLE BOWMAN KY CLIMATE NORMALS FOR TODAY
                         NORMAL
 MAXIMUM TEMPERATURE (F)   72
 MINIMUM TEMPERATURE (F)   52


SUNRISE AND SUNSET
MAY  2 2016...........SUNRISE   644 AM EDT   SUNSET   835 PM EDT
MAY  3 2016...........SUNRISE   643 AM EDT   SUNSET   836 PM EDT


-  INDICATES NEGATIVE NUMBERS.
R  INDICATES RECORD WAS SET OR TIED.
MM INDICATES DATA IS MISSING.
T  INDICATES TRACE AMOUNT.

$$

SCHOETTMER
