000
CDUS43 KLMK 280628
CLILOU


CLIMATE REPORT
NATIONAL WEATHER SERVICE LOUISVILLE KY
227 AM EDT SUN MAY 28 2017


...................................

...THE LOUISVILLE BOWMAN KY CLIMATE SUMMARY FOR MAY 27 2017...

CLIMATE NORMAL PERIOD 1981 TO 2010
CLIMATE RECORD PERIOD 9999 TO 9999


WEATHER ITEM   OBSERVED TIME   RECORD YEAR NORMAL DEPARTURE LAST
                VALUE   (LST)  VALUE       VALUE  FROM      YEAR
                                                  NORMAL
..................................................................
TEMPERATURE (F)
 YESTERDAY
  MAXIMUM         85    302 PM  MM      MM  80      5       86
  MINIMUM         67   1159 PM  MM      MM  60      7       64
  AVERAGE         76                        70      6       75

PRECIPITATION (IN)
  YESTERDAY        0.02         MM      MM   0.15  -0.13     0.06
  MONTH TO DATE    4.84                      4.52   0.32     5.02
  SINCE MAR 1     13.53                     12.76   0.77    13.70
  SINCE JAN 1     19.55                     19.32   0.23    19.59

SNOWFALL (IN)
  YESTERDAY       MM            MM      MM  MM     MM       MM
  MONTH TO DATE   MM                        MM     MM       MM
  SINCE MAR 1     MM                        MM     MM       MM
  SINCE JUL 1     MM                        MM     MM       MM
  SNOW DEPTH      MM

DEGREE DAYS
 HEATING
  YESTERDAY        0                         1     -1        0
  MONTH TO DATE   81                        70     11      106
  SINCE MAR 1    663                       900   -237      701
  SINCE JUL 1   3225                      4261  -1036     3488

 COOLING
  YESTERDAY       11                         6      5       10
  MONTH TO DATE  121                        89     32       63
  SINCE MAR 1    218                       123     95      101
  SINCE JAN 1    221                       123     98      101
..................................................................


WIND (MPH)
  HIGHEST WIND SPEED    17   HIGHEST WIND DIRECTION    SW (210)
  HIGHEST GUST SPEED    26   HIGHEST GUST DIRECTION     S (190)
  AVERAGE WIND SPEED     6.0


SKY COVER
  POSSIBLE SUNSHINE  MM
  AVERAGE SKY COVER 0.7


WEATHER CONDITIONS
 THE FOLLOWING WEATHER WAS RECORDED YESTERDAY.
  THUNDERSTORM
  LIGHT RAIN
  FOG


RELATIVE HUMIDITY (PERCENT)
 HIGHEST    93          1100 PM
 LOWEST     64          1200 AM
 AVERAGE    79

..........................................................


THE LOUISVILLE BOWMAN KY CLIMATE NORMALS FOR TODAY
                         NORMAL
 MAXIMUM TEMPERATURE (F)   80
 MINIMUM TEMPERATURE (F)   60


SUNRISE AND SUNSET
MAY 28 2017...........SUNRISE   623 AM EDT   SUNSET   858 PM EDT
MAY 29 2017...........SUNRISE   622 AM EDT   SUNSET   858 PM EDT


-  INDICATES NEGATIVE NUMBERS.
R  INDICATES RECORD WAS SET OR TIED.
MM INDICATES DATA IS MISSING.
T  INDICATES TRACE AMOUNT.




$$
