000
CDUS43 KLMK 280636
CLILOU


CLIMATE REPORT
NATIONAL WEATHER SERVICE LOUISVILLE KY
235 AM EDT FRI AUG 28 2015


...................................

...THE LOUISVILLE BOWMAN KY CLIMATE SUMMARY FOR AUGUST 27 2015...

CLIMATE NORMAL PERIOD 1981 TO 2010
CLIMATE RECORD PERIOD 9999 TO 9999


WEATHER ITEM   OBSERVED TIME   RECORD YEAR NORMAL DEPARTURE LAST
                VALUE   (LST)  VALUE       VALUE  FROM      YEAR
                                                  NORMAL
..................................................................
TEMPERATURE (F)
 YESTERDAY
  MAXIMUM         81    429 PM  MM      MM  86     -5       92
  MINIMUM         60    247 AM  MM      MM  67     -7       71
  AVERAGE         71                        77     -6       82

PRECIPITATION (IN)
  YESTERDAY        0.00         MM      MM   0.11  -0.11     1.01
  MONTH TO DATE    2.25                      2.88  -0.63     5.38
  SINCE JUN 1     19.05                     11.19   7.86    10.70
  SINCE JAN 1     40.67                     31.11   9.56    30.24

SNOWFALL (IN)
  YESTERDAY       MM            MM      MM  MM     MM       MM
  MONTH TO DATE   MM                        MM     MM       MM
  SINCE JUN 1     MM                        MM     MM       MM
  SINCE JUL 1     MM                        MM     MM       MM
  SNOW DEPTH      MM

DEGREE DAYS
 HEATING
  YESTERDAY        0                         0      0        0
  MONTH TO DATE    0                         0      0        0
  SINCE JUN 1      9                         3      6        0
  SINCE JUL 1      0                         0      0        0

 COOLING
  YESTERDAY        6                        12     -6       17
  MONTH TO DATE  277                       345    -68      324
  SINCE JUN 1   1055                      1048      7     1034
  SINCE JAN 1   1254                      1195     59     1289
..................................................................


WIND (MPH)
  HIGHEST WIND SPEED    12   HIGHEST WIND DIRECTION     E (80)
  HIGHEST GUST SPEED    16   HIGHEST GUST DIRECTION    NE (60)
  AVERAGE WIND SPEED     3.6


SKY COVER
  POSSIBLE SUNSHINE  MM
  AVERAGE SKY COVER 0.3


WEATHER CONDITIONS
 THE FOLLOWING WEATHER WAS RECORDED YESTERDAY.
  NO SIGNIFICANT WEATHER WAS OBSERVED.


RELATIVE HUMIDITY (PERCENT)
 HIGHEST    84          1200 AM
 LOWEST     39           300 PM
 AVERAGE    62

..........................................................


THE LOUISVILLE BOWMAN KY CLIMATE NORMALS FOR TODAY
                         NORMAL
 MAXIMUM TEMPERATURE (F)   86
 MINIMUM TEMPERATURE (F)   67


SUNRISE AND SUNSET
AUGUST 28 2015........SUNRISE   709 AM EDT   SUNSET   819 PM EDT
AUGUST 29 2015........SUNRISE   709 AM EDT   SUNSET   817 PM EDT


-  INDICATES NEGATIVE NUMBERS.
R  INDICATES RECORD WAS SET OR TIED.
MM INDICATES DATA IS MISSING.
T  INDICATES TRACE AMOUNT.




$$
