000
CDUS44 KCRP 230752 RRA
CLILRD

CLIMATE REPORT
NATIONAL WEATHER SERVICE CORPUS CHRISTI TX
148 AM CST MON JAN 23 2017


...................................

...THE LAREDO CLIMATE SUMMARY FOR JANUARY 22 2017...

CLIMATE NORMAL PERIOD 1981 TO 2010
CLIMATE RECORD PERIOD 1900 TO 2017


WEATHER ITEM   OBSERVED TIME   RECORD YEAR NORMAL DEPARTURE LAST
                VALUE   (LST)  VALUE       VALUE  FROM      YEAR
                                                  NORMAL
..................................................................
TEMPERATURE (F)
 YESTERDAY
  MAXIMUM         77    300 PM  91    1969  68      9       69
  MINIMUM         47        MM  20    1935  46      1       42
  AVERAGE         62                        57      5       56

PRECIPITATION (IN)
  YESTERDAY        0.00          0.18 1926   0.03  -0.03     0.00
  MONTH TO DATE    0.01                      0.64  -0.63     1.88
  SINCE DEC 1      1.63                      1.52   0.11     2.01
  SINCE JAN 1      0.01                      0.64  -0.63     1.88

SNOWFALL (IN)
  YESTERDAY        0.0
  MONTH TO DATE    0.0
  SINCE DEC 1      0.0
  SINCE JUL 1      0.0

DEGREE DAYS
 HEATING
  YESTERDAY        3                         9     -6        9
  MONTH TO DATE   97                       214   -117      205
  SINCE DEC 1    276                       489   -213      352
  SINCE JUL 1    293                       604   -311      423

 COOLING
  YESTERDAY        0                         1     -1        0
  MONTH TO DATE   91                        22     69        0
  SINCE DEC 1    154                        57     97       63
  SINCE JAN 1     91                        22     69        0
..................................................................


WIND (MPH)
  HIGHEST WIND SPEED    35   HIGHEST WIND DIRECTION    NW (310)
  HIGHEST GUST SPEED    45   HIGHEST GUST DIRECTION     W (290)
  AVERAGE WIND SPEED    14.7


SKY COVER
  POSSIBLE SUNSHINE  MM
  AVERAGE SKY COVER 0.0


WEATHER CONDITIONS
 THE FOLLOWING WEATHER WAS RECORDED YESTERDAY.
  NO SIGNIFICANT WEATHER WAS OBSERVED.


RELATIVE HUMIDITY (PERCENT)
 HIGHEST    63           800 AM
 LOWEST     11           300 PM

..........................................................


THE LAREDO CLIMATE NORMALS FOR TODAY
                         NORMAL    RECORD    YEAR
 MAXIMUM TEMPERATURE (F)   68        94      1943
 MINIMUM TEMPERATURE (F)   47        16      1930


SUNRISE AND SUNSET
JANUARY 23 2017.......SUNRISE   728 AM CST   SUNSET   612 PM CST
JANUARY 24 2017.......SUNRISE   727 AM CST   SUNSET   613 PM CST


-  INDICATES NEGATIVE NUMBERS.
R  INDICATES RECORD WAS SET OR TIED.
MM INDICATES DATA IS MISSING.
T  INDICATES TRACE AMOUNT.

$$

GW
