985
CDUS44 KCRP 300056
CLILRD

CLIMATE REPORT
NATIONAL WEATHER SERVICE CORPUS CHRISTI TX
750 PM CDT WED MAR 29 2017


...................................

...THE LAREDO CLIMATE SUMMARY FOR MARCH 29 2017...
VALID TODAY AS OF 700 PM LOCAL TIME.

CLIMATE NORMAL PERIOD 1981 TO 2010
CLIMATE RECORD PERIOD 1900 TO 2017


WEATHER ITEM   OBSERVED TIME   RECORD YEAR NORMAL DEPARTURE LAST
                VALUE   (LST)  VALUE       VALUE  FROM      YEAR
                                                  NORMAL
..................................................................
TEMPERATURE (F)
 TODAY
  MAXIMUM         90        MM 101    1954  84      6       86
  MINIMUM         65        MM  34    1930  60      5       65
  AVERAGE         78                        72      6       76

PRECIPITATION (IN)
  TODAY            T             0.77 1992   0.02  -0.02     0.00
  MONTH TO DATE    2.34                      1.07   1.27     3.97
  SINCE MAR 1      2.34                      1.07   1.27     3.97
  SINCE JAN 1      3.31                      2.91   0.40     5.86

SNOWFALL (IN)
  TODAY            0.0
  MONTH TO DATE    0.0
  SINCE MAR 1      0.0
  SINCE JUL 1      0.0

DEGREE DAYS
 HEATING
  TODAY            0                         1     -1        0
  MONTH TO DATE   16                        67    -51       18
  SINCE MAR 1     16                        67    -51       18
  SINCE JUL 1    396                       911   -515      594

 COOLING
  TODAY           13                         8      5       11
  MONTH TO DATE  255                       157     98      228
  SINCE MAR 1    255                       157     98      228
  SINCE JAN 1    561                       242    319      346
..................................................................


WIND (MPH)
  HIGHEST WIND SPEED    23   HIGHEST WIND DIRECTION    SE (150)
  HIGHEST GUST SPEED    31   HIGHEST GUST DIRECTION     S (160)


SKY COVER
  POSSIBLE SUNSHINE  MM
  AVERAGE SKY COVER 0.4


WEATHER CONDITIONS
 THE FOLLOWING WEATHER WAS RECORDED TODAY.
  LIGHT RAIN


RELATIVE HUMIDITY (PERCENT)
 HIGHEST    82          1200 AM
 LOWEST     18           200 PM
 AVERAGE    50

..........................................................


THE LAREDO CLIMATE NORMALS FOR TOMORROW
                         NORMAL    RECORD    YEAR
 MAXIMUM TEMPERATURE (F)   84       104      1954
 MINIMUM TEMPERATURE (F)   60        28      1930


SUNRISE AND SUNSET
MARCH 29 2017.........SUNRISE   731 AM CDT   SUNSET   754 PM CDT
MARCH 30 2017.........SUNRISE   730 AM CDT   SUNSET   755 PM CDT


-  INDICATES NEGATIVE NUMBERS.
R  INDICATES RECORD WAS SET OR TIED.
MM INDICATES DATA IS MISSING.
T  INDICATES TRACE AMOUNT.




$$
