112
CDUS44 KCRP 200905 RRA
CLILRD

CLIMATE REPORT
NATIONAL WEATHER SERVICE CORPUS CHRISTI TX
303 AM CST SAT JAN 20 2018


...................................

...THE LAREDO CLIMATE SUMMARY FOR JANUARY 19 2018...

CLIMATE NORMAL PERIOD 1981 TO 2010
CLIMATE RECORD PERIOD 1900 TO 2018


WEATHER ITEM   OBSERVED TIME   RECORD YEAR NORMAL DEPARTURE LAST
                VALUE   (LST)  VALUE       VALUE  FROM      YEAR
                                                  NORMAL
..................................................................
TEMPERATURE (F)
 YESTERDAY
  MAXIMUM         59        MM  90    1953  67     -8       82
  MINIMUM         39        MM  23    1940  46     -7       56
  AVERAGE         49                        57     -8       69

PRECIPITATION (IN)
  YESTERDAY        T             0.98 1981   0.03  -0.03     0.00
  MONTH TO DATE    0.10                      0.55  -0.45     0.01
  SINCE DEC 1      2.79                      1.43   1.36     1.63
  SINCE JAN 1      0.10                      0.55  -0.45     0.01

SNOWFALL (IN)
  YESTERDAY       MM
  MONTH TO DATE    T
  SINCE DEC 1      1.3
  SINCE JUL 1      1.3

DEGREE DAYS
 HEATING
  YESTERDAY       16                         9      7        0
  MONTH TO DATE  271                       187     84       94
  SINCE DEC 1    584                       462    122      273
  SINCE JUL 1    653                       577     76      290

 COOLING
  YESTERDAY        0                         1     -1        4
  MONTH TO DATE    1                        19    -18       80
  SINCE DEC 1     44                        54    -10      143
  SINCE JAN 1      1                        19    -18       80
..................................................................


WIND (MPH)
  HIGHEST WIND SPEED    MM   HIGHEST WIND DIRECTION    MM
  HIGHEST GUST SPEED    MM   HIGHEST GUST DIRECTION    MM
  AVERAGE WIND SPEED    MM


SKY COVER
  POSSIBLE SUNSHINE  MM
  AVERAGE SKY COVER 0.7


WEATHER CONDITIONS
 THE FOLLOWING WEATHER WAS RECORDED YESTERDAY.
  LIGHT RAIN
  FOG


RELATIVE HUMIDITY (PERCENT)
 HIGHEST   100          1100 PM
 LOWEST     53          1200 AM

..........................................................


THE LAREDO CLIMATE NORMALS FOR TODAY
                         NORMAL    RECORD    YEAR
 MAXIMUM TEMPERATURE (F)   67        90      1954
 MINIMUM TEMPERATURE (F)   46        24      1978


SUNRISE AND SUNSET
JANUARY 20 2018.......SUNRISE   729 AM CST   SUNSET   609 PM CST
JANUARY 21 2018.......SUNRISE   728 AM CST   SUNSET   610 PM CST


-  INDICATES NEGATIVE NUMBERS.
R  INDICATES RECORD WAS SET OR TIED.
MM INDICATES DATA IS MISSING.
T  INDICATES TRACE AMOUNT.




$$
