000
CDUS44 KCRP 050853
CLILRD

CLIMATE REPORT
NATIONAL WEATHER SERVICE CORPUS CHRISTI TX
249 AM CST MON DEC 5 2016


...................................

...THE LAREDO CLIMATE SUMMARY FOR DECEMBER 4 2016...

CLIMATE NORMAL PERIOD 1981 TO 2010
CLIMATE RECORD PERIOD 1900 TO 2016


WEATHER ITEM   OBSERVED TIME   RECORD YEAR NORMAL DEPARTURE LAST
                VALUE   (LST)  VALUE       VALUE  FROM      YEAR
                                                  NORMAL
..................................................................
TEMPERATURE (F)
 YESTERDAY
  MAXIMUM         57        MM  95    1977  70    -13       70
  MINIMUM         54        MM  25    1929  49      5       37
  AVERAGE         56                        59     -3       54

PRECIPITATION (IN)
  YESTERDAY        0.98R         0.55 1965   0.03   0.95     0.00
  MONTH TO DATE    1.38                      0.11   1.27     0.00
  SINCE DEC 1      1.38                      0.11   1.27     0.00
  SINCE JAN 1     24.26                     19.43   4.83    25.97

SNOWFALL (IN)
  YESTERDAY       MM
  MONTH TO DATE    0.0
  SINCE DEC 1      0.0
  SINCE JUL 1      0.0

DEGREE DAYS
 HEATING
  YESTERDAY        9                         7      2       11
  MONTH TO DATE   14                        28    -14       35
  SINCE DEC 1     14                        28    -14       35
  SINCE JUL 1     31                       143   -112      106

 COOLING
  YESTERDAY        0                         2     -2        0
  MONTH TO DATE    6                         8     -2        0
  SINCE DEC 1      6                         8     -2        0
  SINCE JAN 1   4732                      4263    469     4325
..................................................................


WIND (MPH)
  HIGHEST WIND SPEED    13   HIGHEST WIND DIRECTION     N (10)
  HIGHEST GUST SPEED    MM   HIGHEST GUST DIRECTION    MM
  AVERAGE WIND SPEED     9.7


SKY COVER
  POSSIBLE SUNSHINE  MM
  AVERAGE SKY COVER 1.0


WEATHER CONDITIONS
 THE FOLLOWING WEATHER WAS RECORDED YESTERDAY.
  THUNDERSTORM
  RAIN
  LIGHT RAIN
  FOG


RELATIVE HUMIDITY (PERCENT)
 HIGHEST   100          1200 AM
 LOWEST     93           200 AM

..........................................................


THE LAREDO CLIMATE NORMALS FOR TODAY
                         NORMAL    RECORD    YEAR
 MAXIMUM TEMPERATURE (F)   70        95      1933
 MINIMUM TEMPERATURE (F)   49        26      1929


SUNRISE AND SUNSET
DECEMBER  5 2016......SUNRISE   714 AM CST   SUNSET   543 PM CST
DECEMBER  6 2016......SUNRISE   715 AM CST   SUNSET   543 PM CST


-  INDICATES NEGATIVE NUMBERS.
R  INDICATES RECORD WAS SET OR TIED.
MM INDICATES DATA IS MISSING.
T  INDICATES TRACE AMOUNT.




$$
