000
CDUS43 KARX 050639
CLILSE


CLIMATE REPORT
NATIONAL WEATHER SERVICE LA CROSSE WI
139 AM CDT SUN JUL 5 2015


...................................

...THE LA CROSSE WI CLIMATE SUMMARY FOR JULY 4 2015...

CLIMATE NORMAL PERIOD 1981 TO 2010
CLIMATE RECORD PERIOD 1873 TO 2015


WEATHER ITEM   OBSERVED TIME   RECORD YEAR NORMAL DEPARTURE LAST
                VALUE   (LST)  VALUE       VALUE  FROM      YEAR
                                                  NORMAL
..................................................................
TEMPERATURE (F)
 YESTERDAY
  MAXIMUM         84    347 PM 103    2012  84      0       81
  MINIMUM         62    514 AM  44    1967  63     -1       56
  AVERAGE         73                        74     -1       69

PRECIPITATION (IN)
  YESTERDAY        0.00          1.39 1913   0.13  -0.13     0.00
  MONTH TO DATE    0.00                      0.54  -0.54     0.10
  SINCE JUN 1      3.70                      4.88  -1.18     6.80
  SINCE JAN 1     16.29                     15.95   0.34    19.96

SNOWFALL (IN)
  YESTERDAY        0.0           0.0  2002   0.0    0.0      0.0
                                      2001
  MONTH TO DATE    0.0                       0.0    0.0      0.0
  SINCE JUL 1      0.0                       0.0    0.0      0.0
  SNOW DEPTH       0

DEGREE DAYS
 HEATING
  YESTERDAY        0                         0      0        0
  MONTH TO DATE    3                         0      3        1
  SINCE JUL 1      3                         0      3        1

 COOLING
  YESTERDAY        8                         9     -1        4
  MONTH TO DATE   10                        35    -25       10
  SINCE JAN 1    242                       249     -7      291
..................................................................


WIND (MPH)
  HIGHEST WIND SPEED    13   HIGHEST WIND DIRECTION     S (190)
  HIGHEST GUST SPEED    17   HIGHEST GUST DIRECTION     S (170)
  AVERAGE WIND SPEED     6.9


SKY COVER
  POSSIBLE SUNSHINE  MM
  AVERAGE SKY COVER 0.1


WEATHER CONDITIONS
 THE FOLLOWING WEATHER WAS RECORDED YESTERDAY.
  FOG
  HAZE


RELATIVE HUMIDITY (PERCENT)
 HIGHEST    93           300 AM
 LOWEST     49          1200 PM
 AVERAGE    71

..........................................................


THE LA CROSSE WI CLIMATE NORMALS FOR TODAY
                         NORMAL    RECORD    YEAR
 MAXIMUM TEMPERATURE (F)   84       101      1874
 MINIMUM TEMPERATURE (F)   63        47      1972


SUNRISE AND SUNSET
JULY  5 2015..........SUNRISE   529 AM CDT   SUNSET   850 PM CDT
JULY  6 2015..........SUNRISE   529 AM CDT   SUNSET   850 PM CDT


-  INDICATES NEGATIVE NUMBERS.
R  INDICATES RECORD WAS SET OR TIED.
MM INDICATES DATA IS MISSING.
T  INDICATES TRACE AMOUNT.




$$
