000
CDUS46 KMTR 300026
CLILVK


CLIMATE REPORT
NATIONAL WEATHER SERVICE SAN FRANCISCO BAY AREA
526 PM PDT FRI APR 29 2016


...................................

...THE LIVERMORE AIRPORT CLIMATE SUMMARY FOR APRIL 29 2016...
VALID TODAY AS OF 0500 PM LOCAL TIME.

CLIMATE NORMAL PERIOD 1981 TO 2010
CLIMATE RECORD PERIOD 1930 TO 2016


WEATHER ITEM   OBSERVED TIME   RECORD YEAR NORMAL DEPARTURE LAST
                VALUE   (LST)  VALUE       VALUE  FROM      YEAR
                                                  NORMAL
..................................................................
TEMPERATURE (F)
 TODAY
  MAXIMUM         72    107 PM  96    1981  72      0       80
  MINIMUM         48    512 AM  33    1970  47      1       51
  AVERAGE         60                        60      0       66

PRECIPITATION (IN)
  TODAY            0.00          0.28 1948   0.02  -0.02     0.00
  MONTH TO DATE    1.67                      0.98   0.69     0.93
  SINCE OCT 1     15.18                     14.80   0.38    13.04
  SINCE JAN 1     10.18                      9.22   0.96     3.42

DEGREE DAYS
 HEATING
  TODAY            5                         6     -1        0
  MONTH TO DATE  139                       253   -114      144
  SINCE MAR 1    419                       610   -191      294
  SINCE JUL 1   2124                      2617   -493     1480

 COOLING
  TODAY            0                         1     -1        1
  MONTH TO DATE    8                         4      4        8
  SINCE MAR 1      8                         5      3       14
  SINCE JAN 1      8                         5      3       14
..................................................................


WIND (MPH)
  RESULTANT WIND SPEED   4   RESULTANT WIND DIRECTION   W (250)
  HIGHEST WIND SPEED    18   HIGHEST WIND DIRECTION     W (260)
  HIGHEST GUST SPEED    23   HIGHEST GUST DIRECTION     S (200)
  AVERAGE WIND SPEED     5.6


SKY COVER
  POSSIBLE SUNSHINE  MM
  AVERAGE SKY COVER 0.1


WEATHER CONDITIONS
 THE FOLLOWING WEATHER WAS RECORDED TODAY.
  FOG


RELATIVE HUMIDITY (PERCENT)
 HIGHEST    86           300 AM
 LOWEST     45           300 PM
 AVERAGE    66

..........................................................


THE LIVERMORE AIRPORT CLIMATE NORMALS FOR TOMORROW
                         NORMAL    RECORD    YEAR
 MAXIMUM TEMPERATURE (F)   73        95      1981
 MINIMUM TEMPERATURE (F)   47        34      1961


SUNRISE AND SUNSET
APRIL 29 2016.........SUNRISE   613 AM PDT   SUNSET   756 PM PDT
APRIL 30 2016.........SUNRISE   612 AM PDT   SUNSET   757 PM PDT


-  INDICATES NEGATIVE NUMBERS.
R  INDICATES RECORD WAS SET OR TIED.
MM INDICATES DATA IS MISSING.
T  INDICATES TRACE AMOUNT.




$$
