000
CDUS46 KMTR 110828
CLILVK


CLIMATE REPORT
NATIONAL WEATHER SERVICE SAN FRANCISCO BAY AREA
128 AM PDT FRI JUL 11 2014


...................................

...THE LIVERMORE AIRPORT CLIMATE SUMMARY FOR JULY 10 2014...

CLIMATE NORMAL PERIOD 1981 TO 2010
CLIMATE RECORD PERIOD 1930 TO 2014


WEATHER ITEM   OBSERVED TIME   RECORD YEAR NORMAL DEPARTURE LAST
                VALUE   (LST)  VALUE       VALUE  FROM      YEAR
                                                  NORMAL
..................................................................
TEMPERATURE (F)
 YESTERDAY
  MAXIMUM         85    123 PM 109    2002  87     -2       92
  MINIMUM         58    513 AM  42    1976  57      1       56
  AVERAGE         72                        72      0       74

PRECIPITATION (IN)
  YESTERDAY        0.00          0.00 2006   0.00   0.00     0.00
  MONTH TO DATE    T                         0.00   0.00     0.00
  SINCE JUL 1      T                         0.00   0.00     0.00
  SINCE JAN 1      4.88                      9.90  -5.02     2.12

DEGREE DAYS
 HEATING
  YESTERDAY        0                         0      0        0
  MONTH TO DATE    0                         0      0        0
  SINCE JUN 1      4                        32    -28        5
  SINCE JUL 1      0                         0      0        0

 COOLING
  YESTERDAY        7                         7      0        9
  MONTH TO DATE   87                        67     20      126
  SINCE JUN 1    280                       177    103      316
  SINCE JAN 1    406                       230    176      417
..................................................................


WIND (MPH)
  RESULTANT WIND SPEED   8   RESULTANT WIND DIRECTION   W (290)
  HIGHEST WIND SPEED    22   HIGHEST WIND DIRECTION     W (280)
  HIGHEST GUST SPEED    25   HIGHEST GUST DIRECTION     W (270)
  AVERAGE WIND SPEED     9.2


SKY COVER
  POSSIBLE SUNSHINE  MM
  AVERAGE SKY COVER 0.0


WEATHER CONDITIONS
 THE FOLLOWING WEATHER WAS RECORDED YESTERDAY.
  NO SIGNIFICANT WEATHER WAS OBSERVED.


RELATIVE HUMIDITY (PERCENT)
 HIGHEST    87          1200 AM
 LOWEST     40          1200 PM
 AVERAGE    64

..........................................................


THE LIVERMORE AIRPORT CLIMATE NORMALS FOR TODAY
                         NORMAL    RECORD    YEAR
 MAXIMUM TEMPERATURE (F)   88       111      1961
 MINIMUM TEMPERATURE (F)   57        46      1935


SUNRISE AND SUNSET
JULY 11 2014..........SUNRISE   555 AM PDT   SUNSET   830 PM PDT
JULY 12 2014..........SUNRISE   556 AM PDT   SUNSET   830 PM PDT


-  INDICATES NEGATIVE NUMBERS.
R  INDICATES RECORD WAS SET OR TIED.
MM INDICATES DATA IS MISSING.
T  INDICATES TRACE AMOUNT.




$$
