000
CDUS46 KMTR 170036
CLILVK


CLIMATE REPORT
NATIONAL WEATHER SERVICE SAN FRANCISCO BAY AREA
536 PM PDT TUE SEP 16 2014


...................................

...THE LIVERMORE AIRPORT CLIMATE SUMMARY FOR SEPTEMBER 16 2014...
VALID TODAY AS OF 0500 PM LOCAL TIME.

CLIMATE NORMAL PERIOD 1981 TO 2010
CLIMATE RECORD PERIOD 1930 TO 2014


WEATHER ITEM   OBSERVED TIME   RECORD YEAR NORMAL DEPARTURE LAST
                VALUE   (LST)  VALUE       VALUE  FROM      YEAR
                                                  NORMAL
..................................................................
TEMPERATURE (F)
 TODAY
  MAXIMUM         90    333 PM 105    1971  85      5       86
  MINIMUM         57    520 AM  43    1970  56      1       61
  AVERAGE         74                        70      4       74

PRECIPITATION (IN)
  TODAY            0.00          0.52 1989   0.00   0.00     0.00
  MONTH TO DATE    0.00                      0.06  -0.06     0.01
  SINCE JUL 1      T                         0.07  -0.07     0.01
  SINCE JAN 1      4.88                      9.97  -5.09     2.13

DEGREE DAYS
 HEATING
  TODAY            0                         0      0        0
  MONTH TO DATE    0                         0      0        0
  SINCE SEP 1      0                         0      0        0
  SINCE JUL 1      0                         7     -7        0

 COOLING
  TODAY            9                         5      4        9
  MONTH TO DATE  151                       102     49      146
  SINCE SEP 1    151                       102     49      146
  SINCE JAN 1   1065                       727    338      970
..................................................................


WIND (MPH)
  RESULTANT WIND SPEED   2   RESULTANT WIND DIRECTION   W (270)
  HIGHEST WIND SPEED    13   HIGHEST WIND DIRECTION     W (290)
  HIGHEST GUST SPEED    MM   HIGHEST GUST DIRECTION    MM
  AVERAGE WIND SPEED     3.3


SKY COVER
  POSSIBLE SUNSHINE  MM
  AVERAGE SKY COVER 0.0


WEATHER CONDITIONS
 THE FOLLOWING WEATHER WAS RECORDED TODAY.
  NO SIGNIFICANT WEATHER WAS OBSERVED.


RELATIVE HUMIDITY (PERCENT)
 HIGHEST    87           200 AM
 LOWEST     24           200 PM
 AVERAGE    56

..........................................................


THE LIVERMORE AIRPORT CLIMATE NORMALS FOR TOMORROW
                         NORMAL    RECORD    YEAR
 MAXIMUM TEMPERATURE (F)   84        99      1991
 MINIMUM TEMPERATURE (F)   56        44      1959


SUNRISE AND SUNSET
SEPTEMBER 16 2014.....SUNRISE   650 AM PDT   SUNSET   713 PM PDT
SEPTEMBER 17 2014.....SUNRISE   651 AM PDT   SUNSET   712 PM PDT


-  INDICATES NEGATIVE NUMBERS.
R  INDICATES RECORD WAS SET OR TIED.
MM INDICATES DATA IS MISSING.
T  INDICATES TRACE AMOUNT.




$$
