000
CDUS46 KMTR 280829
CLILVK


CLIMATE REPORT
NATIONAL WEATHER SERVICE SAN FRANCISCO BAY AREA
129 AM PDT WED SEP 28 2016


...................................

...THE LIVERMORE AIRPORT CLIMATE SUMMARY FOR SEPTEMBER 27 2016...

CLIMATE NORMAL PERIOD 1981 TO 2010
CLIMATE RECORD PERIOD 1930 TO 2016


WEATHER ITEM   OBSERVED TIME   RECORD YEAR NORMAL DEPARTURE LAST
                VALUE   (LST)  VALUE       VALUE  FROM      YEAR
                                                  NORMAL
..................................................................
TEMPERATURE (F)
 YESTERDAY
  MAXIMUM         99    202 PM 105    1963  82     17       92
  MINIMUM         56    526 AM  41    1948  54      2       58
  AVERAGE         78                        68     10       75

PRECIPITATION (IN)
  YESTERDAY        0.00          0.57 1972   0.01  -0.01     0.00
  MONTH TO DATE    0.00                      0.14  -0.14      T
  SINCE OCT 1     15.38                     15.63  -0.25    13.78
  SINCE JAN 1     10.38                     10.05   0.33     4.16

DEGREE DAYS
 HEATING
  YESTERDAY        0                         1     -1        0
  MONTH TO DATE    7                        10     -3        0
  SINCE SEP 1      7                        10     -3        0
  SINCE JUL 1      7                        17    -10        0

 COOLING
  YESTERDAY       13                         4      9       10
  MONTH TO DATE  161                       153      8      276
  SINCE SEP 1    161                       153      8      276
  SINCE JAN 1    927                       778    149     1255
..................................................................


WIND (MPH)
  RESULTANT WIND SPEED   3   RESULTANT WIND DIRECTION   W (290)
  HIGHEST WIND SPEED    16   HIGHEST WIND DIRECTION     W (290)
  HIGHEST GUST SPEED    19   HIGHEST GUST DIRECTION     W (280)
  AVERAGE WIND SPEED     4.2


SKY COVER
  POSSIBLE SUNSHINE  MM
  AVERAGE SKY COVER 0.0


WEATHER CONDITIONS
 THE FOLLOWING WEATHER WAS RECORDED YESTERDAY.
  HAZE


RELATIVE HUMIDITY (PERCENT)
 HIGHEST    43           700 AM
 LOWEST      7           200 PM
 AVERAGE    25

..........................................................


THE LIVERMORE AIRPORT CLIMATE NORMALS FOR TODAY
                         NORMAL    RECORD    YEAR
 MAXIMUM TEMPERATURE (F)   82       105      2010
 MINIMUM TEMPERATURE (F)   54        42      1986


SUNRISE AND SUNSET
SEPTEMBER 28 2016.....SUNRISE   701 AM PDT   SUNSET   654 PM PDT
SEPTEMBER 29 2016.....SUNRISE   702 AM PDT   SUNSET   652 PM PDT


-  INDICATES NEGATIVE NUMBERS.
R  INDICATES RECORD WAS SET OR TIED.
MM INDICATES DATA IS MISSING.
T  INDICATES TRACE AMOUNT.




$$
