000
CDUS46 KMTR 010837
CLILVK


CLIMATE REPORT
NATIONAL WEATHER SERVICE SAN FRANCISCO BAY AREA
137 AM PDT WED JUL 1 2015


...................................

...THE LIVERMORE AIRPORT CLIMATE SUMMARY FOR JUNE 30 2015...

CLIMATE NORMAL PERIOD 1981 TO 2010
CLIMATE RECORD PERIOD 1930 TO 2015


WEATHER ITEM   OBSERVED TIME   RECORD YEAR NORMAL DEPARTURE LAST
                VALUE   (LST)  VALUE       VALUE  FROM      YEAR
                                                  NORMAL
..................................................................
TEMPERATURE (F)
 YESTERDAY
  MAXIMUM        108    244 PM 112    1972  85     23      105
  MINIMUM         64    442 AM  41    1952  56      8       63
  AVERAGE         86                        71     15       84

PRECIPITATION (IN)
  YESTERDAY        0.00          0.09 1992   0.00   0.00     0.00
  MONTH TO DATE    0.27                      0.04   0.23      T
  SINCE OCT 1     13.78                     15.48  -1.70     6.79
  SINCE JAN 1      4.16                      9.90  -5.74     4.88

DEGREE DAYS
 HEATING
  YESTERDAY        0                         0      0        0
  MONTH TO DATE    0                        31    -31        4
  SINCE JUN 1      0                        32    -32        4
  SINCE JUL 1   1558                      2780  -1222     1898

 COOLING
  YESTERDAY       21                         6     15       19
  MONTH TO DATE  261                       110    151      193
  SINCE JUN 1    261                       110    151      193
  SINCE JAN 1    299                       163    136      319
..................................................................


WIND (MPH)
  RESULTANT WIND SPEED   4   RESULTANT WIND DIRECTION   W (280)
  HIGHEST WIND SPEED    15   HIGHEST WIND DIRECTION     W (280)
  HIGHEST GUST SPEED    18   HIGHEST GUST DIRECTION     W (270)
  AVERAGE WIND SPEED     5.3


SKY COVER
  POSSIBLE SUNSHINE  MM
  AVERAGE SKY COVER 0.0


WEATHER CONDITIONS
 THE FOLLOWING WEATHER WAS RECORDED YESTERDAY.
  NO SIGNIFICANT WEATHER WAS OBSERVED.


RELATIVE HUMIDITY (PERCENT)
 HIGHEST    63           400 AM
 LOWEST      7           400 PM
 AVERAGE    35

..........................................................


THE LIVERMORE AIRPORT CLIMATE NORMALS FOR TODAY
                         NORMAL    RECORD    YEAR
 MAXIMUM TEMPERATURE (F)   86       110      1950
 MINIMUM TEMPERATURE (F)   56        43      1973


SUNRISE AND SUNSET
JULY  1 2015..........SUNRISE   549 AM PDT   SUNSET   833 PM PDT
JULY  2 2015..........SUNRISE   550 AM PDT   SUNSET   833 PM PDT


-  INDICATES NEGATIVE NUMBERS.
R  INDICATES RECORD WAS SET OR TIED.
MM INDICATES DATA IS MISSING.
T  INDICATES TRACE AMOUNT.




$$
