000
CDUS45 KBYZ 261038
CLILVM


CLIMATE REPORT
NATIONAL WEATHER SERVICE BILLINGS MT
337 AM MST WED NOV 26 2014


...................................

...THE LIVINGSTON MT CLIMATE SUMMARY FOR NOVEMBER 25 2014...

CLIMATE NORMAL PERIOD 1981 TO 2010
CLIMATE RECORD PERIOD 1948 TO 2014


WEATHER ITEM   OBSERVED TIME   RECORD YEAR NORMAL DEPARTURE LAST
                VALUE   (LST)  VALUE       VALUE  FROM      YEAR
                                                  NORMAL
..................................................................
TEMPERATURE (F)
 YESTERDAY
  MAXIMUM         42    146 AM  62    1950  39      3       46
  MINIMUM         27   1159 PM  -8    1985  21      6       26
  AVERAGE         35                        30      5       36

PRECIPITATION (IN)
  YESTERDAY        0.38R         0.27        0.02   0.36     0.00
  MONTH TO DATE    0.80                      0.49   0.31     0.36
  SINCE OCT 1      1.09                      1.75  -0.66     1.51
  SINCE JAN 1     14.76                     14.19   0.57    11.30

DEGREE DAYS
 HEATING
  YESTERDAY       30                        35     -5       29
  MONTH TO DATE  864                       752    112      727
  SINCE SEP 1   1513                      1662   -149     1579
  SINCE JUL 1   1582                      1780   -198     1579

 COOLING
  YESTERDAY        0                         0      0        0
  MONTH TO DATE    0                         0      0        0
  SINCE SEP 1     18                        15      3       56
  SINCE JAN 1    321                       230     91      495
..................................................................


WIND (MPH)
  HIGHEST WIND SPEED    52   HIGHEST WIND DIRECTION    SW (210)
  HIGHEST GUST SPEED    68   HIGHEST GUST DIRECTION    SW (220)
  AVERAGE WIND SPEED    19.3


SKY COVER
  POSSIBLE SUNSHINE  MM
  AVERAGE SKY COVER 1.0


WEATHER CONDITIONS
 THE FOLLOWING WEATHER WAS RECORDED YESTERDAY.
  LIGHT RAIN
  SNOW
  LIGHT SNOW
  FOG


RELATIVE HUMIDITY (PERCENT)
 HIGHEST   100           600 PM
 LOWEST     32           100 AM
 AVERAGE    66

..........................................................


THE LIVINGSTON MT CLIMATE NORMALS FOR TODAY
                         NORMAL    RECORD    YEAR
 MAXIMUM TEMPERATURE (F)   39        64      1998
 MINIMUM TEMPERATURE (F)   21       -21      1985


SUNRISE AND SUNSET
NOVEMBER 26 2014......SUNRISE   736 AM MST   SUNSET   442 PM MST
NOVEMBER 27 2014......SUNRISE   737 AM MST   SUNSET   441 PM MST


-  INDICATES NEGATIVE NUMBERS.
R  INDICATES RECORD WAS SET OR TIED.
MM INDICATES DATA IS MISSING.
T  INDICATES TRACE AMOUNT.





&&

THIS IS AN AUTOMATED...UNATTENDED WEATHER STATION AND MAY
UNDERESTIMATE WINTER PRECIPITATION.

$$
