000
CDUS45 KBYZ 050939
CLILVM


CLIMATE REPORT
NATIONAL WEATHER SERVICE BILLINGS MT
334 AM MDT THU MAY 5 2016


...................................

...THE LIVINGSTON MT CLIMATE SUMMARY FOR MAY 4 2016...

CLIMATE NORMAL PERIOD 1981 TO 2010
CLIMATE RECORD PERIOD 1948 TO 2016


WEATHER ITEM   OBSERVED TIME   RECORD YEAR NORMAL DEPARTURE LAST
                VALUE   (LST)  VALUE       VALUE  FROM      YEAR
                                                  NORMAL
..................................................................
TEMPERATURE (F)
 YESTERDAY
  MAXIMUM         81    249 PM  86    1966  61     20       72
  MINIMUM         37    520 AM  16    1967  33      4       32
  AVERAGE         59                        47     12       52

PRECIPITATION (IN)
  YESTERDAY        0.00          0.59 1993   0.07  -0.07     0.00
  MONTH TO DATE    0.00                      0.29  -0.29     0.00
  SINCE OCT 1      6.36                      6.26   0.10     4.48
  SINCE JAN 1      2.66                      3.89  -1.23     2.69

DEGREE DAYS
 HEATING
  YESTERDAY        6                        18    -12       13
  MONTH TO DATE   48                        73    -25       45
  SINCE MAR 1   1347                      1673   -326     1273
  SINCE JUL 1   5950                      7021  -1071     5887

 COOLING
  YESTERDAY        0                         0      0        0
  MONTH TO DATE    0                         0      0        0
  SINCE MAR 1      0                         0      0        0
  SINCE JAN 1      0                         0      0        0
..................................................................


WIND (MPH)
  HIGHEST WIND SPEED    25   HIGHEST WIND DIRECTION    SW (210)
  HIGHEST GUST SPEED    31   HIGHEST GUST DIRECTION    SW (210)
  AVERAGE WIND SPEED    10.4


SKY COVER
  POSSIBLE SUNSHINE  MM
  AVERAGE SKY COVER 0.0


WEATHER CONDITIONS
 THE FOLLOWING WEATHER WAS RECORDED YESTERDAY.
  NO SIGNIFICANT WEATHER WAS OBSERVED.


RELATIVE HUMIDITY (PERCENT)
 HIGHEST    70           300 AM
 LOWEST     14           300 PM
 AVERAGE    42

..........................................................


THE LIVINGSTON MT CLIMATE NORMALS FOR TODAY
                         NORMAL    RECORD    YEAR
 MAXIMUM TEMPERATURE (F)   62        85      1966
 MINIMUM TEMPERATURE (F)   34        19      2010
                                             2006


SUNRISE AND SUNSET
MAY  5 2016...........SUNRISE   603 AM MDT   SUNSET   835 PM MDT
MAY  6 2016...........SUNRISE   601 AM MDT   SUNSET   836 PM MDT


-  INDICATES NEGATIVE NUMBERS.
R  INDICATES RECORD WAS SET OR TIED.
MM INDICATES DATA IS MISSING.
T  INDICATES TRACE AMOUNT.





&&

THIS IS AN AUTOMATED...UNATTENDED WEATHER STATION AND MAY
UNDERESTIMATE WINTER PRECIPITATION.

$$
