000
CDUS45 KBYZ 270938
CLILVM


CLIMATE REPORT
NATIONAL WEATHER SERVICE BILLINGS MT
336 AM MDT MON MAR 27 2017


...................................

...THE LIVINGSTON MT CLIMATE SUMMARY FOR MARCH 26 2017...

CLIMATE NORMAL PERIOD 1981 TO 2010
CLIMATE RECORD PERIOD 1948 TO 2017


WEATHER ITEM   OBSERVED TIME   RECORD YEAR NORMAL DEPARTURE LAST
                VALUE   (LST)  VALUE       VALUE  FROM      YEAR
                                                  NORMAL
..................................................................
TEMPERATURE (F)
 YESTERDAY
  MAXIMUM         58    204 PM  72    1999  50      8       51
  MINIMUM         26    619 AM -12    1955  26      0       27
  AVERAGE         42                        38      4       39

PRECIPITATION (IN)
  YESTERDAY        0.00          0.69 2003   0.03  -0.03     0.00
  MONTH TO DATE    0.63                      0.65  -0.02     0.66
  SINCE OCT 1      5.88                      4.01   1.87     4.68
  SINCE JAN 1      1.95                      1.64   0.31     0.98

DEGREE DAYS
 HEATING
  YESTERDAY       23                        27     -4       26
  MONTH TO DATE  614                       778   -164      656
  SINCE MAR 1    614                       778   -164      656
  SINCE JUL 1   5840                      6126   -286     5259

 COOLING
  YESTERDAY        0                         0      0        0
  MONTH TO DATE    0                         0      0        0
  SINCE MAR 1      0                         0      0        0
  SINCE JAN 1      0                         0      0        0
..................................................................


WIND (MPH)
  HIGHEST WIND SPEED    30   HIGHEST WIND DIRECTION    SW (220)
  HIGHEST GUST SPEED    37   HIGHEST GUST DIRECTION    SW (210)
  AVERAGE WIND SPEED    12.8


SKY COVER
  POSSIBLE SUNSHINE  MM
  AVERAGE SKY COVER 0.6


WEATHER CONDITIONS
 THE FOLLOWING WEATHER WAS RECORDED YESTERDAY.
  NO SIGNIFICANT WEATHER WAS OBSERVED.


RELATIVE HUMIDITY (PERCENT)
 HIGHEST    85          1200 AM
 LOWEST     24           200 PM
 AVERAGE    55

..........................................................


THE LIVINGSTON MT CLIMATE NORMALS FOR TODAY
                         NORMAL    RECORD    YEAR
 MAXIMUM TEMPERATURE (F)   50        74      2015
 MINIMUM TEMPERATURE (F)   26         2      1965


SUNRISE AND SUNSET
MARCH 27 2017.........SUNRISE   711 AM MDT   SUNSET   744 PM MDT
MARCH 28 2017.........SUNRISE   709 AM MDT   SUNSET   745 PM MDT


-  INDICATES NEGATIVE NUMBERS.
R  INDICATES RECORD WAS SET OR TIED.
MM INDICATES DATA IS MISSING.
T  INDICATES TRACE AMOUNT.





&&

THIS IS AN AUTOMATED...UNATTENDED WEATHER STATION AND MAY
UNDERESTIMATE WINTER PRECIPITATION.

$$
