000
CDUS45 KBYZ 012228
CLILVM


CLIMATE REPORT
NATIONAL WEATHER SERVICE BILLINGS MT
426 PM MDT FRI AUG 1 2014


...................................

...THE LIVINGSTON MT CLIMATE SUMMARY FOR AUGUST 1 2014...
VALID TODAY AS OF 0400 PM LOCAL TIME.

CLIMATE NORMAL PERIOD 1981 TO 2010
CLIMATE RECORD PERIOD 1948 TO 2014


WEATHER ITEM   OBSERVED TIME   RECORD YEAR NORMAL DEPARTURE LAST
                VALUE   (LST)  VALUE       VALUE  FROM      YEAR
                                                  NORMAL
..................................................................
TEMPERATURE (F)
 TODAY
  MAXIMUM         93    259 PM 101    2000  87      6       83
  MINIMUM         50    539 AM  37    2002  50      0       58
  AVERAGE         72                        68      4       71

PRECIPITATION (IN)
  TODAY            0.00          0.89 1976   0.04  -0.04     0.01
  MONTH TO DATE    0.00                      0.04  -0.04     0.01
  SINCE OCT 1     11.54                     12.53  -0.99     9.39
  SINCE JAN 1      9.25                     10.16  -0.91     7.09

DEGREE DAYS
 HEATING
  TODAY            0                         1     -1        0
  MONTH TO DATE    0                         1     -1        0
  SINCE JUN 1    204                       258    -54      137
  SINCE JUL 1      9                        51    -42        0

 COOLING
  TODAY            7                         4      3        6
  MONTH TO DATE    7                         4      3        6
  SINCE JUN 1    182                       132     50      234
  SINCE JAN 1    187                       133     54      242
..................................................................


WIND (MPH)
  HIGHEST WIND SPEED    16   HIGHEST WIND DIRECTION     E (80)
  HIGHEST GUST SPEED    23   HIGHEST GUST DIRECTION     E (80)
  AVERAGE WIND SPEED     6.0


SKY COVER
  POSSIBLE SUNSHINE  MM
  AVERAGE SKY COVER 0.0


WEATHER CONDITIONS
 THE FOLLOWING WEATHER WAS RECORDED TODAY.
  NO SIGNIFICANT WEATHER WAS OBSERVED.


RELATIVE HUMIDITY (PERCENT)
 HIGHEST    64           500 AM
 LOWEST     12           300 PM
 AVERAGE    38

..........................................................


THE LIVINGSTON MT CLIMATE NORMALS FOR TOMORROW
                         NORMAL    RECORD    YEAR
 MAXIMUM TEMPERATURE (F)   87        98      2003
                                             2000
 MINIMUM TEMPERATURE (F)   50        37      2002


SUNRISE AND SUNSET
AUGUST  1 2014........SUNRISE   605 AM MDT   SUNSET   850 PM MDT
AUGUST  2 2014........SUNRISE   606 AM MDT   SUNSET   849 PM MDT


-  INDICATES NEGATIVE NUMBERS.
R  INDICATES RECORD WAS SET OR TIED.
MM INDICATES DATA IS MISSING.
T  INDICATES TRACE AMOUNT.





&&

THIS IS AN AUTOMATED...UNATTENDED WEATHER STATION AND MAY
UNDERESTIMATE WINTER PRECIPITATION.

$$
