000
CDUS45 KBYZ 290933
CLILVM


CLIMATE REPORT
NATIONAL WEATHER SERVICE BILLINGS MT
332 AM MDT SAT APR 29 2017


...................................

...THE LIVINGSTON MT CLIMATE SUMMARY FOR APRIL 28 2017...

CLIMATE NORMAL PERIOD 1981 TO 2010
CLIMATE RECORD PERIOD 1948 TO 2017


WEATHER ITEM   OBSERVED TIME   RECORD YEAR NORMAL DEPARTURE LAST
                VALUE   (LST)  VALUE       VALUE  FROM      YEAR
                                                  NORMAL
..................................................................
TEMPERATURE (F)
 YESTERDAY
  MAXIMUM         44    507 PM  82    1987  59    -15       43
  MINIMUM         34   1006 AM  13    1984  32      2       30
  AVERAGE         39                        45     -6       37

PRECIPITATION (IN)
  YESTERDAY        0.17          0.36 1990   0.07   0.10     0.01
  MONTH TO DATE    2.34                      1.62   0.72     1.24
  SINCE OCT 1      8.80                      5.82   2.98     6.36
  SINCE JAN 1      4.87                      3.45   1.42     2.66

DEGREE DAYS
 HEATING
  YESTERDAY       26                        20      6       28
  MONTH TO DATE  586                       651    -65      476
  SINCE MAR 1   1305                      1562   -257     1253
  SINCE JUL 1   6531                      6910   -379     5856

 COOLING
  YESTERDAY        0                         0      0        0
  MONTH TO DATE    0                         0      0        0
  SINCE MAR 1      0                         0      0        0
  SINCE JAN 1      0                         0      0        0
..................................................................


WIND (MPH)
  HIGHEST WIND SPEED    20   HIGHEST WIND DIRECTION     E (100)
  HIGHEST GUST SPEED    27   HIGHEST GUST DIRECTION     E (80)
  AVERAGE WIND SPEED     7.2


SKY COVER
  POSSIBLE SUNSHINE  MM
  AVERAGE SKY COVER 1.0


WEATHER CONDITIONS
 THE FOLLOWING WEATHER WAS RECORDED YESTERDAY.
  LIGHT RAIN
  LIGHT SNOW
  FOG


RELATIVE HUMIDITY (PERCENT)
 HIGHEST    92          1000 PM
 LOWEST     67           400 PM
 AVERAGE    80

..........................................................


THE LIVINGSTON MT CLIMATE NORMALS FOR TODAY
                         NORMAL    RECORD    YEAR
 MAXIMUM TEMPERATURE (F)   60        83      1992
 MINIMUM TEMPERATURE (F)   32        12      2005


SUNRISE AND SUNSET
APRIL 29 2017.........SUNRISE   612 AM MDT   SUNSET   827 PM MDT
APRIL 30 2017.........SUNRISE   610 AM MDT   SUNSET   828 PM MDT


-  INDICATES NEGATIVE NUMBERS.
R  INDICATES RECORD WAS SET OR TIED.
MM INDICATES DATA IS MISSING.
T  INDICATES TRACE AMOUNT.





&&

THIS IS AN AUTOMATED...UNATTENDED WEATHER STATION AND MAY
UNDERESTIMATE WINTER PRECIPITATION.

$$
