000
CDUS45 KBYZ 300932
CLILVM


CLIMATE REPORT
NATIONAL WEATHER SERVICE BILLINGS MT
332 AM MDT MON MAY 30 2016


...................................

...THE LIVINGSTON MT CLIMATE SUMMARY FOR MAY 29 2016...

CLIMATE NORMAL PERIOD 1981 TO 2010
CLIMATE RECORD PERIOD 1948 TO 2016


WEATHER ITEM   OBSERVED TIME   RECORD YEAR NORMAL DEPARTURE LAST
                VALUE   (LST)  VALUE       VALUE  FROM      YEAR
                                                  NORMAL
..................................................................
TEMPERATURE (F)
 YESTERDAY
  MAXIMUM         73    458 PM  88    2003  68      5       62
  MINIMUM         37    250 AM  29    1954  40     -3       47
  AVERAGE         55                        54      1       55

PRECIPITATION (IN)
  YESTERDAY        T             1.16 1979   0.10  -0.10     0.05
  MONTH TO DATE    2.34                      2.45  -0.11     3.93
  SINCE OCT 1      8.70                      8.42   0.28     8.41
  SINCE JAN 1      5.00                      6.05  -1.05     6.62

DEGREE DAYS
 HEATING
  YESTERDAY       10                        11     -1       10
  MONTH TO DATE  395                       426    -31      440
  SINCE MAR 1   1694                      2026   -332     1668
  SINCE JUL 1   6297                      7374  -1077     6282

 COOLING
  YESTERDAY        0                         0      0        0
  MONTH TO DATE    0                         0      0        0
  SINCE MAR 1      0                         0      0        0
  SINCE JAN 1      0                         0      0        0
..................................................................


WIND (MPH)
  HIGHEST WIND SPEED    35   HIGHEST WIND DIRECTION     W (250)
  HIGHEST GUST SPEED    48   HIGHEST GUST DIRECTION     W (260)
  AVERAGE WIND SPEED     8.5


SKY COVER
  POSSIBLE SUNSHINE  MM
  AVERAGE SKY COVER 0.2


WEATHER CONDITIONS
 THE FOLLOWING WEATHER WAS RECORDED YESTERDAY.
  THUNDERSTORM
  LIGHT RAIN


RELATIVE HUMIDITY (PERCENT)
 HIGHEST    92           300 AM
 LOWEST     25           500 PM
 AVERAGE    59

..........................................................


THE LIVINGSTON MT CLIMATE NORMALS FOR TODAY
                         NORMAL    RECORD    YEAR
 MAXIMUM TEMPERATURE (F)   68        86      1986
 MINIMUM TEMPERATURE (F)   40        32      2014
                                             2005
                                             1977


SUNRISE AND SUNSET
MAY 30 2016...........SUNRISE   537 AM MDT   SUNSET   903 PM MDT
MAY 31 2016...........SUNRISE   536 AM MDT   SUNSET   904 PM MDT


-  INDICATES NEGATIVE NUMBERS.
R  INDICATES RECORD WAS SET OR TIED.
MM INDICATES DATA IS MISSING.
T  INDICATES TRACE AMOUNT.





&&

THIS IS AN AUTOMATED...UNATTENDED WEATHER STATION AND MAY
UNDERESTIMATE WINTER PRECIPITATION.

$$
