000
CDUS45 KBYZ 010937
CLILVM


CLIMATE REPORT
NATIONAL WEATHER SERVICE BILLINGS MT
336 AM MDT TUE SEP 1 2015


...................................

...THE LIVINGSTON MT CLIMATE SUMMARY FOR AUGUST 31 2015...

CLIMATE NORMAL PERIOD 1981 TO 2010
CLIMATE RECORD PERIOD 1948 TO 2015


WEATHER ITEM   OBSERVED TIME   RECORD YEAR NORMAL DEPARTURE LAST
                VALUE   (LST)  VALUE       VALUE  FROM      YEAR
                                                  NORMAL
..................................................................
TEMPERATURE (F)
 YESTERDAY
  MAXIMUM         83    309 PM 100    1955  79      4       69
  MINIMUM         47    530 AM  33    1993  44      3       46
  AVERAGE         65                        62      3       58

PRECIPITATION (IN)
  YESTERDAY        0.00          0.52 1973   0.04  -0.04     0.03
  MONTH TO DATE    1.25                      1.11   0.14     2.69
  SINCE OCT 1     11.90                     13.60  -1.70    14.23
  SINCE JAN 1     10.11                     11.23  -1.12    11.94

DEGREE DAYS
 HEATING
  YESTERDAY        0                         5     -5        7
  MONTH TO DATE   57                        67    -10       60
  SINCE JUN 1    121                       325   -204      264
  SINCE JUL 1     67                       118    -51       69

 COOLING
  YESTERDAY        0                         1     -1        0
  MONTH TO DATE  127                        86     41      123
  SINCE JUN 1    341                       214    127      298
  SINCE JAN 1    342                       215    127      303
..................................................................


WIND (MPH)
  HIGHEST WIND SPEED    25   HIGHEST WIND DIRECTION    SW (230)
  HIGHEST GUST SPEED    35   HIGHEST GUST DIRECTION    SW (230)
  AVERAGE WIND SPEED    12.1


SKY COVER
  POSSIBLE SUNSHINE  MM
  AVERAGE SKY COVER 0.0


WEATHER CONDITIONS
 THE FOLLOWING WEATHER WAS RECORDED YESTERDAY.
  NO SIGNIFICANT WEATHER WAS OBSERVED.


RELATIVE HUMIDITY (PERCENT)
 HIGHEST    61           500 AM
 LOWEST     14           500 PM
 AVERAGE    38

..........................................................


THE LIVINGSTON MT CLIMATE NORMALS FOR TODAY
                         NORMAL    RECORD    YEAR
 MAXIMUM TEMPERATURE (F)   79        95      1983
 MINIMUM TEMPERATURE (F)   44        33      2006


SUNRISE AND SUNSET
SEPTEMBER  1 2015.....SUNRISE   643 AM MDT   SUNSET   800 PM MDT
SEPTEMBER  2 2015.....SUNRISE   644 AM MDT   SUNSET   758 PM MDT


-  INDICATES NEGATIVE NUMBERS.
R  INDICATES RECORD WAS SET OR TIED.
MM INDICATES DATA IS MISSING.
T  INDICATES TRACE AMOUNT.





&&

THIS IS AN AUTOMATED...UNATTENDED WEATHER STATION AND MAY
UNDERESTIMATE WINTER PRECIPITATION.

$$
