000
CDUS45 KBYZ 032323
CLILVM


CLIMATE REPORT
NATIONAL WEATHER SERVICE BILLINGS MT
422 PM MST SAT DEC 3 2016


...................................

...THE LIVINGSTON MT CLIMATE SUMMARY FOR DECEMBER 3 2016...
VALID TODAY AS OF 0400 PM LOCAL TIME.

CLIMATE NORMAL PERIOD 1981 TO 2010
CLIMATE RECORD PERIOD 1948 TO 2016


WEATHER ITEM   OBSERVED TIME   RECORD YEAR NORMAL DEPARTURE LAST
                VALUE   (LST)  VALUE       VALUE  FROM      YEAR
                                                  NORMAL
..................................................................
TEMPERATURE (F)
 TODAY
  MAXIMUM         39    141 PM  57    1987  37      2       48
  MINIMUM         29   1258 AM  -8    1972  19     10       20
  AVERAGE         34                        28      6       34

PRECIPITATION (IN)
  TODAY            T             0.48 1998   0.02  -0.02     0.00
  MONTH TO DATE    T                         0.06  -0.06     0.00
  SINCE OCT 1      3.57                      1.91   1.66     2.73
  SINCE JAN 1     13.56                     14.35  -0.79    14.08

DEGREE DAYS
 HEATING
  TODAY           31                        38     -7       31
  MONTH TO DATE  101                       112    -11      100
  SINCE DEC 1    101                       112    -11      100
  SINCE JUL 1   1599                      2071   -472     1777

 COOLING
  TODAY            0                         0      0        0
  MONTH TO DATE    0                         0      0        0
  SINCE DEC 1      0                         0      0        0
  SINCE JAN 1    330                       230    100      393
..................................................................


WIND (MPH)
  HIGHEST WIND SPEED    40   HIGHEST WIND DIRECTION    SW (230)
  HIGHEST GUST SPEED    50   HIGHEST GUST DIRECTION    SW (220)
  AVERAGE WIND SPEED    28.4


SKY COVER
  POSSIBLE SUNSHINE  MM
  AVERAGE SKY COVER 1.0


WEATHER CONDITIONS
 THE FOLLOWING WEATHER WAS RECORDED TODAY.
  LIGHT SNOW


RELATIVE HUMIDITY (PERCENT)
 HIGHEST    53           500 AM
 LOWEST     40          1200 PM
 AVERAGE    47

..........................................................


THE LIVINGSTON MT CLIMATE NORMALS FOR TOMORROW
                         NORMAL    RECORD    YEAR
 MAXIMUM TEMPERATURE (F)   36        60      1987
 MINIMUM TEMPERATURE (F)   18       -18      1972


SUNRISE AND SUNSET
DECEMBER  3 2016......SUNRISE   745 AM MST   SUNSET   438 PM MST
DECEMBER  4 2016......SUNRISE   746 AM MST   SUNSET   438 PM MST


-  INDICATES NEGATIVE NUMBERS.
R  INDICATES RECORD WAS SET OR TIED.
MM INDICATES DATA IS MISSING.
T  INDICATES TRACE AMOUNT.





&&

THIS IS AN AUTOMATED...UNATTENDED WEATHER STATION AND MAY
UNDERESTIMATE WINTER PRECIPITATION.

$$
