000
CDUS45 KBYZ 020933
CLILVM


CLIMATE REPORT
NATIONAL WEATHER SERVICE BILLINGS MT
332 AM MDT TUE JUN 2 2015


...................................

...THE LIVINGSTON MT CLIMATE SUMMARY FOR JUNE 1 2015...

CLIMATE NORMAL PERIOD 1981 TO 2010
CLIMATE RECORD PERIOD 1948 TO 2015


WEATHER ITEM   OBSERVED TIME   RECORD YEAR NORMAL DEPARTURE LAST
                VALUE   (LST)  VALUE       VALUE  FROM      YEAR
                                                  NORMAL
..................................................................
TEMPERATURE (F)
 YESTERDAY
  MAXIMUM         80    114 PM  86    1977  69     11       63
  MINIMUM         50    459 AM  30    1951  41      9       45
  AVERAGE         65                        55     10       54

PRECIPITATION (IN)
  YESTERDAY        0.08          0.55 1973   0.10  -0.02     0.15
  MONTH TO DATE    0.08                      0.10  -0.02     0.15
  SINCE OCT 1      8.64                      8.73  -0.09     8.94
  SINCE JAN 1      6.85                      6.36   0.49     6.65

DEGREE DAYS
 HEATING
  YESTERDAY        0                        10    -10       11
  MONTH TO DATE    0                        10    -10       11
  SINCE JUN 1      0                        10    -10       11
  SINCE JUL 1   6287                      7406  -1119     7172

 COOLING
  YESTERDAY        0                         0      0        0
  MONTH TO DATE    0                         0      0        0
  SINCE JUN 1      0                         0      0        0
  SINCE JAN 1      1                         1      0        5
..................................................................


WIND (MPH)
  HIGHEST WIND SPEED    35   HIGHEST WIND DIRECTION     W (250)
  HIGHEST GUST SPEED    42   HIGHEST GUST DIRECTION     W (260)
  AVERAGE WIND SPEED     9.5


SKY COVER
  POSSIBLE SUNSHINE  MM
  AVERAGE SKY COVER 0.2


WEATHER CONDITIONS
 THE FOLLOWING WEATHER WAS RECORDED YESTERDAY.
  THUNDERSTORM


RELATIVE HUMIDITY (PERCENT)
 HIGHEST    89           100 AM
 LOWEST     30           100 PM
 AVERAGE    60

..........................................................


THE LIVINGSTON MT CLIMATE NORMALS FOR TODAY
                         NORMAL    RECORD    YEAR
 MAXIMUM TEMPERATURE (F)   69        88      1986
 MINIMUM TEMPERATURE (F)   41        28      1984


SUNRISE AND SUNSET
JUNE  2 2015..........SUNRISE   535 AM MDT   SUNSET   905 PM MDT
JUNE  3 2015..........SUNRISE   535 AM MDT   SUNSET   905 PM MDT


-  INDICATES NEGATIVE NUMBERS.
R  INDICATES RECORD WAS SET OR TIED.
MM INDICATES DATA IS MISSING.
T  INDICATES TRACE AMOUNT.





&&

THIS IS AN AUTOMATED...UNATTENDED WEATHER STATION AND MAY
UNDERESTIMATE WINTER PRECIPITATION.

$$
