790
CDUS45 KBYZ 162223
CLILVM


CLIMATE REPORT
NATIONAL WEATHER SERVICE BILLINGS MT
423 PM MDT MON OCT 16 2017


...................................

...THE LIVINGSTON MT CLIMATE SUMMARY FOR OCTOBER 16 2017...
VALID TODAY AS OF 0400 PM LOCAL TIME.

CLIMATE NORMAL PERIOD 1981 TO 2010
CLIMATE RECORD PERIOD 1948 TO 2017


WEATHER ITEM   OBSERVED TIME   RECORD YEAR NORMAL DEPARTURE LAST
                VALUE   (LST)  VALUE       VALUE  FROM      YEAR
                                                  NORMAL
..................................................................
TEMPERATURE (F)
 TODAY
  MAXIMUM         71    210 PM  80    1991  59     12       60
  MINIMUM         49    717 AM  14    1992  32     17       46
  AVERAGE         60                        45     15       53

PRECIPITATION (IN)
  TODAY            0.00          1.48 2006   0.05  -0.05      T
  MONTH TO DATE    0.22                      0.76  -0.54     1.65
  SINCE OCT 1      0.22                      0.76  -0.54     1.65
  SINCE JAN 1     14.01                     13.20   0.81    11.64

DEGREE DAYS
 HEATING
  TODAY            5                        20    -15       12
  MONTH TO DATE  338                       280     58      280
  SINCE SEP 1    654                       571     83      542
  SINCE JUL 1    677                       689    -12      630

 COOLING
  TODAY            0                         0      0        0
  MONTH TO DATE    0                         0      0        0
  SINCE SEP 1     52                        14     38       17
  SINCE JAN 1    396                       229    167      329
..................................................................


WIND (MPH)
  HIGHEST WIND SPEED    36   HIGHEST WIND DIRECTION    SW (230)
  HIGHEST GUST SPEED    46   HIGHEST GUST DIRECTION     W (260)
  AVERAGE WIND SPEED    22.9


SKY COVER
  POSSIBLE SUNSHINE  MM
  AVERAGE SKY COVER 0.0


WEATHER CONDITIONS
 THE FOLLOWING WEATHER WAS RECORDED TODAY.
  NO SIGNIFICANT WEATHER WAS OBSERVED.


RELATIVE HUMIDITY (PERCENT)
 HIGHEST    38          1200 AM
 LOWEST     14           200 PM
 AVERAGE    26

..........................................................


THE LIVINGSTON MT CLIMATE NORMALS FOR TOMORROW
                         NORMAL    RECORD    YEAR
 MAXIMUM TEMPERATURE (F)   58        79      1958
 MINIMUM TEMPERATURE (F)   31        10      1984


SUNRISE AND SUNSET
OCTOBER 16 2017.......SUNRISE   740 AM MDT   SUNSET   634 PM MDT
OCTOBER 17 2017.......SUNRISE   741 AM MDT   SUNSET   632 PM MDT


-  INDICATES NEGATIVE NUMBERS.
R  INDICATES RECORD WAS SET OR TIED.
MM INDICATES DATA IS MISSING.
T  INDICATES TRACE AMOUNT.




$$
