000
CDUS41 KRNK 272129
CLILWB


CLIMATE REPORT
NATIONAL WEATHER SERVICE BLACKSBURG VA
528 PM EDT SUN JUL 27 2014


...................................

...THE LEWISBURG WV CLIMATE SUMMARY FOR JULY 27 2014...
VALID TODAY AS OF 0500 PM LOCAL TIME.

CLIMATE NORMAL PERIOD 1981 TO 2010
CLIMATE RECORD PERIOD 1973 TO 2014


WEATHER ITEM   OBSERVED TIME   RECORD YEAR NORMAL DEPARTURE
                VALUE   (LST)  VALUE       VALUE  FROM
                                                  NORMAL
...............................................................
TEMPERATURE (F)
 TODAY
  MAXIMUM         80        MM  90    2006  82     -2
  MINIMUM         67        MM  54    1996  59      8
  AVERAGE         74                        70      4

PRECIPITATION (IN)
  TODAY            0.46          0.52 2013   0.14   0.32
  MONTH TO DATE    1.42                      3.48  -2.06
  SINCE JUN 1      4.85                      7.21  -2.36
  SINCE JAN 1     15.78                     24.39  -8.61

SNOWFALL (IN)
  TODAY            0.0
  MONTH TO DATE    0.0
  SINCE JUN 1      0.0
  SINCE JUL 1      0.0
  SNOW DEPTH       0

DEGREE DAYS
 HEATING
  TODAY            0                                0
  MONTH TO DATE   10                               10
  SINCE JUN 1     23                              -27
  SINCE JUL 1     10                               10

 COOLING
  TODAY            9                                3
  MONTH TO DATE  173                               15
  SINCE JUN 1    337                               75
  SINCE JAN 1    370                               82
...............................................................


WIND (MPH)
  HIGHEST WIND SPEED    MM   HIGHEST WIND DIRECTION    MM
  HIGHEST GUST SPEED    MM   HIGHEST GUST DIRECTION    MM
  AVERAGE WIND SPEED    MM




RELATIVE HUMIDITY (PERCENT)
 HIGHEST    93
 LOWEST     66
 AVERAGE    80

..........................................................


THE LEWISBURG WV CLIMATE NORMALS FOR TOMORROW
                         NORMAL    RECORD    YEAR
 MAXIMUM TEMPERATURE (F)   82        92      1993
 MINIMUM TEMPERATURE (F)   59        54      2004


SUNRISE AND SUNSET
JULY 27 2014..........SUNRISE   621 AM EDT   SUNSET   835 PM EDT
JULY 28 2014..........SUNRISE   622 AM EDT   SUNSET   834 PM EDT


-  INDICATES NEGATIVE NUMBERS.
R  INDICATES RECORD WAS SET OR TIED.
MM INDICATES DATA IS MISSING.
T  INDICATES TRACE AMOUNT.

REMARKS

DUE TO MISSING PRECIPITATION ON JANUARY 25...THE ANNUAL
TOTAL AND DEPARTURE FROM NORMAL FOR PRECIPITATION WILL
BE CALCULATED WITHOUT DATA FROM THAT DATE.

$$

MBS
