000
CDUS41 KRNK 212130
CLILWB


CLIMATE REPORT
NATIONAL WEATHER SERVICE BLACKSBURG VA
527 PM EDT THU AUG 21 2014


...................................

...THE LEWISBURG WV CLIMATE SUMMARY FOR AUGUST 21 2014...
VALID TODAY AS OF 0500 PM LOCAL TIME.

CLIMATE NORMAL PERIOD 1981 TO 2010
CLIMATE RECORD PERIOD 1973 TO 2014


WEATHER ITEM   OBSERVED TIME   RECORD YEAR NORMAL DEPARTURE
                VALUE   (LST)  VALUE       VALUE  FROM
                                                  NORMAL
...............................................................
TEMPERATURE (F)
 TODAY
  MAXIMUM         82    100 PM  94    1983  81      1
  MINIMUM         62        MM  44    1981  57      5
  AVERAGE         72                        69      3

PRECIPITATION (IN)
  TODAY            0.01          0.51 2011   0.09  -0.08
  MONTH TO DATE    2.33                      2.22   0.11
  SINCE JUN 1      7.34                      9.97  -2.63
  SINCE JAN 1     18.27                     27.15  -8.88

SNOWFALL (IN)
  TODAY            0.0
  MONTH TO DATE    0.0
  SINCE JUN 1      0.0
  SINCE JUL 1      0.0
  SNOW DEPTH       0

DEGREE DAYS
 HEATING
  TODAY            0                                0
  MONTH TO DATE    5                               -2
  SINCE JUN 1     35                              -33
  SINCE JUL 1     22                                4

 COOLING
  TODAY            7                                3
  MONTH TO DATE   82                              -23
  SINCE JUN 1    422                               37
  SINCE JAN 1    455                               44
...............................................................


WIND (MPH)
  HIGHEST WIND SPEED     8   HIGHEST WIND DIRECTION     W (270)
  HIGHEST GUST SPEED    MM   HIGHEST GUST DIRECTION    MM
  AVERAGE WIND SPEED     3.2




RELATIVE HUMIDITY (PERCENT)
 HIGHEST    93
 LOWEST     51
 AVERAGE    72

..........................................................


THE LEWISBURG WV CLIMATE NORMALS FOR TOMORROW
                         NORMAL    RECORD    YEAR
 MAXIMUM TEMPERATURE (F)   81        92      1987
 MINIMUM TEMPERATURE (F)   57        46      2001


SUNRISE AND SUNSET
AUGUST 21 2014........SUNRISE   642 AM EDT   SUNSET   807 PM EDT
AUGUST 22 2014........SUNRISE   643 AM EDT   SUNSET   805 PM EDT


-  INDICATES NEGATIVE NUMBERS.
R  INDICATES RECORD WAS SET OR TIED.
MM INDICATES DATA IS MISSING.
T  INDICATES TRACE AMOUNT.

REMARKS

DUE TO MISSING PRECIPITATION DATA ON JANUARY 25...THE ANNUAL
TOTAL AND DEPARTURE FROM NORMAL FOR PRECIPITATION WILL BE
CALCULATED WITHOUT DATA FROM THAT DATE.

$$

MBS
