000
CDUS43 KTOP 260642
CLILWC


CLIMATE REPORT
NATIONAL WEATHER SERVICE TOPEKA KS
138 AM CDT TUE MAY 26 2015


...................................

...THE LAWRENCE KS CLIMATE SUMMARY FOR MAY 25 2015...

CLIMATE NORMAL PERIOD 1981 TO 2010
CLIMATE RECORD PERIOD 9999 TO 9999


WEATHER ITEM   OBSERVED NORMAL DEPARTURE LAST
                VALUE   VALUE  FROM      YEAR
                               NORMAL
...............................................
TEMPERATURE (F)
 YESTERDAY
  MAXIMUM         82     79      3       87
  MINIMUM         60     56      4       64
  AVERAGE         71     68      3       76

PRECIPITATION (IN)
  YESTERDAY        0.46   0.19   0.27     0.06
  MONTH TO DATE    8.12   4.12   4.00     1.83
  SINCE MAR 1     11.64  10.51   1.13     6.37
  SINCE JAN 1     13.33  12.82   0.51     7.42

DEGREE DAYS
 HEATING
  YESTERDAY        0      2     -2        0
  MONTH TO DATE   88     98    -10      114
  SINCE MAR 1    931   1062   -131     1209
  SINCE JUL 1   5220   5077    143     5635

 COOLING
  YESTERDAY        6      4      2       11
  MONTH TO DATE   56     64     -8      118
  SINCE MAR 1     61     87    -26      128
  SINCE JAN 1     61     87    -26      128
...............................................


WIND (MPH)
  HIGHEST WIND SPEED    25   HIGHEST WIND DIRECTION     S (170)
  HIGHEST GUST SPEED    34   HIGHEST GUST DIRECTION     S (190)
  AVERAGE WIND SPEED    10.4


SKY COVER
  AVERAGE SKY COVER 0.4


WEATHER CONDITIONS
 THE FOLLOWING WEATHER WAS RECORDED YESTERDAY.
  THUNDERSTORM
  RAIN
  LIGHT RAIN
  FOG


RELATIVE HUMIDITY (PERCENT)
 HIGHEST    97
 LOWEST     54
 AVERAGE    76

..........................................................


THE LAWRENCE KS CLIMATE NORMALS FOR TODAY
                         NORMAL
 MAXIMUM TEMPERATURE (F)   80
 MINIMUM TEMPERATURE (F)   57


SUNRISE AND SUNSET
MAY 26 2015...........SUNRISE   600 AM CDT   SUNSET   836 PM CDT
MAY 27 2015...........SUNRISE   600 AM CDT   SUNSET   837 PM CDT


-  INDICATES NEGATIVE NUMBERS.
R  INDICATES RECORD WAS SET OR TIED.
MM INDICATES DATA IS MISSING.
T  INDICATES TRACE AMOUNT.




$$
