000
CDUS43 KTOP 222240
CLILWC


CLIMATE REPORT
NATIONAL WEATHER SERVICE TOPEKA KS
437 PM CST WED FEB 22 2017


...................................

...THE LAWRENCE KS CLIMATE SUMMARY FOR FEBRUARY 22 2017...
VALID TODAY AS OF 0430 PM LOCAL TIME.

CLIMATE NORMAL PERIOD 1981 TO 2010
CLIMATE RECORD PERIOD 9999 TO 9999


WEATHER ITEM   OBSERVED NORMAL DEPARTURE LAST
                VALUE   VALUE  FROM      YEAR
                               NORMAL
...............................................
TEMPERATURE (F)
 TODAY
  MAXIMUM         82     48     34       53
  MINIMUM         33     25      8       24
  AVERAGE         58     36     22       39

PRECIPITATION (IN)
  TODAY            0.00   0.05  -0.05     0.00
  MONTH TO DATE    T      1.02  -1.02     0.44
  SINCE DEC 1      1.98   3.50  -1.52     4.33
  SINCE JAN 1      0.98   2.03  -1.05     1.12

DEGREE DAYS
 HEATING
  TODAY            7     29    -22       26
  MONTH TO DATE  461    699   -238      604
  SINCE DEC 1   2506   2842   -336     2515
  SINCE JUL 1   3150   3850   -700     3338

 COOLING
  TODAY            0      0      0        0
  MONTH TO DATE    0      0      0        0
  SINCE DEC 1      0      0      0        0
  SINCE JAN 1      0      0      0        0
...............................................


WIND (MPH)
  HIGHEST WIND SPEED    22   HIGHEST WIND DIRECTION    SW (210)
  HIGHEST GUST SPEED    27   HIGHEST GUST DIRECTION     S (200)
  AVERAGE WIND SPEED     7.0



WEATHER CONDITIONS
 THE FOLLOWING WEATHER WAS RECORDED TODAY.
  HAZE


RELATIVE HUMIDITY (PERCENT)
 HIGHEST    82
 LOWEST     18
 AVERAGE    50

..........................................................


THE LAWRENCE KS CLIMATE NORMALS FOR TOMORROW
                         NORMAL
 MAXIMUM TEMPERATURE (F)   48
 MINIMUM TEMPERATURE (F)   25


SUNRISE AND SUNSET
FEBRUARY 22 2017......SUNRISE   703 AM CST   SUNSET   606 PM CST
FEBRUARY 23 2017......SUNRISE   701 AM CST   SUNSET   607 PM CST


-  INDICATES NEGATIVE NUMBERS.
R  INDICATES RECORD WAS SET OR TIED.
MM INDICATES DATA IS MISSING.
T  INDICATES TRACE AMOUNT.




$$
