000
CDUS43 KTOP 160638
CLILWC


CLIMATE REPORT
NATIONAL WEATHER SERVICE TOPEKA KS
1238 AM CST MON JAN 16 2017


...................................

...THE LAWRENCE KS CLIMATE SUMMARY FOR JANUARY 15 2017...

CLIMATE NORMAL PERIOD 1981 TO 2010
CLIMATE RECORD PERIOD 9999 TO 9999


WEATHER ITEM   OBSERVED NORMAL DEPARTURE LAST
                VALUE   VALUE  FROM      YEAR
                               NORMAL
...............................................
TEMPERATURE (F)
 YESTERDAY
  MAXIMUM         33     40     -7       36
  MINIMUM         30     18     12       20
  AVERAGE         32     29      3       28

PRECIPITATION (IN)
  YESTERDAY        0.24   0.03   0.21     0.00
  MONTH TO DATE    0.42   0.41   0.01     0.61
  SINCE DEC 1      1.42   1.88  -0.46     3.82
  SINCE JAN 1      0.42   0.41   0.01     0.61

DEGREE DAYS
 HEATING
  YESTERDAY       33     36     -3       37
  MONTH TO DATE  587    540     47      530
  SINCE DEC 1   1618   1575     43     1340
  SINCE JUL 1   2262   2583   -321     2163

 COOLING
  YESTERDAY        0      0      0        0
  MONTH TO DATE    0      0      0        0
  SINCE DEC 1      0      0      0        0
  SINCE JAN 1      0      0      0        0
...............................................


WIND (MPH)
  HIGHEST WIND SPEED    12   HIGHEST WIND DIRECTION    NE (50)
  HIGHEST GUST SPEED    14   HIGHEST GUST DIRECTION    NE (50)
  AVERAGE WIND SPEED     6.7


SKY COVER
  AVERAGE SKY COVER 1.0


WEATHER CONDITIONS
 THE FOLLOWING WEATHER WAS RECORDED YESTERDAY.
  LIGHT RAIN
  LT FREEZING RAIN
  FOG
  HAZE


RELATIVE HUMIDITY (PERCENT)
 HIGHEST   100
 LOWEST     78
 AVERAGE    89

..........................................................


THE LAWRENCE KS CLIMATE NORMALS FOR TODAY
                         NORMAL
 MAXIMUM TEMPERATURE (F)   40
 MINIMUM TEMPERATURE (F)   18


SUNRISE AND SUNSET
JANUARY 16 2017.......SUNRISE   738 AM CST   SUNSET   524 PM CST
JANUARY 17 2017.......SUNRISE   737 AM CST   SUNSET   525 PM CST


-  INDICATES NEGATIVE NUMBERS.
R  INDICATES RECORD WAS SET OR TIED.
MM INDICATES DATA IS MISSING.
T  INDICATES TRACE AMOUNT.




$$
