000
CDUS43 KTOP 100631
CLILWC


CLIMATE REPORT
NATIONAL WEATHER SERVICE TOPEKA KS
131 AM CDT THU JUL 10 2014


...................................

...THE LAWRENCE KS CLIMATE SUMMARY FOR JULY 9 2014...

CLIMATE NORMAL PERIOD 1981 TO 2010
CLIMATE RECORD PERIOD 9999 TO 9999


WEATHER ITEM   OBSERVED NORMAL DEPARTURE LAST
                VALUE   VALUE  FROM      YEAR
                               NORMAL
...............................................
TEMPERATURE (F)
 YESTERDAY
  MAXIMUM         87     89     -2      104
  MINIMUM         59     67     -8       76
  AVERAGE         73     78     -5       90

PRECIPITATION (IN)
  YESTERDAY        0.00   0.16  -0.16     0.00
  MONTH TO DATE    1.36   1.46  -0.10     0.21
  SINCE JUN 1     10.52   6.92   3.60     1.56
  SINCE JAN 1     18.18  20.81  -2.63    15.87

DEGREE DAYS
 HEATING
  YESTERDAY        0      0      0        0
  MONTH TO DATE    1      0      1        0
  SINCE JUN 1      1      8     -7       13
  SINCE JUL 1      1      0      1        0

 COOLING
  YESTERDAY        8     13     -5       25
  MONTH TO DATE   82    113    -31      118
  SINCE JUN 1    400    388     12      430
  SINCE JAN 1    593    507     86      557
...............................................


WIND (MPH)
  HIGHEST WIND SPEED    10   HIGHEST WIND DIRECTION    NW (320)
  HIGHEST GUST SPEED    18   HIGHEST GUST DIRECTION    NW (320)
  AVERAGE WIND SPEED     3.9


SKY COVER
  AVERAGE SKY COVER 0.0


WEATHER CONDITIONS
 THE FOLLOWING WEATHER WAS RECORDED YESTERDAY.
  FOG
  HAZE


RELATIVE HUMIDITY (PERCENT)
 HIGHEST    97
 LOWEST     39
 AVERAGE    68

..........................................................


THE LAWRENCE KS CLIMATE NORMALS FOR TODAY
                         NORMAL
 MAXIMUM TEMPERATURE (F)   89
 MINIMUM TEMPERATURE (F)   67


SUNRISE AND SUNSET
JULY 10 2014..........SUNRISE   604 AM CDT   SUNSET   848 PM CDT
JULY 11 2014..........SUNRISE   605 AM CDT   SUNSET   848 PM CDT


-  INDICATES NEGATIVE NUMBERS.
R  INDICATES RECORD WAS SET OR TIED.
MM INDICATES DATA IS MISSING.
T  INDICATES TRACE AMOUNT.




$$
