000
CDUS43 KTOP 030635
CLILWC


CLIMATE REPORT
NATIONAL WEATHER SERVICE TOPEKA KS
134 AM CDT FRI JUL 3 2015


...................................

...THE LAWRENCE KS CLIMATE SUMMARY FOR JULY 2 2015...

CLIMATE NORMAL PERIOD 1981 TO 2010
CLIMATE RECORD PERIOD 9999 TO 9999


WEATHER ITEM   OBSERVED NORMAL DEPARTURE LAST
                VALUE   VALUE  FROM      YEAR
                               NORMAL
...............................................
TEMPERATURE (F)
 YESTERDAY
  MAXIMUM         77     88    -11       76
  MINIMUM         68     66      2       52
  AVERAGE         73     77     -4       64

PRECIPITATION (IN)
  YESTERDAY        0.02   0.19  -0.17     0.00
  MONTH TO DATE    0.08   0.36  -0.28     0.00
  SINCE JUN 1      4.39   5.82  -1.43     9.16
  SINCE JAN 1     18.67  19.71  -1.04    16.82

DEGREE DAYS
 HEATING
  YESTERDAY        0      0      0        1
  MONTH TO DATE    0      0      0        1
  SINCE JUN 1      3      8     -5        1
  SINCE JUL 1      0      0      0        1

 COOLING
  YESTERDAY        8     12     -4        0
  MONTH TO DATE   23     24     -1        9
  SINCE JUN 1    363    299     64      327
  SINCE JAN 1    439    418     21      520
...............................................


WIND (MPH)
  HIGHEST WIND SPEED    15   HIGHEST WIND DIRECTION     E (90)
  HIGHEST GUST SPEED    21   HIGHEST GUST DIRECTION     E (100)
  AVERAGE WIND SPEED     6.2


SKY COVER
  AVERAGE SKY COVER 0.9


WEATHER CONDITIONS
 THE FOLLOWING WEATHER WAS RECORDED YESTERDAY.
  LIGHT RAIN
  FOG
  HAZE


RELATIVE HUMIDITY (PERCENT)
 HIGHEST    90
 LOWEST     79
 AVERAGE    85

..........................................................


THE LAWRENCE KS CLIMATE NORMALS FOR TODAY
                         NORMAL
 MAXIMUM TEMPERATURE (F)   88
 MINIMUM TEMPERATURE (F)   67


SUNRISE AND SUNSET
JULY  3 2015..........SUNRISE   600 AM CDT   SUNSET   850 PM CDT
JULY  4 2015..........SUNRISE   600 AM CDT   SUNSET   850 PM CDT


-  INDICATES NEGATIVE NUMBERS.
R  INDICATES RECORD WAS SET OR TIED.
MM INDICATES DATA IS MISSING.
T  INDICATES TRACE AMOUNT.




$$
