000
CDUS43 KTOP 280634
CLILWC


CLIMATE REPORT
NATIONAL WEATHER SERVICE TOPEKA KS
134 AM CDT THU AUG 28 2014


...................................

...THE LAWRENCE KS CLIMATE SUMMARY FOR AUGUST 27 2014...

CLIMATE NORMAL PERIOD 1981 TO 2010
CLIMATE RECORD PERIOD 9999 TO 9999


WEATHER ITEM   OBSERVED NORMAL DEPARTURE LAST
                VALUE   VALUE  FROM      YEAR
                               NORMAL
...............................................
TEMPERATURE (F)
 YESTERDAY
  MAXIMUM         91     88      3       96
  MINIMUM         74     63     11       70
  AVERAGE         83     75      8       83

PRECIPITATION (IN)
  YESTERDAY        T      0.15  -0.15     0.00
  MONTH TO DATE    4.32   3.80   0.52     3.25
  SINCE JUN 1     15.28  13.44   1.84     5.97
  SINCE JAN 1     22.94  27.33  -4.39    20.28

DEGREE DAYS
 HEATING
  YESTERDAY        0      0      0        0
  MONTH TO DATE    0      0      0        0
  SINCE JUN 1      1      9     -8       13
  SINCE JUL 1      1      1      0        0

 COOLING
  YESTERDAY       18     11      7       18
  MONTH TO DATE  408    345     63      304
  SINCE JUN 1   1042   1034      8     1020
  SINCE JAN 1   1235   1153     82     1147
...............................................


WIND (MPH)
  HIGHEST WIND SPEED    13   HIGHEST WIND DIRECTION     E (70)
  HIGHEST GUST SPEED    19   HIGHEST GUST DIRECTION     E (80)
  AVERAGE WIND SPEED     6.8


SKY COVER
  AVERAGE SKY COVER 0.1


WEATHER CONDITIONS
 THE FOLLOWING WEATHER WAS RECORDED YESTERDAY.
  THUNDERSTORM


RELATIVE HUMIDITY (PERCENT)
 HIGHEST    87
 LOWEST     52
 AVERAGE    70

..........................................................


THE LAWRENCE KS CLIMATE NORMALS FOR TODAY
                         NORMAL
 MAXIMUM TEMPERATURE (F)   88
 MINIMUM TEMPERATURE (F)   62


SUNRISE AND SUNSET
AUGUST 28 2014........SUNRISE   646 AM CDT   SUNSET   757 PM CDT
AUGUST 29 2014........SUNRISE   647 AM CDT   SUNSET   756 PM CDT


-  INDICATES NEGATIVE NUMBERS.
R  INDICATES RECORD WAS SET OR TIED.
MM INDICATES DATA IS MISSING.
T  INDICATES TRACE AMOUNT.




$$
