000
CDUS43 KTOP 252135
CLILWC


CLIMATE REPORT
NATIONAL WEATHER SERVICE TOPEKA KS
433 PM CDT SUN SEP 25 2016


...................................

...THE LAWRENCE KS CLIMATE SUMMARY FOR SEPTEMBER 25 2016...
VALID TODAY AS OF 430 PM LOCAL TIME.

CLIMATE NORMAL PERIOD 1981 TO 2010
CLIMATE RECORD PERIOD 9999 TO 9999


WEATHER ITEM   OBSERVED NORMAL DEPARTURE LAST
                VALUE   VALUE  FROM      YEAR
                               NORMAL
...............................................
TEMPERATURE (F)
 TODAY
  MAXIMUM         69     77     -8       85
  MINIMUM         60     51      9       60
  AVERAGE         65     64      1       73

PRECIPITATION (IN)
  TODAY            0.28   0.14   0.14     0.00
  MONTH TO DATE    6.12   3.53   2.59     3.21
  SINCE SEP 1      6.12   3.53   2.59     3.21
  SINCE JAN 1     29.71  31.39  -1.68    33.13

DEGREE DAYS
 HEATING
  TODAY            0      4     -4        0
  MONTH TO DATE    2     36    -34       16
  SINCE SEP 1      2     36    -34       16
  SINCE JUL 1      2     39    -37       18

 COOLING
  TODAY            0      3     -3        8
  MONTH TO DATE  221    140     81      239
  SINCE SEP 1    221    140     81      239
  SINCE JAN 1   1538   1331    207     1368
...............................................


WIND (MPH)
  HIGHEST WIND SPEED    23   HIGHEST WIND DIRECTION    NW (320)
  HIGHEST GUST SPEED    28   HIGHEST GUST DIRECTION    NW (310)
  AVERAGE WIND SPEED     8.0



WEATHER CONDITIONS
 THE FOLLOWING WEATHER WAS RECORDED TODAY.
  LIGHT RAIN
  FOG


RELATIVE HUMIDITY (PERCENT)
 HIGHEST   100
 LOWEST     73
 AVERAGE    87

..........................................................


THE LAWRENCE KS CLIMATE NORMALS FOR TOMORROW
                         NORMAL
 MAXIMUM TEMPERATURE (F)   77
 MINIMUM TEMPERATURE (F)   51


SUNRISE AND SUNSET
SEPTEMBER 25 2016.....SUNRISE   712 AM CDT   SUNSET   712 PM CDT
SEPTEMBER 26 2016.....SUNRISE   713 AM CDT   SUNSET   711 PM CDT


-  INDICATES NEGATIVE NUMBERS.
R  INDICATES RECORD WAS SET OR TIED.
MM INDICATES DATA IS MISSING.
T  INDICATES TRACE AMOUNT.




$$
