000
CDUS43 KTOP 270635
CLILWC


CLIMATE REPORT
NATIONAL WEATHER SERVICE TOPEKA KS
1233 AM CST TUE JAN 27 2015


...................................

...THE LAWRENCE KS CLIMATE SUMMARY FOR JANUARY 26 2015...

CLIMATE NORMAL PERIOD 1981 TO 2010
CLIMATE RECORD PERIOD 9999 TO 9999


WEATHER ITEM   OBSERVED NORMAL DEPARTURE LAST
                VALUE   VALUE  FROM      YEAR
                               NORMAL
...............................................
TEMPERATURE (F)
 YESTERDAY
  MAXIMUM         65     41     24       61
  MINIMUM         18     19     -1       21
  AVERAGE         42     30     12       41

PRECIPITATION (IN)
  YESTERDAY        0.00   0.05  -0.05     T
  MONTH TO DATE    0.05   0.80  -0.75     0.07
  SINCE DEC 1      1.91   2.27  -0.36     0.53
  SINCE JAN 1      0.05   0.80  -0.75     0.07

DEGREE DAYS
 HEATING
  YESTERDAY       23     35    -12       24
  MONTH TO DATE  953    931     22      982
  SINCE DEC 1   1887   1966    -79     2103
  SINCE JUL 1   3067   2974     93     3133

 COOLING
  YESTERDAY        0      0      0        0
  MONTH TO DATE    0      0      0        0
  SINCE DEC 1      0      0      0        0
  SINCE JAN 1      0      0      0        0
...............................................


WIND (MPH)
  HIGHEST WIND SPEED    21   HIGHEST WIND DIRECTION    NW (330)
  HIGHEST GUST SPEED    26   HIGHEST GUST DIRECTION    NW (310)
  AVERAGE WIND SPEED     6.6


SKY COVER
  AVERAGE SKY COVER 0.0


WEATHER CONDITIONS
 THE FOLLOWING WEATHER WAS RECORDED YESTERDAY.
  FOG
  HAZE


RELATIVE HUMIDITY (PERCENT)
 HIGHEST   100
 LOWEST     32
 AVERAGE    66

..........................................................


THE LAWRENCE KS CLIMATE NORMALS FOR TODAY
                         NORMAL
 MAXIMUM TEMPERATURE (F)   41
 MINIMUM TEMPERATURE (F)   19


SUNRISE AND SUNSET
JANUARY 27 2015.......SUNRISE   732 AM CST   SUNSET   536 PM CST
JANUARY 28 2015.......SUNRISE   731 AM CST   SUNSET   537 PM CST


-  INDICATES NEGATIVE NUMBERS.
R  INDICATES RECORD WAS SET OR TIED.
MM INDICATES DATA IS MISSING.
T  INDICATES TRACE AMOUNT.




$$
