000
CDUS46 KOTX 230833
CLILWS


CLIMATE REPORT
NATIONAL WEATHER SERVICE SPOKANE, WA
132 AM PDT TUE SEP 23 2014


...................................

...THE LEWISTON ID AIRPORT CLIMATE SUMMARY FOR SEPTEMBER 22 2014...

CLIMATE NORMAL PERIOD 1981 TO 2010
CLIMATE RECORD PERIOD 1881 TO 2014


WEATHER ITEM   OBSERVED TIME   RECORD YEAR NORMAL DEPARTURE LAST
                VALUE   (LST)  VALUE       VALUE  FROM      YEAR
                                                  NORMAL
..................................................................
TEMPERATURE (F)
 YESTERDAY
  MAXIMUM         83    243 PM  99    1966  76      7       71
  MINIMUM         62    606 AM  34    1955  49     13       54
  AVERAGE         73                        62     11       63

PRECIPITATION (IN)
  YESTERDAY        0.03          0.57 1926   0.02   0.01     0.09
  MONTH TO DATE    0.03                      0.48  -0.45     0.86
  SINCE OCT 1      9.23                     12.12  -2.89    11.41
  SINCE JAN 1      7.70                      9.01  -1.31     7.25

SNOWFALL (IN)
  YESTERDAY        0.0           T    1926   0.0    0.0      0.0
  MONTH TO DATE    0.0                       0.0    0.0      0.0
  SINCE SEP 1      0.0                       0.0    0.0      0.0
  SINCE JUL 1      0.0                       0.0    0.0      0.0
  SNOW DEPTH       0

DEGREE DAYS
 HEATING
  YESTERDAY        0                         5     -5        2
  MONTH TO DATE   13                        52    -39       14
  SINCE SEP 1     13                        52    -39       14
  SINCE JUL 1     13                        67    -54       14

 COOLING
  YESTERDAY        8                         2      6        0
  MONTH TO DATE   97                        79     18      184
  SINCE SEP 1     97                        79     18      184
  SINCE JAN 1   1067                       796    271     1178
..................................................................


WIND (MPH)
  HIGHEST WIND SPEED    23   HIGHEST WIND DIRECTION     W (250)
  HIGHEST GUST SPEED    30   HIGHEST GUST DIRECTION     W (250)
  AVERAGE WIND SPEED     4.8


SKY COVER
  POSSIBLE SUNSHINE  MM
  AVERAGE SKY COVER 0.2


WEATHER CONDITIONS
 THE FOLLOWING WEATHER WAS RECORDED YESTERDAY.
  RAIN
  LIGHT RAIN


RELATIVE HUMIDITY (PERCENT)
 HIGHEST    61          1100 PM
 LOWEST     31           300 PM
 AVERAGE    46

..........................................................


THE LEWISTON ID AIRPORT CLIMATE NORMALS FOR TODAY
                         NORMAL    RECORD    YEAR
 MAXIMUM TEMPERATURE (F)   75        97      2001
 MINIMUM TEMPERATURE (F)   49        31      2000


SUNRISE AND SUNSET
SEPTEMBER 23 2014.....SUNRISE   636 AM PDT   SUNSET   644 PM PDT
SEPTEMBER 24 2014.....SUNRISE   638 AM PDT   SUNSET   642 PM PDT


-  INDICATES NEGATIVE NUMBERS.
R  INDICATES RECORD WAS SET OR TIED.
MM INDICATES DATA IS MISSING.
T  INDICATES TRACE AMOUNT.




$$
