000
CDUS46 KOTX 310824
CLILWS


CLIMATE REPORT
NATIONAL WEATHER SERVICE SPOKANE, WA
122 AM PDT FRI JUL 31 2015


...................................

...THE LEWISTON ID AIRPORT CLIMATE SUMMARY FOR JULY 30 2015...

CLIMATE NORMAL PERIOD 1981 TO 2010
CLIMATE RECORD PERIOD 1881 TO 2015


WEATHER ITEM   OBSERVED TIME   RECORD YEAR NORMAL DEPARTURE LAST
                VALUE   (LST)  VALUE       VALUE  FROM      YEAR
                                                  NORMAL
..................................................................
TEMPERATURE (F)
 YESTERDAY
  MAXIMUM        102    458 PM 109    1929  92     10      104
  MINIMUM         61    459 AM  47    1950  61      0       69
  AVERAGE         82                        77      5       87

PRECIPITATION (IN)
  YESTERDAY        0.00          0.71 1964   0.01  -0.01     0.00
  MONTH TO DATE    0.02                      0.64  -0.62     0.26
  SINCE OCT 1     10.30                     10.93  -0.63     8.03
  SINCE JAN 1      6.11                      7.82  -1.71     6.50

SNOWFALL (IN)
  YESTERDAY        0.0           0.0  1995   0.0    0.0      0.0
  MONTH TO DATE    0.0                       0.0    0.0      0.0
  SINCE JUN 1      0.0                       0.0    0.0      0.0
  SINCE JUL 1      0.0                       0.0    0.0      0.0
  SNOW DEPTH       0

DEGREE DAYS
 HEATING
  YESTERDAY        0                         0      0        0
  MONTH TO DATE    0                         4     -4        0
  SINCE JUN 1      2                        74    -72       41
  SINCE JUL 1      0                         4     -4        0

 COOLING
  YESTERDAY       17                        12      5       22
  MONTH TO DATE  410                       288    122      461
  SINCE JUN 1    725                       386    339      551
  SINCE JAN 1    777                       418    359      579
..................................................................


WIND (MPH)
  HIGHEST WIND SPEED    12   HIGHEST WIND DIRECTION     W (290)
  HIGHEST GUST SPEED    16   HIGHEST GUST DIRECTION     W (290)
  AVERAGE WIND SPEED     5.4


SKY COVER
  POSSIBLE SUNSHINE  MM
  AVERAGE SKY COVER 0.0


WEATHER CONDITIONS
 THE FOLLOWING WEATHER WAS RECORDED YESTERDAY.
  NO SIGNIFICANT WEATHER WAS OBSERVED.


RELATIVE HUMIDITY (PERCENT)
 HIGHEST    46           500 AM
 LOWEST      9           200 PM
 AVERAGE    28

..........................................................


THE LEWISTON ID AIRPORT CLIMATE NORMALS FOR TODAY
                         NORMAL    RECORD    YEAR
 MAXIMUM TEMPERATURE (F)   92       109      1929
 MINIMUM TEMPERATURE (F)   61        47      1945


SUNRISE AND SUNSET
JULY 31 2015..........SUNRISE   528 AM PDT   SUNSET   820 PM PDT
AUGUST  1 2015........SUNRISE   529 AM PDT   SUNSET   819 PM PDT


-  INDICATES NEGATIVE NUMBERS.
R  INDICATES RECORD WAS SET OR TIED.
MM INDICATES DATA IS MISSING.
T  INDICATES TRACE AMOUNT.




$$
