000
CDUS46 KOTX 280830
CLILWS


CLIMATE REPORT
NATIONAL WEATHER SERVICE SPOKANE, WA
1230 AM PST FRI NOV 28 2014


...................................

...THE LEWISTON ID AIRPORT CLIMATE SUMMARY FOR NOVEMBER 27 2014...

CLIMATE NORMAL PERIOD 1981 TO 2010
CLIMATE RECORD PERIOD 1881 TO 2014


WEATHER ITEM   OBSERVED TIME   RECORD YEAR NORMAL DEPARTURE LAST
                VALUE   (LST)  VALUE       VALUE  FROM      YEAR
                                                  NORMAL
..................................................................
TEMPERATURE (F)
 YESTERDAY
  MAXIMUM         60    353 PM  65    1894  44     16       31
  MINIMUM         43    740 AM   2    1896  31     12       25
  AVERAGE         52                        37     15       28

PRECIPITATION (IN)
  YESTERDAY        0.00          0.36 1953   0.04  -0.04     0.00
  MONTH TO DATE    1.24                      1.07   0.17     0.69
  SINCE OCT 1      2.23                      2.03   0.20     0.78
  SINCE JAN 1     10.15                     11.23  -1.08     8.74

SNOWFALL (IN)
  YESTERDAY        0.0           1.5  1992   0.1   -0.1      0.0
  MONTH TO DATE    T                         1.5   -1.5       T
  SINCE SEP 1      T                         1.5   -1.5       T
  SINCE JUL 1      T                         1.5   -1.5       T
  SNOW DEPTH       0

DEGREE DAYS
 HEATING
  YESTERDAY       13                        28    -15       37
  MONTH TO DATE  651                       630     21      690
  SINCE SEP 1    896                      1140   -244     1258
  SINCE JUL 1    896                      1155   -259     1258

 COOLING
  YESTERDAY        0                         0      0        0
  MONTH TO DATE    0                         0      0        0
  SINCE SEP 1    125                        90     35      184
  SINCE JAN 1   1095                       807    288     1178
..................................................................


WIND (MPH)
  HIGHEST WIND SPEED    30   HIGHEST WIND DIRECTION     S (200)
  HIGHEST GUST SPEED    36   HIGHEST GUST DIRECTION     S (200)
  AVERAGE WIND SPEED     9.6


SKY COVER
  POSSIBLE SUNSHINE  MM
  AVERAGE SKY COVER 0.7


WEATHER CONDITIONS
 THE FOLLOWING WEATHER WAS RECORDED YESTERDAY.
  NO SIGNIFICANT WEATHER WAS OBSERVED.


RELATIVE HUMIDITY (PERCENT)
 HIGHEST    92           600 AM
 LOWEST     53          1000 PM
 AVERAGE    73

..........................................................


THE LEWISTON ID AIRPORT CLIMATE NORMALS FOR TODAY
                         NORMAL    RECORD    YEAR
 MAXIMUM TEMPERATURE (F)   43        60      1973
                                             1927
 MINIMUM TEMPERATURE (F)   31         0      1896


SUNRISE AND SUNSET
NOVEMBER 28 2014......SUNRISE   707 AM PST   SUNSET   405 PM PST
NOVEMBER 29 2014......SUNRISE   708 AM PST   SUNSET   404 PM PST


-  INDICATES NEGATIVE NUMBERS.
R  INDICATES RECORD WAS SET OR TIED.
MM INDICATES DATA IS MISSING.
T  INDICATES TRACE AMOUNT.




$$
