000
CDUS46 KOTX 240818
CLILWS


CLIMATE REPORT
NATIONAL WEATHER SERVICE SPOKANE, WA
116 AM PDT SUN MAY 24 2015


...................................

...THE LEWISTON ID AIRPORT CLIMATE SUMMARY FOR MAY 23 2015...

CLIMATE NORMAL PERIOD 1981 TO 2010
CLIMATE RECORD PERIOD 1881 TO 2015


WEATHER ITEM   OBSERVED TIME   RECORD YEAR NORMAL DEPARTURE LAST
                VALUE   (LST)  VALUE       VALUE  FROM      YEAR
                                                  NORMAL
..................................................................
TEMPERATURE (F)
 YESTERDAY
  MAXIMUM         79        MM  98    1940  73      6       84
  MINIMUM         56        MM  34    2013  49      7       56
                                      1964
  AVERAGE         68                        61      7       70

PRECIPITATION (IN)
  YESTERDAY        0.06          0.74 1899   0.05   0.01     0.03
  MONTH TO DATE    1.01                      1.16  -0.15     0.36
  SINCE OCT 1      8.96                      8.60   0.36     6.66
  SINCE JAN 1      4.77                      5.49  -0.72     5.13

SNOWFALL (IN)
  YESTERDAY        0.0           0.0  1995   0.0    0.0      0.0
  MONTH TO DATE    0.0                       0.0    0.0      0.0
  SINCE MAR 1      0.0                       0.7   -0.7      0.6
  SINCE JUL 1      1.5                      10.5   -9.0     16.5
  SNOW DEPTH       0

DEGREE DAYS
 HEATING
  YESTERDAY        0                         5     -5        0
  MONTH TO DATE   85                       182    -97      110
  SINCE MAR 1    982                      1207   -225     1110
  SINCE JUL 1   4204                      5062   -858     5271

 COOLING
  YESTERDAY        3                         1      2        5
  MONTH TO DATE   17                        20     -3       24
  SINCE MAR 1     18                        22     -4       24
  SINCE JAN 1     18                        22     -4       24
..................................................................


WIND (MPH)
  HIGHEST WIND SPEED    17   HIGHEST WIND DIRECTION    NW (330)
  HIGHEST GUST SPEED    21   HIGHEST GUST DIRECTION     W (290)
  AVERAGE WIND SPEED     7.4


SKY COVER
  POSSIBLE SUNSHINE  MM
  AVERAGE SKY COVER 0.2


WEATHER CONDITIONS
 THE FOLLOWING WEATHER WAS RECORDED YESTERDAY.
  THUNDERSTORM
  LIGHT RAIN


RELATIVE HUMIDITY (PERCENT)
 HIGHEST    86           400 AM
 LOWEST     39           300 PM
 AVERAGE    63

..........................................................


THE LEWISTON ID AIRPORT CLIMATE NORMALS FOR TODAY
                         NORMAL    RECORD    YEAR
 MAXIMUM TEMPERATURE (F)   73        99      1934
 MINIMUM TEMPERATURE (F)   49        37      1950


SUNRISE AND SUNSET
MAY 24 2015...........SUNRISE   505 AM PDT   SUNSET   825 PM PDT
MAY 25 2015...........SUNRISE   505 AM PDT   SUNSET   826 PM PDT


-  INDICATES NEGATIVE NUMBERS.
R  INDICATES RECORD WAS SET OR TIED.
MM INDICATES DATA IS MISSING.
T  INDICATES TRACE AMOUNT.




$$
