790
CDUS46 KOTX 110426
CLILWS


CLIMATE REPORT
NATIONAL WEATHER SERVICE SPOKANE, WA
826 PM PST WED FEB 10 2016


...................................

...THE LEWISTON ID AIRPORT CLIMATE SUMMARY FOR FEBRUARY 10 2016...
VALID TODAY AS OF 0800 PM LOCAL TIME.

CLIMATE NORMAL PERIOD 1981 TO 2010
CLIMATE RECORD PERIOD 1881 TO 2016


WEATHER ITEM   OBSERVED TIME   RECORD YEAR NORMAL DEPARTURE LAST
                VALUE   (LST)  VALUE       VALUE  FROM      YEAR
                                                  NORMAL
..................................................................
TEMPERATURE (F)
 TODAY
  MAXIMUM         54   1254 PM  66    1977  45      9       55
  MINIMUM         39    729 AM -10    1929  31      8       43
  AVERAGE         47                        38      9       49

PRECIPITATION (IN)
  TODAY            0.00          0.51 1926   0.03  -0.03     0.09
  MONTH TO DATE    0.02                      0.28  -0.26     1.07
  SINCE OCT 1      4.40                      4.47  -0.07     6.09
  SINCE JAN 1      0.95                      1.36  -0.41     1.90

DEGREE DAYS
 HEATING
  TODAY           18                        27     -9       16
  MONTH TO DATE  233                       275    -42      185
  SINCE DEC 1   1906                      2154   -248     1838
  SINCE JUL 1   2909                      3394   -485     2816

 COOLING
  TODAY            0                         0      0        0
  MONTH TO DATE    0                         0      0        0
  SINCE DEC 1      0                         0      0        0
  SINCE JAN 1      0                         0      0        0
..................................................................


WIND (MPH)
  HIGHEST WIND SPEED    20   HIGHEST WIND DIRECTION    SE (150)
  HIGHEST GUST SPEED    24   HIGHEST GUST DIRECTION    SE (150)
  AVERAGE WIND SPEED     7.2


SKY COVER
  POSSIBLE SUNSHINE  MM
  AVERAGE SKY COVER 0.2


WEATHER CONDITIONS
 THE FOLLOWING WEATHER WAS RECORDED TODAY.
  NO SIGNIFICANT WEATHER WAS OBSERVED.


RELATIVE HUMIDITY (PERCENT)
 HIGHEST    79           200 AM
 LOWEST     46           100 PM
 AVERAGE    63

..........................................................


THE LEWISTON ID AIRPORT CLIMATE NORMALS FOR TOMORROW
                         NORMAL    RECORD    YEAR
 MAXIMUM TEMPERATURE (F)   46        64      1990
 MINIMUM TEMPERATURE (F)   31       -12      1884


SUNRISE AND SUNSET
FEBRUARY 10 2016......SUNRISE   700 AM PST   SUNSET   506 PM PST
FEBRUARY 11 2016......SUNRISE   658 AM PST   SUNSET   507 PM PST


-  INDICATES NEGATIVE NUMBERS.
R  INDICATES RECORD WAS SET OR TIED.
MM INDICATES DATA IS MISSING.
T  INDICATES TRACE AMOUNT.




$$
