000
CDUS46 KOTX 272350
CLILWS


CLIMATE REPORT
NATIONAL WEATHER SERVICE SPOKANE, WA
449 PM PDT THU JUL 27 2017


...................................

...THE LEWISTON ID AIRPORT CLIMATE SUMMARY FOR JULY 27 2017...
VALID AS OF 0400 PM LOCAL TIME.

CLIMATE NORMAL PERIOD 1981 TO 2010
CLIMATE RECORD PERIOD 1881 TO 2017


WEATHER ITEM   OBSERVED TIME   RECORD YEAR NORMAL DEPARTURE LAST
                VALUE   (LST)  VALUE       VALUE  FROM      YEAR
                                                  NORMAL
..................................................................
TEMPERATURE (F)
 TODAY
  MAXIMUM         97    253 PM 117    1939  92      5       99
  MINIMUM         66    450 AM  48    1894  61      5       67
  AVERAGE         82                        77      5       83

PRECIPITATION (IN)
  TODAY            T             1.77 1909   0.01  -0.01     0.00
  MONTH TO DATE    0.01                      0.59  -0.58     1.57
  SINCE OCT 1     15.26                     10.88   4.38    12.85
  SINCE JAN 1     10.38                      7.77   2.61     9.40

SNOWFALL (IN)
  TODAY            0.0           0.0  1995   0.0    0.0      0.0
  MONTH TO DATE    0.0                       0.0    0.0      0.0
  SINCE JUN 1      0.0                       0.0    0.0      0.0
  SINCE JUL 1      0.0                       0.0    0.0      0.0
  SNOW DEPTH      MM

DEGREE DAYS
 HEATING
  TODAY            0                         0      0        0
  MONTH TO DATE    0                         4     -4        9
  SINCE JUN 1     37                        74    -37       66
  SINCE JUL 1      0                         4     -4        9

 COOLING
  TODAY           17                        12      5       18
  MONTH TO DATE  371                       252    119      206
  SINCE JUN 1    510                       350    160      382
  SINCE JAN 1    561                       382    179      422
..................................................................


WIND (MPH)
  HIGHEST WIND SPEED    12   HIGHEST WIND DIRECTION    NW (330)
  HIGHEST GUST SPEED    19   HIGHEST GUST DIRECTION    NW (330)
  AVERAGE WIND SPEED     3.5


SKY COVER
  POSSIBLE SUNSHINE  MM
  AVERAGE SKY COVER 0.1


WEATHER CONDITIONS
 THE FOLLOWING WEATHER WAS RECORDED TODAY.
  NO SIGNIFICANT WEATHER WAS OBSERVED.


RELATIVE HUMIDITY (PERCENT)
 HIGHEST    52
 LOWEST     18
 AVERAGE    35

..........................................................


THE LEWISTON ID AIRPORT CLIMATE NORMALS FOR TOMORROW
                         NORMAL    RECORD    YEAR
 MAXIMUM TEMPERATURE (F)   92       112      1939
 MINIMUM TEMPERATURE (F)   61        46      1955


SUNRISE AND SUNSET
JULY 27 2017..........SUNRISE   524 AM PDT   SUNSET   825 PM PDT
JULY 28 2017..........SUNRISE   525 AM PDT   SUNSET   823 PM PDT


-  INDICATES NEGATIVE NUMBERS.
R  INDICATES RECORD WAS SET OR TIED.
MM INDICATES DATA IS MISSING.
T  INDICATES TRACE AMOUNT.




$$
