882
CDUS46 KOTX 270824
CLILWS


CLIMATE REPORT
NATIONAL WEATHER SERVICE SPOKANE, WA
123 AM PDT WED JUL 27 2016


...................................

...THE LEWISTON ID AIRPORT CLIMATE SUMMARY FOR JULY 26 2016...

CLIMATE NORMAL PERIOD 1981 TO 2010
CLIMATE RECORD PERIOD 1881 TO 2016


WEATHER ITEM   OBSERVED TIME   RECORD YEAR NORMAL DEPARTURE LAST
                VALUE   (LST)  VALUE       VALUE  FROM      YEAR
                                                  NORMAL
..................................................................
TEMPERATURE (F)
 YESTERDAY
  MAXIMUM         98    502 PM 113    1928  92      6       80
  MINIMUM         65    454 AM  48    1908  61      4       62
  AVERAGE         82                        76      6       71

PRECIPITATION (IN)
  YESTERDAY        0.00          0.49 1918   0.02  -0.02     0.00
  MONTH TO DATE    1.57                      0.58   0.99     0.02
  SINCE OCT 1     12.85                     10.87   1.98    10.30
  SINCE JAN 1      9.40                      7.76   1.64     6.11

SNOWFALL (IN)
  YESTERDAY        0.0           0.0  1995   0.0    0.0      0.0
  MONTH TO DATE    0.0                       0.0    0.0      0.0
  SINCE JUN 1      0.0                       0.0    0.0      0.0
  SINCE JUL 1      0.0                       0.0    0.0      0.0
  SNOW DEPTH       0

DEGREE DAYS
 HEATING
  YESTERDAY        0                         0      0        0
  MONTH TO DATE    9                         4      5        0
  SINCE JUN 1     66                        74     -8        2
  SINCE JUL 1      9                         4      5        0

 COOLING
  YESTERDAY       17                        12      5        6
  MONTH TO DATE  188                       240    -52      376
  SINCE JUN 1    364                       338     26      691
  SINCE JAN 1    404                       370     34      743
..................................................................


WIND (MPH)
  HIGHEST WIND SPEED    12   HIGHEST WIND DIRECTION    SW (240)
  HIGHEST GUST SPEED    16   HIGHEST GUST DIRECTION    SW (230)
  AVERAGE WIND SPEED     3.4


SKY COVER
  POSSIBLE SUNSHINE  MM
  AVERAGE SKY COVER 0.0


WEATHER CONDITIONS
 THE FOLLOWING WEATHER WAS RECORDED YESTERDAY.
  HAZE


RELATIVE HUMIDITY (PERCENT)
 HIGHEST    56           500 AM
 LOWEST     18           500 PM
 AVERAGE    37

..........................................................


THE LEWISTON ID AIRPORT CLIMATE NORMALS FOR TODAY
                         NORMAL    RECORD    YEAR
 MAXIMUM TEMPERATURE (F)   92       117      1939
 MINIMUM TEMPERATURE (F)   61        48      1894


SUNRISE AND SUNSET
JULY 27 2016..........SUNRISE   524 AM PDT   SUNSET   824 PM PDT
JULY 28 2016..........SUNRISE   525 AM PDT   SUNSET   823 PM PDT


-  INDICATES NEGATIVE NUMBERS.
R  INDICATES RECORD WAS SET OR TIED.
MM INDICATES DATA IS MISSING.
T  INDICATES TRACE AMOUNT.




$$
