000
CDUS45 KTFX 240912
CLILWT


CLIMATE REPORT
NATIONAL WEATHER SERVICE GREAT FALLS MT
311 AM MDT SUN JUL 24 2016


...................................

...THE LEWISTOWN MT CLIMATE SUMMARY FOR JULY 23 2016...

CLIMATE NORMAL PERIOD 1981 TO 2010
CLIMATE RECORD PERIOD 1896 TO 2016


WEATHER ITEM   OBSERVED TIME   RECORD YEAR NORMAL DEPARTURE LAST
                VALUE   (LST)  VALUE       VALUE  FROM      YEAR
                                                  NORMAL
..................................................................
TEMPERATURE (F)
 YESTERDAY
  MAXIMUM         77    538 PM 104    1931  83     -6       76
  MINIMUM         53    336 AM  35    1896  51      2       56
  AVERAGE         65                        67     -2       66

PRECIPITATION (IN)
  YESTERDAY        0.00          0.43 2002   0.05  -0.05     0.13
  MONTH TO DATE    3.39                      1.51   1.88     0.80
  SINCE OCT 1     13.92                     13.35   0.57    11.41
  SINCE JAN 1     11.84                     10.85   0.99     9.10

SNOWFALL (IN)
  YESTERDAY       MM
  SNOW DEPTH       0

DEGREE DAYS
 HEATING
  YESTERDAY        0                         2     -2        0
  MONTH TO DATE   45                        63    -18       17
  SINCE JUN 1    135                       290   -155      103
  SINCE JUL 1     45                        63    -18       17

 COOLING
  YESTERDAY        0                         4     -4        1
  MONTH TO DATE   71                        60     11       79
  SINCE JUN 1    128                        80     48      154
  SINCE JAN 1    128                        82     46      154
..................................................................


WIND (MPH)
  HIGHEST WIND SPEED    25   HIGHEST WIND DIRECTION     W (280)
  HIGHEST GUST SPEED    33   HIGHEST GUST DIRECTION    NW (310)
  AVERAGE WIND SPEED    11.9


SKY COVER
  AVERAGE SKY COVER 0.0


WEATHER CONDITIONS
 THE FOLLOWING WEATHER WAS RECORDED YESTERDAY.
  NO SIGNIFICANT WEATHER WAS OBSERVED.


RELATIVE HUMIDITY (PERCENT)
 HIGHEST    77           200 AM
 LOWEST     31           500 PM
 AVERAGE    54

..........................................................


THE LEWISTOWN MT CLIMATE NORMALS FOR TODAY
                         NORMAL    RECORD    YEAR
 MAXIMUM TEMPERATURE (F)   83       101      1929
 MINIMUM TEMPERATURE (F)   52        33      1896


SUNRISE AND SUNSET
JULY 24 2016..........SUNRISE   548 AM MDT   SUNSET   900 PM MDT
JULY 25 2016..........SUNRISE   549 AM MDT   SUNSET   859 PM MDT


-  INDICATES NEGATIVE NUMBERS.
R  INDICATES RECORD WAS SET OR TIED.
MM INDICATES DATA IS MISSING.
T  INDICATES TRACE AMOUNT.




$$
