000
CDUS45 KTFX 240931
CLILWT


CLIMATE REPORT
NATIONAL WEATHER SERVICE GREAT FALLS MT
330 AM MDT MON APR 24 2017


...................................

...THE LEWISTOWN MT CLIMATE SUMMARY FOR APRIL 23 2017...

CLIMATE NORMAL PERIOD 1981 TO 2010
CLIMATE RECORD PERIOD 1896 TO 2017


WEATHER ITEM   OBSERVED TIME   RECORD YEAR NORMAL DEPARTURE LAST
                VALUE   (LST)  VALUE       VALUE  FROM      YEAR
                                                  NORMAL
..................................................................
TEMPERATURE (F)
 YESTERDAY
  MAXIMUM         60   1119 AM  83    2012  56      4       57
  MINIMUM         37   1039 PM  13    2013  31      6       43
                                      1931
  AVERAGE         49                        43      6       50

PRECIPITATION (IN)
  YESTERDAY        0.13          4.50 1900   0.05   0.08      T
  MONTH TO DATE    1.81                      1.01   0.80     1.03
  SINCE OCT 1      7.67                      5.51   2.16     5.31
  SINCE JAN 1      3.27                      3.01   0.26     3.23

SNOWFALL (IN)
  YESTERDAY       MM
  SNOW DEPTH       0

DEGREE DAYS
 HEATING
  YESTERDAY       16                        22     -6       15
  MONTH TO DATE  512                       565    -53      367
  SINCE MAR 1   1394                      1560   -166     1162
  SINCE JUL 1   7205                      7364   -159     6120

 COOLING
  YESTERDAY        0                         0      0        0
  MONTH TO DATE    0                         0      0        0
  SINCE MAR 1      0                         0      0        0
  SINCE JAN 1      0                         0      0        0
..................................................................


WIND (MPH)
  HIGHEST WIND SPEED    22   HIGHEST WIND DIRECTION    NW (300)
  HIGHEST GUST SPEED    26   HIGHEST GUST DIRECTION    NW (300)
  AVERAGE WIND SPEED     6.3


SKY COVER
  AVERAGE SKY COVER 0.5


WEATHER CONDITIONS
 THE FOLLOWING WEATHER WAS RECORDED YESTERDAY.
  HEAVY RAIN
  RAIN
  LIGHT RAIN
  FOG


RELATIVE HUMIDITY (PERCENT)
 HIGHEST   100          1000 PM
 LOWEST     40          1100 AM
 AVERAGE    70

..........................................................


THE LEWISTOWN MT CLIMATE NORMALS FOR TODAY
                         NORMAL    RECORD    YEAR
 MAXIMUM TEMPERATURE (F)   56        84      1910
 MINIMUM TEMPERATURE (F)   31        17      1958


SUNRISE AND SUNSET
APRIL 24 2017.........SUNRISE   613 AM MDT   SUNSET   819 PM MDT
APRIL 25 2017.........SUNRISE   612 AM MDT   SUNSET   821 PM MDT


-  INDICATES NEGATIVE NUMBERS.
R  INDICATES RECORD WAS SET OR TIED.
MM INDICATES DATA IS MISSING.
T  INDICATES TRACE AMOUNT.




$$
