000
CDUS45 KTFX 252230
CLILWT


CLIMATE REPORT
NATIONAL WEATHER SERVICE GREAT FALLS MT
430 PM MDT THU MAY 25 2017


...................................

...THE LEWISTOWN MT CLIMATE SUMMARY FOR MAY 25 2017...
VALID TODAY AS OF 0400 PM LOCAL TIME.

CLIMATE NORMAL PERIOD 1981 TO 2010
CLIMATE RECORD PERIOD 1896 TO 2017


WEATHER ITEM   OBSERVED TIME   RECORD YEAR NORMAL DEPARTURE LAST
                VALUE   (LST)  VALUE       VALUE  FROM      YEAR
                                                  NORMAL
..................................................................
TEMPERATURE (F)
 TODAY
  MAXIMUM         49    259 PM  92    1928  65    -16       64
  MINIMUM         40    709 AM  26    2004  40      0       36
  AVERAGE         45                        53     -8       50

PRECIPITATION (IN)
  TODAY            0.13          1.67 1980   0.11   0.02     0.21
  MONTH TO DATE    1.66                      2.17  -0.51     3.06
  SINCE OCT 1     10.18                      8.08   2.10     8.85
  SINCE JAN 1      5.78                      5.58   0.20     6.77

DEGREE DAYS
 HEATING
  TODAY           20                        12      8       15
  MONTH TO DATE  352                       397    -45      342
  SINCE MAR 1   1913                      2100   -187     1686
  SINCE JUL 1   7724                      7904   -180     6644

 COOLING
  TODAY            0                         0      0        0
  MONTH TO DATE    0                         0      0        0
  SINCE MAR 1      0                         0      0        0
  SINCE JAN 1      0                         0      0        0
..................................................................


WIND (MPH)
  HIGHEST WIND SPEED    30   HIGHEST WIND DIRECTION    NW (300)
  HIGHEST GUST SPEED    39   HIGHEST GUST DIRECTION     W (270)
  AVERAGE WIND SPEED    19.5


SKY COVER
  AVERAGE SKY COVER 1.0


WEATHER CONDITIONS
 THE FOLLOWING WEATHER WAS RECORDED TODAY.
  RAIN
  LIGHT RAIN
  FOG


RELATIVE HUMIDITY (PERCENT)
 HIGHEST    96
 LOWEST     40
 AVERAGE    68

..........................................................


THE LEWISTOWN MT CLIMATE NORMALS FOR TOMORROW
                         NORMAL    RECORD    YEAR
 MAXIMUM TEMPERATURE (F)   65        90      1936
 MINIMUM TEMPERATURE (F)   41        26      1975


SUNRISE AND SUNSET
MAY 25 2017...........SUNRISE   531 AM MDT   SUNSET   859 PM MDT
MAY 26 2017...........SUNRISE   531 AM MDT   SUNSET   900 PM MDT


-  INDICATES NEGATIVE NUMBERS.
R  INDICATES RECORD WAS SET OR TIED.
MM INDICATES DATA IS MISSING.
T  INDICATES TRACE AMOUNT.




$$
