000
CDUS45 KTFX 301017
CLILWT


CLIMATE REPORT
NATIONAL WEATHER SERVICE GREAT FALLS MT
416 AM MDT TUE JUN 30 2015


...................................

...THE LEWISTOWN MT CLIMATE SUMMARY FOR JUNE 29 2015...

CLIMATE NORMAL PERIOD 1981 TO 2010
CLIMATE RECORD PERIOD 1896 TO 2015


WEATHER ITEM   OBSERVED TIME   RECORD YEAR NORMAL DEPARTURE LAST
                VALUE   (LST)  VALUE       VALUE  FROM      YEAR
                                                  NORMAL
..................................................................
TEMPERATURE (F)
 YESTERDAY
  MAXIMUM         95    308 PM  96    1984  76     19       71
  MINIMUM         58    448 AM  31    1947  48     10       48
  AVERAGE         77                        62     15       60

PRECIPITATION (IN)
  YESTERDAY        T             1.07 1913   0.08  -0.08     0.00
  MONTH TO DATE    1.61                      3.00  -1.39     2.50
  SINCE OCT 1     10.61                     11.76  -1.15    10.04
  SINCE JAN 1      8.30                      9.26  -0.96     7.96

SNOWFALL (IN)
  YESTERDAY       MM
  SNOW DEPTH       0

DEGREE DAYS
 HEATING
  YESTERDAY        0                         5     -5        5
  MONTH TO DATE   86                       222   -136      278
  SINCE JUN 1     86                       222   -136      278
  SINCE JUL 1   7069                      8196  -1127     8626

 COOLING
  YESTERDAY       12                         1     11        0
  MONTH TO DATE   65                        15     50        1
  SINCE JUN 1     65                        15     50        1
  SINCE JAN 1     65                        17     48        1
..................................................................


WIND (MPH)
  HIGHEST WIND SPEED    29   HIGHEST WIND DIRECTION     S (180)
  HIGHEST GUST SPEED    36   HIGHEST GUST DIRECTION     S (180)
  AVERAGE WIND SPEED     9.1


SKY COVER
  AVERAGE SKY COVER 0.1


WEATHER CONDITIONS
 THE FOLLOWING WEATHER WAS RECORDED YESTERDAY.
  THUNDERSTORM
  LIGHT RAIN


RELATIVE HUMIDITY (PERCENT)
 HIGHEST    67           500 AM
 LOWEST     22           300 PM
 AVERAGE    45

..........................................................


THE LEWISTOWN MT CLIMATE NORMALS FOR TODAY
                         NORMAL    RECORD    YEAR
 MAXIMUM TEMPERATURE (F)   76        98      1990
 MINIMUM TEMPERATURE (F)   48        35      1988


SUNRISE AND SUNSET
JUNE 30 2015..........SUNRISE   526 AM MDT   SUNSET   917 PM MDT
JULY  1 2015..........SUNRISE   527 AM MDT   SUNSET   917 PM MDT


-  INDICATES NEGATIVE NUMBERS.
R  INDICATES RECORD WAS SET OR TIED.
MM INDICATES DATA IS MISSING.
T  INDICATES TRACE AMOUNT.




$$
