000
CDUS45 KTFX 230923
CLILWT


CLIMATE REPORT
NATIONAL WEATHER SERVICE GREAT FALLS MT
321 AM MDT TUE SEP 23 2014


...................................

...THE LEWISTOWN MT CLIMATE SUMMARY FOR SEPTEMBER 22 2014...

CLIMATE NORMAL PERIOD 1981 TO 2010
CLIMATE RECORD PERIOD 1896 TO 2014


WEATHER ITEM   OBSERVED TIME   RECORD YEAR NORMAL DEPARTURE LAST
                VALUE   (LST)  VALUE       VALUE  FROM      YEAR
                                                  NORMAL
..................................................................
TEMPERATURE (F)
 YESTERDAY
  MAXIMUM         80    136 PM  95    1905  66     14       68
  MINIMUM         45    436 AM  23    2000  39      6       46
  AVERAGE         63                        52     11       57

PRECIPITATION (IN)
  YESTERDAY        0.00          0.50 1909   0.04  -0.04     0.07
  MONTH TO DATE    0.33                      1.01  -0.68     1.46
  SINCE OCT 1     17.49                     16.51   0.98    22.03
  SINCE JAN 1     15.41                     14.01   1.40    19.52

SNOWFALL (IN)
  YESTERDAY       MM
  SNOW DEPTH       0

DEGREE DAYS
 HEATING
  YESTERDAY        2                        13    -11        8
  MONTH TO DATE  215                       203     12       81
  SINCE SEP 1    215                       203     12       81
  SINCE JUL 1    296                       361    -65      120

 COOLING
  YESTERDAY        0                         0      0        0
  MONTH TO DATE    4                        13     -9       47
  SINCE SEP 1      4                        13     -9       47
  SINCE JAN 1    285                       209     76      277
..................................................................


WIND (MPH)
  HIGHEST WIND SPEED    13   HIGHEST WIND DIRECTION    SE (120)
  HIGHEST GUST SPEED    13   HIGHEST GUST DIRECTION     S (190)
  AVERAGE WIND SPEED     5.0


SKY COVER
  AVERAGE SKY COVER 0.0


WEATHER CONDITIONS
 THE FOLLOWING WEATHER WAS RECORDED YESTERDAY.
  NO SIGNIFICANT WEATHER WAS OBSERVED.


RELATIVE HUMIDITY (PERCENT)
 HIGHEST    83           900 PM
 LOWEST     35           200 PM
 AVERAGE    59

..........................................................


THE LEWISTOWN MT CLIMATE NORMALS FOR TODAY
                         NORMAL    RECORD    YEAR
 MAXIMUM TEMPERATURE (F)   66        90      1966
 MINIMUM TEMPERATURE (F)   38        18      1926
                                             1926


SUNRISE AND SUNSET
SEPTEMBER 23 2014.....SUNRISE   706 AM MDT   SUNSET   713 PM MDT
SEPTEMBER 24 2014.....SUNRISE   707 AM MDT   SUNSET   711 PM MDT


-  INDICATES NEGATIVE NUMBERS.
R  INDICATES RECORD WAS SET OR TIED.
MM INDICATES DATA IS MISSING.
T  INDICATES TRACE AMOUNT.




$$
