000
CDUS45 KTFX 252330
CLILWT


CLIMATE REPORT
NATIONAL WEATHER SERVICE GREAT FALLS MT
430 PM MST SUN FEB 25 2018


...................................

...THE LEWISTOWN MT CLIMATE SUMMARY FOR FEBRUARY 25 2018...
VALID TODAY AS OF 0400 PM LOCAL TIME.

CLIMATE NORMAL PERIOD 1981 TO 2010
CLIMATE RECORD PERIOD 1896 TO 2018


WEATHER ITEM   OBSERVED TIME   RECORD YEAR NORMAL DEPARTURE LAST
                VALUE   (LST)  VALUE       VALUE  FROM      YEAR
                                                  NORMAL
..................................................................
TEMPERATURE (F)
 TODAY
  MAXIMUM         31    327 PM  64    1983  38     -7       28
  MINIMUM          5    137 AM -23    2011  17    -12        8
  AVERAGE         18                        27     -9       18

PRECIPITATION (IN)
  TODAY            0.00          0.40 1897   0.02  -0.02     0.00
  MONTH TO DATE    1.47                      0.39   1.08     0.56
  SINCE OCT 1      3.99                      3.46   0.53     5.31
  SINCE JAN 1      1.99                      0.96   1.03     0.91

DEGREE DAYS
 HEATING
  TODAY           47                        38      9       47
  MONTH TO DATE 1385                       987    398      926
  SINCE DEC 1   4018                      3564    454     3944
  SINCE JUL 1   5992                      5692    300     5670

 COOLING
  TODAY            0                         0      0        0
  MONTH TO DATE    0                         0      0        0
  SINCE DEC 1      0                         0      0        0
  SINCE JAN 1      0                         0      0        0
..................................................................


WIND (MPH)
  HIGHEST WIND SPEED    37   HIGHEST WIND DIRECTION    SW (230)
  HIGHEST GUST SPEED    47   HIGHEST GUST DIRECTION    SW (230)
  AVERAGE WIND SPEED    20.9


SKY COVER
  AVERAGE SKY COVER 0.2


WEATHER CONDITIONS
 THE FOLLOWING WEATHER WAS RECORDED TODAY.
  HAZE


RELATIVE HUMIDITY (PERCENT)
 HIGHEST    80
 LOWEST     63
 AVERAGE    72

..........................................................


THE LEWISTOWN MT CLIMATE NORMALS FOR TOMORROW
                         NORMAL    RECORD    YEAR
 MAXIMUM TEMPERATURE (F)   39        65      2016
                                             1921
 MINIMUM TEMPERATURE (F)   17       -19      1962


SUNRISE AND SUNSET
FEBRUARY 25 2018......SUNRISE   705 AM MST   SUNSET   558 PM MST
FEBRUARY 26 2018......SUNRISE   703 AM MST   SUNSET   559 PM MST


-  INDICATES NEGATIVE NUMBERS.
R  INDICATES RECORD WAS SET OR TIED.
MM INDICATES DATA IS MISSING.
T  INDICATES TRACE AMOUNT.




$$
