000
CDUS45 KTFX 260822
CLILWT


CLIMATE REPORT
NATIONAL WEATHER SERVICE GREAT FALLS MT
222 AM MDT WED JUL 26 2017


...................................

...THE LEWISTOWN MT CLIMATE SUMMARY FOR JULY 25 2017...

CLIMATE NORMAL PERIOD 1981 TO 2010
CLIMATE RECORD PERIOD 1896 TO 2017


WEATHER ITEM   OBSERVED TIME   RECORD YEAR NORMAL DEPARTURE LAST
                VALUE   (LST)  VALUE       VALUE  FROM      YEAR
                                                  NORMAL
..................................................................
TEMPERATURE (F)
 YESTERDAY
  MAXIMUM         83    405 PM 101    1933  83      0       86
  MINIMUM         48    515 AM  38    1948  52     -4       52
  AVERAGE         66                        67     -1       69

PRECIPITATION (IN)
  YESTERDAY        0.00          0.44 1955   0.06  -0.06     0.01
  MONTH TO DATE    0.18                      1.62  -1.44     3.40
  SINCE OCT 1     12.14                     13.46  -1.32    13.93
  SINCE JAN 1      7.74                     10.96  -3.22    11.85

SNOWFALL (IN)
  YESTERDAY       MM
  SNOW DEPTH       0

DEGREE DAYS
 HEATING
  YESTERDAY        0                         1     -1        0
  MONTH TO DATE    0                        65    -65       45
  SINCE JUN 1    168                       292   -124      135
  SINCE JUL 1      0                        65    -65       45

 COOLING
  YESTERDAY        1                         4     -3        4
  MONTH TO DATE  190                        68    122       75
  SINCE JUN 1    215                        88    127      132
  SINCE JAN 1    216                        90    126      132
..................................................................


WIND (MPH)
  HIGHEST WIND SPEED    17   HIGHEST WIND DIRECTION     E (90)
  HIGHEST GUST SPEED    23   HIGHEST GUST DIRECTION     E (80)
  AVERAGE WIND SPEED     7.5


SKY COVER
  AVERAGE SKY COVER 0.0


WEATHER CONDITIONS
 THE FOLLOWING WEATHER WAS RECORDED YESTERDAY.
  NO SIGNIFICANT WEATHER WAS OBSERVED.


RELATIVE HUMIDITY (PERCENT)
 HIGHEST    59           600 AM
 LOWEST     22           400 PM
 AVERAGE    41

..........................................................


THE LEWISTOWN MT CLIMATE NORMALS FOR TODAY
                         NORMAL    RECORD    YEAR
 MAXIMUM TEMPERATURE (F)   83        97      1933
 MINIMUM TEMPERATURE (F)   52        38      2005


SUNRISE AND SUNSET
JULY 26 2017..........SUNRISE   550 AM MDT   SUNSET   858 PM MDT
JULY 27 2017..........SUNRISE   551 AM MDT   SUNSET   857 PM MDT


-  INDICATES NEGATIVE NUMBERS.
R  INDICATES RECORD WAS SET OR TIED.
MM INDICATES DATA IS MISSING.
T  INDICATES TRACE AMOUNT.




$$
