000
CDUS45 KTFX 250848
CLILWT


CLIMATE REPORT
NATIONAL WEATHER SERVICE GREAT FALLS MT
247 AM MDT SAT MAR 25 2017


...................................

...THE LEWISTOWN MT CLIMATE SUMMARY FOR MARCH 24 2017...

CLIMATE NORMAL PERIOD 1981 TO 2010
CLIMATE RECORD PERIOD 1896 TO 2017


WEATHER ITEM   OBSERVED TIME   RECORD YEAR NORMAL DEPARTURE LAST
                VALUE   (LST)  VALUE       VALUE  FROM      YEAR
                                                  NORMAL
..................................................................
TEMPERATURE (F)
 YESTERDAY
  MAXIMUM         64    302 PM  71    2007  46     18       55
                                      1939
  MINIMUM         24    538 AM -27    1965  24      0       32
  AVERAGE         44                        35      9       44

PRECIPITATION (IN)
  YESTERDAY        0.00          0.50 1901   0.04  -0.04      T
  MONTH TO DATE    0.41                      0.69  -0.28     0.33
  SINCE OCT 1      5.84                      4.20   1.64     3.80
  SINCE JAN 1      1.44                      1.70  -0.26     1.72

SNOWFALL (IN)
  YESTERDAY       MM
  SNOW DEPTH       0

DEGREE DAYS
 HEATING
  YESTERDAY       21                        30     -9       21
  MONTH TO DATE  723                       796    -73      595
  SINCE MAR 1    723                       796    -73      595
  SINCE JUL 1   6534                      6600    -66     5553

 COOLING
  YESTERDAY        0                         0      0        0
  MONTH TO DATE    0                         0      0        0
  SINCE MAR 1      0                         0      0        0
  SINCE JAN 1      0                         0      0        0
..................................................................


WIND (MPH)
  HIGHEST WIND SPEED    28   HIGHEST WIND DIRECTION    SW (230)
  HIGHEST GUST SPEED    36   HIGHEST GUST DIRECTION    SW (230)
  AVERAGE WIND SPEED    11.0


SKY COVER
  AVERAGE SKY COVER 0.0


WEATHER CONDITIONS
 THE FOLLOWING WEATHER WAS RECORDED YESTERDAY.
  NO SIGNIFICANT WEATHER WAS OBSERVED.


RELATIVE HUMIDITY (PERCENT)
 HIGHEST    75           200 AM
 LOWEST     12           100 PM
 AVERAGE    44

..........................................................


THE LEWISTOWN MT CLIMATE NORMALS FOR TODAY
                         NORMAL    RECORD    YEAR
 MAXIMUM TEMPERATURE (F)   47        73      1999
 MINIMUM TEMPERATURE (F)   25       -20      1996


SUNRISE AND SUNSET
MARCH 25 2017.........SUNRISE   710 AM MDT   SUNSET   738 PM MDT
MARCH 26 2017.........SUNRISE   708 AM MDT   SUNSET   739 PM MDT


-  INDICATES NEGATIVE NUMBERS.
R  INDICATES RECORD WAS SET OR TIED.
MM INDICATES DATA IS MISSING.
T  INDICATES TRACE AMOUNT.




$$
