000
CDUS45 KTFX 130116
CLILWT


CLIMATE REPORT
NATIONAL WEATHER SERVICE GREAT FALLS MT
714 PM MDT SAT JUL 12 2014


...................................

...THE LEWISTOWN MT CLIMATE SUMMARY FOR JULY 12 2014...
VALID TODAY AS OF 0500 PM LOCAL TIME.

CLIMATE NORMAL PERIOD 1981 TO 2010
CLIMATE RECORD PERIOD 1896 TO 2014


WEATHER ITEM   OBSERVED TIME   RECORD YEAR NORMAL DEPARTURE LAST
                VALUE   (LST)  VALUE       VALUE  FROM      YEAR
                                                  NORMAL
..................................................................
TEMPERATURE (F)
 TODAY
  MAXIMUM         87    359 PM  99    2002  80      7       83
  MINIMUM         54    453 AM  36    2008  50      4       58
  AVERAGE         71                        65      6       71

PRECIPITATION (IN)
  TODAY            0.00          0.78 1943   0.07  -0.07     0.06
  MONTH TO DATE    0.12                      0.85  -0.73     1.00
  SINCE OCT 1     10.30                     12.69  -2.39    17.70
  SINCE JAN 1      8.22                     10.19  -1.97    15.19

SNOWFALL (IN)
  TODAY            0.0
  SNOW DEPTH       0

DEGREE DAYS
 HEATING
  TODAY            0                         3     -3        0
  MONTH TO DATE    5                        41    -36        6
  SINCE JUN 1    291                       268     23      226
  SINCE JUL 1      5                        41    -36        6

 COOLING
  TODAY            6                         3      3        6
  MONTH TO DATE   57                        26     31       52
  SINCE JUN 1     58                        46     12       68
  SINCE JAN 1     58                        48     10       71
..................................................................


WIND (MPH)
  HIGHEST WIND SPEED    12   HIGHEST WIND DIRECTION     N (20)
  HIGHEST GUST SPEED    17   HIGHEST GUST DIRECTION    NE (30)
  AVERAGE WIND SPEED     5.6


SKY COVER
  AVERAGE SKY COVER 0.0


WEATHER CONDITIONS
 THE FOLLOWING WEATHER WAS RECORDED TODAY.
  NO SIGNIFICANT WEATHER WAS OBSERVED.


RELATIVE HUMIDITY (PERCENT)
 HIGHEST    72
 LOWEST     18
 AVERAGE    45

..........................................................


THE LEWISTOWN MT CLIMATE NORMALS FOR TOMORROW
                         NORMAL    RECORD    YEAR
 MAXIMUM TEMPERATURE (F)   80       101      2002
 MINIMUM TEMPERATURE (F)   50        37      1909


SUNRISE AND SUNSET
JULY 12 2014..........SUNRISE   535 AM MDT   SUNSET   911 PM MDT
JULY 13 2014..........SUNRISE   536 AM MDT   SUNSET   911 PM MDT


-  INDICATES NEGATIVE NUMBERS.
R  INDICATES RECORD WAS SET OR TIED.
MM INDICATES DATA IS MISSING.
T  INDICATES TRACE AMOUNT.




$$
