000
CDUS45 KTFX 282322
CLILWT


CLIMATE REPORT
NATIONAL WEATHER SERVICE GREAT FALLS MT
420 PM MST FRI NOV 28 2014


...................................

...THE LEWISTOWN MT CLIMATE SUMMARY FOR NOVEMBER 28 2014...
VALID TODAY AS OF 0400 PM LOCAL TIME.

CLIMATE NORMAL PERIOD 1981 TO 2010
CLIMATE RECORD PERIOD 1896 TO 2014


WEATHER ITEM   OBSERVED TIME   RECORD YEAR NORMAL DEPARTURE LAST
                VALUE   (LST)  VALUE       VALUE  FROM      YEAR
                                                  NORMAL
..................................................................
TEMPERATURE (F)
 TODAY
  MAXIMUM         57   1136 AM  66    1901  38     19       52
  MINIMUM         46    659 AM -24    1897  16     30       20
  AVERAGE         52                        27     25       36

PRECIPITATION (IN)
  TODAY            0.00          0.38 1976   0.02  -0.02     0.00
  MONTH TO DATE    0.65                      0.67  -0.02     0.35
  SINCE OCT 1      1.51                      1.80  -0.29     1.42
  SINCE JAN 1     18.08                     16.15   1.93    21.83

SNOWFALL (IN)
  TODAY           MM
  SNOW DEPTH       T

DEGREE DAYS
 HEATING
  TODAY           13                        38    -25       29
  MONTH TO DATE  980                       913     67      930
  SINCE SEP 1   1681                      1893   -212     1893
  SINCE JUL 1   1762                      2051   -289     1932

 COOLING
  TODAY            0                         0      0        0
  MONTH TO DATE    0                         0      0        0
  SINCE SEP 1     14                        14      0       47
  SINCE JAN 1    295                       210     85      277
..................................................................


WIND (MPH)
  HIGHEST WIND SPEED    37   HIGHEST WIND DIRECTION    SW (240)
  HIGHEST GUST SPEED    44   HIGHEST GUST DIRECTION    SW (240)
  AVERAGE WIND SPEED    21.8


SKY COVER
  AVERAGE SKY COVER 0.0


WEATHER CONDITIONS
 THE FOLLOWING WEATHER WAS RECORDED TODAY.
  NO SIGNIFICANT WEATHER WAS OBSERVED.


RELATIVE HUMIDITY (PERCENT)
 HIGHEST    54
 LOWEST     38
 AVERAGE    46

..........................................................


THE LEWISTOWN MT CLIMATE NORMALS FOR TOMORROW
                         NORMAL    RECORD    YEAR
 MAXIMUM TEMPERATURE (F)   37        65      1924
 MINIMUM TEMPERATURE (F)   16       -11      1975


SUNRISE AND SUNSET
NOVEMBER 28 2014......SUNRISE   739 AM MST   SUNSET   432 PM MST
NOVEMBER 29 2014......SUNRISE   741 AM MST   SUNSET   432 PM MST


-  INDICATES NEGATIVE NUMBERS.
R  INDICATES RECORD WAS SET OR TIED.
MM INDICATES DATA IS MISSING.
T  INDICATES TRACE AMOUNT.




$$
