789
CDUS45 KTFX 221010
CLILWT


CLIMATE REPORT
NATIONAL WEATHER SERVICE GREAT FALLS MT
407 AM MDT FRI MAY 22 2015


...................................

...THE LEWISTOWN MT CLIMATE SUMMARY FOR MAY 21 2015...

CLIMATE NORMAL PERIOD 1981 TO 2010
CLIMATE RECORD PERIOD 1896 TO 2015


WEATHER ITEM   OBSERVED TIME   RECORD YEAR NORMAL DEPARTURE LAST
                VALUE   (LST)  VALUE       VALUE  FROM      YEAR
                                                  NORMAL
..................................................................
TEMPERATURE (F)
 YESTERDAY
  MAXIMUM         68    312 PM  89    1928  64      4       73
  MINIMUM         33    354 AM  24    1931  39     -6       38
  AVERAGE         51                        52     -1       56

PRECIPITATION (IN)
  YESTERDAY        0.00          1.74 1962   0.10  -0.10     0.00
  MONTH TO DATE    1.88                      1.75   0.13     1.24
  SINCE OCT 1      8.24                      7.66   0.58     7.08
  SINCE JAN 1      5.93                      5.16   0.77     5.00

SNOWFALL (IN)
  YESTERDAY        0.0
  SNOW DEPTH       0

DEGREE DAYS
 HEATING
  YESTERDAY       14                        14      0        9
  MONTH TO DATE  366                       346     20      402
  SINCE MAR 1   1693                      2049   -356     2236
  SINCE JUL 1   6891                      7853   -962     8292

 COOLING
  YESTERDAY        0                         0      0        0
  MONTH TO DATE    0                         0      0        0
  SINCE MAR 1      0                         0      0        0
  SINCE JAN 1      0                         0      0        0
..................................................................


WIND (MPH)
  HIGHEST WIND SPEED    26   HIGHEST WIND DIRECTION     E (90)
  HIGHEST GUST SPEED    31   HIGHEST GUST DIRECTION     E (90)
  AVERAGE WIND SPEED    12.0


SKY COVER
  AVERAGE SKY COVER 0.0


WEATHER CONDITIONS
 THE FOLLOWING WEATHER WAS RECORDED YESTERDAY.
  NO SIGNIFICANT WEATHER WAS OBSERVED.


RELATIVE HUMIDITY (PERCENT)
 HIGHEST    75           400 AM
 LOWEST     29           300 PM
 AVERAGE    52

..........................................................


THE LEWISTOWN MT CLIMATE NORMALS FOR TODAY
                         NORMAL    RECORD    YEAR
 MAXIMUM TEMPERATURE (F)   64        93      1928
 MINIMUM TEMPERATURE (F)   40        24      1930


SUNRISE AND SUNSET
MAY 22 2015...........SUNRISE   535 AM MDT   SUNSET   855 PM MDT
MAY 23 2015...........SUNRISE   534 AM MDT   SUNSET   856 PM MDT


-  INDICATES NEGATIVE NUMBERS.
R  INDICATES RECORD WAS SET OR TIED.
MM INDICATES DATA IS MISSING.
T  INDICATES TRACE AMOUNT.




$$
