000
CDUS43 KILX 290630
CLILWV


CLIMATE REPORT
NATIONAL WEATHER SERVICE LINCOLN IL
130 AM CDT FRI APR 29 2016


...................................

...THE LAWRENCEVILLE IL AIRPORT CLIMATE SUMMARY FOR APRIL 28 2016...

CLIMATE NORMAL PERIOD 1981 TO 2010
CLIMATE RECORD PERIOD 9999 TO 9999


WEATHER ITEM   OBSERVED TIME   RECORD YEAR NORMAL DEPARTURE LAST
                VALUE   (LST)  VALUE       VALUE  FROM      YEAR
                                                  NORMAL
..................................................................
TEMPERATURE (F)
 YESTERDAY
  MAXIMUM         76    200 PM  MM      MM  71      5       66
  MINIMUM         56   1159 PM  MM      MM  50      6       41
  AVERAGE         66                        60      6       54

PRECIPITATION (IN)
  YESTERDAY        T            MM      MM   0.21  -0.21     0.00
  MONTH TO DATE    4.63                      3.72   0.91     6.11
  SINCE MAR 1      8.79                      7.15   1.64    10.98
  SINCE JAN 1     13.03                     11.54   1.49    13.48

DEGREE DAYS
 HEATING
  YESTERDAY        0                         6     -6       11
  MONTH TO DATE  275                       285    -10      235
  SINCE MAR 1    718                       907   -189      960
  SINCE JUL 1   3945                      4582   -637     5234

 COOLING
  YESTERDAY        1                         1      0        0
  MONTH TO DATE   21                        22     -1        7
  SINCE MAR 1     21                        24     -3        7
  SINCE JAN 1     21                        24     -3        7
..................................................................


WIND (MPH)
  HIGHEST WIND SPEED    18   HIGHEST WIND DIRECTION     W (290)
  HIGHEST GUST SPEED    25   HIGHEST GUST DIRECTION     W (290)
  AVERAGE WIND SPEED    10.0


SKY COVER
  POSSIBLE SUNSHINE  MM
  AVERAGE SKY COVER 0.5


WEATHER CONDITIONS
 THE FOLLOWING WEATHER WAS RECORDED YESTERDAY.
  FOG


RELATIVE HUMIDITY (PERCENT)
 HIGHEST   100           500 AM
 LOWEST     44           100 PM
 AVERAGE    72

..........................................................


THE LAWRENCEVILLE IL AIRPORT CLIMATE NORMALS FOR TODAY
                         NORMAL    RECORD    YEAR
 MAXIMUM TEMPERATURE (F)   71        MM        MM
 MINIMUM TEMPERATURE (F)   50        MM        MM


SUNRISE AND SUNSET
APRIL 29 2016.........SUNRISE   555 AM CDT   SUNSET   741 PM CDT
APRIL 30 2016.........SUNRISE   553 AM CDT   SUNSET   742 PM CDT


-  INDICATES NEGATIVE NUMBERS.
R  INDICATES RECORD WAS SET OR TIED.
MM INDICATES DATA IS MISSING.
T  INDICATES TRACE AMOUNT.




$$
