000
CDUS43 KILX 292149
CLILWV


CLIMATE REPORT
NATIONAL WEATHER SERVICE LINCOLN IL
448 PM CDT MON MAY 29 2017


...................................

...THE LAWRENCEVILLE IL AIRPORT CLIMATE SUMMARY FOR MAY 29 2017...
VALID TODAY AS OF 0400 PM LOCAL TIME.

CLIMATE NORMAL PERIOD 1981 TO 2010
CLIMATE RECORD PERIOD 9999 TO 9999


WEATHER ITEM   OBSERVED TIME   RECORD YEAR NORMAL DEPARTURE LAST
                VALUE   (LST)  VALUE       VALUE  FROM      YEAR
                                                  NORMAL
..................................................................
TEMPERATURE (F)
 TODAY
  MAXIMUM         86    228 PM  MM      MM  81      5       88
  MINIMUM         59    300 AM  MM      MM  59      0       67
  AVERAGE         73                        70      3       78

PRECIPITATION (IN)
  TODAY            0.00         MM      MM   0.13  -0.13     0.00
  MONTH TO DATE    5.90                      5.32   0.58     4.17
  SINCE MAR 1     13.66                     12.91   0.75    13.43
  SINCE JAN 1     17.81                     17.30   0.51    17.67

DEGREE DAYS
 HEATING
  TODAY            0                         1     -1        0
  MONTH TO DATE   92                        80     12      115
  SINCE MAR 1    826                       996   -170      842
  SINCE JUL 1   3881                      4671   -790     4069

 COOLING
  TODAY            8                         6      2       13
  MONTH TO DATE  114                       100     14       76
  SINCE MAR 1    161                       126     35       97
  SINCE JAN 1    161                       126     35       97
..................................................................


WIND (MPH)
  HIGHEST WIND SPEED    23   HIGHEST WIND DIRECTION    SW (240)
  HIGHEST GUST SPEED    27   HIGHEST GUST DIRECTION    SW (230)
  AVERAGE WIND SPEED     9.1


SKY COVER
  POSSIBLE SUNSHINE  MM
  AVERAGE SKY COVER 0.1


WEATHER CONDITIONS
 THE FOLLOWING WEATHER WAS RECORDED TODAY.
  NO SIGNIFICANT WEATHER WAS OBSERVED.


RELATIVE HUMIDITY (PERCENT)
 HIGHEST    93           300 AM
 LOWEST     25           200 PM
 AVERAGE    59

..........................................................


THE LAWRENCEVILLE IL AIRPORT CLIMATE NORMALS FOR TOMORROW
                         NORMAL    RECORD    YEAR
 MAXIMUM TEMPERATURE (F)   81        MM        MM
 MINIMUM TEMPERATURE (F)   59        MM        MM


SUNRISE AND SUNSET
MAY 29 2017...........SUNRISE   529 AM CDT   SUNSET   808 PM CDT
MAY 30 2017...........SUNRISE   528 AM CDT   SUNSET   808 PM CDT


-  INDICATES NEGATIVE NUMBERS.
R  INDICATES RECORD WAS SET OR TIED.
MM INDICATES DATA IS MISSING.
T  INDICATES TRACE AMOUNT.




$$
