000
CDUS43 KILX 212131
CLILWV


CLIMATE REPORT
NATIONAL WEATHER SERVICE LINCOLN IL
430 PM CDT SUN SEP 21 2014


...................................

...THE LAWRENCEVILLE IL AIRPORT CLIMATE SUMMARY FOR SEPTEMBER 21 2014...
VALID TODAY AS OF 0400 PM LOCAL TIME.

CLIMATE NORMAL PERIOD 1981 TO 2010
CLIMATE RECORD PERIOD 9999 TO 9999


WEATHER ITEM   OBSERVED TIME   RECORD YEAR NORMAL DEPARTURE LAST
                VALUE   (LST)  VALUE       VALUE  FROM      YEAR
                                                  NORMAL
..................................................................
TEMPERATURE (F)
 TODAY
  MAXIMUM         79    211 PM  MM      MM  80     -1       75
  MINIMUM         67    736 AM  MM      MM  55     12       54
  AVERAGE         73                        67      6       65

PRECIPITATION (IN)
  TODAY            0.14         MM      MM   0.09   0.05     0.00
  MONTH TO DATE    2.93                      2.19   0.74     0.58
  SINCE SEP 1      2.93                      2.19   0.74     0.58
  SINCE JAN 1     31.73                     31.54   0.19    42.22

DEGREE DAYS
 HEATING
  TODAY            0                         2     -2        0
  MONTH TO DATE   46                        10     36        7
  SINCE SEP 1     46                        10     36        7
  SINCE JUL 1     46                        11     35       12

 COOLING
  TODAY            8                         4      4        0
  MONTH TO DATE   97                       141    -44      165
  SINCE SEP 1     97                       141    -44      165
  SINCE JAN 1   1170                      1324   -154     1220
..................................................................


WIND (MPH)
  HIGHEST WIND SPEED    26   HIGHEST WIND DIRECTION     W (290)
  HIGHEST GUST SPEED    34   HIGHEST GUST DIRECTION     W (280)
  AVERAGE WIND SPEED    13.7


SKY COVER
  POSSIBLE SUNSHINE  MM
  AVERAGE SKY COVER 0.3


WEATHER CONDITIONS
 THE FOLLOWING WEATHER WAS RECORDED TODAY.
  THUNDERSTORM
  HEAVY RAIN
  RAIN
  LIGHT RAIN
  FOG


RELATIVE HUMIDITY (PERCENT)
 HIGHEST    93           300 AM
 LOWEST     35           200 PM
 AVERAGE    64

..........................................................


THE LAWRENCEVILLE IL AIRPORT CLIMATE NORMALS FOR TOMORROW
                         NORMAL    RECORD    YEAR
 MAXIMUM TEMPERATURE (F)   80        MM        MM
 MINIMUM TEMPERATURE (F)   54        MM        MM


SUNRISE AND SUNSET
SEPTEMBER 21 2014.....SUNRISE   637 AM CDT   SUNSET   649 PM CDT
SEPTEMBER 22 2014.....SUNRISE   638 AM CDT   SUNSET   647 PM CDT


-  INDICATES NEGATIVE NUMBERS.
R  INDICATES RECORD WAS SET OR TIED.
MM INDICATES DATA IS MISSING.
T  INDICATES TRACE AMOUNT.




$$
