000
CDUS41 KRNK 281054
CLILYH


CLIMATE REPORT
NATIONAL WEATHER SERVICE BLACKSBURG VA
535 AM EST WED JAN 28 2015


...................................

...THE LYNCHBURG VA CLIMATE SUMMARY FOR JANUARY 27 2015...

CLIMATE NORMAL PERIOD 1981 TO 2010
CLIMATE RECORD PERIOD 1893 TO 2015


WEATHER ITEM   OBSERVED TIME   RECORD YEAR NORMAL DEPARTURE LAST
                VALUE   (LST)  VALUE       VALUE  FROM      YEAR
                                                  NORMAL
..................................................................
TEMPERATURE (F)
 YESTERDAY
  MAXIMUM         42    337 PM  74    1944  46     -4       58
  MINIMUM         25   1149 PM   3    1982  25      0       23
  AVERAGE         34                        36     -2       41

PRECIPITATION (IN)
  YESTERDAY        0.00          1.70 1998   0.10  -0.10     0.00
  MONTH TO DATE    1.86                      2.72  -0.86     3.25
  SINCE DEC 1      4.98                      5.96  -0.98     8.94
  SINCE JAN 1      1.86                      2.72  -0.86     3.25

SNOWFALL (IN)
  YESTERDAY        0.0
  MONTH TO DATE    0.1
  SINCE DEC 1      0.1
  SINCE JUL 1      0.1
  SNOW DEPTH       0

DEGREE DAYS
 HEATING
  YESTERDAY       31                        29      2       24
  MONTH TO DATE  815                       809      6      916
  SINCE DEC 1   1569                      1660    -91     1652
  SINCE JUL 1   2545                      2554     -9     2570

 COOLING
  YESTERDAY        0                         0      0        0
  MONTH TO DATE    0                         0      0        0
  SINCE DEC 1      0                         0      0        0
  SINCE JAN 1      0                         0      0        0
..................................................................


WIND (MPH)
  HIGHEST WIND SPEED    13   HIGHEST WIND DIRECTION    NW (320)
  HIGHEST GUST SPEED    21   HIGHEST GUST DIRECTION    NW (330)
  AVERAGE WIND SPEED     6.1


SKY COVER
  POSSIBLE SUNSHINE  MM
  AVERAGE SKY COVER 0.3


WEATHER CONDITIONS
 THE FOLLOWING WEATHER WAS RECORDED YESTERDAY.
  NO SIGNIFICANT WEATHER WAS OBSERVED.


RELATIVE HUMIDITY (PERCENT)
 HIGHEST    69          1200 AM
 LOWEST     23           300 PM
 AVERAGE    46

..........................................................


THE LYNCHBURG VA CLIMATE NORMALS FOR TODAY
                         NORMAL    RECORD    YEAR
 MAXIMUM TEMPERATURE (F)   46        77      1944
 MINIMUM TEMPERATURE (F)   25         4      1963
                                             1935


SUNRISE AND SUNSET
JANUARY 28 2015.......SUNRISE   723 AM EST   SUNSET   537 PM EST
JANUARY 29 2015.......SUNRISE   722 AM EST   SUNSET   538 PM EST


-  INDICATES NEGATIVE NUMBERS.
R  INDICATES RECORD WAS SET OR TIED.
MM INDICATES DATA IS MISSING.
T  INDICATES TRACE AMOUNT.




$$
