347
CDUS41 KRNK 080809
CLILYH


CLIMATE REPORT
NATIONAL WEATHER SERVICE BLACKSBURG VA
308 AM EST THU DEC 8 2016


...................................

...THE LYNCHBURG VA CLIMATE SUMMARY FOR DECEMBER 7 2016...

CLIMATE NORMAL PERIOD 1981 TO 2010
CLIMATE RECORD PERIOD 1893 TO 2016


WEATHER ITEM   OBSERVED TIME   RECORD YEAR NORMAL DEPARTURE LAST
                VALUE   (LST)  VALUE       VALUE  FROM      YEAR
                                                  NORMAL
..................................................................
TEMPERATURE (F)
 YESTERDAY
  MAXIMUM         56    325 PM  79    1998  50      6       61
  MINIMUM         30    710 AM   8    2002  29      1       28
  AVERAGE         43                        39      4       45

PRECIPITATION (IN)
  YESTERDAY        0.00          1.80 2011   0.12  -0.12     0.03
  MONTH TO DATE    1.62                      0.81   0.81     1.56
  SINCE DEC 1      1.62                      0.81   0.81     1.56
  SINCE JAN 1     41.02                     39.14   1.88    41.89

SNOWFALL (IN)
  YESTERDAY        0.0                                       0.0
  MONTH TO DATE    0.0                                       0.0
  SINCE DEC 1      0.0                                       0.0
  SINCE JUL 1      0.0                                       0.0
  SNOW DEPTH       0

DEGREE DAYS
 HEATING
  YESTERDAY       22                        26     -4       20
  MONTH TO DATE  165                       173     -8      156
  SINCE DEC 1    165                       173     -8      156
  SINCE JUL 1    795                      1067   -272      866

 COOLING
  YESTERDAY        0                         0      0        0
  MONTH TO DATE    0                         0      0        0
  SINCE DEC 1      0                         0      0        0
  SINCE JAN 1   1358                      1032    326     1194
..................................................................


WIND (MPH)
  HIGHEST WIND SPEED     9   HIGHEST WIND DIRECTION     W (250)
  HIGHEST GUST SPEED    14   HIGHEST GUST DIRECTION     W (270)
  AVERAGE WIND SPEED     1.2


SKY COVER
  AVERAGE SKY COVER 0.1


WEATHER CONDITIONS
 THE FOLLOWING WEATHER WAS RECORDED YESTERDAY.
  FOG
  FOG W/VISIBILITY <= 1/4 MILE


RELATIVE HUMIDITY (PERCENT)
 HIGHEST   100          1200 AM
 LOWEST     38           400 PM
 AVERAGE    69

..........................................................


THE LYNCHBURG VA CLIMATE NORMALS FOR TODAY
                         NORMAL    RECORD    YEAR
 MAXIMUM TEMPERATURE (F)   50        74      1980
 MINIMUM TEMPERATURE (F)   29         9      2010


SUNRISE AND SUNSET
DECEMBER  8 2016......SUNRISE   719 AM EST   SUNSET   459 PM EST
DECEMBER  9 2016......SUNRISE   720 AM EST   SUNSET   459 PM EST


-  INDICATES NEGATIVE NUMBERS.
R  INDICATES RECORD WAS SET OR TIED.
MM INDICATES DATA IS MISSING.
T  INDICATES TRACE AMOUNT.




$$
