600
CDUS41 KRNK 190801
CLILYH


CLIMATE REPORT
NATIONAL WEATHER SERVICE BLACKSBURG VA
300 AM EST FRI JAN 19 2018


...................................

...THE LYNCHBURG VA CLIMATE SUMMARY FOR JANUARY 18 2018...

CLIMATE NORMAL PERIOD 1981 TO 2010
CLIMATE RECORD PERIOD 1893 TO 2018


WEATHER ITEM   OBSERVED TIME   RECORD YEAR NORMAL DEPARTURE LAST
                VALUE   (LST)  VALUE       VALUE  FROM      YEAR
                                                  NORMAL
..................................................................
TEMPERATURE (F)
 YESTERDAY
  MAXIMUM         39    423 PM  70    1990  45     -6       59
  MINIMUM          8    544 AM  -3    1893  25    -17       36
  AVERAGE         24                        35    -11       48

PRECIPITATION (IN)
  YESTERDAY        0.00          1.40 1980   0.10  -0.10     0.05
  MONTH TO DATE    1.80                      1.81  -0.01     1.68
  SINCE DEC 1      2.49                      5.05  -2.56     4.78
  SINCE JAN 1      1.80                      1.81  -0.01     1.68

SNOWFALL (IN)
  YESTERDAY        0.0                                       0.0
  MONTH TO DATE    4.0                                       5.9
  SINCE DEC 1      5.5                                       5.9
  SINCE JUL 1      5.5                                       5.9
  SNOW DEPTH       3

DEGREE DAYS
 HEATING
  YESTERDAY       41                        30     11       17
  MONTH TO DATE  670                       540    130      489
  SINCE DEC 1   1522                      1391    131     1298
  SINCE JUL 1   2337                      2285     52     1928

 COOLING
  YESTERDAY        0                         0      0        0
  MONTH TO DATE    0                         0      0        0
  SINCE DEC 1      0                         0      0        0
  SINCE JAN 1      0                         0      0        0
..................................................................


WIND (MPH)
  HIGHEST WIND SPEED    14   HIGHEST WIND DIRECTION     W (260)
  HIGHEST GUST SPEED    20   HIGHEST GUST DIRECTION    NW (320)
  AVERAGE WIND SPEED     5.7


SKY COVER
  AVERAGE SKY COVER 0.1


WEATHER CONDITIONS
 THE FOLLOWING WEATHER WAS RECORDED YESTERDAY.
  NO SIGNIFICANT WEATHER WAS OBSERVED.


RELATIVE HUMIDITY (PERCENT)
 HIGHEST    73           600 AM
 LOWEST     27           400 PM
 AVERAGE    50

..........................................................


THE LYNCHBURG VA CLIMATE NORMALS FOR TODAY
                         NORMAL    RECORD    YEAR
 MAXIMUM TEMPERATURE (F)   45        70      1907
 MINIMUM TEMPERATURE (F)   25        -4      1994


SUNRISE AND SUNSET
JANUARY 19 2018.......SUNRISE   728 AM EST   SUNSET   527 PM EST
JANUARY 20 2018.......SUNRISE   728 AM EST   SUNSET   528 PM EST


-  INDICATES NEGATIVE NUMBERS.
R  INDICATES RECORD WAS SET OR TIED.
MM INDICATES DATA IS MISSING.
T  INDICATES TRACE AMOUNT.




$$
