000
CDUS41 KRNK 300632
CLILYH


CLIMATE REPORT
NATIONAL WEATHER SERVICE BLACKSBURG VA
229 AM EDT SUN AUG 30 2015


...................................

...THE LYNCHBURG VA CLIMATE SUMMARY FOR AUGUST 29 2015...

CLIMATE NORMAL PERIOD 1981 TO 2010
CLIMATE RECORD PERIOD 1893 TO 2015


WEATHER ITEM   OBSERVED TIME   RECORD YEAR NORMAL DEPARTURE LAST
                VALUE   (LST)  VALUE       VALUE  FROM      YEAR
                                                  NORMAL
..................................................................
TEMPERATURE (F)
 YESTERDAY
  MAXIMUM         84    200 PM  98    1953  84      0       79
  MINIMUM         57    553 AM  47    1986  61     -4       63
  AVERAGE         71                        73     -2       71

PRECIPITATION (IN)
  YESTERDAY        0.00          1.69 1988   0.10  -0.10     0.00
  MONTH TO DATE    1.98                      3.04  -1.06     4.78
  SINCE JUN 1     11.36                     11.02   0.34    12.97
  SINCE JAN 1     24.74                     27.71  -2.97    33.99

SNOWFALL (IN)
  YESTERDAY        0.0                                       0.0
  MONTH TO DATE    0.0                                       0.0
  SINCE JUN 1      0.0                                       0.0
  SINCE JUL 1      0.0                                       0.0
  SNOW DEPTH       0

DEGREE DAYS
 HEATING
  YESTERDAY        0                         0      0        0
  MONTH TO DATE    0                         0      0        0
  SINCE JUN 1     13                        15     -2        1
  SINCE JUL 1      0                         1     -1        0

 COOLING
  YESTERDAY        6                         8     -2        6
  MONTH TO DATE  251                       270    -19      145
  SINCE JUN 1    858                       802     56      690
  SINCE JAN 1   1006                       884    122      804
..................................................................


WIND (MPH)
  HIGHEST WIND SPEED    14   HIGHEST WIND DIRECTION     S (160)
  HIGHEST GUST SPEED    18   HIGHEST GUST DIRECTION    SW (210)
  AVERAGE WIND SPEED     2.8


SKY COVER
  AVERAGE SKY COVER 0.1


WEATHER CONDITIONS
 THE FOLLOWING WEATHER WAS RECORDED YESTERDAY.
  FOG


RELATIVE HUMIDITY (PERCENT)
 HIGHEST   100           500 AM
 LOWEST     43          1200 PM
 AVERAGE    72

..........................................................


THE LYNCHBURG VA CLIMATE NORMALS FOR TODAY
                         NORMAL    RECORD    YEAR
 MAXIMUM TEMPERATURE (F)   84       101      1932
 MINIMUM TEMPERATURE (F)   61        45      1965


SUNRISE AND SUNSET
AUGUST 30 2015........SUNRISE   645 AM EDT   SUNSET   749 PM EDT
AUGUST 31 2015........SUNRISE   646 AM EDT   SUNSET   747 PM EDT


-  INDICATES NEGATIVE NUMBERS.
R  INDICATES RECORD WAS SET OR TIED.
MM INDICATES DATA IS MISSING.
T  INDICATES TRACE AMOUNT.

$$

RAB
