000
CDUS41 KRNK 232231
CLILYH


CLIMATE REPORT
NATIONAL WEATHER SERVICE BLACKSBURG VA
525 PM EST SUN NOV 23 2014


...................................

...THE LYNCHBURG VA CLIMATE SUMMARY FOR NOVEMBER 23 2014...
VALID TODAY AS OF 0500 PM LOCAL TIME.

CLIMATE NORMAL PERIOD 1981 TO 2010
CLIMATE RECORD PERIOD 1893 TO 2014


WEATHER ITEM   OBSERVED TIME   RECORD YEAR NORMAL DEPARTURE LAST
                VALUE   (LST)  VALUE       VALUE  FROM      YEAR
                                                  NORMAL
..................................................................
TEMPERATURE (F)
 TODAY
  MAXIMUM         50    203 PM  79    1900  55     -5       60
  MINIMUM         26    107 AM  15    1964  33     -7       35
  AVERAGE         38                        44     -6       48

PRECIPITATION (IN)
  TODAY            0.02          1.32 1901   0.11  -0.09     0.00
  MONTH TO DATE    0.64                      2.62  -1.98     0.48
  SINCE SEP 1      5.83                      9.61  -3.78     3.30
  SINCE JAN 1     39.82                     37.54   2.28    37.02

SNOWFALL (IN)
  TODAY            0.0
  MONTH TO DATE    T
  SINCE SEP 1      T
  SINCE JUL 1      T
  SNOW DEPTH       0

DEGREE DAYS
 HEATING
  TODAY           27                        21      6       17
  MONTH TO DATE  534                       392    142      402
  SINCE SEP 1    827                       736     91      676
  SINCE JUL 1    827                       739     88      681

 COOLING
  TODAY            0                         0      0        0
  MONTH TO DATE    0                         0      0        0
  SINCE SEP 1    137                       133      4      155
  SINCE JAN 1    967                      1031    -64     1184
..................................................................


WIND (MPH)
  HIGHEST WIND SPEED     7   HIGHEST WIND DIRECTION     S (200)
  HIGHEST GUST SPEED    MM   HIGHEST GUST DIRECTION    MM
  AVERAGE WIND SPEED     2.4


SKY COVER
  POSSIBLE SUNSHINE  MM
  AVERAGE SKY COVER 0.4


WEATHER CONDITIONS
 THE FOLLOWING WEATHER WAS RECORDED TODAY.
  LIGHT RAIN
  FOG


RELATIVE HUMIDITY (PERCENT)
 HIGHEST    92           400 PM
 LOWEST     39          1200 PM
 AVERAGE    66

..........................................................


THE LYNCHBURG VA CLIMATE NORMALS FOR TOMORROW
                         NORMAL    RECORD    YEAR
 MAXIMUM TEMPERATURE (F)   55        79      1973
 MINIMUM TEMPERATURE (F)   33        16      1972
                                             1956
                                             1914


SUNRISE AND SUNSET
NOVEMBER 23 2014......SUNRISE   704 AM EST   SUNSET   502 PM EST
NOVEMBER 24 2014......SUNRISE   705 AM EST   SUNSET   501 PM EST


-  INDICATES NEGATIVE NUMBERS.
R  INDICATES RECORD WAS SET OR TIED.
MM INDICATES DATA IS MISSING.
T  INDICATES TRACE AMOUNT.

REMARK:
DUE TO A SYSTEM FAILURE CAUSING MISSING TEMPERATURES ON
AUGUST 21-24...THE SEASONAL TOTAL AND DEPARTURE FROM NORMAL
FOR CDD WILL BE CALCULATED WITHOUT DATA FROM THOSE DATES.


$$
