000
CDUS44 KLZK 271006
CLILZK


CLIMATE REPORT
NATIONAL WEATHER SERVICE LITTLE ROCK AR
406 AM CST THU NOV 27 2014


...................................

...THE NORTH LITTLE ROCK CLIMATE SUMMARY FOR NOVEMBER 26 2014...

CLIMATE NORMAL PERIOD 1981 TO 2010
CLIMATE RECORD PERIOD 1975 TO 2014


WEATHER ITEM   OBSERVED TIME   RECORD YEAR NORMAL DEPARTURE LAST
                VALUE   (LST)  VALUE       VALUE  FROM      YEAR
                                                  NORMAL
..................................................................
TEMPERATURE (F)
 YESTERDAY
  MAXIMUM         55        MM  76    1990  57     -2       46
  MINIMUM         35        MM  21    1977  40     -5       32
  AVERAGE         45                        48     -3       39

PRECIPITATION (IN)
  YESTERDAY        0.00          3.85 1984   0.19  -0.19     0.05
  MONTH TO DATE    2.04                      4.61  -2.57     4.04
  SINCE SEP 1      8.36                     12.72  -4.36     9.76
  SINCE JAN 1     44.16                     44.24  -0.08    43.98

SNOWFALL (IN)
  YESTERDAY        0.0           4.0  1980   0.0    0.0      0.0
  MONTH TO DATE    0.6                       0.0    0.6      0.0
  SINCE SEP 1      0.6                       T      0.6      0.0
  SINCE JUL 1      0.6                       T      0.6      0.0
  SNOW DEPTH       0

DEGREE DAYS
 HEATING
  YESTERDAY       20                        17      3       26
  MONTH TO DATE  485                       307    178      382
  SINCE SEP 1    566                       442    124      506
  SINCE JUL 1    566                       442    124      506

 COOLING
  YESTERDAY        0                         0      0        0
  MONTH TO DATE    0                        10    -10        8
  SINCE SEP 1    416                       391     25      482
  SINCE JAN 1   1931                      2168   -237     2118
..................................................................


WIND (MPH)
  HIGHEST WIND SPEED    MM   HIGHEST WIND DIRECTION    MM
  HIGHEST GUST SPEED    MM   HIGHEST GUST DIRECTION    MM
  AVERAGE WIND SPEED    MM


SKY COVER
  POSSIBLE SUNSHINE  MM
  AVERAGE SKY COVER  MM


WEATHER CONDITIONS
 THE FOLLOWING WEATHER WAS RECORDED YESTERDAY.
  NO SIGNIFICANT WEATHER WAS OBSERVED.


RELATIVE HUMIDITY (PERCENT)
 HIGHEST    MM
 LOWEST     MM
 AVERAGE    MM

..........................................................


THE NORTH LITTLE ROCK CLIMATE NORMALS FOR TODAY
                         NORMAL    RECORD    YEAR
 MAXIMUM TEMPERATURE (F)   57        75      1989
 MINIMUM TEMPERATURE (F)   40        25      2013
                                             1996
                                             1993


SUNRISE AND SUNSET
NOVEMBER 27 2014......SUNRISE   655 AM CST   SUNSET   459 PM CST
NOVEMBER 28 2014......SUNRISE   656 AM CST   SUNSET   458 PM CST


-  INDICATES NEGATIVE NUMBERS.
R  INDICATES RECORD WAS SET OR TIED.
MM INDICATES DATA IS MISSING.
T  INDICATES TRACE AMOUNT.




$$
