726
CDUS44 KLZK 230637
CLILZK


CLIMATE REPORT
NATIONAL WEATHER SERVICE LITTLE ROCK AR
137 AM CDT SAT JUL 23 2016


...................................

...THE NORTH LITTLE ROCK CLIMATE SUMMARY FOR JULY 22 2016...

CLIMATE NORMAL PERIOD 1981 TO 2010
CLIMATE RECORD PERIOD 1975 TO 2016


WEATHER ITEM   OBSERVED TIME   RECORD YEAR NORMAL DEPARTURE LAST
                VALUE   (LST)  VALUE       VALUE  FROM      YEAR
                                                  NORMAL
..................................................................
TEMPERATURE (F)
 YESTERDAY
  MAXIMUM         98    300 PM 101    2011  92      6       93
  MINIMUM         80        MM  65    2009  73      7       74
                                      2007
                                      1988
  AVERAGE         89                        83      6       84

PRECIPITATION (IN)
  YESTERDAY        0.00          2.55 1982   0.12  -0.12      T
  MONTH TO DATE    4.63                      2.72   1.91     2.03
  SINCE JUN 1      6.55                      6.03   0.52     4.44
  SINCE JAN 1     34.78                     27.63   7.15    35.50

SNOWFALL (IN)
  YESTERDAY        0.0          MM      MM   0.0    0.0      0.0
  MONTH TO DATE    0.0                       0.0    0.0      0.0
  SINCE JUN 1      0.0                       0.0    0.0      0.0
  SINCE JUL 1      0.0                       0.0    0.0      0.0
  SNOW DEPTH       0

DEGREE DAYS
 HEATING
  YESTERDAY        0                         0      0        0
  MONTH TO DATE    0                         0      0        0
  SINCE JUN 1      0                         1     -1        0
  SINCE JUL 1      0                         0      0        0

 COOLING
  YESTERDAY       24                        18      6       19
  MONTH TO DATE  419                       382     37      398
  SINCE JUN 1    902                       795    107      848
  SINCE JAN 1   1130                      1091     39     1131
..................................................................


WIND (MPH)
  HIGHEST WIND SPEED     5   HIGHEST WIND DIRECTION     N (360)
  HIGHEST GUST SPEED    MM   HIGHEST GUST DIRECTION    MM
  AVERAGE WIND SPEED     1.3


SKY COVER
  POSSIBLE SUNSHINE  MM
  AVERAGE SKY COVER 0.0


WEATHER CONDITIONS
 THE FOLLOWING WEATHER WAS RECORDED YESTERDAY.
  THUNDERSTORM


RELATIVE HUMIDITY (PERCENT)
 HIGHEST    91           100 AM
 LOWEST     48           200 PM
 AVERAGE    70

..........................................................


THE NORTH LITTLE ROCK CLIMATE NORMALS FOR TODAY
                         NORMAL    RECORD    YEAR
 MAXIMUM TEMPERATURE (F)   93       100      2011
 MINIMUM TEMPERATURE (F)   73        65      2007


SUNRISE AND SUNSET
JULY 23 2016..........SUNRISE   613 AM CDT   SUNSET   818 PM CDT
JULY 24 2016..........SUNRISE   613 AM CDT   SUNSET   817 PM CDT


-  INDICATES NEGATIVE NUMBERS.
R  INDICATES RECORD WAS SET OR TIED.
MM INDICATES DATA IS MISSING.
T  INDICATES TRACE AMOUNT.




$$
