526
CDUS44 KLZK 060640
CLILZK


CLIMATE REPORT
NATIONAL WEATHER SERVICE LITTLE ROCK AR
1239 AM CST SAT FEB 6 2016


...................................

...THE NORTH LITTLE ROCK CLIMATE SUMMARY FOR FEBRUARY 5 2016...

CLIMATE NORMAL PERIOD 1981 TO 2010
CLIMATE RECORD PERIOD 1975 TO 2016


WEATHER ITEM   OBSERVED TIME   RECORD YEAR NORMAL DEPARTURE LAST
                VALUE   (LST)  VALUE       VALUE  FROM      YEAR
                                                  NORMAL
..................................................................
TEMPERATURE (F)
 YESTERDAY
  MAXIMUM         53        MM  74    2008  52      1       40
  MINIMUM         36        MM  12    1989  34      2       26
  AVERAGE         45                        43      2       33

PRECIPITATION (IN)
  YESTERDAY        0.00          0.63 1976   0.12  -0.12     0.00
  MONTH TO DATE    T                         0.61  -0.61     0.61
  SINCE DEC 1     13.29                      9.04   4.25     6.52
  SINCE JAN 1      3.21                      4.03  -0.82     3.53

SNOWFALL (IN)
  YESTERDAY        0.0           1.5  2002   0.1   -0.1      0.0
  MONTH TO DATE    0.0                       0.4   -0.4      0.0
  SINCE DEC 1      7.2                       2.6    4.6       T
  SINCE JUL 1      7.2                       2.6    4.6      0.6
  SNOW DEPTH       0

DEGREE DAYS
 HEATING
  YESTERDAY       20                        22     -2       32
  MONTH TO DATE   80                       112    -32      133
  SINCE DEC 1   1215                      1533   -318     1526
  SINCE JUL 1   1568                      2045   -477     2141

 COOLING
  YESTERDAY        0                         0      0        0
  MONTH TO DATE    0                         0      0        0
  SINCE DEC 1      8                         2      6        0
  SINCE JAN 1      1                         1      0        0
..................................................................


WIND (MPH)
  HIGHEST WIND SPEED    MM   HIGHEST WIND DIRECTION    MM
  HIGHEST GUST SPEED    MM   HIGHEST GUST DIRECTION    MM
  AVERAGE WIND SPEED    MM


SKY COVER
  POSSIBLE SUNSHINE  MM
  AVERAGE SKY COVER  MM


WEATHER CONDITIONS
 THE FOLLOWING WEATHER WAS RECORDED YESTERDAY.
  NO SIGNIFICANT WEATHER WAS OBSERVED.


RELATIVE HUMIDITY (PERCENT)
 HIGHEST    MM
 LOWEST     MM
 AVERAGE    MM

..........................................................


THE NORTH LITTLE ROCK CLIMATE NORMALS FOR TODAY
                         NORMAL    RECORD    YEAR
 MAXIMUM TEMPERATURE (F)   52        70      1999
 MINIMUM TEMPERATURE (F)   34        10      1988


SUNRISE AND SUNSET
FEBRUARY  6 2016......SUNRISE   704 AM CST   SUNSET   543 PM CST
FEBRUARY  7 2016......SUNRISE   703 AM CST   SUNSET   544 PM CST


-  INDICATES NEGATIVE NUMBERS.
R  INDICATES RECORD WAS SET OR TIED.
MM INDICATES DATA IS MISSING.
T  INDICATES TRACE AMOUNT.




$$
