000
CDUS44 KLZK 012203
CLILZK


CLIMATE REPORT
NATIONAL WEATHER SERVICE LITTLE ROCK AR
402 PM CST SUN FEB 1 2015


...................................

...THE NORTH LITTLE ROCK CLIMATE SUMMARY FOR FEBRUARY 1 2015...
VALID TODAY AS OF 0400 PM LOCAL TIME.

CLIMATE NORMAL PERIOD 1981 TO 2010
CLIMATE RECORD PERIOD 1975 TO 2015


WEATHER ITEM   OBSERVED TIME   RECORD YEAR NORMAL DEPARTURE LAST
                VALUE   (LST)  VALUE       VALUE  FROM      YEAR
                                                  NORMAL
..................................................................
TEMPERATURE (F)
 TODAY
  MAXIMUM         55        MM  80    1989  51      4       61
  MINIMUM         46        MM  10    1985  34     12       41
  AVERAGE         51                        42      9       51

PRECIPITATION (IN)
  TODAY            0.56          2.00 2011   0.12   0.44     0.51
  MONTH TO DATE    0.56                      0.12   0.44     0.51
  SINCE DEC 1      6.47                      8.55  -2.08    10.14
  SINCE JAN 1      3.48                      3.54  -0.06     2.82

SNOWFALL (IN)
  TODAY            0.0           4.5  1985   0.1   -0.1      0.0
  MONTH TO DATE    0.0                       0.1   -0.1      0.0
  SINCE DEC 1      T                         2.3   -2.3      1.1
  SINCE JUL 1      0.6                       2.3   -1.7      1.1
  SNOW DEPTH       0

DEGREE DAYS
 HEATING
  TODAY           14                        23     -9       14
  MONTH TO DATE   14                        23     -9       14
  SINCE DEC 1   1407                      1444    -37     1548
  SINCE JUL 1   2022                      1956     66     2154

 COOLING
  TODAY            0                         0      0        0
  MONTH TO DATE    0                         0      0        0
  SINCE DEC 1      0                         2     -2        1
  SINCE JAN 1      0                         1     -1        0
..................................................................


WIND (MPH)
  HIGHEST WIND SPEED    MM   HIGHEST WIND DIRECTION    MM
  HIGHEST GUST SPEED    MM   HIGHEST GUST DIRECTION    MM
  AVERAGE WIND SPEED    MM


SKY COVER
  POSSIBLE SUNSHINE  MM
  AVERAGE SKY COVER  MM


WEATHER CONDITIONS
 THE FOLLOWING WEATHER WAS RECORDED TODAY.
  RAIN
  LIGHT RAIN


RELATIVE HUMIDITY (PERCENT)
 HIGHEST    MM
 LOWEST     MM
 AVERAGE    MM

..........................................................


THE NORTH LITTLE ROCK CLIMATE NORMALS FOR TOMORROW
                         NORMAL    RECORD    YEAR
 MAXIMUM TEMPERATURE (F)   51        79      1995
 MINIMUM TEMPERATURE (F)   34        10      1985


SUNRISE AND SUNSET
FEBRUARY  1 2015......SUNRISE   708 AM CST   SUNSET   538 PM CST
FEBRUARY  2 2015......SUNRISE   707 AM CST   SUNSET   539 PM CST


-  INDICATES NEGATIVE NUMBERS.
R  INDICATES RECORD WAS SET OR TIED.
MM INDICATES DATA IS MISSING.
T  INDICATES TRACE AMOUNT.




$$
