000
CDUS44 KLZK 260639
CLILZK


CLIMATE REPORT
NATIONAL WEATHER SERVICE LITTLE ROCK AR
139 AM CDT TUE SEP 26 2017


...................................

...THE NORTH LITTLE ROCK CLIMATE SUMMARY FOR SEPTEMBER 25 2017...

CLIMATE NORMAL PERIOD 1981 TO 2010
CLIMATE RECORD PERIOD 1975 TO 2017


WEATHER ITEM   OBSERVED TIME   RECORD YEAR NORMAL DEPARTURE LAST
                VALUE   (LST)  VALUE       VALUE  FROM      YEAR
                                                  NORMAL
..................................................................
TEMPERATURE (F)
 YESTERDAY
  MAXIMUM         90        MM  92    1998  81      9       91
  MINIMUM         68    500 AM  48    2001  61      7       73
  AVERAGE         79                        71      8       82

PRECIPITATION (IN)
  YESTERDAY        0.00          0.89 2005   0.12  -0.12     0.00
                                      1980
  MONTH TO DATE    0.28                      2.72  -2.44     0.93
  SINCE SEP 1      0.28                      2.72  -2.44     0.93
  SINCE JAN 1     42.87                     34.24   8.63    45.12

SNOWFALL (IN)
  YESTERDAY        0.0          MM      MM   0.0    0.0      0.0
  MONTH TO DATE    0.0                       0.0    0.0      0.0
  SINCE SEP 1      0.0                       0.0    0.0      0.0
  SINCE JUL 1      T                         0.0    0.0       T
  SNOW DEPTH      MM

DEGREE DAYS
 HEATING
  YESTERDAY        0                         1     -1        0
  MONTH TO DATE    1                         7     -6        0
  SINCE SEP 1      1                         7     -6        0
  SINCE JUL 1      1                         7     -6        0

 COOLING
  YESTERDAY       14                         7      7       17
  MONTH TO DATE  271                       267      4      358
  SINCE SEP 1    271                       267      4      358
  SINCE JAN 1   1868                      2044   -176     2153
..................................................................


WIND (MPH)
  HIGHEST WIND SPEED    10   HIGHEST WIND DIRECTION     E (110)
  HIGHEST GUST SPEED    MM   HIGHEST GUST DIRECTION    MM
  AVERAGE WIND SPEED     2.8


SKY COVER
  POSSIBLE SUNSHINE  MM
  AVERAGE SKY COVER 0.0


WEATHER CONDITIONS
 THE FOLLOWING WEATHER WAS RECORDED YESTERDAY.
  NO SIGNIFICANT WEATHER WAS OBSERVED.


RELATIVE HUMIDITY (PERCENT)
 HIGHEST    90           700 AM
 LOWEST     46           300 PM
 AVERAGE    68

..........................................................


THE NORTH LITTLE ROCK CLIMATE NORMALS FOR TODAY
                         NORMAL    RECORD    YEAR
 MAXIMUM TEMPERATURE (F)   80        91      2005
                                             1998
 MINIMUM TEMPERATURE (F)   61        46      2000


SUNRISE AND SUNSET
SEPTEMBER 26 2017.....SUNRISE   700 AM CDT   SUNSET   700 PM CDT
SEPTEMBER 27 2017.....SUNRISE   701 AM CDT   SUNSET   658 PM CDT


-  INDICATES NEGATIVE NUMBERS.
R  INDICATES RECORD WAS SET OR TIED.
MM INDICATES DATA IS MISSING.
T  INDICATES TRACE AMOUNT.




$$
