000
CDUS46 KHNX 200023
CLIMAE


CLIMATE REPORT
NATIONAL WEATHER SERVICE SAN JOAQUIN VALLEY, CA
423 PM PST THU JAN 19 2017


...................................

...THE MADERA CA CLIMATE SUMMARY FOR JANUARY 19 2017...
VALID AS OF 0400 PM LOCAL TIME.

CLIMATE NORMAL PERIOD 1981 TO 2010
CLIMATE RECORD PERIOD 1998 TO 2017


WEATHER ITEM   OBSERVED TIME   RECORD YEAR NORMAL DEPARTURE LAST
                VALUE   (LST)  VALUE       VALUE  FROM      YEAR
                                                  NORMAL
..................................................................
TEMPERATURE (F)
 TODAY
  MAXIMUM         60    158 PM  70    2014  54      6       59
  MINIMUM         43    606 AM  25    2007  37      6       50
  AVERAGE         52                        46      6       55

PRECIPITATION (IN)
  TODAY            0.13          0.86 2016   0.08   0.05     0.86
  MONTH TO DATE    3.71                      1.79   1.92     2.48
  SINCE OCT 1      7.78                      5.52   2.26     7.04
  SINCE JAN 1      3.71                      1.79   1.92     2.48

SNOWFALL (IN)
  TODAY            0.0
  MONTH TO DATE    0.0
  SINCE DEC 1      0.0
  SINCE JUL 1      0.0
  SNOW DEPTH       0

DEGREE DAYS
 HEATING
  TODAY           13                                        10
  MONTH TO DATE  299                                       291
  SINCE DEC 1    851                                       865
  SINCE JUL 1   1159                                      1276

 COOLING
  TODAY            0                                         0
  MONTH TO DATE    0                                         0
  SINCE DEC 1      0                                         0
  SINCE JAN 1      0                                         0
..................................................................


WIND (MPH)
  HIGHEST WIND SPEED    16   HIGHEST WIND DIRECTION     W (280)
  HIGHEST GUST SPEED    20   HIGHEST GUST DIRECTION     W (280)
  AVERAGE WIND SPEED     4.9




RELATIVE HUMIDITY (PERCENT)
 HIGHEST    92
 LOWEST     51
 AVERAGE    72

..........................................................


THE MADERA CA CLIMATE NORMALS FOR TOMORROW
                         NORMAL    RECORD    YEAR
 MAXIMUM TEMPERATURE (F)   54        69      2014
 MINIMUM TEMPERATURE (F)   37        26      2007


SUNRISE AND SUNSET
JANUARY 19 2017.......SUNRISE   711 AM PST   SUNSET   512 PM PST
JANUARY 20 2017.......SUNRISE   711 AM PST   SUNSET   513 PM PST


-  INDICATES NEGATIVE NUMBERS.
R  INDICATES RECORD WAS SET OR TIED.
MM INDICATES DATA IS MISSING.
T  INDICATES TRACE AMOUNT.




$$
