000
CDUS46 KHNX 210025
CLIMAE


CLIMATE REPORT
NATIONAL WEATHER SERVICE SAN JOAQUIN VALLEY, CA
425 PM PST MON FEB 20 2017


...................................

...THE MADERA CA CLIMATE SUMMARY FOR FEBRUARY 20 2017...
VALID AS OF 0400 PM LOCAL TIME.

CLIMATE NORMAL PERIOD 1981 TO 2010
CLIMATE RECORD PERIOD 1998 TO 2017


WEATHER ITEM   OBSERVED TIME   RECORD YEAR NORMAL DEPARTURE LAST
                VALUE   (LST)  VALUE       VALUE  FROM      YEAR
                                                  NORMAL
..................................................................
TEMPERATURE (F)
 TODAY
  MAXIMUM         66    250 PM  69    2000  63      3       62
  MINIMUM         52    150 AM  30    2006  41     11       42
  AVERAGE         59                        52      7       52

PRECIPITATION (IN)
  TODAY            0.51R         0.34 2008   0.09   0.42     0.00
  MONTH TO DATE    3.77                      1.43   2.34     0.06
  SINCE OCT 1     13.01                      7.61   5.40     8.25
  SINCE JAN 1      8.94                      3.88   5.06     3.69

SNOWFALL (IN)
  TODAY            0.0
  MONTH TO DATE    0.0
  SINCE DEC 1      0.0
  SINCE JUL 1      0.0
  SNOW DEPTH       0

DEGREE DAYS
 HEATING
  TODAY            6                                        13
  MONTH TO DATE  173                                       231
  SINCE DEC 1   1236                                      1259
  SINCE JUL 1   1544                                      1670

 COOLING
  TODAY            0                                         0
  MONTH TO DATE    0                                         0
  SINCE DEC 1      0                                         0
  SINCE JAN 1      0                                         0
..................................................................


WIND (MPH)
  HIGHEST WIND SPEED    28   HIGHEST WIND DIRECTION    SE (140)
  HIGHEST GUST SPEED    36   HIGHEST GUST DIRECTION    SE (140)
  AVERAGE WIND SPEED    18.0




RELATIVE HUMIDITY (PERCENT)
 HIGHEST   100
 LOWEST     73
 AVERAGE    87

..........................................................


THE MADERA CA CLIMATE NORMALS FOR TOMORROW
                         NORMAL    RECORD    YEAR
 MAXIMUM TEMPERATURE (F)   63        70      2014
                                             2002
 MINIMUM TEMPERATURE (F)   41        31      2006


SUNRISE AND SUNSET
FEBRUARY 20 2017......SUNRISE   643 AM PST   SUNSET   546 PM PST
FEBRUARY 21 2017......SUNRISE   641 AM PST   SUNSET   547 PM PST


-  INDICATES NEGATIVE NUMBERS.
R  INDICATES RECORD WAS SET OR TIED.
MM INDICATES DATA IS MISSING.
T  INDICATES TRACE AMOUNT.




$$
