509
CDUS46 KHNX 110828
CLIMAE


CLIMATE REPORT
NATIONAL WEATHER SERVICE SAN JOAQUIN VALLEY, CA
1227 AM PST THU FEB 11 2016


...................................

...THE MADERA CA AIRPORT CLIMATE SUMMARY FOR FEBRUARY 10 2016...

CLIMATE NORMAL PERIOD 1981 TO 2010
CLIMATE RECORD PERIOD 1998 TO 2016


WEATHER ITEM   OBSERVED TIME   RECORD YEAR NORMAL DEPARTURE
                VALUE   (LST)  VALUE       VALUE  FROM
                                                  NORMAL
...............................................................
TEMPERATURE (F)
 YESTERDAY
  MAXIMUM         72    245 PM  73    2012  60     12
  MINIMUM         42    723 AM  27    2003  40      2
  AVERAGE         57                        50      7

PRECIPITATION (IN)
  YESTERDAY        0.00          0.65 1999   0.07  -0.07
  MONTH TO DATE    T                         0.64  -0.64
  SINCE OCT 1      8.19                      6.82   1.37
  SINCE JAN 1      3.63                      3.09   0.54

SNOWFALL (IN)
  YESTERDAY        0.0
  MONTH TO DATE    0.0
  SINCE DEC 1      0.0
  SINCE JUL 1      0.0
  SNOW DEPTH       0

DEGREE DAYS
 HEATING
  YESTERDAY        8
  MONTH TO DATE  143
  SINCE DEC 1   1171
  SINCE JUL 1   1582

 COOLING
  YESTERDAY        0
  MONTH TO DATE    0
  SINCE DEC 1      0
  SINCE JAN 1      0
...............................................................


WIND (MPH)
  HIGHEST WIND SPEED     9   HIGHEST WIND DIRECTION    NW (300)
  HIGHEST GUST SPEED    16   HIGHEST GUST DIRECTION     W (280)
  AVERAGE WIND SPEED     3.2




RELATIVE HUMIDITY (PERCENT)
 HIGHEST    93
 LOWEST     49
 AVERAGE    71

..........................................................


THE MADERA CA AIRPORT CLIMATE NORMALS FOR TODAY
                         NORMAL    RECORD    YEAR
 MAXIMUM TEMPERATURE (F)   60        69      2006
 MINIMUM TEMPERATURE (F)   40        30      1999


SUNRISE AND SUNSET
FEBRUARY 11 2016......SUNRISE   654 AM PST   SUNSET   536 PM PST
FEBRUARY 12 2016......SUNRISE   653 AM PST   SUNSET   537 PM PST


-  INDICATES NEGATIVE NUMBERS.
R  INDICATES RECORD WAS SET OR TIED.
MM INDICATES DATA IS MISSING.
T  INDICATES TRACE AMOUNT.




$$
