000
CDUS46 KHNX 270822
CLIMAE


CLIMATE REPORT
NATIONAL WEATHER SERVICE SAN JOAQUIN VALLEY, CA
121 AM PDT FRI MAR 27 2015


...................................

...THE MADERA CA AIRPORT CLIMATE SUMMARY FOR MARCH 26 2015...

CLIMATE NORMAL PERIOD 1981 TO 2010
CLIMATE RECORD PERIOD 1998 TO 2015


WEATHER ITEM   OBSERVED TIME   RECORD YEAR NORMAL DEPARTURE
                VALUE   (LST)  VALUE       VALUE  FROM
                                                  NORMAL
...............................................................
TEMPERATURE (F)
 YESTERDAY
  MAXIMUM         87R   345 PM  75    2013  68     19
                                      2009
                                      2007
  MINIMUM         48    432 AM  37    2006  42      6
  AVERAGE         68                        55     13

PRECIPITATION (IN)
  YESTERDAY        0.00          0.34 2007   0.05  -0.05
  MONTH TO DATE    0.01                      1.58  -1.57
  SINCE OCT 1      4.26                      9.89  -5.63
  SINCE JAN 1      0.58                      6.16  -5.58

SNOWFALL (IN)
  YESTERDAY        0.0
  MONTH TO DATE    0.0
  SINCE MAR 1      0.0
  SINCE JUL 1      0.0
  SNOW DEPTH       0

DEGREE DAYS
 HEATING
  YESTERDAY        0
  MONTH TO DATE  127
  SINCE MAR 1    127
  SINCE JUL 1   1577

 COOLING
  YESTERDAY        3
  MONTH TO DATE   18
  SINCE MAR 1     18
  SINCE JAN 1     20
...............................................................


WIND (MPH)
  HIGHEST WIND SPEED    15   HIGHEST WIND DIRECTION     W (250)
  HIGHEST GUST SPEED    16   HIGHEST GUST DIRECTION    SW (240)
  AVERAGE WIND SPEED     4.2




RELATIVE HUMIDITY (PERCENT)
 HIGHEST    83
 LOWEST     19
 AVERAGE    51

..........................................................


THE MADERA CA AIRPORT CLIMATE NORMALS FOR TODAY
                         NORMAL    RECORD    YEAR
 MAXIMUM TEMPERATURE (F)   68        78      2009
 MINIMUM TEMPERATURE (F)   43        38      2010
                                             2008


SUNRISE AND SUNSET
MARCH 27 2015.........SUNRISE   654 AM PDT   SUNSET   718 PM PDT
MARCH 28 2015.........SUNRISE   652 AM PDT   SUNSET   719 PM PDT


-  INDICATES NEGATIVE NUMBERS.
R  INDICATES RECORD WAS SET OR TIED.
MM INDICATES DATA IS MISSING.
T  INDICATES TRACE AMOUNT.




$$
