000
CDUS46 KHNX 310023
CLIMAE


CLIMATE REPORT
NATIONAL WEATHER SERVICE SAN JOAQUIN VALLEY, CA
522 PM PDT SUN AUG 30 2015


...................................

...THE MADERA CA CLIMATE SUMMARY FOR AUGUST 30 2015...
VALID AS OF 0500 PM LOCAL TIME.

CLIMATE NORMAL PERIOD 1981 TO 2010
CLIMATE RECORD PERIOD 1998 TO 2015


WEATHER ITEM   OBSERVED TIME   RECORD YEAR NORMAL DEPARTURE LAST
                VALUE   (LST)  VALUE       VALUE  FROM      YEAR
                                                  NORMAL
..................................................................
TEMPERATURE (F)
 TODAY
  MAXIMUM         90    324 PM 104    2008  93     -3      100
  MINIMUM         64    520 AM  53    2010  59      5       64
  AVERAGE         77                        76      1       82

PRECIPITATION (IN)
  TODAY            0.00          0.01 2007   0.00   0.00     0.00
  MONTH TO DATE    0.01                      0.02  -0.01      T
  SINCE OCT 1      5.83                     11.77  -5.94     4.30
  SINCE JAN 1      2.15                      8.04  -5.89     3.61

SNOWFALL (IN)
  TODAY            0.0
  MONTH TO DATE    0.0
  SINCE JUN 1      0.0
  SINCE JUL 1      0.0
  SNOW DEPTH       0

DEGREE DAYS
 HEATING
  TODAY            0                                         0
  MONTH TO DATE    0                                         0
  SINCE JUN 1      0                                         0
  SINCE JUL 1      0                                         0

 COOLING
  TODAY           12                                        17
  MONTH TO DATE  451                                      1350
  SINCE JUN 1   1367                                      2231
  SINCE JAN 1   1548                                      2473
..................................................................


WIND (MPH)
  HIGHEST WIND SPEED    17   HIGHEST WIND DIRECTION    NW (320)
  HIGHEST GUST SPEED    22   HIGHEST GUST DIRECTION    NW (310)
  AVERAGE WIND SPEED    11.8




RELATIVE HUMIDITY (PERCENT)
 HIGHEST    73
 LOWEST     19
 AVERAGE    46

..........................................................


THE MADERA CA CLIMATE NORMALS FOR TOMORROW
                         NORMAL    RECORD    YEAR
 MAXIMUM TEMPERATURE (F)   93       107      2007
 MINIMUM TEMPERATURE (F)   58        49      1999


SUNRISE AND SUNSET
AUGUST 30 2015........SUNRISE   630 AM PDT   SUNSET   732 PM PDT
AUGUST 31 2015........SUNRISE   630 AM PDT   SUNSET   731 PM PDT


-  INDICATES NEGATIVE NUMBERS.
R  INDICATES RECORD WAS SET OR TIED.
MM INDICATES DATA IS MISSING.
T  INDICATES TRACE AMOUNT.




$$
