000
CDUS46 KHNX 290836
CLIMAE


CLIMATE REPORT
NATIONAL WEATHER SERVICE SAN JOAQUIN VALLEY, CA
1236 AM PST THU JAN 29 2015


...................................

...THE MADERA CA AIRPORT CLIMATE SUMMARY FOR JANUARY 28 2015...

CLIMATE NORMAL PERIOD 1981 TO 2010
CLIMATE RECORD PERIOD 1998 TO 2015


WEATHER ITEM   OBSERVED TIME   RECORD YEAR NORMAL DEPARTURE
                VALUE   (LST)  VALUE       VALUE  FROM
                                                  NORMAL
...............................................................
TEMPERATURE (F)
 YESTERDAY
  MAXIMUM         53    457 PM  70    2014  56     -3
  MINIMUM         43    309 AM  29    2013  38      5
                                      1999
  AVERAGE         48                        47      1

PRECIPITATION (IN)
  YESTERDAY        0.00          0.29 2008   0.05  -0.05
  MONTH TO DATE    0.03                      2.30  -2.27
  SINCE OCT 1      3.71                      6.03  -2.32
  SINCE JAN 1      0.03                      2.30  -2.27

SNOWFALL (IN)
  YESTERDAY        0.0
  MONTH TO DATE    0.0
  SINCE DEC 1      0.0
  SINCE JUL 1      0.0
  SNOW DEPTH       0

DEGREE DAYS
 HEATING
  YESTERDAY       17
  MONTH TO DATE  451
  SINCE DEC 1    839
  SINCE JUL 1   1155

 COOLING
  YESTERDAY        0
  MONTH TO DATE    0
  SINCE DEC 1      1
  SINCE JAN 1      0
...............................................................


WIND (MPH)
  HIGHEST WIND SPEED     7   HIGHEST WIND DIRECTION     W (250)
  HIGHEST GUST SPEED     9   HIGHEST GUST DIRECTION     W (250)
  AVERAGE WIND SPEED     3.0




RELATIVE HUMIDITY (PERCENT)
 HIGHEST   100
 LOWEST     77
 AVERAGE    89

..........................................................


THE MADERA CA AIRPORT CLIMATE NORMALS FOR TODAY
                         NORMAL    RECORD    YEAR
 MAXIMUM TEMPERATURE (F)   57        72      2014
 MINIMUM TEMPERATURE (F)   38        29      2002


SUNRISE AND SUNSET
JANUARY 29 2015.......SUNRISE   705 AM PST   SUNSET   522 PM PST
JANUARY 30 2015.......SUNRISE   705 AM PST   SUNSET   523 PM PST


-  INDICATES NEGATIVE NUMBERS.
R  INDICATES RECORD WAS SET OR TIED.
MM INDICATES DATA IS MISSING.
T  INDICATES TRACE AMOUNT.




$$
