000
CDUS46 KHNX 010821
CLIMAE


CLIMATE REPORT
NATIONAL WEATHER SERVICE SAN JOAQUIN VALLEY, CA
1220 AM PST SUN MAR 1 2015


...................................

...THE MADERA CA AIRPORT CLIMATE SUMMARY FOR FEBRUARY 28 2015...

CLIMATE NORMAL PERIOD 1981 TO 2010
CLIMATE RECORD PERIOD 1998 TO 2015


WEATHER ITEM   OBSERVED TIME   RECORD YEAR NORMAL DEPARTURE
                VALUE   (LST)  VALUE       VALUE  FROM
                                                  NORMAL
...............................................................
TEMPERATURE (F)
 YESTERDAY
  MAXIMUM         63    250 PM  72    2002  64     -1
  MINIMUM         38    513 AM  31    2011  42     -4
  AVERAGE         51                        53     -2

PRECIPITATION (IN)
  YESTERDAY        T             0.56 2014   0.08  -0.08
  MONTH TO DATE    0.54                      2.13  -1.59
  SINCE OCT 1      4.25                      8.31  -4.06
  SINCE JAN 1      0.57                      4.58  -4.01

SNOWFALL (IN)
  YESTERDAY       MM
  MONTH TO DATE    0.0
  SINCE DEC 1      0.0
  SINCE JUL 1      0.0
  SNOW DEPTH       0

DEGREE DAYS
 HEATING
  YESTERDAY       14
  MONTH TO DATE  257
  SINCE DEC 1   1134
  SINCE JUL 1   1450

 COOLING
  YESTERDAY        0
  MONTH TO DATE    2
  SINCE DEC 1      3
  SINCE JAN 1      2
...............................................................


WIND (MPH)
  HIGHEST WIND SPEED    15   HIGHEST WIND DIRECTION    SE (150)
  HIGHEST GUST SPEED    17   HIGHEST GUST DIRECTION     S (160)
  AVERAGE WIND SPEED     5.9




RELATIVE HUMIDITY (PERCENT)
 HIGHEST    85
 LOWEST     39
 AVERAGE    62

..........................................................


THE MADERA CA AIRPORT CLIMATE NORMALS FOR TODAY
                         NORMAL    RECORD    YEAR
 MAXIMUM TEMPERATURE (F)   64        73      2013
 MINIMUM TEMPERATURE (F)   42        31      2011
                                             2007


SUNRISE AND SUNSET
MARCH  1 2015.........SUNRISE   632 AM PST   SUNSET   555 PM PST
MARCH  2 2015.........SUNRISE   630 AM PST   SUNSET   556 PM PST


-  INDICATES NEGATIVE NUMBERS.
R  INDICATES RECORD WAS SET OR TIED.
MM INDICATES DATA IS MISSING.
T  INDICATES TRACE AMOUNT.




$$
