000
CDUS46 KHNX 290021
CLIMAE


CLIMATE REPORT
NATIONAL WEATHER SERVICE SAN JOAQUIN VALLEY, CA
520 PM PDT THU MAY 28 2015


...................................

...THE MADERA CA CLIMATE SUMMARY FOR MAY 28 2015...
VALID AS OF 0500 PM LOCAL TIME.

CLIMATE NORMAL PERIOD 1981 TO 2010
CLIMATE RECORD PERIOD 1998 TO 2015


WEATHER ITEM   OBSERVED TIME   RECORD YEAR NORMAL DEPARTURE LAST
                VALUE   (LST)  VALUE       VALUE  FROM      YEAR
                                                  NORMAL
..................................................................
TEMPERATURE (F)
 TODAY
  MAXIMUM         89    345 PM 103    2003  86      3       85
  MINIMUM         54    510 AM  44    2010  54      0       56
  AVERAGE         72                        70      2       71

PRECIPITATION (IN)
  TODAY            0.00          0.05 2011   0.01  -0.01     0.00
  MONTH TO DATE    0.45                      0.47  -0.02      T
  SINCE OCT 1      5.71                     11.53  -5.82     4.30
  SINCE JAN 1      2.03                      7.80  -5.77     3.61

SNOWFALL (IN)
  TODAY            0.0
  MONTH TO DATE    0.0
  SINCE MAR 1      0.0
  SINCE JUL 1      0.0
  SNOW DEPTH       0

DEGREE DAYS
 HEATING
  TODAY            0                                         0
  MONTH TO DATE   27                                        13
  SINCE MAR 1    276                                       309
  SINCE JUL 1   1726                                      2136

 COOLING
  TODAY            7                                         6
  MONTH TO DATE   69                                       171
  SINCE MAR 1    145                                       228
  SINCE JAN 1    147                                       228
..................................................................


WIND (MPH)
  HIGHEST WIND SPEED    12   HIGHEST WIND DIRECTION     W (290)
  HIGHEST GUST SPEED    17   HIGHEST GUST DIRECTION     W (280)
  AVERAGE WIND SPEED     8.1




RELATIVE HUMIDITY (PERCENT)
 HIGHEST    83
 LOWEST     21
 AVERAGE    52

..........................................................


THE MADERA CA CLIMATE NORMALS FOR TOMORROW
                         NORMAL    RECORD    YEAR
 MAXIMUM TEMPERATURE (F)   86       101      2003
 MINIMUM TEMPERATURE (F)   54        45      2006


SUNRISE AND SUNSET
MAY 28 2015...........SUNRISE   544 AM PDT   SUNSET   812 PM PDT
MAY 29 2015...........SUNRISE   544 AM PDT   SUNSET   812 PM PDT


-  INDICATES NEGATIVE NUMBERS.
R  INDICATES RECORD WAS SET OR TIED.
MM INDICATES DATA IS MISSING.
T  INDICATES TRACE AMOUNT.




$$
