000
CDUS44 KMAF 270003
CLIMAF


CLIMATE REPORT
NATIONAL WEATHER SERVICE MIDLAND TX
701 PM CDT FRI MAY 26 2017


...................................

...THE MIDLAND CLIMATE SUMMARY FOR MAY 26 2017...
VALID TODAY AS OF 0500 PM LOCAL TIME.

CLIMATE NORMAL PERIOD 1981 TO 2010
CLIMATE RECORD PERIOD 1930 TO 2017


WEATHER ITEM   OBSERVED TIME   RECORD YEAR NORMAL DEPARTURE LAST
                VALUE   (LST)  VALUE       VALUE  FROM      YEAR
                                                  NORMAL
..................................................................
TEMPERATURE (F)
 TODAY
  MAXIMUM        100R   502 PM 100    1991  90     10       99
                                      1945
  MINIMUM         69    555 AM  48    1950  63      6       73
                                      1947
  AVERAGE         85                        76      9       86

PRECIPITATION (IN)
  TODAY            0.00          2.97 1941   0.07  -0.07      T
  MONTH TO DATE    0.58                      1.36  -0.78     0.26
  SINCE MAR 1      3.54                      2.61   0.93     2.05
  SINCE JAN 1      5.38                      3.88   1.50     2.53

DEGREE DAYS
 COOLING
  TODAY           20                        12      8       21
  MONTH TO DATE  223                       221      2      253
  SINCE MAR 1    482                       327    155      411
  SINCE JAN 1    499                       329    170      426
..................................................................


WIND (MPH)
  HIGHEST WIND SPEED    25   HIGHEST WIND DIRECTION     W (250)
  HIGHEST GUST SPEED    35   HIGHEST GUST DIRECTION    SW (240)
  AVERAGE WIND SPEED    11.6


SKY COVER
  POSSIBLE SUNSHINE  MM
  AVERAGE SKY COVER 0.0


WEATHER CONDITIONS
 THE FOLLOWING WEATHER WAS RECORDED TODAY.
  NO SIGNIFICANT WEATHER WAS OBSERVED.


RELATIVE HUMIDITY (PERCENT)
 HIGHEST    73           600 AM
 LOWEST      6           200 PM
 AVERAGE    40

..........................................................


THE MIDLAND CLIMATE NORMALS FOR TOMORROW
                         NORMAL    RECORD    YEAR
 MAXIMUM TEMPERATURE (F)   90       106      2011
 MINIMUM TEMPERATURE (F)   63        48      1947


SUNRISE AND SUNSET
MAY 26 2017...........SUNRISE   645 AM CDT   SUNSET   846 PM CDT
MAY 27 2017...........SUNRISE   645 AM CDT   SUNSET   847 PM CDT


-  INDICATES NEGATIVE NUMBERS.
R  INDICATES RECORD WAS SET OR TIED.
MM INDICATES DATA IS MISSING.
T  INDICATES TRACE AMOUNT.




$$
