000
CDUS44 KMAF 030731
CLIMAF


CLIMATE REPORT
NATIONAL WEATHER SERVICE MIDLAND/ODESSA TX
230 AM CDT FRI JUL 3 2015


...................................

...THE MIDLAND CLIMATE SUMMARY FOR JULY 2 2015...

CLIMATE NORMAL PERIOD 1981 TO 2010
CLIMATE RECORD PERIOD 1930 TO 2015


WEATHER ITEM   OBSERVED TIME   RECORD YEAR NORMAL DEPARTURE LAST
                VALUE   (LST)  VALUE       VALUE  FROM      YEAR
                                                  NORMAL
..................................................................
TEMPERATURE (F)
 YESTERDAY
  MAXIMUM         90    519 PM 112    1989  95     -5       94
  MINIMUM         71    806 AM  60    1936  69      2       74
  AVERAGE         81                        82     -1       84

PRECIPITATION (IN)
  YESTERDAY        0.00          1.75 1945   0.06  -0.06     0.00
  MONTH TO DATE    0.00                      0.12  -0.12     0.00
  SINCE JUN 1      3.29                      1.92   1.37     0.48
  SINCE JAN 1     12.28                      6.18   6.10     3.64

DEGREE DAYS
 COOLING
  YESTERDAY       16                        17     -1       19
  MONTH TO DATE   31                        34     -3       40
  SINCE JUN 1    480                       495    -15      577
  SINCE JAN 1    835                       884    -49     1053
..................................................................


WIND (MPH)
  HIGHEST WIND SPEED    18   HIGHEST WIND DIRECTION    SE (130)
  HIGHEST GUST SPEED    22   HIGHEST GUST DIRECTION    SE (140)
  AVERAGE WIND SPEED    11.1


SKY COVER
  POSSIBLE SUNSHINE  MM
  AVERAGE SKY COVER 0.3


WEATHER CONDITIONS
 THE FOLLOWING WEATHER WAS RECORDED YESTERDAY.
  NO SIGNIFICANT WEATHER WAS OBSERVED.


RELATIVE HUMIDITY (PERCENT)
 HIGHEST    79           300 AM
 LOWEST     38           600 PM
 AVERAGE    59

..........................................................


THE MIDLAND CLIMATE NORMALS FOR TODAY
                         NORMAL    RECORD    YEAR
 MAXIMUM TEMPERATURE (F)   95       106      2005
                                             1994
                                             1983
 MINIMUM TEMPERATURE (F)   70        61      1942


SUNRISE AND SUNSET
JULY  3 2015..........SUNRISE   647 AM CDT   SUNSET   859 PM CDT
JULY  4 2015..........SUNRISE   648 AM CDT   SUNSET   858 PM CDT


-  INDICATES NEGATIVE NUMBERS.
R  INDICATES RECORD WAS SET OR TIED.
MM INDICATES DATA IS MISSING.
T  INDICATES TRACE AMOUNT.




$$
