280
CDUS44 KMAF 242113
CLIMAF


CLIMATE REPORT
NATIONAL WEATHER SERVICE MIDLAND TX
412 PM CDT WED AUG 24 2016


...................................

...THE MIDLAND CLIMATE SUMMARY FOR AUGUST 24 2016...
VALID TODAY AS OF 0400 PM LOCAL TIME.

CLIMATE NORMAL PERIOD 1981 TO 2010
CLIMATE RECORD PERIOD 1930 TO 2016


WEATHER ITEM   OBSERVED TIME   RECORD YEAR NORMAL DEPARTURE LAST
                VALUE   (LST)  VALUE       VALUE  FROM      YEAR
                                                  NORMAL
..................................................................
TEMPERATURE (F)
 TODAY
  MAXIMUM         90    238 PM 103    1936  93     -3       91
  MINIMUM         67    706 AM  57    1966  68     -1       65
  AVERAGE         79                        80     -1       78

PRECIPITATION (IN)
  TODAY            0.01          5.32 1934   0.07  -0.06      T
  MONTH TO DATE    2.65                      1.38   1.27     0.99
  SINCE JUN 1      6.05                      5.00   1.05     5.00
  SINCE JAN 1      9.79                      9.26   0.53    13.99

DEGREE DAYS
 COOLING
  TODAY           14                        15     -1       13
  MONTH TO DATE  444                       399     45      504
  SINCE JUN 1   1656                      1392    264     1573
  SINCE JAN 1   2136                      1781    355     1931
..................................................................


WIND (MPH)
  HIGHEST WIND SPEED    23   HIGHEST WIND DIRECTION     W (260)
  HIGHEST GUST SPEED    27   HIGHEST GUST DIRECTION     W (260)
  AVERAGE WIND SPEED     8.1


SKY COVER
  POSSIBLE SUNSHINE  MM
  AVERAGE SKY COVER 0.3


WEATHER CONDITIONS
 THE FOLLOWING WEATHER WAS RECORDED TODAY.
  THUNDERSTORM
  LIGHT RAIN


RELATIVE HUMIDITY (PERCENT)
 HIGHEST    90           500 AM
 LOWEST     36           200 PM
 AVERAGE    63

..........................................................


THE MIDLAND CLIMATE NORMALS FOR TOMORROW
                         NORMAL    RECORD    YEAR
 MAXIMUM TEMPERATURE (F)   93       103      2011
                                             1936
 MINIMUM TEMPERATURE (F)   68        58      1970


SUNRISE AND SUNSET
AUGUST 24 2016........SUNRISE   719 AM CDT   SUNSET   822 PM CDT
AUGUST 25 2016........SUNRISE   720 AM CDT   SUNSET   821 PM CDT


-  INDICATES NEGATIVE NUMBERS.
R  INDICATES RECORD WAS SET OR TIED.
MM INDICATES DATA IS MISSING.
T  INDICATES TRACE AMOUNT.




$$
