000
CDUS44 KMAF 170831
CLIMAF


CLIMATE REPORT
NATIONAL WEATHER SERVICE MIDLAND TX
230 AM CST SUN DEC 17 2017


...................................

...THE MIDLAND CLIMATE SUMMARY FOR DECEMBER 16 2017...

CLIMATE NORMAL PERIOD 1981 TO 2010
CLIMATE RECORD PERIOD 1930 TO 2017


WEATHER ITEM   OBSERVED TIME   RECORD YEAR NORMAL DEPARTURE LAST
                VALUE   (LST)  VALUE       VALUE  FROM      YEAR
                                                  NORMAL
..................................................................
TEMPERATURE (F)
 YESTERDAY
  MAXIMUM         53   1152 AM  82    2016  58     -5       82
  MINIMUM         34    735 AM  12    1989  30      4       45
  AVERAGE         44                        44      0       64

PRECIPITATION (IN)
  YESTERDAY        0.00          0.24 1959   0.02  -0.02      T
  MONTH TO DATE    0.36                      0.32   0.04     0.35
  SINCE DEC 1      0.36                      0.32   0.04     0.35
  SINCE JAN 1     17.70                     14.32   3.38    15.12

SNOWFALL (IN)
  YESTERDAY        0.0
  MONTH TO DATE    0.0
  SINCE DEC 1      0.0
  SINCE JUL 1      0.0
  SNOW DEPTH       0

DEGREE DAYS
 HEATING
  YESTERDAY       21                        21      0        1
  MONTH TO DATE  262                       315    -53      288
  SINCE DEC 1    262                       315    -53      288
  SINCE JUL 1    583                       794   -211      499
..................................................................


WIND (MPH)
  HIGHEST WIND SPEED    30   HIGHEST WIND DIRECTION     S (180)
  HIGHEST GUST SPEED    35   HIGHEST GUST DIRECTION     S (180)
  AVERAGE WIND SPEED    13.9


SKY COVER
  POSSIBLE SUNSHINE  MM
  AVERAGE SKY COVER 0.1


WEATHER CONDITIONS
 THE FOLLOWING WEATHER WAS RECORDED YESTERDAY.
  HAZE


RELATIVE HUMIDITY (PERCENT)
 HIGHEST    85          1100 PM
 LOWEST     39          1100 AM
 AVERAGE    62

..........................................................


THE MIDLAND CLIMATE NORMALS FOR TODAY
                         NORMAL    RECORD    YEAR
 MAXIMUM TEMPERATURE (F)   58        80      2016
 MINIMUM TEMPERATURE (F)   30        17      1996


SUNRISE AND SUNSET
DECEMBER 17 2017......SUNRISE   743 AM CST   SUNSET   547 PM CST
DECEMBER 18 2017......SUNRISE   744 AM CST   SUNSET   547 PM CST


-  INDICATES NEGATIVE NUMBERS.
R  INDICATES RECORD WAS SET OR TIED.
MM INDICATES DATA IS MISSING.
T  INDICATES TRACE AMOUNT.




$$
