000
CDUS42 KTAE 260636
CLIMAI


CLIMATE REPORT
NATIONAL WEATHER SERVICE TALLAHASSEE FL
236 AM EDT WED JUL 26 2017


...................................

...THE MARIANNA CLIMATE SUMMARY FOR JULY 25 2017...

CLIMATE NORMAL PERIOD 1981 TO 2010
CLIMATE RECORD PERIOD 1950 TO 2017


WEATHER ITEM   OBSERVED NORMAL DEPARTURE LAST
                VALUE   VALUE  FROM      YEAR
                               NORMAL
...............................................
TEMPERATURE (F)
 YESTERDAY
  MAXIMUM         90     92     -2       94
  MINIMUM         74     73      1       75
  AVERAGE         82     82      0       85

PRECIPITATION (IN)
  YESTERDAY        0.22   0.15   0.07      T
  MONTH TO DATE    4.26   4.23   0.03     2.20
  SINCE JUN 1     16.45   9.80   6.65     4.82
  SINCE JAN 1     34.96  32.02   2.94    27.00

DEGREE DAYS
 HEATING
  YESTERDAY        0             0
  MONTH TO DATE    0             0
  SINCE JUN 1      0             0
  SINCE JUL 1      0             0

 COOLING
  YESTERDAY       17             0
  MONTH TO DATE  454            29
  SINCE JUN 1    896            12
  SINCE JAN 1   1582           228
...............................................


WIND (MPH)
  HIGHEST WIND SPEED    26   HIGHEST WIND DIRECTION     N (350)
  HIGHEST GUST SPEED    33   HIGHEST GUST DIRECTION     N (340)
  AVERAGE WIND SPEED     4.8




RELATIVE HUMIDITY (PERCENT)
 HIGHEST   100
 LOWEST     63
 AVERAGE    82

..........................................................




SUNRISE AND SUNSET
JULY 26 2017..........SUNRISE   555 AM CDT   SUNSET   739 PM CDT
JULY 27 2017..........SUNRISE   555 AM CDT   SUNSET   739 PM CDT


-  INDICATES NEGATIVE NUMBERS.
R  INDICATES RECORD WAS SET OR TIED.
MM INDICATES DATA IS MISSING.
T  INDICATES TRACE AMOUNT.




$$
