000
CDUS42 KTAE 270642
CLIMAI


CLIMATE REPORT
NATIONAL WEATHER SERVICE TALLAHASSEE FL
142 AM EST THU NOV 27 2014


...................................

...THE MARIANNA CLIMATE SUMMARY FOR NOVEMBER 26 2014...

CLIMATE NORMAL PERIOD 1981 TO 2010
CLIMATE RECORD PERIOD 1950 TO 2014


WEATHER ITEM   OBSERVED NORMAL DEPARTURE LAST
                VALUE   VALUE  FROM      YEAR
                               NORMAL
...............................................
TEMPERATURE (F)
 YESTERDAY
  MAXIMUM         63     69     -6       72
  MINIMUM         42     46     -4       49
  AVERAGE         53     57     -4       61

PRECIPITATION (IN)
  YESTERDAY        0.06   0.15  -0.09     1.80
  MONTH TO DATE    5.98   3.55   2.43     3.67
  SINCE SEP 1     12.78  10.77   2.01     7.94
  SINCE JAN 1     55.72  49.10   6.62    58.62

DEGREE DAYS
 HEATING
  YESTERDAY       12             4
  MONTH TO DATE  294           143
  SINCE SEP 1    320           120
  SINCE JUL 1    320           120

 COOLING
  YESTERDAY        0            -1
  MONTH TO DATE   13           -23
  SINCE SEP 1    580            -1
  SINCE JAN 1   2611            65
...............................................


WIND (MPH)
  HIGHEST WIND SPEED    16   HIGHEST WIND DIRECTION     N (350)
  HIGHEST GUST SPEED    22   HIGHEST GUST DIRECTION    NW (310)
  AVERAGE WIND SPEED     7.7




RELATIVE HUMIDITY (PERCENT)
 HIGHEST   100
 LOWEST     30
 AVERAGE    65

..........................................................




SUNRISE AND SUNSET
NOVEMBER 27 2014......SUNRISE   617 AM CST   SUNSET   439 PM CST
NOVEMBER 28 2014......SUNRISE   618 AM CST   SUNSET   439 PM CST


-  INDICATES NEGATIVE NUMBERS.
R  INDICATES RECORD WAS SET OR TIED.
MM INDICATES DATA IS MISSING.
T  INDICATES TRACE AMOUNT.




$$
