110
CDUS42 KTAE 020632
CLIMAI


CLIMATE REPORT
NATIONAL WEATHER SERVICE TALLAHASSEE FL
231 AM EDT MON MAY 2 2016


...................................

...THE MARIANNA CLIMATE SUMMARY FOR MAY 1 2016...

CLIMATE NORMAL PERIOD 1981 TO 2010
CLIMATE RECORD PERIOD 1950 TO 2016


WEATHER ITEM   OBSERVED NORMAL DEPARTURE LAST
                VALUE   VALUE  FROM      YEAR
                               NORMAL
...............................................
TEMPERATURE (F)
 YESTERDAY
  MAXIMUM         88     84      4       78
  MINIMUM         70     58     12       55
  AVERAGE         79     71      8       67

PRECIPITATION (IN)
  YESTERDAY        0.00   0.05  -0.05     0.00
  MONTH TO DATE    0.00   0.05  -0.05     0.00
  SINCE MAR 1     11.97   9.30   2.67    13.49
  SINCE JAN 1     20.41  19.28   1.13    20.67

DEGREE DAYS
 HEATING
  YESTERDAY        0             0
  MONTH TO DATE    0             0
  SINCE MAR 1    121          -120
  SINCE JUL 1   1157          -489

 COOLING
  YESTERDAY       14             8
  MONTH TO DATE   14             8
  SINCE MAR 1    204            55
  SINCE JAN 1    210            46
...............................................


WIND (MPH)
  HIGHEST WIND SPEED    14   HIGHEST WIND DIRECTION     S (180)
  HIGHEST GUST SPEED    19   HIGHEST GUST DIRECTION     S (200)
  AVERAGE WIND SPEED     5.2




RELATIVE HUMIDITY (PERCENT)
 HIGHEST   100
 LOWEST     48
 AVERAGE    74

..........................................................




SUNRISE AND SUNSET
MAY  2 2016...........SUNRISE   555 AM CDT   SUNSET   720 PM CDT
MAY  3 2016...........SUNRISE   554 AM CDT   SUNSET   721 PM CDT


-  INDICATES NEGATIVE NUMBERS.
R  INDICATES RECORD WAS SET OR TIED.
MM INDICATES DATA IS MISSING.
T  INDICATES TRACE AMOUNT.




$$
