000
CDUS42 KTAE 260634
CLIMAI


CLIMATE REPORT
NATIONAL WEATHER SERVICE TALLAHASSEE FL
233 AM EDT THU MAY 26 2016


...................................

...THE MARIANNA CLIMATE SUMMARY FOR MAY 25 2016...

CLIMATE NORMAL PERIOD 1981 TO 2010
CLIMATE RECORD PERIOD 1950 TO 2016


WEATHER ITEM   OBSERVED NORMAL DEPARTURE LAST
                VALUE   VALUE  FROM      YEAR
                               NORMAL
...............................................
TEMPERATURE (F)
 YESTERDAY
  MAXIMUM         89     88      1       87
  MINIMUM         62     66     -4       71
  AVERAGE         76     77     -1       79

PRECIPITATION (IN)
  YESTERDAY        0.00   0.12  -0.12      T
  MONTH TO DATE    1.73   2.17  -0.44     0.79
  SINCE MAR 1     13.70  11.42   2.28    14.28
  SINCE JAN 1     22.14  21.40   0.74    21.46

DEGREE DAYS
 HEATING
  YESTERDAY        0             0
  MONTH TO DATE    3             3
  SINCE MAR 1    124          -117
  SINCE JUL 1   1160          -486

 COOLING
  YESTERDAY       11            -1
  MONTH TO DATE  213           -21
  SINCE MAR 1    403            26
  SINCE JAN 1    409            17
...............................................


WIND (MPH)
  HIGHEST WIND SPEED    12   HIGHEST WIND DIRECTION     S (170)
  HIGHEST GUST SPEED    17   HIGHEST GUST DIRECTION    SE (140)
  AVERAGE WIND SPEED     4.1




RELATIVE HUMIDITY (PERCENT)
 HIGHEST    93
 LOWEST     43
 AVERAGE    68

..........................................................




SUNRISE AND SUNSET
MAY 26 2016...........SUNRISE   540 AM CDT   SUNSET   736 PM CDT
MAY 27 2016...........SUNRISE   540 AM CDT   SUNSET   737 PM CDT


-  INDICATES NEGATIVE NUMBERS.
R  INDICATES RECORD WAS SET OR TIED.
MM INDICATES DATA IS MISSING.
T  INDICATES TRACE AMOUNT.




$$
