379
CDUS42 KTAE 240630
CLIMAI


CLIMATE REPORT
NATIONAL WEATHER SERVICE TALLAHASSEE FL
130 AM EST TUE JAN 24 2017


...................................

...THE MARIANNA CLIMATE SUMMARY FOR JANUARY 23 2017...

CLIMATE NORMAL PERIOD 1981 TO 2010
CLIMATE RECORD PERIOD 1950 TO 2017


WEATHER ITEM   OBSERVED NORMAL DEPARTURE LAST
                VALUE   VALUE  FROM      YEAR
                               NORMAL
...............................................
TEMPERATURE (F)
 YESTERDAY
  MAXIMUM         69     62      7       44
  MINIMUM         55     40     15       32
  AVERAGE         62     51     11       38

PRECIPITATION (IN)
  YESTERDAY        T      0.19  -0.19     0.02
  MONTH TO DATE    6.54   3.52   3.02     4.38
  SINCE DEC 1     18.31   7.43  10.88    13.51
  SINCE JAN 1      6.54   3.52   3.02     4.38

DEGREE DAYS
 HEATING
  YESTERDAY        3           -11
  MONTH TO DATE  146          -203
  SINCE DEC 1    369          -381
  SINCE JUL 1    501          -487

 COOLING
  YESTERDAY        0             0
  MONTH TO DATE   27            27
  SINCE DEC 1     54            42
  SINCE JAN 1     27            27
...............................................


WIND (MPH)
  HIGHEST WIND SPEED    26   HIGHEST WIND DIRECTION     W (280)
  HIGHEST GUST SPEED    37   HIGHEST GUST DIRECTION     W (270)
  AVERAGE WIND SPEED    13.8




RELATIVE HUMIDITY (PERCENT)
 HIGHEST    86
 LOWEST     44
 AVERAGE    65

..........................................................




SUNRISE AND SUNSET
JANUARY 24 2017.......SUNRISE   636 AM CST   SUNSET   510 PM CST
JANUARY 25 2017.......SUNRISE   636 AM CST   SUNSET   511 PM CST


-  INDICATES NEGATIVE NUMBERS.
R  INDICATES RECORD WAS SET OR TIED.
MM INDICATES DATA IS MISSING.
T  INDICATES TRACE AMOUNT.




$$
