000
CDUS42 KTAE 250640
CLIMAI


CLIMATE REPORT
NATIONAL WEATHER SERVICE TALLAHASSEE FL
140 AM EST THU DEC 25 2014


...................................

...THE MARIANNA CLIMATE SUMMARY FOR DECEMBER 24 2014...

CLIMATE NORMAL PERIOD 1981 TO 2010
CLIMATE RECORD PERIOD 1950 TO 2014


WEATHER ITEM   OBSERVED NORMAL DEPARTURE LAST
                VALUE   VALUE  FROM      YEAR
                               NORMAL
...............................................
TEMPERATURE (F)
 YESTERDAY
  MAXIMUM         75     62     13       55
  MINIMUM         52     39     13       33
  AVERAGE         64     51     13       44

PRECIPITATION (IN)
  YESTERDAY        1.61   0.11   1.50     0.00
  MONTH TO DATE    4.08   3.13   0.95     2.51
  SINCE DEC 1      4.08   3.13   0.95     2.51
  SINCE JAN 1     59.80  52.80   7.00    61.15

DEGREE DAYS
 HEATING
  YESTERDAY        1           -13
  MONTH TO DATE  223           -71
  SINCE DEC 1    223           -71
  SINCE JUL 1    603            71

 COOLING
  YESTERDAY        0             0
  MONTH TO DATE    7            -5
  SINCE DEC 1      7            -5
  SINCE JAN 1   2618            57
...............................................


WIND (MPH)
  HIGHEST WIND SPEED    35   HIGHEST WIND DIRECTION    SW (210)
  HIGHEST GUST SPEED    50   HIGHEST GUST DIRECTION    SW (220)
  AVERAGE WIND SPEED    13.5




RELATIVE HUMIDITY (PERCENT)
 HIGHEST   100
 LOWEST     80
 AVERAGE    90

..........................................................




SUNRISE AND SUNSET
DECEMBER 25 2014......SUNRISE   636 AM CST   SUNSET   446 PM CST
DECEMBER 26 2014......SUNRISE   637 AM CST   SUNSET   446 PM CST


-  INDICATES NEGATIVE NUMBERS.
R  INDICATES RECORD WAS SET OR TIED.
MM INDICATES DATA IS MISSING.
T  INDICATES TRACE AMOUNT.




$$
