000
CDUS42 KTAE 010624
CLIMAI


CLIMATE REPORT
NATIONAL WEATHER SERVICE TALLAHASSEE FL
122 AM EST SUN FEB 1 2015

...................................

...THE MARIANNA CLIMATE SUMMARY FOR JANUARY 31 2015...

CLIMATE NORMAL PERIOD 1981 TO 2010
CLIMATE RECORD PERIOD 1950 TO 2015


WEATHER ITEM   OBSERVED NORMAL DEPARTURE LAST
                VALUE   VALUE  FROM      YEAR
                               NORMAL
...............................................
TEMPERATURE (F)
 YESTERDAY
  MAXIMUM         63     63      0       57
  MINIMUM         30     41    -11       26
  AVERAGE         47     52     -5       42

PRECIPITATION (IN)
  YESTERDAY        T      0.21  -0.21     0.00
  MONTH TO DATE    3.44   5.04  -1.60     2.36
  SINCE DEC 1      8.81   8.95  -0.14     6.81
  SINCE JAN 1      3.44   5.04  -1.60     2.36

DEGREE DAYS
 HEATING
  YESTERDAY       18             5
  MONTH TO DATE  443           -17
  SINCE DEC 1    733          -129
  SINCE JUL 1   1113            13

 COOLING
  YESTERDAY        0             0
  MONTH TO DATE    4             0
  SINCE DEC 1     13            -3
  SINCE JAN 1      4             0
...............................................


WIND (MPH)
  HIGHEST WIND SPEED    12   HIGHEST WIND DIRECTION     E (80)
  HIGHEST GUST SPEED    15   HIGHEST GUST DIRECTION     E (80)
  AVERAGE WIND SPEED     3.0




RELATIVE HUMIDITY (PERCENT)
 HIGHEST    89
 LOWEST     25
 AVERAGE    57

..........................................................



SUNRISE AND SUNSET
FEBRUARY  1 2015......SUNRISE   632 AM CST   SUNSET   516 PM CST
FEBRUARY  2 2015......SUNRISE   632 AM CST   SUNSET   517 PM CST


-  INDICATES NEGATIVE NUMBERS.
R  INDICATES RECORD WAS SET OR TIED.
MM INDICATES DATA IS MISSING.
T  INDICATES TRACE AMOUNT.

$$
