000
CDUS42 KTAE 230638
CLIMAI


CLIMATE REPORT
NATIONAL WEATHER SERVICE TALLAHASSEE FL
138 AM EST THU NOV 23 2017


...................................

...THE MARIANNA CLIMATE SUMMARY FOR NOVEMBER 22 2017...

CLIMATE NORMAL PERIOD 1981 TO 2010
CLIMATE RECORD PERIOD 1950 TO 2017


WEATHER ITEM   OBSERVED NORMAL DEPARTURE LAST
                VALUE   VALUE  FROM      YEAR
                               NORMAL
...............................................
TEMPERATURE (F)
 YESTERDAY
  MAXIMUM         72     70      2       73
  MINIMUM         58     47     11       33
  AVERAGE         65     58      7       53

PRECIPITATION (IN)
  YESTERDAY        0.00   0.15  -0.15     0.00
  MONTH TO DATE    0.21   2.93  -2.72      T
  SINCE SEP 1      4.38  10.15  -5.77     4.04
  SINCE JAN 1     44.08  48.48  -4.40    37.83

DEGREE DAYS
 HEATING
  YESTERDAY        0            -8
  MONTH TO DATE   81           -38
  SINCE SEP 1    133           -35
  SINCE JUL 1    133           -35

 COOLING
  YESTERDAY        0            -1
  MONTH TO DATE   45            13
  SINCE SEP 1    720           143
  SINCE JAN 1   2983           441
...............................................


WIND (MPH)
  HIGHEST WIND SPEED    13   HIGHEST WIND DIRECTION     N (360)
  HIGHEST GUST SPEED    18   HIGHEST GUST DIRECTION     N (10)
  AVERAGE WIND SPEED     5.9




RELATIVE HUMIDITY (PERCENT)
 HIGHEST   100
 LOWEST     43
 AVERAGE    72

..........................................................




SUNRISE AND SUNSET
NOVEMBER 23 2017......SUNRISE   614 AM CST   SUNSET   440 PM CST
NOVEMBER 24 2017......SUNRISE   615 AM CST   SUNSET   440 PM CST


-  INDICATES NEGATIVE NUMBERS.
R  INDICATES RECORD WAS SET OR TIED.
MM INDICATES DATA IS MISSING.
T  INDICATES TRACE AMOUNT.




$$
