000
CDUS42 KTAE 220642
CLIMAI


CLIMATE REPORT
NATIONAL WEATHER SERVICE TALLAHASSEE FL
241 AM EDT TUE JUL 22 2014


...................................

...THE MARIANNA CLIMATE SUMMARY FOR JULY 21 2014...

CLIMATE NORMAL PERIOD 1981 TO 2010
CLIMATE RECORD PERIOD 1950 TO 2014


WEATHER ITEM   OBSERVED NORMAL DEPARTURE LAST
                VALUE   VALUE  FROM      YEAR
                               NORMAL
...............................................
TEMPERATURE (F)
 YESTERDAY
  MAXIMUM         82     92    -10
  MINIMUM         74     72      2
  AVERAGE         78     82     -4

PRECIPITATION (IN)
  YESTERDAY        0.01   0.14  -0.13     0.30
  MONTH TO DATE    3.59   3.64  -0.05     8.68
  SINCE JUN 1      6.26   9.21  -2.95    12.78
  SINCE JAN 1     37.98  31.43   6.55    33.68

DEGREE DAYS
 HEATING
  YESTERDAY        0             0
  MONTH TO DATE    0             0
  SINCE JUN 1      0             0
  SINCE JUL 1      0             0

 COOLING
  YESTERDAY       13            -4
  MONTH TO DATE  356            -1
  SINCE JUN 1    853            37
  SINCE JAN 1   1287             1
...............................................


WIND (MPH)
  HIGHEST WIND SPEED    16   HIGHEST WIND DIRECTION     S (200)
  HIGHEST GUST SPEED    21   HIGHEST GUST DIRECTION    SW (210)
  AVERAGE WIND SPEED     6.0




RELATIVE HUMIDITY (PERCENT)
 HIGHEST   100
 LOWEST     69
 AVERAGE    85

..........................................................




SUNRISE AND SUNSET
JULY 22 2014..........SUNRISE   552 AM CDT   SUNSET   742 PM CDT
JULY 23 2014..........SUNRISE   553 AM CDT   SUNSET   741 PM CDT


-  INDICATES NEGATIVE NUMBERS.
R  INDICATES RECORD WAS SET OR TIED.
MM INDICATES DATA IS MISSING.
T  INDICATES TRACE AMOUNT.




$$
