000
CDUS42 KTAE 260633
CLIMAI


CLIMATE REPORT
NATIONAL WEATHER SERVICE TALLAHASSEE FL
232 AM EDT SUN OCT 26 2014


...................................

...THE MARIANNA CLIMATE SUMMARY FOR OCTOBER 25 2014...

CLIMATE NORMAL PERIOD 1981 TO 2010
CLIMATE RECORD PERIOD 1950 TO 2014


WEATHER ITEM   OBSERVED NORMAL DEPARTURE LAST
                VALUE   VALUE  FROM      YEAR
                               NORMAL
...............................................
TEMPERATURE (F)
 YESTERDAY
  MAXIMUM         80     78      2       69
  MINIMUM         45     54     -9       43
  AVERAGE         63     66     -3       56

PRECIPITATION (IN)
  YESTERDAY        0.00   0.12  -0.12     0.00
  MONTH TO DATE    1.98   2.71  -0.73     1.90
  SINCE SEP 1      6.79   6.51   0.28     4.27
  SINCE JAN 1     49.73  44.84   4.89    54.95

DEGREE DAYS
 HEATING
  YESTERDAY        2            -1
  MONTH TO DATE   17           -12
  SINCE SEP 1     17           -13
  SINCE JUL 1     17           -13

 COOLING
  YESTERDAY        0            -3
  MONTH TO DATE  128           -12
  SINCE SEP 1    544            17
  SINCE JAN 1   2575            83
...............................................


WIND (MPH)
  HIGHEST WIND SPEED    13   HIGHEST WIND DIRECTION    NW (310)
  HIGHEST GUST SPEED    18   HIGHEST GUST DIRECTION     N (340)
  AVERAGE WIND SPEED     2.7




RELATIVE HUMIDITY (PERCENT)
 HIGHEST   100
 LOWEST     25
 AVERAGE    63

..........................................................




SUNRISE AND SUNSET
OCTOBER 26 2014.......SUNRISE   651 AM CDT   SUNSET   558 PM CDT
OCTOBER 27 2014.......SUNRISE   652 AM CDT   SUNSET   557 PM CDT


-  INDICATES NEGATIVE NUMBERS.
R  INDICATES RECORD WAS SET OR TIED.
MM INDICATES DATA IS MISSING.
T  INDICATES TRACE AMOUNT.




$$
