000
CDUS43 KABR 032234
CLIMBG


CLIMATE REPORT
NATIONAL WEATHER SERVICE ABERDEEN SD
533 PM CDT WED JUN 3 2015


...................................

...THE MOBRIDGE SD CLIMATE SUMMARY FOR JUNE 3 2015...
VALID TODAY AS OF 0500 PM LOCAL TIME.

CLIMATE NORMAL PERIOD 1981 TO 2010
CLIMATE RECORD PERIOD 1911 TO 2015


WEATHER ITEM   OBSERVED TIME   RECORD YEAR NORMAL DEPARTURE LAST
                VALUE   (LST)  VALUE       VALUE  FROM      YEAR
                                                  NORMAL
..................................................................
TEMPERATURE (F)
 TODAY
  MAXIMUM         70    359 PM  96    2006  74     -4       73
  MINIMUM         56    842 AM  33    1950  50      6       44
  AVERAGE         63                        62      1       59

PRECIPITATION (IN)
  TODAY            0.00          1.35 1986   0.12  -0.12      T
  MONTH TO DATE    T                         0.38  -0.38     0.92
  SINCE JUN 1      T                         0.38  -0.38     0.92
  SINCE JAN 1     10.79                      6.40   4.39     7.04

DEGREE DAYS
 HEATING
  TODAY            2                         5     -3        6
  MONTH TO DATE    2                        15    -13       15
  SINCE JUN 1      2                        15    -13       15
  SINCE JUL 1   7357                      7899   -542     8685

 COOLING
  TODAY            0                         1     -1        0
  MONTH TO DATE   16                         3     13        0
  SINCE JUN 1     16                         3     13        0
  SINCE JAN 1     32                        19     13       50
..................................................................


WIND (MPH)
  HIGHEST WIND SPEED    25   HIGHEST WIND DIRECTION    NW (330)
  HIGHEST GUST SPEED    33   HIGHEST GUST DIRECTION    NW (330)
  AVERAGE WIND SPEED    15.3


SKY COVER
  POSSIBLE SUNSHINE  MM
  AVERAGE SKY COVER 0.5


WEATHER CONDITIONS
 THE FOLLOWING WEATHER WAS RECORDED TODAY.
  FOG


RELATIVE HUMIDITY (PERCENT)
 HIGHEST    93           400 AM
 LOWEST     51           400 PM
 AVERAGE    72

..........................................................


THE MOBRIDGE SD CLIMATE NORMALS FOR TOMORROW
                         NORMAL    RECORD    YEAR
 MAXIMUM TEMPERATURE (F)   74        95      1939
 MINIMUM TEMPERATURE (F)   50        37      1943


SUNRISE AND SUNSET
JUNE  3 2015..........SUNRISE   555 AM CDT   SUNSET   925 PM CDT
JUNE  4 2015..........SUNRISE   555 AM CDT   SUNSET   926 PM CDT


-  INDICATES NEGATIVE NUMBERS.
R  INDICATES RECORD WAS SET OR TIED.
MM INDICATES DATA IS MISSING.
T  INDICATES TRACE AMOUNT.




$$
