000
CDUS43 KABR 242236
CLIMBG


CLIMATE REPORT
NATIONAL WEATHER SERVICE ABERDEEN SD
535 PM CDT SUN SEP 24 2017


...................................

...THE MOBRIDGE SD CLIMATE SUMMARY FOR SEPTEMBER 24 2017...
VALID TODAY AS OF 0500 PM LOCAL TIME.

CLIMATE NORMAL PERIOD 1981 TO 2010
CLIMATE RECORD PERIOD 1911 TO 2017


WEATHER ITEM   OBSERVED TIME   RECORD YEAR NORMAL DEPARTURE LAST
                VALUE   (LST)  VALUE       VALUE  FROM      YEAR
                                                  NORMAL
..................................................................
TEMPERATURE (F)
 TODAY
  MAXIMUM         56    344 PM  93    1992  70    -14       78
  MINIMUM         50    949 AM  24    1942  44      6       54
  AVERAGE         53                        57     -4       66

PRECIPITATION (IN)
  TODAY            0.70          0.92 2007   0.05   0.65     0.00
  MONTH TO DATE    1.94                      1.23   0.71     0.60
  SINCE SEP 1      1.94                      1.23   0.71     0.60
  SINCE JAN 1     14.64                     15.14  -0.50    17.57

DEGREE DAYS
 HEATING
  TODAY           12                         9      3        0
  MONTH TO DATE   94                       126    -32       61
  SINCE SEP 1     94                       126    -32       61
  SINCE JUL 1    100                       159    -59       75

 COOLING
  TODAY            0                         1     -1        1
  MONTH TO DATE   75                        58     17       66
  SINCE SEP 1     75                        58     17       66
  SINCE JAN 1    786                       639    147      944
..................................................................


WIND (MPH)
  HIGHEST WIND SPEED    22   HIGHEST WIND DIRECTION    NW (320)
  HIGHEST GUST SPEED    29   HIGHEST GUST DIRECTION     N (350)
  AVERAGE WIND SPEED    13.7


SKY COVER
  POSSIBLE SUNSHINE  MM
  AVERAGE SKY COVER 1.0


WEATHER CONDITIONS
 THE FOLLOWING WEATHER WAS RECORDED TODAY.
  HEAVY RAIN
  RAIN
  LIGHT RAIN
  FOG


RELATIVE HUMIDITY (PERCENT)
 HIGHEST    96           200 AM
 LOWEST     77           300 PM
 AVERAGE    87

..........................................................


THE MOBRIDGE SD CLIMATE NORMALS FOR TOMORROW
                         NORMAL    RECORD    YEAR
 MAXIMUM TEMPERATURE (F)   70        94      1949
 MINIMUM TEMPERATURE (F)   43        18      1928


SUNRISE AND SUNSET
SEPTEMBER 24 2017.....SUNRISE   731 AM CDT   SUNSET   735 PM CDT
SEPTEMBER 25 2017.....SUNRISE   733 AM CDT   SUNSET   733 PM CDT


-  INDICATES NEGATIVE NUMBERS.
R  INDICATES RECORD WAS SET OR TIED.
MM INDICATES DATA IS MISSING.
T  INDICATES TRACE AMOUNT.




$$
