000
CDUS43 KABR 291200
CLIMBG


CLIMATE REPORT
NATIONAL WEATHER SERVICE ABERDEEN SD
700 AM CDT WED MAR 29 2017


...................................

...THE MOBRIDGE SD CLIMATE SUMMARY FOR MARCH 28 2017...

CLIMATE NORMAL PERIOD 1981 TO 2010
CLIMATE RECORD PERIOD 1911 TO 2017


WEATHER ITEM   OBSERVED TIME   RECORD YEAR NORMAL DEPARTURE LAST
                VALUE   (LST)  VALUE       VALUE  FROM      YEAR
                                                  NORMAL
..................................................................
TEMPERATURE (F)
 YESTERDAY
  MAXIMUM         60    341 PM  83    1946  49     11       67
  MINIMUM         33    340 AM  -4    1913  26      7       30
  AVERAGE         47                        37     10       49

PRECIPITATION (IN)
  YESTERDAY        0.00          0.70 1931   0.04  -0.04     0.00
  MONTH TO DATE    0.62                      0.78  -0.16     0.57
  SINCE MAR 1      0.62                      0.78  -0.16     0.57
  SINCE JAN 1      1.38                      1.51  -0.13     1.79

SNOWFALL (IN)
  YESTERDAY        0.0
  MONTH TO DATE    8.3
  SINCE OCT 1     47.3
  SINCE JUL 1     47.3
  SNOW DEPTH       0

DEGREE DAYS
 HEATING
  YESTERDAY       18                        28    -10       16
  MONTH TO DATE  878                       947    -69      679
  SINCE MAR 1    878                       947    -69      679
  SINCE JUL 1   6315                      6922   -607     5554

 COOLING
  YESTERDAY        0                         0      0        0
  MONTH TO DATE    0                         0      0        0
  SINCE MAR 1      0                         0      0        0
  SINCE JAN 1      0                         0      0        0
..................................................................


WIND (MPH)
  HIGHEST WIND SPEED    15   HIGHEST WIND DIRECTION    SE (120)
  HIGHEST GUST SPEED    18   HIGHEST GUST DIRECTION    SE (120)
  AVERAGE WIND SPEED     6.9


SKY COVER
  POSSIBLE SUNSHINE  MM
  AVERAGE SKY COVER 0.3


WEATHER CONDITIONS
 THE FOLLOWING WEATHER WAS RECORDED YESTERDAY.
  NO SIGNIFICANT WEATHER WAS OBSERVED.


RELATIVE HUMIDITY (PERCENT)
 HIGHEST    76           600 AM
 LOWEST     39           200 PM
 AVERAGE    58

..........................................................


THE MOBRIDGE SD CLIMATE NORMALS FOR TODAY
                         NORMAL    RECORD    YEAR
 MAXIMUM TEMPERATURE (F)   49        76      1967
 MINIMUM TEMPERATURE (F)   26        -5      1964


SUNRISE AND SUNSET
MARCH 29 2017.........SUNRISE   727 AM CDT   SUNSET   806 PM CDT
MARCH 30 2017.........SUNRISE   725 AM CDT   SUNSET   808 PM CDT


-  INDICATES NEGATIVE NUMBERS.
R  INDICATES RECORD WAS SET OR TIED.
MM INDICATES DATA IS MISSING.
T  INDICATES TRACE AMOUNT.




$$
