802
CDUS43 KABR 272239
CLIMBG


CLIMATE REPORT
NATIONAL WEATHER SERVICE ABERDEEN SD
538 PM CDT FRI MAY 27 2016


...................................

...THE MOBRIDGE SD CLIMATE SUMMARY FOR MAY 27 2016...
VALID TODAY AS OF 0500 PM LOCAL TIME.

CLIMATE NORMAL PERIOD 1981 TO 2010
CLIMATE RECORD PERIOD 1911 TO 2016


WEATHER ITEM   OBSERVED TIME   RECORD YEAR NORMAL DEPARTURE LAST
                VALUE   (LST)  VALUE       VALUE  FROM      YEAR
                                                  NORMAL
..................................................................
TEMPERATURE (F)
 TODAY
  MAXIMUM         73    225 PM 106    1934  71      2       84
  MINIMUM         50    538 AM  28    1915  48      2       50
  AVERAGE         62                        60      2       67

PRECIPITATION (IN)
  TODAY            0.00          1.21 1931   0.10  -0.10     0.09
  MONTH TO DATE    2.53                      2.43   0.10     9.25
  SINCE MAR 1      7.94                      4.90   3.04     9.92
  SINCE JAN 1      9.16                      5.63   3.53    10.72

DEGREE DAYS
 HEATING
  TODAY            3                         6     -3        0
  MONTH TO DATE  190                       266    -76      270
  SINCE MAR 1   1420                      1886   -466     1560
  SINCE JUL 1   6295                      7861  -1566     7319

 COOLING
  TODAY            0                         1     -1        2
  MONTH TO DATE   13                         9      4       10
  SINCE MAR 1     15                        10      5       10
  SINCE JAN 1     15                        10      5       10
..................................................................


WIND (MPH)
  HIGHEST WIND SPEED    16   HIGHEST WIND DIRECTION     N (10)
  HIGHEST GUST SPEED    19   HIGHEST GUST DIRECTION     N (20)
  AVERAGE WIND SPEED     6.8


SKY COVER
  POSSIBLE SUNSHINE  MM
  AVERAGE SKY COVER 0.0


WEATHER CONDITIONS
 THE FOLLOWING WEATHER WAS RECORDED TODAY.
  HAZE


RELATIVE HUMIDITY (PERCENT)
 HIGHEST    86           500 AM
 LOWEST     41           100 PM
 AVERAGE    64

..........................................................


THE MOBRIDGE SD CLIMATE NORMALS FOR TOMORROW
                         NORMAL    RECORD    YEAR
 MAXIMUM TEMPERATURE (F)   72       108      1934
 MINIMUM TEMPERATURE (F)   48        28      1947


SUNRISE AND SUNSET
MAY 27 2016...........SUNRISE   559 AM CDT   SUNSET   919 PM CDT
MAY 28 2016...........SUNRISE   558 AM CDT   SUNSET   920 PM CDT


-  INDICATES NEGATIVE NUMBERS.
R  INDICATES RECORD WAS SET OR TIED.
MM INDICATES DATA IS MISSING.
T  INDICATES TRACE AMOUNT.




$$
