000
CDUS43 KABR 272235
CLIMBG


CLIMATE REPORT
NATIONAL WEATHER SERVICE ABERDEEN SD
533 PM CDT WED AUG 27 2014


...................................

...THE MOBRIDGE SD CLIMATE SUMMARY FOR AUGUST 27 2014...
VALID TODAY AS OF 0500 PM LOCAL TIME.

CLIMATE NORMAL PERIOD 1981 TO 2010
CLIMATE RECORD PERIOD 1911 TO 2014


WEATHER ITEM   OBSERVED TIME   RECORD YEAR NORMAL DEPARTURE LAST
                VALUE   (LST)  VALUE       VALUE  FROM      YEAR
                                                  NORMAL
..................................................................
TEMPERATURE (F)
 TODAY
  MAXIMUM         73   1127 AM 106    2010  82     -9       98
  MINIMUM         52    540 AM  41    1935  56     -4       63
  AVERAGE         63                        69     -6       81

PRECIPITATION (IN)
  TODAY            0.00          0.92 1929   0.06  -0.06     0.01
  MONTH TO DATE    4.13                      1.79   2.34     1.60
  SINCE JUN 1     12.57                      7.65   4.92     5.48
  SINCE JAN 1     18.69                     13.67   5.02    13.16

DEGREE DAYS
 HEATING
  TODAY            2                         1      1        0
  MONTH TO DATE   21                        10     11        2
  SINCE JUN 1    119                        97     22       81
  SINCE JUL 1     44                        22     22       13

 COOLING
  TODAY            0                         5     -5       16
  MONTH TO DATE  134                       199    -65      191
  SINCE JUN 1    349                       547   -198      517
  SINCE JAN 1    399                       563   -164      532
..................................................................


WIND (MPH)
  HIGHEST WIND SPEED    16   HIGHEST WIND DIRECTION    SE (130)
  HIGHEST GUST SPEED    20   HIGHEST GUST DIRECTION    SE (140)
  AVERAGE WIND SPEED     7.0


SKY COVER
  POSSIBLE SUNSHINE  MM
  AVERAGE SKY COVER 0.4


WEATHER CONDITIONS
 THE FOLLOWING WEATHER WAS RECORDED TODAY.
  NO SIGNIFICANT WEATHER WAS OBSERVED.


RELATIVE HUMIDITY (PERCENT)
 HIGHEST   100           700 AM
 LOWEST     68          1100 AM
 AVERAGE    84

..........................................................


THE MOBRIDGE SD CLIMATE NORMALS FOR TOMORROW
                         NORMAL    RECORD    YEAR
 MAXIMUM TEMPERATURE (F)   82       103      1991
                                             1959
 MINIMUM TEMPERATURE (F)   56        36      1935


SUNRISE AND SUNSET
AUGUST 27 2014........SUNRISE   657 AM CDT   SUNSET   828 PM CDT
AUGUST 28 2014........SUNRISE   658 AM CDT   SUNSET   827 PM CDT


-  INDICATES NEGATIVE NUMBERS.
R  INDICATES RECORD WAS SET OR TIED.
MM INDICATES DATA IS MISSING.
T  INDICATES TRACE AMOUNT.




$$
