000
CDUS43 KABR 241038
CLIMBG


CLIMATE REPORT
NATIONAL WEATHER SERVICE ABERDEEN SD
537 AM CDT WED AUG 24 2016


...................................

...THE MOBRIDGE SD CLIMATE SUMMARY FOR AUGUST 23 2016...

CLIMATE NORMAL PERIOD 1981 TO 2010
CLIMATE RECORD PERIOD 1911 TO 2016


WEATHER ITEM   OBSERVED TIME   RECORD YEAR NORMAL DEPARTURE LAST
                VALUE   (LST)  VALUE       VALUE  FROM      YEAR
                                                  NORMAL
..................................................................
TEMPERATURE (F)
 YESTERDAY
  MAXIMUM         87    327 PM 108    2003  84      3       72
  MINIMUM         57   1158 PM  38    1928  57      0       47
  AVERAGE         72                        70      2       60

PRECIPITATION (IN)
  YESTERDAY        0.00          0.84 2014   0.06  -0.06     0.00
  MONTH TO DATE    1.70                      1.56   0.14     3.80
  SINCE JUN 1      6.44                      7.42  -0.98     9.63
  SINCE JAN 1     16.82                     13.44   3.38    20.42

DEGREE DAYS
 HEATING
  YESTERDAY        0                         1     -1        5
  MONTH TO DATE    2                         6     -4       14
  SINCE JUN 1     15                        93    -78       32
  SINCE JUL 1      3                        18    -15       14

 COOLING
  YESTERDAY        7                         6      1        0
  MONTH TO DATE  241                       177     64      180
  SINCE JUN 1    810                       525    285      649
  SINCE JAN 1    826                       541    285      665
..................................................................


WIND (MPH)
  HIGHEST WIND SPEED    26   HIGHEST WIND DIRECTION     N (360)
  HIGHEST GUST SPEED    32   HIGHEST GUST DIRECTION     N (350)
  AVERAGE WIND SPEED    13.2


SKY COVER
  POSSIBLE SUNSHINE  MM
  AVERAGE SKY COVER 0.1


WEATHER CONDITIONS
 THE FOLLOWING WEATHER WAS RECORDED YESTERDAY.
  NO SIGNIFICANT WEATHER WAS OBSERVED.


RELATIVE HUMIDITY (PERCENT)
 HIGHEST    64           600 AM
 LOWEST     20           400 PM
 AVERAGE    42

..........................................................


THE MOBRIDGE SD CLIMATE NORMALS FOR TODAY
                         NORMAL    RECORD    YEAR
 MAXIMUM TEMPERATURE (F)   83       102      1991
 MINIMUM TEMPERATURE (F)   57        38      1928


SUNRISE AND SUNSET
AUGUST 24 2016........SUNRISE   654 AM CDT   SUNSET   833 PM CDT
AUGUST 25 2016........SUNRISE   655 AM CDT   SUNSET   831 PM CDT


-  INDICATES NEGATIVE NUMBERS.
R  INDICATES RECORD WAS SET OR TIED.
MM INDICATES DATA IS MISSING.
T  INDICATES TRACE AMOUNT.




$$
