000
CDUS43 KABR 111030
CLIMBG


CLIMATE REPORT
NATIONAL WEATHER SERVICE ABERDEEN SD
530 AM CDT FRI JUL 11 2014


...................................

...THE MOBRIDGE SD CLIMATE SUMMARY FOR JULY 10 2014...

CLIMATE NORMAL PERIOD 1981 TO 2010
CLIMATE RECORD PERIOD 1911 TO 2014


WEATHER ITEM   OBSERVED TIME   RECORD YEAR NORMAL DEPARTURE LAST
                VALUE   (LST)  VALUE       VALUE  FROM      YEAR
                                                  NORMAL
..................................................................
TEMPERATURE (F)
 YESTERDAY
  MAXIMUM         81    523 PM 112    1936  85     -4       83
  MINIMUM         57    521 AM  42    1945  59     -2       50
  AVERAGE         69                        72     -3       67

PRECIPITATION (IN)
  YESTERDAY        0.01          0.82 1993   0.09  -0.08     0.00
  MONTH TO DATE    0.09                      0.85  -0.76     1.18
  SINCE JUN 1      8.00                      4.01   3.99     2.50
  SINCE JAN 1     14.12                     10.03   4.09    10.18

DEGREE DAYS
 HEATING
  YESTERDAY        0                         0      0        0
  MONTH TO DATE   10                         5      5        0
  SINCE JUN 1     85                        80      5       68
  SINCE JUL 1     10                         5      5        0

 COOLING
  YESTERDAY        4                         8     -4        2
  MONTH TO DATE   49                        70    -21       63
  SINCE JUN 1     94                       169    -75      174
  SINCE JAN 1    144                       185    -41      189
..................................................................


WIND (MPH)
  HIGHEST WIND SPEED    17   HIGHEST WIND DIRECTION     S (170)
  HIGHEST GUST SPEED    22   HIGHEST GUST DIRECTION    SE (140)
  AVERAGE WIND SPEED     7.7


SKY COVER
  POSSIBLE SUNSHINE  MM
  AVERAGE SKY COVER 0.2


WEATHER CONDITIONS
 THE FOLLOWING WEATHER WAS RECORDED YESTERDAY.
  FOG
  HAZE


RELATIVE HUMIDITY (PERCENT)
 HIGHEST    93           500 AM
 LOWEST     62           400 PM
 AVERAGE    78

..........................................................


THE MOBRIDGE SD CLIMATE NORMALS FOR TODAY
                         NORMAL    RECORD    YEAR
 MAXIMUM TEMPERATURE (F)   85       108      1936
 MINIMUM TEMPERATURE (F)   59        46      2007


SUNRISE AND SUNSET
JULY 11 2014..........SUNRISE   604 AM CDT   SUNSET   930 PM CDT
JULY 12 2014..........SUNRISE   605 AM CDT   SUNSET   929 PM CDT


-  INDICATES NEGATIVE NUMBERS.
R  INDICATES RECORD WAS SET OR TIED.
MM INDICATES DATA IS MISSING.
T  INDICATES TRACE AMOUNT.




$$
