000
CDUS43 KABR 141541
CLIMBG


CLIMATE REPORT
NATIONAL WEATHER SERVICE ABERDEEN SD
936 AM CST SUN FEB 14 2016


...................................

...THE MOBRIDGE SD CLIMATE SUMMARY FOR FEBRUARY 13 2016...

CLIMATE NORMAL PERIOD 1981 TO 2010
CLIMATE RECORD PERIOD 1911 TO 2016


WEATHER ITEM   OBSERVED TIME   RECORD YEAR NORMAL DEPARTURE LAST
                VALUE   (LST)  VALUE       VALUE  FROM      YEAR
                                                  NORMAL
..................................................................
TEMPERATURE (F)
 YESTERDAY
  MAXIMUM         22    521 PM  61    1983  31     -9       48
  MINIMUM          7    505 AM -23    1929   9     -2       13
  AVERAGE         15                        20     -5       31

PRECIPITATION (IN)
  YESTERDAY        0.40          0.50 1915   0.01   0.39     0.03
  MONTH TO DATE    0.59                      0.18   0.41     0.33
  SINCE DEC 1      1.04                      0.91   0.13     1.06
  SINCE JAN 1      0.71                      0.47   0.24     0.64

SNOWFALL (IN)
  YESTERDAY        3.6
  MONTH TO DATE    5.3
  SINCE OCT 1     16.2
  SINCE JUL 1     16.2
  SNOW DEPTH       1

DEGREE DAYS
 HEATING
  YESTERDAY       50                        45      5       34
  MONTH TO DATE  491                       603   -112      560
  SINCE DEC 1   3118                      3570   -452     3168
  SINCE JUL 1   4412                      5336   -924     4993

 COOLING
  YESTERDAY        0                         0      0        0
  MONTH TO DATE    0                         0      0        0
  SINCE DEC 1      0                         0      0        0
  SINCE JAN 1      0                         0      0        0
..................................................................


WIND (MPH)
  HIGHEST WIND SPEED    29   HIGHEST WIND DIRECTION    SE (140)
  HIGHEST GUST SPEED    34   HIGHEST GUST DIRECTION    SE (140)
  AVERAGE WIND SPEED    16.5


SKY COVER
  POSSIBLE SUNSHINE  MM
  AVERAGE SKY COVER 1.0


WEATHER CONDITIONS
 THE FOLLOWING WEATHER WAS RECORDED YESTERDAY.
  SNOW
  LIGHT SNOW
  FOG
  HAZE


RELATIVE HUMIDITY (PERCENT)
 HIGHEST    91          1000 PM
 LOWEST     66           800 AM
 AVERAGE    79

..........................................................


THE MOBRIDGE SD CLIMATE NORMALS FOR TODAY
                         NORMAL    RECORD    YEAR
 MAXIMUM TEMPERATURE (F)   31        66      1954
 MINIMUM TEMPERATURE (F)   10       -34      1936


SUNRISE AND SUNSET
FEBRUARY 14 2016......SUNRISE   746 AM CST   SUNSET   607 PM CST
FEBRUARY 15 2016......SUNRISE   744 AM CST   SUNSET   608 PM CST


-  INDICATES NEGATIVE NUMBERS.
R  INDICATES RECORD WAS SET OR TIED.
MM INDICATES DATA IS MISSING.
T  INDICATES TRACE AMOUNT.




$$
