000
CDUS43 KABR 312230
CLIMBG


CLIMATE REPORT
NATIONAL WEATHER SERVICE ABERDEEN SD
529 PM CDT THU JUL 31 2014


...................................

...THE MOBRIDGE SD CLIMATE SUMMARY FOR JULY 31 2014...
VALID TODAY AS OF 0500 PM LOCAL TIME.

CLIMATE NORMAL PERIOD 1981 TO 2010
CLIMATE RECORD PERIOD 1911 TO 2014


WEATHER ITEM   OBSERVED TIME   RECORD YEAR NORMAL DEPARTURE LAST
                VALUE   (LST)  VALUE       VALUE  FROM      YEAR
                                                  NORMAL
..................................................................
TEMPERATURE (F)
 TODAY
  MAXIMUM         86    356 PM 103    1955  87     -1       81
  MINIMUM         57    400 AM  48    1948  60     -3       57
  AVERAGE         72                        74     -2       69

PRECIPITATION (IN)
  TODAY            0.00          0.88 1975   0.08  -0.08     0.07
  MONTH TO DATE    0.53                      2.70  -2.17     2.56
  SINCE JUN 1      8.44                      5.86   2.58     3.88
  SINCE JAN 1     14.56                     11.88   2.68    11.56

DEGREE DAYS
 HEATING
  TODAY            0                         0      0        0
  MONTH TO DATE   23                         5     18       11
  SINCE JUN 1     98                        87     11       79
  SINCE JUL 1     23                        12     11       11

 COOLING
  TODAY            7                         9     -2        4
  MONTH TO DATE  170                       249    -79      215
  SINCE JUN 1    215                       348   -133      326
  SINCE JAN 1    265                       364    -99      341
..................................................................


WIND (MPH)
  HIGHEST WIND SPEED    14   HIGHEST WIND DIRECTION     E (80)
  HIGHEST GUST SPEED    18   HIGHEST GUST DIRECTION     E (70)
  AVERAGE WIND SPEED     5.7


SKY COVER
  POSSIBLE SUNSHINE  MM
  AVERAGE SKY COVER 0.1


WEATHER CONDITIONS
 THE FOLLOWING WEATHER WAS RECORDED TODAY.
  NO SIGNIFICANT WEATHER WAS OBSERVED.


RELATIVE HUMIDITY (PERCENT)
 HIGHEST    80           400 AM
 LOWEST     27           400 PM
 AVERAGE    54

..........................................................


THE MOBRIDGE SD CLIMATE NORMALS FOR TOMORROW
                         NORMAL    RECORD    YEAR
 MAXIMUM TEMPERATURE (F)   87       107      1936
 MINIMUM TEMPERATURE (F)   60        40      1927


SUNRISE AND SUNSET
JULY 31 2014..........SUNRISE   624 AM CDT   SUNSET   911 PM CDT
AUGUST  1 2014........SUNRISE   625 AM CDT   SUNSET   910 PM CDT


-  INDICATES NEGATIVE NUMBERS.
R  INDICATES RECORD WAS SET OR TIED.
MM INDICATES DATA IS MISSING.
T  INDICATES TRACE AMOUNT.




$$
