000
CDUS43 KABR 291355
CLIMBG


CLIMATE REPORT
NATIONAL WEATHER SERVICE ABERDEEN SD
855 AM CDT SAT AUG 29 2015


...................................

...THE MOBRIDGE SD CLIMATE SUMMARY FOR AUGUST 28 2015...

CLIMATE NORMAL PERIOD 1981 TO 2010
CLIMATE RECORD PERIOD 1911 TO 2015


WEATHER ITEM   OBSERVED TIME   RECORD YEAR NORMAL DEPARTURE LAST
                VALUE   (LST)  VALUE       VALUE  FROM      YEAR
                                                  NORMAL
..................................................................
TEMPERATURE (F)
 YESTERDAY
  MAXIMUM         84    408 PM 103    1991  82      2       71
                                      1959
  MINIMUM         60    233 AM  36    1935  56      4       62
  AVERAGE         72                        69      3       67

PRECIPITATION (IN)
  YESTERDAY        0.00          0.66 2013   0.06  -0.06     0.42
  MONTH TO DATE    3.80                      1.85   1.95     4.55
  SINCE JUN 1      9.63                      7.71   1.92    12.99
  SINCE JAN 1     20.42                     13.73   6.69    19.11

DEGREE DAYS
 HEATING
  YESTERDAY        0                         1     -1        0
  MONTH TO DATE   22                        11     11       21
  SINCE JUN 1     40                        98    -58      119
  SINCE JUL 1     22                        23     -1       44

 COOLING
  YESTERDAY        7                         5      2        2
  MONTH TO DATE  195                       204     -9      136
  SINCE JUN 1    664                       552    112      351
  SINCE JAN 1    680                       568    112      401
..................................................................


WIND (MPH)
  HIGHEST WIND SPEED    16   HIGHEST WIND DIRECTION    SE (150)
  HIGHEST GUST SPEED    20   HIGHEST GUST DIRECTION    SE (150)
  AVERAGE WIND SPEED     6.9


SKY COVER
  POSSIBLE SUNSHINE  MM
  AVERAGE SKY COVER 0.3


WEATHER CONDITIONS
 THE FOLLOWING WEATHER WAS RECORDED YESTERDAY.
  FOG
  FOG W/VISIBILITY <= 1/4 MILE


RELATIVE HUMIDITY (PERCENT)
 HIGHEST   100          1200 AM
 LOWEST     63           500 PM
 AVERAGE    82

..........................................................


THE MOBRIDGE SD CLIMATE NORMALS FOR TODAY
                         NORMAL    RECORD    YEAR
 MAXIMUM TEMPERATURE (F)   82       106      2012
 MINIMUM TEMPERATURE (F)   55        36      1946


SUNRISE AND SUNSET
AUGUST 29 2015........SUNRISE   659 AM CDT   SUNSET   825 PM CDT
AUGUST 30 2015........SUNRISE   700 AM CDT   SUNSET   823 PM CDT


-  INDICATES NEGATIVE NUMBERS.
R  INDICATES RECORD WAS SET OR TIED.
MM INDICATES DATA IS MISSING.
T  INDICATES TRACE AMOUNT.




$$
