000
CDUS43 KDTX 052033
CLIMBS


CLIMATE REPORT
NATIONAL WEATHER SERVICE DETROIT/PONTIAC MI
432 PM EDT THU MAY 5 2016


...................................

...THE TRI CITIES MI CLIMATE SUMMARY FOR MAY 5 2016...
VALID TODAY AS OF 0400 PM LOCAL TIME.

CLIMATE NORMAL PERIOD 1981 TO 2010
CLIMATE RECORD PERIOD 1898 TO 2016


WEATHER ITEM   OBSERVED TIME   NORMAL DEPARTURE LAST
                VALUE   (LST)  VALUE  FROM      YEAR
                                      NORMAL
......................................................
TEMPERATURE (F)
 TODAY
  MAXIMUM         66    259 PM  64      2       60
  MINIMUM         43    543 AM  43      0       49
  AVERAGE         55            54      1       55

PRECIPITATION (IN)
  TODAY            0.00          0.11  -0.11      T
  MONTH TO DATE    0.71          0.53   0.18     0.05
  SINCE MAR 1      6.52          5.48   1.04     3.24
  SINCE JAN 1     10.44          8.80   1.64     5.35

SNOWFALL (IN)
  TODAY            0.0           0.0    0.0      0.0
  MONTH TO DATE    0.0           0.0    0.0      0.0
  SINCE MAR 1     16.5           8.1    8.4      6.1
  SINCE JUL 1     50.2          41.5    8.7     38.0
  SNOW DEPTH       0

DEGREE DAYS
 HEATING
  TODAY           10            12     -2       10
  MONTH TO DATE   64            63      1       22
  SINCE MAR 1   1484          1604   -120     1562
  SINCE JUL 1   5497          6703  -1206     6923

 COOLING
  TODAY            0             0      0        0
  MONTH TO DATE    0             0      0        2
  SINCE MAR 1      1             4     -3        2
  SINCE JAN 1      1             4     -3        2
......................................................


WIND (MPH)
  HIGHEST WIND SPEED    20   HIGHEST WIND DIRECTION    NE (40)
  HIGHEST GUST SPEED    22   HIGHEST GUST DIRECTION    NE (40)
  AVERAGE WIND SPEED    10.1


SKY COVER
  AVERAGE SKY COVER 0.2


WEATHER CONDITIONS
 THE FOLLOWING WEATHER WAS RECORDED TODAY.
  NO SIGNIFICANT WEATHER WAS OBSERVED.


..........................................................


THE TRI CITIES MI CLIMATE NORMALS FOR TOMORROW
                         NORMAL
 MAXIMUM TEMPERATURE (F)   65
 MINIMUM TEMPERATURE (F)   43


SUNRISE AND SUNSET
MAY  5 2016...........SUNRISE   623 AM EDT   SUNSET   844 PM EDT
MAY  6 2016...........SUNRISE   622 AM EDT   SUNSET   845 PM EDT


-  INDICATES NEGATIVE NUMBERS.
R  INDICATES RECORD WAS SET OR TIED.
MM INDICATES DATA IS MISSING.
T  INDICATES TRACE AMOUNT.




$$
