274
CDUS43 KDTX 180605
CLIMBS


CLIMATE REPORT
NATIONAL WEATHER SERVICE DETROIT/PONTIAC MI
105 AM EST MON DEC 18 2017


...................................

...THE TRI CITIES MI CLIMATE SUMMARY FOR DECEMBER 17 2017...

CLIMATE NORMAL PERIOD 1981 TO 2010
CLIMATE RECORD PERIOD 1898 TO 2017


WEATHER ITEM   OBSERVED TIME   NORMAL DEPARTURE LAST
                VALUE   (LST)  VALUE  FROM      YEAR
                                      NORMAL
......................................................
TEMPERATURE (F)
 YESTERDAY
  MAXIMUM         29    421 PM  33     -4       23
  MINIMUM         23    332 AM  21      2       15
  AVERAGE         26            27     -1

PRECIPITATION (IN)
  YESTERDAY        0.00          0.06  -0.06
  MONTH TO DATE    0.72          1.08  -0.36
  SINCE DEC 1      0.72          1.08  -0.36
  SINCE JAN 1     37.44         30.76   6.68

SNOWFALL (IN)
  YESTERDAY        0.0
  MONTH TO DATE    9.6
  SINCE DEC 1      9.6
  SINCE JUL 1      9.6
  SNOW DEPTH       6

DEGREE DAYS
 HEATING
  YESTERDAY       39                    1
  MONTH TO DATE  628                   22
  SINCE DEC 1    628                   22
  SINCE JUL 1   1859                 -220

 COOLING
  YESTERDAY        0                    0
  MONTH TO DATE    0                    0
  SINCE DEC 1      0                    0
  SINCE JAN 1    665                  108
......................................................


WIND (MPH)
  HIGHEST WIND SPEED    14   HIGHEST WIND DIRECTION     E (80)
  HIGHEST GUST SPEED    17   HIGHEST GUST DIRECTION     E (80)
  AVERAGE WIND SPEED     8.0



WEATHER CONDITIONS
 THE FOLLOWING WEATHER WAS RECORDED YESTERDAY.
  FOG


RELATIVE HUMIDITY (PERCENT)
 HIGHEST    92
 LOWEST     75
 AVERAGE    84

..........................................................


THE TRI CITIES MI CLIMATE NORMALS FOR TODAY
                         NORMAL
 MAXIMUM TEMPERATURE (F)   33
 MINIMUM TEMPERATURE (F)   20


SUNRISE AND SUNSET
DECEMBER 18 2017......SUNRISE   805 AM EST   SUNSET   502 PM EST
DECEMBER 19 2017......SUNRISE   805 AM EST   SUNSET   502 PM EST


-  INDICATES NEGATIVE NUMBERS.
R  INDICATES RECORD WAS SET OR TIED.
MM INDICATES DATA IS MISSING.
T  INDICATES TRACE AMOUNT.




$$
