000
CDUS43 KDTX 290540
CLIMBS


CLIMATE REPORT
NATIONAL WEATHER SERVICE DETROIT/PONTIAC MI
139 AM EDT THU SEP 29 2016


...................................

...THE TRI CITIES MI CLIMATE SUMMARY FOR SEPTEMBER 28 2016...

CLIMATE NORMAL PERIOD 1981 TO 2010
CLIMATE RECORD PERIOD 1898 TO 2016


WEATHER ITEM   OBSERVED TIME   NORMAL DEPARTURE LAST
                VALUE   (LST)  VALUE  FROM      YEAR
                                      NORMAL
......................................................
TEMPERATURE (F)
 YESTERDAY
  MAXIMUM         64   1249 PM  67     -3       79
  MINIMUM         47    638 AM  46      1       64
  AVERAGE         56            56      0

PRECIPITATION (IN)
  YESTERDAY        0.03          0.12  -0.09
  MONTH TO DATE    2.48          3.60  -1.12
  SINCE SEP 1      2.48          3.60  -1.12
  SINCE JAN 1     25.40         24.12   1.28

SNOWFALL (IN)
  YESTERDAY        0.0
  MONTH TO DATE    0.0
  SINCE SEP 1      0.0
  SINCE JUL 1      0.0
  SNOW DEPTH       0

DEGREE DAYS
 HEATING
  YESTERDAY        9                    0
  MONTH TO DATE   49                  -90
  SINCE SEP 1     49                  -90
  SINCE JUL 1     51                 -128

 COOLING
  YESTERDAY        0                   -1
  MONTH TO DATE   82                   34
  SINCE SEP 1     82                   34
  SINCE JAN 1    830                  278
......................................................


WIND (MPH)
  HIGHEST WIND SPEED    23   HIGHEST WIND DIRECTION    NE (50)
  HIGHEST GUST SPEED    29   HIGHEST GUST DIRECTION    NE (40)
  AVERAGE WIND SPEED    10.2



WEATHER CONDITIONS
 THE FOLLOWING WEATHER WAS RECORDED YESTERDAY.
  THUNDERSTORM
  LIGHT RAIN
  FOG


RELATIVE HUMIDITY (PERCENT)
 HIGHEST   100
 LOWEST     67
 AVERAGE    84

..........................................................


THE TRI CITIES MI CLIMATE NORMALS FOR TODAY
                         NORMAL
 MAXIMUM TEMPERATURE (F)   67
 MINIMUM TEMPERATURE (F)   46


SUNRISE AND SUNSET
SEPTEMBER 29 2016.....SUNRISE   732 AM EDT   SUNSET   720 PM EDT
SEPTEMBER 30 2016.....SUNRISE   733 AM EDT   SUNSET   718 PM EDT


-  INDICATES NEGATIVE NUMBERS.
R  INDICATES RECORD WAS SET OR TIED.
MM INDICATES DATA IS MISSING.
T  INDICATES TRACE AMOUNT.




$$
