000
CDUS43 KDTX 040540
CLIMBS


CLIMATE REPORT
NATIONAL WEATHER SERVICE DETROIT/PONTIAC MI
1240 AM EST WED MAR 4 2015


...................................

...THE TRI CITIES MI CLIMATE SUMMARY FOR MARCH 3 2015...

CLIMATE NORMAL PERIOD 1981 TO 2010
CLIMATE RECORD PERIOD 1898 TO 2015


WEATHER ITEM   OBSERVED TIME   NORMAL DEPARTURE LAST
                VALUE   (LST)  VALUE  FROM      YEAR
                                      NORMAL
......................................................
TEMPERATURE (F)
 YESTERDAY
  MAXIMUM         34    750 PM  37     -3       10
  MINIMUM         22    237 AM  21      1       -6
  AVERAGE         28            29     -1

PRECIPITATION (IN)
  YESTERDAY        0.21          0.06   0.15
  MONTH TO DATE    0.21          0.20   0.01
  SINCE MAR 1      0.21          0.20   0.01
  SINCE JAN 1      2.32          3.52  -1.20

SNOWFALL (IN)
  YESTERDAY        2.3
  MONTH TO DATE    2.4
  SINCE MAR 1      2.4
  SINCE JUL 1     34.3
  SNOW DEPTH      10

DEGREE DAYS
 HEATING
  YESTERDAY       37                    1
  MONTH TO DATE  128                   19
  SINCE MAR 1    128                   19
  SINCE JUL 1   5489                  281

 COOLING
  YESTERDAY        0                    0
  MONTH TO DATE    0                    0
  SINCE MAR 1      0                    0
  SINCE JAN 1      0                    0
......................................................


WIND (MPH)
  HIGHEST WIND SPEED    26   HIGHEST WIND DIRECTION     W (270)
  HIGHEST GUST SPEED    33   HIGHEST GUST DIRECTION     W (260)
  AVERAGE WIND SPEED    12.3



WEATHER CONDITIONS
 THE FOLLOWING WEATHER WAS RECORDED YESTERDAY.
  LT FREEZING RAIN
  SNOW
  LIGHT SNOW
  FOG
  FOG W/VISIBILITY <= 1/4 MILE
  HAZE


RELATIVE HUMIDITY (PERCENT)
 HIGHEST    92
 LOWEST     62
 AVERAGE    77

..........................................................


THE TRI CITIES MI CLIMATE NORMALS FOR TODAY
                         NORMAL
 MAXIMUM TEMPERATURE (F)   37
 MINIMUM TEMPERATURE (F)   21


SUNRISE AND SUNSET
MARCH  4 2015.........SUNRISE   708 AM EST   SUNSET   629 PM EST
MARCH  5 2015.........SUNRISE   706 AM EST   SUNSET   630 PM EST


-  INDICATES NEGATIVE NUMBERS.
R  INDICATES RECORD WAS SET OR TIED.
MM INDICATES DATA IS MISSING.
T  INDICATES TRACE AMOUNT.




$$
