000
CDUS43 KDTX 300536
CLIMBS


CLIMATE REPORT
NATIONAL WEATHER SERVICE DETROIT/PONTIAC MI
136 AM EDT THU JUL 30 2015


...................................

...THE TRI CITIES MI CLIMATE SUMMARY FOR JULY 29 2015...

CLIMATE NORMAL PERIOD 1981 TO 2010
CLIMATE RECORD PERIOD 1898 TO 2015


WEATHER ITEM   OBSERVED TIME   NORMAL DEPARTURE LAST
                VALUE   (LST)  VALUE  FROM      YEAR
                                      NORMAL
......................................................
TEMPERATURE (F)
 YESTERDAY
  MAXIMUM         89    339 PM  81      8       75
  MINIMUM         67   1138 PM  60      7       50
  AVERAGE         78            71      7

PRECIPITATION (IN)
  YESTERDAY        0.02          0.09  -0.07
  MONTH TO DATE    2.38          2.40  -0.02
  SINCE JUN 1      6.46          5.38   1.08
  SINCE JAN 1     15.10         17.03  -1.93

SNOWFALL (IN)
  YESTERDAY        0.0
  MONTH TO DATE    0.0
  SINCE JUN 1      0.0
  SINCE JUL 1      0.0
  SNOW DEPTH       0

DEGREE DAYS
 HEATING
  YESTERDAY        0                    0
  MONTH TO DATE    9                    7
  SINCE JUN 1     49                  -12
  SINCE JUL 1      9                    7

 COOLING
  YESTERDAY       13                    7
  MONTH TO DATE  205                   17
  SINCE JUN 1    323                   11
  SINCE JAN 1    387                   39
......................................................


WIND (MPH)
  HIGHEST WIND SPEED    23   HIGHEST WIND DIRECTION     W (270)
  HIGHEST GUST SPEED    27   HIGHEST GUST DIRECTION     W (280)
  AVERAGE WIND SPEED     9.9



WEATHER CONDITIONS
 THE FOLLOWING WEATHER WAS RECORDED YESTERDAY.
  THUNDERSTORM
  LIGHT RAIN


RELATIVE HUMIDITY (PERCENT)
 HIGHEST    79
 LOWEST     40
 AVERAGE    60

..........................................................


THE TRI CITIES MI CLIMATE NORMALS FOR TODAY
                         NORMAL
 MAXIMUM TEMPERATURE (F)   81
 MINIMUM TEMPERATURE (F)   60


SUNRISE AND SUNSET
JULY 30 2015..........SUNRISE   623 AM EDT   SUNSET   902 PM EDT
JULY 31 2015..........SUNRISE   624 AM EDT   SUNSET   900 PM EDT


-  INDICATES NEGATIVE NUMBERS.
R  INDICATES RECORD WAS SET OR TIED.
MM INDICATES DATA IS MISSING.
T  INDICATES TRACE AMOUNT.




$$
