289
CDUS43 KDTX 250553
CLIMBS


CLIMATE REPORT
NATIONAL WEATHER SERVICE DETROIT/PONTIAC MI
153 AM EDT THU AUG 25 2016


...................................

...THE TRI CITIES MI CLIMATE SUMMARY FOR AUGUST 24 2016...

CLIMATE NORMAL PERIOD 1981 TO 2010
CLIMATE RECORD PERIOD 1898 TO 2016


WEATHER ITEM   OBSERVED TIME   NORMAL DEPARTURE LAST
                VALUE   (LST)  VALUE  FROM      YEAR
                                      NORMAL
......................................................
TEMPERATURE (F)
 YESTERDAY
  MAXIMUM         82    511 PM  79      3       73
  MINIMUM         62    432 AM  57      5       54
  AVERAGE         72            68      4

PRECIPITATION (IN)
  YESTERDAY        0.01          0.10  -0.09
  MONTH TO DATE    5.19          2.50   2.69
  SINCE JUN 1     10.39          8.06   2.33
  SINCE JAN 1     22.23         19.71   2.52

SNOWFALL (IN)
  YESTERDAY        0.0
  MONTH TO DATE    0.0
  SINCE JUN 1      0.0
  SINCE JUL 1      0.0
  SNOW DEPTH       0

DEGREE DAYS
 HEATING
  YESTERDAY        0                   -1
  MONTH TO DATE    0                  -22
  SINCE JUN 1     28                  -66
  SINCE JUL 1      2                  -33

 COOLING
  YESTERDAY        7                    3
  MONTH TO DATE  217                   95
  SINCE JUN 1    620                  176
  SINCE JAN 1    698                  218
......................................................


WIND (MPH)
  HIGHEST WIND SPEED    18   HIGHEST WIND DIRECTION    SW (220)
  HIGHEST GUST SPEED    23   HIGHEST GUST DIRECTION     S (190)
  AVERAGE WIND SPEED     9.6



WEATHER CONDITIONS
 THE FOLLOWING WEATHER WAS RECORDED YESTERDAY.
  LIGHT RAIN
  FOG


RELATIVE HUMIDITY (PERCENT)
 HIGHEST    93
 LOWEST     69
 AVERAGE    81

..........................................................


THE TRI CITIES MI CLIMATE NORMALS FOR TODAY
                         NORMAL
 MAXIMUM TEMPERATURE (F)   78
 MINIMUM TEMPERATURE (F)   57


SUNRISE AND SUNSET
AUGUST 25 2016........SUNRISE   653 AM EDT   SUNSET   823 PM EDT
AUGUST 26 2016........SUNRISE   654 AM EDT   SUNSET   821 PM EDT


-  INDICATES NEGATIVE NUMBERS.
R  INDICATES RECORD WAS SET OR TIED.
MM INDICATES DATA IS MISSING.
T  INDICATES TRACE AMOUNT.




$$
