000
CDUS46 KHNX 270823
CLIMCE


CLIMATE REPORT
NATIONAL WEATHER SERVICE SAN JOAQUIN VALLEY, CA
122 AM PDT WED MAY 27 2015


...................................

...THE MERCED  CA CLIMATE SUMMARY FOR MAY 26 2015...

CLIMATE NORMAL PERIOD 1981 TO 2010
CLIMATE RECORD PERIOD 1998 TO 2015


WEATHER ITEM   OBSERVED TIME   RECORD YEAR NORMAL DEPARTURE
                VALUE   (LST)  VALUE       VALUE  FROM
                                                  NORMAL
...............................................................
TEMPERATURE (F)
 YESTERDAY
  MAXIMUM         84    402 PM  97    2014  85     -1
  MINIMUM         54    537 AM  48    2011  54      0
  AVERAGE         69                        69      0

PRECIPITATION (IN)
  YESTERDAY        0.00          0.05 2010   0.01  -0.01
  MONTH TO DATE    0.74                      0.54   0.20
  SINCE OCT 1      7.84                     12.02  -4.18
  SINCE JAN 1      3.09                      8.51  -5.42

SNOWFALL (IN)
  YESTERDAY        0.0
  MONTH TO DATE    0.0
  SINCE MAR 1      0.0
  SINCE JUL 1      0.0
  SNOW DEPTH       0

DEGREE DAYS
 HEATING
  YESTERDAY        0
  MONTH TO DATE   50
  SINCE MAR 1    309
  SINCE JUL 1   1773

 COOLING
  YESTERDAY        4
  MONTH TO DATE   40
  SINCE MAR 1     84
  SINCE JAN 1     84
...............................................................


WIND (MPH)
  HIGHEST WIND SPEED    15   HIGHEST WIND DIRECTION    NW (330)
  HIGHEST GUST SPEED    19   HIGHEST GUST DIRECTION    NW (330)
  AVERAGE WIND SPEED     8.8




RELATIVE HUMIDITY (PERCENT)
 HIGHEST    89
 LOWEST     28
 AVERAGE    59

..........................................................


THE MERCED  CA CLIMATE NORMALS FOR TODAY
                         NORMAL    RECORD    YEAR
 MAXIMUM TEMPERATURE (F)   85        97      2009
 MINIMUM TEMPERATURE (F)   54        49      2012


SUNRISE AND SUNSET
MAY 27 2015...........SUNRISE   546 AM PDT   SUNSET   814 PM PDT
MAY 28 2015...........SUNRISE   545 AM PDT   SUNSET   814 PM PDT


-  INDICATES NEGATIVE NUMBERS.
R  INDICATES RECORD WAS SET OR TIED.
MM INDICATES DATA IS MISSING.
T  INDICATES TRACE AMOUNT.




$$
