000
CDUS46 KHNX 240825
CLIMCE


CLIMATE REPORT
NATIONAL WEATHER SERVICE SAN JOAQUIN VALLEY, CA
124 AM PDT TUE MAY 24 2016


...................................

...THE MERCED  CA CLIMATE SUMMARY FOR MAY 23 2016...

CLIMATE NORMAL PERIOD 1981 TO 2010
CLIMATE RECORD PERIOD 1998 TO 2016


WEATHER ITEM   OBSERVED TIME   RECORD YEAR NORMAL DEPARTURE
                VALUE   (LST)  VALUE       VALUE  FROM
                                                  NORMAL
...............................................................
TEMPERATURE (F)
 YESTERDAY
  MAXIMUM         76    308 PM  98    2003  84     -8
  MINIMUM         48    509 AM  43    2010  53     -5
  AVERAGE         62                        68     -6

PRECIPITATION (IN)
  YESTERDAY        0.00          0.00   MM   0.01  -0.01
  MONTH TO DATE    0.11                      0.51  -0.40
  SINCE OCT 1     14.66                     11.99   2.67
  SINCE JAN 1     10.94                      8.48   2.46

SNOWFALL (IN)
  YESTERDAY        0.0
  MONTH TO DATE    0.0
  SINCE MAR 1      0.0
  SINCE JUL 1      0.0
  SNOW DEPTH       0

DEGREE DAYS
 HEATING
  YESTERDAY        3
  MONTH TO DATE   29
  SINCE MAR 1    368
  SINCE JUL 1   2265

 COOLING
  YESTERDAY        0
  MONTH TO DATE   82
  SINCE MAR 1    111
  SINCE JAN 1    111
...............................................................


WIND (MPH)
  HIGHEST WIND SPEED    15   HIGHEST WIND DIRECTION    NW (310)
  HIGHEST GUST SPEED    22   HIGHEST GUST DIRECTION     N (10)
  AVERAGE WIND SPEED     7.4




RELATIVE HUMIDITY (PERCENT)
 HIGHEST    86
 LOWEST     27
 AVERAGE    57

..........................................................


THE MERCED  CA CLIMATE NORMALS FOR TODAY
                         NORMAL    RECORD    YEAR
 MAXIMUM TEMPERATURE (F)   84        97      2001
 MINIMUM TEMPERATURE (F)   53        46      2011


SUNRISE AND SUNSET
MAY 24 2016...........SUNRISE   547 AM PDT   SUNSET   812 PM PDT
MAY 25 2016...........SUNRISE   546 AM PDT   SUNSET   813 PM PDT


-  INDICATES NEGATIVE NUMBERS.
R  INDICATES RECORD WAS SET OR TIED.
MM INDICATES DATA IS MISSING.
T  INDICATES TRACE AMOUNT.




$$
