850
CDUS46 KHNX 280022
CLIMCE


CLIMATE REPORT
NATIONAL WEATHER SERVICE SAN JOAQUIN VALLEY, CA
522 PM PDT THU JUL 27 2017


...................................

...THE MERCED  CA CLIMATE SUMMARY FOR JULY 27 2017...
VALID AS OF 0400 PM LOCAL TIME.

CLIMATE NORMAL PERIOD 1981 TO 2010
CLIMATE RECORD PERIOD 1998 TO 2017


WEATHER ITEM   OBSERVED TIME   RECORD YEAR NORMAL DEPARTURE LAST
                VALUE   (LST)  VALUE       VALUE  FROM      YEAR
                                                  NORMAL
..................................................................
TEMPERATURE (F)
 TODAY
  MAXIMUM        101        MM 106    2016  95      6      106
  MINIMUM         67        MM  56    2010  61      6       68
                                      2000
  AVERAGE         84                        78      6       87

PRECIPITATION (IN)
  TODAY            0.00          0.00   MM   0.00   0.00     0.00
  MONTH TO DATE    0.00                      0.00   0.00     0.00
  SINCE OCT 1     16.03                     12.19   3.84    14.66
  SINCE JAN 1     11.80                      8.68   3.12    10.94

SNOWFALL (IN)
  TODAY            0.0
  MONTH TO DATE    0.0
  SINCE JUN 1      0.0
  SINCE JUL 1      0.0
  SNOW DEPTH       0

DEGREE DAYS
 HEATING
  TODAY            0                                         0
  MONTH TO DATE    0                                         0
  SINCE JUN 1     10                                         2
  SINCE JUL 1      0                                         0

 COOLING
  TODAY           19                                        22
  MONTH TO DATE  453                                       356
  SINCE JUN 1    815                                       728
  SINCE JAN 1    967                                       897
..................................................................


WIND (MPH)
  HIGHEST WIND SPEED    12   HIGHEST WIND DIRECTION    NW (310)
  HIGHEST GUST SPEED    22   HIGHEST GUST DIRECTION     W (280)
  AVERAGE WIND SPEED     7.8




RELATIVE HUMIDITY (PERCENT)
 HIGHEST    55
 LOWEST     17
 AVERAGE    36

..........................................................


THE MERCED  CA CLIMATE NORMALS FOR TOMORROW
                         NORMAL    RECORD    YEAR
 MAXIMUM TEMPERATURE (F)   95       105      2016
 MINIMUM TEMPERATURE (F)   61        55      2010


SUNRISE AND SUNSET
JULY 27 2017..........SUNRISE   603 AM PDT   SUNSET   814 PM PDT
JULY 28 2017..........SUNRISE   604 AM PDT   SUNSET   813 PM PDT


-  INDICATES NEGATIVE NUMBERS.
R  INDICATES RECORD WAS SET OR TIED.
MM INDICATES DATA IS MISSING.
T  INDICATES TRACE AMOUNT.




$$
