000
CDUS46 KHNX 200824
CLIMCE


CLIMATE REPORT
NATIONAL WEATHER SERVICE SAN JOAQUIN VALLEY, CA
1223 AM PST MON NOV 20 2017


...................................

...THE MERCED  CA CLIMATE SUMMARY FOR NOVEMBER 19 2017...

CLIMATE NORMAL PERIOD 1981 TO 2010
CLIMATE RECORD PERIOD 1998 TO 2017


WEATHER ITEM   OBSERVED TIME   RECORD YEAR NORMAL DEPARTURE
                VALUE   (LST)  VALUE       VALUE  FROM
                                                  NORMAL
...............................................................
TEMPERATURE (F)
 YESTERDAY
  MAXIMUM         64    313 PM  75    2008  62      2
  MINIMUM         37    618 AM  30    2000  40     -3
  AVERAGE         51                        51      0

PRECIPITATION (IN)
  YESTERDAY        0.00          0.17 1999   0.04  -0.04
  MONTH TO DATE    0.67                      0.79  -0.12
  SINCE OCT 1      0.82                      1.60  -0.78
  SINCE JAN 1     12.64                     10.59   2.05

SNOWFALL (IN)
  YESTERDAY        0.0
  MONTH TO DATE    0.0
  SINCE SEP 1      0.0
  SINCE JUL 1      0.0
  SNOW DEPTH       0

DEGREE DAYS
 HEATING
  YESTERDAY       14
  MONTH TO DATE  160
  SINCE SEP 1    255
  SINCE JUL 1    255

 COOLING
  YESTERDAY        0
  MONTH TO DATE    0
  SINCE SEP 1    307
  SINCE JAN 1   1843
...............................................................


WIND (MPH)
  HIGHEST WIND SPEED     7   HIGHEST WIND DIRECTION    NW (300)
  HIGHEST GUST SPEED    11   HIGHEST GUST DIRECTION     W (290)
  AVERAGE WIND SPEED     2.0




RELATIVE HUMIDITY (PERCENT)
 HIGHEST   100
 LOWEST     52
 AVERAGE    76

..........................................................


THE MERCED  CA CLIMATE NORMALS FOR TODAY
                         NORMAL    RECORD    YEAR
 MAXIMUM TEMPERATURE (F)   62        74      2005
 MINIMUM TEMPERATURE (F)   39        31      2000


SUNRISE AND SUNSET
NOVEMBER 20 2017......SUNRISE   647 AM PST   SUNSET   449 PM PST
NOVEMBER 21 2017......SUNRISE   648 AM PST   SUNSET   448 PM PST


-  INDICATES NEGATIVE NUMBERS.
R  INDICATES RECORD WAS SET OR TIED.
MM INDICATES DATA IS MISSING.
T  INDICATES TRACE AMOUNT.




$$
