000
CDAK49 PAMC 032307
CLIMCG

CLIMATE REPORT
NATIONAL WEATHER SERVICE MCGRATH, AK
307 PM AKDT MON AUG 3 2015

...................................
...THE MCGRATH AIRPORT CLIMATE SUMMARY FOR AUGUST 3 2015...
VALID TODAY AS OF 2:00 PM LOCAL TIME

CLIMATE NORMAL PERIOD  1981 TO  2010
CLIMATE RECORD PERIOD  1940 TO  2015

WEATHER ITEM   OBSERVED TIME    RECORD YEAR NORMAL DEPARTURE LAST
               VALUE    (LST)   VALUE       VALUE  FROM      YEAR
                                                   NORMAL
...................................................................
TEMPERATURE
TODAY
 MAXIMUM            76  0154 PM    84  2002     66      10     73
 MINIMUM            49  0634 AM    34  2008     49       0     55
 AVERAGE            63                          57       6     64

PRECIPITATION
(INCHES)
 TODAY            0.00           0.54  1950   0.09   -0.09      T
 MONTH TO DATE       T                        0.27   -0.27   0.38
 SINCE JUN 1      4.94                        4.17    0.77   4.48
 SINCE JAN 1      6.28                        8.84   -2.56   7.21

SNOWFALL
(INCHES)
 TODAY             0.0            0.0  2015    0.0     0.0    0.0
 MONTH TO DATE     0.0                         0.0     0.0    0.0
 SINCE JUN 1       0.0                         0.0     0.0    0.0
 SINCE JUL 1       0.0                         0.0     0.0    0.0
 SNOW DEPTH (IN)     0                                          0

DEGREE DAYS
 HEATING
  TODAY              2                           8      -6      1
  MONTH TO DATE     12                          23     -11     11
  SINCE JUN 1      975                         429     546    503
  SINCE JUL 1      782                         195     587    198

 COOLING
  TODAY              0                           0       0      0
  MONTH TO DATE      0                           0       0      0
  SINCE JUN 1       26                          16      10     11
  SINCE JAN 1       MM                          16      MM     11
...................................................................

WIND (MPH)
 HIGHEST WIND SPEED     6     HIGHEST WIND DIRECTION     50
 HIGHEST GUST SPEED     8     HIGHEST GUST DIRECTION    100

WEATHER CONDITIONS
 THE FOLLOWING WEATHER WAS RECORDED TODAY.
 FOG
...................................................................

THE MCGRATH CLIMATE NORMALS FOR TOMORROW
                        NORMAL    RECORD   YEAR
 MAXIMUM TEMPERATURE      66        83     2002
 MINIMUM TEMPERATURE      49        34     2001

SUNRISE AND SUNSET
 AUG 3 2015..........SUNRISE  5:47 AM      SUNSET 11:09 PM
 AUG 4 2015..........SUNRISE  5:50 AM      SUNSET 11:06 PM

-  INDICATES NEGATIVE NUMBERS.
R  INDICATES RECORD HAS BEEN SET OR TIED.
MM INDICATES DATA IS MISSING.
T  INDICATES TRACE OF PRECIPITATION.

&&
-------------------------------------------------------------------

AMOUNT OF DAYLIGHT TODAY  (HOUR:MIN)........17 HOURS 22 MINUTES
LOSS SINCE YESTERDAY (HOUR:MIN:SEC)....-0:05:58

$$
ADJ AUG 15
