231
CDAK49 PAFG 290956
CLIMCG

CLIMATE REPORT
NATIONAL WEATHER SERVICE FAIRBANKS AK
156 AM AKDT THU JUN 29 2017


...................................

...THE MCGRATH AK CLIMATE SUMMARY FOR JUNE 28 2017...

CLIMATE NORMAL PERIOD 1981 TO 2010
CLIMATE RECORD PERIOD 1946 TO 2017


WEATHER ITEM   OBSERVED TIME   RECORD YEAR NORMAL DEPARTURE LAST
                VALUE   (LST)  VALUE       VALUE  FROM      YEAR
                                                  NORMAL
..................................................................
TEMPERATURE (F)
 YESTERDAY
  MAXIMUM         66    640 PM  84    2005  71     -5       70
  MINIMUM         53    644 AM  36    1979  50      3       57
  AVERAGE         60                        61     -1       64

PRECIPITATION (IN)
  YESTERDAY        0.01          0.32 2008   0.06  -0.05     0.02
  MONTH TO DATE    1.23                      1.40  -0.17     2.39
  SINCE JUN 1      1.23                      1.40  -0.17     2.39
  SINCE JAN 1      4.22                      6.07  -1.85     5.04

SNOWFALL (IN)
  YESTERDAY        0.0           T    1991   0.0    0.0      0.0
  MONTH TO DATE    T                         0.0    0.0      0.0
  SINCE JUN 1      T                         0.0    0.0      0.0
  SINCE JUL 1     51.3                      97.3  -46.0      0.0
  SNOW DEPTH       0

DEGREE DAYS
 HEATING
  YESTERDAY        5                         5      0        1
  MONTH TO DATE  147                       224    -77      190
  SINCE JUN 1    147                       224    -77      190
  SINCE JUL 1  13176                     13737   -561     3840

 COOLING
  YESTERDAY        0                         1     -1        0
  MONTH TO DATE    1                         3     -2        4
  SINCE JUN 1      1                         3     -2        4
  SINCE JAN 1      1                         3     -2        4
..................................................................


WIND (MPH)
  HIGHEST GUST SPEED    12   HIGHEST GUST DIRECTION     W (280)


SKY COVER
  AVERAGE SKY COVER 0.9


WEATHER CONDITIONS
 THE FOLLOWING WEATHER WAS RECORDED YESTERDAY.
  LIGHT RAIN
  HAZE


RELATIVE HUMIDITY (PERCENT)
 HIGHEST    93
 LOWEST     52
 AVERAGE    73

..........................................................


THE MCGRATH AK CLIMATE NORMALS FOR TODAY
                         NORMAL    RECORD    YEAR
 MAXIMUM TEMPERATURE (F)   71        86      1990
 MINIMUM TEMPERATURE (F)   50        38      1979
                                             1949


SUNRISE AND SUNSET
JUNE 29 2017..........SUNRISE   423 AM AKDT  SUNSET  1229 AM AKDT
JUNE 30 2017..........SUNRISE   424 AM AKDT  SUNSET  1228 AM AKDT

-  INDICATES NEGATIVE NUMBERS.
R  INDICATES RECORD WAS SET OR TIED.
MM INDICATES DATA IS MISSING.
T  INDICATES TRACE AMOUNT.

&&

SNOW DEPTH IS MEASURED AT 3AM AKST/4AM AKDT.

----------------------------
AVAILABLE DAYLIGHT

AMOUNT OF DAYLIGHT TODAY  (HOUR:MIN)........20:08
GAIN/LOSS SINCE YESTERDAY (HOUR:MIN:SEC)....-0:02:03

$$
JUN 17
