578
CDAK49 PAFG 210956
CLIMCG

CLIMATE REPORT
NATIONAL WEATHER SERVICE FAIRBANKS AK
156 AM AKDT SAT OCT 21 2017


...................................

...THE MCGRATH AK CLIMATE SUMMARY FOR OCTOBER 20 2017...

CLIMATE NORMAL PERIOD 1981 TO 2010
CLIMATE RECORD PERIOD 1946 TO 2017


WEATHER ITEM   OBSERVED TIME   RECORD YEAR NORMAL DEPARTURE LAST
                VALUE   (LST)  VALUE       VALUE  FROM      YEAR
                                                  NORMAL
..................................................................
TEMPERATURE (F)
 YESTERDAY
  MAXIMUM         25    344 PM  49    2005  29     -4       30
  MINIMUM         17   1004 AM -11    1965  16      1       16
  AVERAGE         21                        22     -1       23

PRECIPITATION (IN)
  YESTERDAY        0.01          0.33 1961   0.04  -0.03     0.00
  MONTH TO DATE    2.19                      1.03   1.16     0.05
  SINCE SEP 1      3.84                      3.52   0.32     5.13
  SINCE JAN 1     14.21                     14.89  -0.68    17.96

SNOWFALL (IN)
  YESTERDAY       MM             5.8  2002   0.4   MM        0.0
  MONTH TO DATE    0.3                       5.3   -5.0      0.0
  SINCE SEP 1      0.3                       6.8   -6.5      0.0
  SINCE JUL 1      0.3                       6.8   -6.5      0.0
  SNOW DEPTH       0

DEGREE DAYS
 HEATING
  YESTERDAY       44                        43      1       42
  MONTH TO DATE  548                       716   -168      618
  SINCE SEP 1   1071                      1328   -257     1161
  SINCE JUL 1   1424                      1819   -395     1437

 COOLING
  YESTERDAY        0                         0      0        0
  MONTH TO DATE    0                         0      0        0
  SINCE SEP 1      0                         0      0        0
  SINCE JAN 1     37                        20     17       29
..................................................................


WIND (MPH)
  HIGHEST GUST SPEED    12   HIGHEST GUST DIRECTION     E (90)


SKY COVER
  AVERAGE SKY COVER 1.0


WEATHER CONDITIONS
 THE FOLLOWING WEATHER WAS RECORDED YESTERDAY.
  LIGHT SNOW


RELATIVE HUMIDITY (PERCENT)
 HIGHEST    74
 LOWEST     55
 AVERAGE    65

..........................................................


THE MCGRATH AK CLIMATE NORMALS FOR TODAY
                         NORMAL    RECORD    YEAR
 MAXIMUM TEMPERATURE (F)   28        46      1980
 MINIMUM TEMPERATURE (F)   15        -8      1965
                                             1956


SUNRISE AND SUNSET
OCTOBER 21 2017.......SUNRISE   928 AM AKDT  SUNSET   645 PM AKDT
OCTOBER 22 2017.......SUNRISE   931 AM AKDT  SUNSET   642 PM AKDT

-  INDICATES NEGATIVE NUMBERS.
R  INDICATES RECORD WAS SET OR TIED.
MM INDICATES DATA IS MISSING.
T  INDICATES TRACE AMOUNT.

&&

SNOW DEPTH IS MEASURED AT 3AM AKST/4AM AKDT.

----------------------------
AVAILABLE DAYLIGHT

AMOUNT OF DAYLIGHT TODAY  (HOUR:MIN)........9:17
GAIN/LOSS SINCE YESTERDAY (HOUR:MIN:SEC)....-0:06:06

$$
OCT 17
