030
CDAK49 PAFG 261045
CLIMCG

CLIMATE REPORT
NATIONAL WEATHER SERVICE FAIRBANKS AK
145 AM AKST SUN FEB 26 2017


...................................

...THE MCGRATH AK CLIMATE SUMMARY FOR FEBRUARY 25 2017...

CLIMATE NORMAL PERIOD 1981 TO 2010
CLIMATE RECORD PERIOD 1946 TO 2017


WEATHER ITEM   OBSERVED TIME   RECORD YEAR NORMAL DEPARTURE LAST
                VALUE   (LST)  VALUE       VALUE  FROM      YEAR
                                                  NORMAL
..................................................................
TEMPERATURE (F)
 YESTERDAY
  MAXIMUM         34   1013 PM  44    1978  18     16       39
                                      1947
  MINIMUM         31    539 PM -50    1954  -7     38       20
  AVERAGE         33                         5     28       30

PRECIPITATION (IN)
  YESTERDAY        0.03          0.26 2006   0.03   0.00      T
  MONTH TO DATE    0.62                      0.84  -0.22     0.06
  SINCE DEC 1      2.13                      3.22  -1.09     0.06
  SINCE JAN 1      1.16                      1.93  -0.77     0.06

SNOWFALL (IN)
  YESTERDAY        0.4           4.4  2006   0.5   -0.1     MM
                                      1990
  MONTH TO DATE   10.4                      11.7   -1.3      0.0
  SINCE DEC 1     39.0                      47.6   -8.6      0.0
  SINCE JUL 1     47.3                      78.6  -31.3      0.0
  SNOW DEPTH      13

DEGREE DAYS
 HEATING
  YESTERDAY       32                        60    -28       35
  MONTH TO DATE 1635                      1601     34      810
  SINCE DEC 1   5875                      5931    -56      810
  SINCE JUL 1   9621                     10054   -433      810

 COOLING
  YESTERDAY        0                         0      0        0
  MONTH TO DATE    0                         0      0        0
  SINCE DEC 1      0                         0      0        0
  SINCE JAN 1      0                         0      0        0
..................................................................


WIND (MPH)
  HIGHEST GUST SPEED    40   HIGHEST GUST DIRECTION     S (200)


SKY COVER
  AVERAGE SKY COVER 1.0


WEATHER CONDITIONS
 THE FOLLOWING WEATHER WAS RECORDED YESTERDAY.
  SNOW
  LIGHT SNOW
  FOG
  FOG W/VISIBILITY <= 1/4 MILE
  HAZE


RELATIVE HUMIDITY (PERCENT)
 HIGHEST    85
 LOWEST     69
 AVERAGE    77

..........................................................


THE MCGRATH AK CLIMATE NORMALS FOR TODAY
                         NORMAL    RECORD    YEAR
 MAXIMUM TEMPERATURE (F)   18        44      1991
 MINIMUM TEMPERATURE (F)   -7       -47      1954


SUNRISE AND SUNSET
FEBRUARY 26 2017......SUNRISE   836 AM AKST  SUNSET   637 PM AKST
FEBRUARY 27 2017......SUNRISE   832 AM AKST  SUNSET   640 PM AKST

-  INDICATES NEGATIVE NUMBERS.
R  INDICATES RECORD WAS SET OR TIED.
MM INDICATES DATA IS MISSING.
T  INDICATES TRACE AMOUNT.

&&

SNOW DEPTH IS MEASURED AT 3AM AKST/4AM AKDT.

----------------------------
AVAILABLE DAYLIGHT

AMOUNT OF DAYLIGHT TODAY  (HOUR:MIN)........10:01
GAIN/LOSS SINCE YESTERDAY (HOUR:MIN:SEC)....+0:06:12

$$
CCC FEB 17
