000
CDAK49 PAMC 142351
CLIMCG

CLIMATE REPORT
NATIONAL WEATHER SERVICE MCGRATH, AK
251 PM AKST SUN FEB 14 2016

...................................
...THE MCGRATH AIRPORT CLIMATE SUMMARY FOR FEBRUARY 14 2016...
VALID TODAY AS OF 2:00 PM LOCAL TIME

CLIMATE NORMAL PERIOD  1981 TO  2010
CLIMATE RECORD PERIOD  1940 TO  2016

WEATHER ITEM   OBSERVED TIME    RECORD YEAR NORMAL DEPARTURE LAST
               VALUE    (LST)   VALUE       VALUE  FROM      YEAR
                                                   NORMAL
...................................................................
TEMPERATURE
TODAY
 MAXIMUM            17  0159 PM    43  1942     12       5     13
 MINIMUM            -6    MM      -45  1976     -9       3    -15
 AVERAGE             6                           1       5     -1

PRECIPITATION
(INCHES)
 TODAY            0.00           0.42  1956   0.03   -0.03   0.00
 MONTH TO DATE    0.10                        0.46   -0.36   0.04
 SINCE DEC 1      0.65                        2.84   -2.19   1.71
 SINCE JAN 1      0.18                        1.55   -1.37   0.31

SNOWFALL
(INCHES)
 TODAY             0.0            5.1  1947    0.4    -0.4    0.0
 MONTH TO DATE     2.9                         6.4    -3.5    0.7
 SINCE DEC 1      16.9                        42.3   -25.4   22.3
 SINCE JUL 1      63.9                        73.3    -9.4   32.0
 SNOW DEPTH (IN)    20                                         14

DEGREE DAYS
 HEATING
  TODAY             59                          64      -5     66
  MONTH TO DATE    861                         926     -65   1033
  SINCE DEC 1     4572                        5253    -681   4873
  SINCE JUL 1     8722                        9385    -663   8534

 COOLING
  TODAY              0                           0       0      0
  MONTH TO DATE      0                           0       0      0
  SINCE DEC 1        0                           0       0      0
  SINCE JAN 1        0                           0       0      0
...................................................................

WIND (MPH)
 HIGHEST WIND SPEED     6     HIGHEST WIND DIRECTION     10
 HIGHEST GUST SPEED     6     HIGHEST GUST DIRECTION     10
 AVERAGE WIND SPEED    MM

WEATHER CONDITIONS
 THE FOLLOWING WEATHER WAS RECORDED TODAY.
 NO SIGNIFICANT WEATHER WAS OBSERVED.

...................................................................

THE MCGRATH CLIMATE NORMALS FOR TOMORROW
                        NORMAL    RECORD   YEAR
 MAXIMUM TEMPERATURE      13        44     1944
 MINIMUM TEMPERATURE      -9       -49     1950

SUNRISE AND SUNSET
 FEB 14 2016..........SUNRISE  9:17 AM      SUNSET  5:59 PM
 FEB 15 2016..........SUNRISE  9:13 AM      SUNSET  6:02 PM

-  INDICATES NEGATIVE NUMBERS.
R  INDICATES RECORD HAS BEEN SET OR TIED.
MM INDICATES DATA IS MISSING.
T  INDICATES TRACE OF PRECIPITATION.

&&
-------------------------------------------------------------------

AMOUNT OF DAYLIGHT TODAY  (HOUR:MIN)........8 HOURS 42 MINUTES
GAIN SINCE YESTERDAY (HOUR:MIN:SEC)....+0:06:09

$$
SBY FEB 16
