000
CDUS43 KEAX 020042
CLIMCI

CLIMATE REPORT
NATIONAL WEATHER SERVICE KANSAS CITY/PLEASANT HILL MO
641 PM CST SUN FEB 1 2015


...................................

...THE KANSAS CITY INTERNATIONAL MO CLIMATE SUMMARY FOR FEBRUARY 1 2015...
VALID TODAY AS OF 0600 PM LOCAL TIME.

CLIMATE NORMAL PERIOD 1981 TO 2010
CLIMATE RECORD PERIOD 1888 TO 2015


WEATHER ITEM   OBSERVED TIME   RECORD YEAR NORMAL DEPARTURE LAST
                VALUE   (LST)  VALUE       VALUE  FROM      YEAR
                                                  NORMAL
..................................................................
TEMPERATURE (F)
 TODAY
  MAXIMUM         34    936 AM  71    1911  39     -5       27
  MINIMUM         19    559 PM -12    1985  20     -1       18
                                      1979
  AVERAGE         27                        30     -3       23

PRECIPITATION (IN)
  TODAY            0.33          0.97 1968   0.04   0.29     0.31
  MONTH TO DATE    0.33                      0.04   0.29     0.31
  SINCE DEC 1      3.37                      2.64   0.73     1.50
  SINCE JAN 1      1.53                      1.11   0.42     0.70

SNOWFALL (IN)
  TODAY            2.4           8.9  2011   0.2    2.2      2.7
  MONTH TO DATE    2.4                       0.2    2.2      2.7
  SINCE DEC 1      7.3                       9.6   -2.3     14.0
  SINCE JUL 1      7.8                      11.0   -3.2     14.0
  SNOW DEPTH       2

DEGREE DAYS
 HEATING
  TODAY           38                        35      3       42
  MONTH TO DATE   38                        35      3       42
  SINCE DEC 1   2019                      2197   -178     2421
  SINCE JUL 1   3140                      3199    -59     3486

 COOLING
  TODAY            0                         0      0        0
  MONTH TO DATE    0                         0      0        0
  SINCE DEC 1      0                         0      0        0
  SINCE JAN 1      0                         0      0        0
..................................................................


WIND (MPH)
  HIGHEST WIND SPEED    31   HIGHEST WIND DIRECTION    NW (320)
  HIGHEST GUST SPEED    41   HIGHEST GUST DIRECTION    NW (320)
  AVERAGE WIND SPEED    13.9


SKY COVER
  POSSIBLE SUNSHINE  MM
  AVERAGE SKY COVER 1.0


WEATHER CONDITIONS
 THE FOLLOWING WEATHER WAS RECORDED TODAY.
  LIGHT RAIN
  LIGHT SNOW
  FOG
  FOG W/VISIBILITY <= 1/4 MILE


RELATIVE HUMIDITY (PERCENT)
 HIGHEST   100          1200 AM
 LOWEST     81           200 PM
 AVERAGE    91

..........................................................


THE KANSAS CITY INTERNATIONAL MO CLIMATE NORMALS FOR TOMORROW
                         NORMAL    RECORD    YEAR
 MAXIMUM TEMPERATURE (F)   40        69      1992
                                             1924
 MINIMUM TEMPERATURE (F)   21       -14      1905


SUNRISE AND SUNSET
FEBRUARY  1 2015......SUNRISE   726 AM CST   SUNSET   539 PM CST
FEBRUARY  2 2015......SUNRISE   725 AM CST   SUNSET   540 PM CST


-  INDICATES NEGATIVE NUMBERS.
R  INDICATES RECORD WAS SET OR TIED.
MM INDICATES DATA IS MISSING.
T  INDICATES TRACE AMOUNT.




&&

...MISCELLANEOUS CLIMATE DATA FROM TODAY...

LOCATION                HIGH    LOW      PRECIP
ST. JOSEPH               33      18       0.23
DOWNTOWN KANSAS CITY     34      21       0.15
OLATHE NEW CENTURY       38      17       0.31
OLATHE JO CO EXEC        38      19       0.28
LEES SUMMIT              34      21       0.33
KIRKSVILLE               34      20       0.03
CHILLICOTHE              36      22       0.44
SEDALIA                  38      27       0.36
NWS PLEASANT HILL MO     35      20       0.38


THIS PRODUCT...ALONG WITH OTHER WEATHER...HYDROLOGICAL AND CLIMATE
INFORMATION...IS AVAILABLE ON THE WEB AT HTTP://WWW.CRH.NOAA.GOV/EAX
OR AT HTTP://WEATHER.GOV

$$

PM
