667
CDUS42 KFFC 290817
CLIMCN


CLIMATE REPORT
NATIONAL WEATHER SERVICE PEACHTREE CITY GA
417 AM EDT FRI APR 29 2016


...................................

...THE MACON CLIMATE SUMMARY FOR APRIL 28 2016...

CLIMATE NORMAL PERIOD 1981 TO 2010
CLIMATE RECORD PERIOD 1899 TO 2016


WEATHER ITEM   OBSERVED TIME   RECORD YEAR NORMAL DEPARTURE LAST
                VALUE   (LST)  VALUE       VALUE  FROM      YEAR
                                                  NORMAL
..................................................................
TEMPERATURE (F)
 YESTERDAY
  MAXIMUM         84    447 PM  92    1989  80      4       72
  MINIMUM         65    447 AM  40    2005  53     12       54
                                      1967
  AVERAGE         75                        67      8       63

PRECIPITATION (IN)
  YESTERDAY        0.00          1.42 1922   0.09  -0.09     0.27
  MONTH TO DATE    7.63                      2.80   4.83     5.95
  SINCE MAR 1     10.27                      7.35   2.92     8.23
  SINCE JAN 1     16.00                     15.95   0.05    15.03

DEGREE DAYS
 HEATING
  YESTERDAY        0                         2     -2        2
  MONTH TO DATE   94                       108    -14       33
  SINCE MAR 1    257                       380   -123      241
  SINCE JUL 1   1787                      2305   -518     2454

 COOLING
  YESTERDAY       10                         3      7        0
  MONTH TO DATE   44                        55    -11      112
  SINCE MAR 1     96                        73     23      124
  SINCE JAN 1     97                        76     21      124
..................................................................


WIND (MPH)
  RESULTANT WIND SPEED   6   RESULTANT WIND DIRECTION  SW (230)
  HIGHEST WIND SPEED    17   HIGHEST WIND DIRECTION     W (260)
  HIGHEST GUST SPEED    23   HIGHEST GUST DIRECTION     W (260)
  AVERAGE WIND SPEED     6.1


SKY COVER
  AVERAGE SKY COVER 0.5


WEATHER CONDITIONS
 THE FOLLOWING WEATHER WAS RECORDED YESTERDAY.
  FOG
  HAZE


RELATIVE HUMIDITY (PERCENT)
 HIGHEST   100           400 AM
 LOWEST     55           500 PM
 AVERAGE    78

..........................................................


THE MACON CLIMATE NORMALS FOR TODAY
                         NORMAL    RECORD    YEAR
 MAXIMUM TEMPERATURE (F)   80        92      2012
 MINIMUM TEMPERATURE (F)   54        37      1992


SUNRISE AND SUNSET
APRIL 29 2016.........SUNRISE   649 AM EDT   SUNSET   815 PM EDT
APRIL 30 2016.........SUNRISE   648 AM EDT   SUNSET   816 PM EDT


-  INDICATES NEGATIVE NUMBERS.
R  INDICATES RECORD WAS SET OR TIED.
MM INDICATES DATA IS MISSING.
T  INDICATES TRACE AMOUNT.




$$
