000
CDUS42 KFFC 020023
CLIMCN


CLIMATE REPORT
NATIONAL WEATHER SERVICE PEACHTREE CITY GA
822 PM EDT FRI AUG 1 2014


...................................

...THE MACON CLIMATE SUMMARY FOR AUGUST 1 2014...
VALID AS OF 0800 PM LOCAL TIME.

CLIMATE NORMAL PERIOD 1981 TO 2010
CLIMATE RECORD PERIOD 1899 TO 2014


WEATHER ITEM   OBSERVED TIME   RECORD YEAR NORMAL DEPARTURE LAST
                VALUE   (LST)  VALUE       VALUE  FROM      YEAR
                                                  NORMAL
..................................................................
TEMPERATURE (F)
 TODAY
  MAXIMUM         79    508 PM 105    1986  93    -14       89
  MINIMUM         70    934 AM  60    1997  71     -1       71
  AVERAGE         75                        82     -7       80

PRECIPITATION (IN)
  TODAY            0.01          3.06 2003   0.14  -0.13     0.08
  MONTH TO DATE    0.01                      0.14  -0.13     0.08
  SINCE JUN 1     10.70                      9.15   1.55    19.32
  SINCE JAN 1     32.89                     27.98   4.91    48.01

DEGREE DAYS
 COOLING
  TODAY           10                        17     -7       15
  MONTH TO DATE   10                        17     -7       15
  SINCE JUN 1    864                       957    -93      860
  SINCE JAN 1   1142                      1270   -128     1070
..................................................................


WIND (MPH)
  HIGHEST WIND SPEED    12   HIGHEST WIND DIRECTION     N (10)
  HIGHEST GUST SPEED    15   HIGHEST GUST DIRECTION    NE (50)
  AVERAGE WIND SPEED     7.4


SKY COVER
  AVERAGE SKY COVER 0.9


WEATHER CONDITIONS
 THE FOLLOWING WEATHER WAS RECORDED TODAY.
  LIGHT RAIN


RELATIVE HUMIDITY (PERCENT)
 HIGHEST    93          1200 AM
 LOWEST     79           500 PM

..........................................................


THE MACON CLIMATE NORMALS FOR TOMORROW
                         NORMAL    RECORD
 MAXIMUM TEMPERATURE (F)   93       104
 MINIMUM TEMPERATURE (F)   71        62


SUNRISE AND SUNSET
AUGUST  1 2014........SUNRISE   649 AM EDT   SUNSET   833 PM EDT
AUGUST  2 2014........SUNRISE   649 AM EDT   SUNSET   832 PM EDT


-  INDICATES NEGATIVE NUMBERS.
R  INDICATES RECORD WAS SET OR TIED.
MM INDICATES DATA IS MISSING.
T  INDICATES TRACE AMOUNT.




$$
