776
CDUS42 KFFC 090920
CLIMCN


CLIMATE REPORT
NATIONAL WEATHER SERVICE PEACHTREE CITY GA
418 AM EST TUE FEB 9 2016


...................................

...THE MACON CLIMATE SUMMARY FOR FEBRUARY 8 2016...

CLIMATE NORMAL PERIOD 1981 TO 2010
CLIMATE RECORD PERIOD 1899 TO 2016


WEATHER ITEM   OBSERVED TIME   RECORD YEAR NORMAL DEPARTURE LAST
                VALUE   (LST)  VALUE       VALUE  FROM      YEAR
                                                  NORMAL
..................................................................
TEMPERATURE (F)
 YESTERDAY
  MAXIMUM         57    322 PM  82    1957  61     -4       69
  MINIMUM         31    511 AM  18    1933  37     -6       31
  AVERAGE         44                        49     -5       50

PRECIPITATION (IN)
  YESTERDAY        T             1.79 1959   0.16  -0.16     0.00
  MONTH TO DATE    2.21                      1.22   0.99     0.36
  SINCE DEC 1     17.35                      9.50   7.85     8.69
  SINCE JAN 1      4.73                      5.46  -0.73     2.80

SNOWFALL (IN)
  YESTERDAY       MM             0.0  2002   0.0   MM        0.0
  MONTH TO DATE    0.0                       0.0    0.0      0.0
  SINCE DEC 1      T                         0.5   -0.5      0.0
  SINCE JUL 1      T                         0.5   -0.5      0.0
  SNOW DEPTH       0

DEGREE DAYS
 HEATING
  YESTERDAY       21                        16      5       15
  MONTH TO DATE  112                       135    -23      166
  SINCE DEC 1    959                      1245   -286     1230
  SINCE JUL 1   1231                      1640   -409     1790

 COOLING
  YESTERDAY        0                         0      0        0
  MONTH TO DATE    0                         0      0        0
  SINCE DEC 1     42                         4     38        0
  SINCE JAN 1      0                         1     -1        0
..................................................................


WIND (MPH)
  RESULTANT WIND SPEED   8   RESULTANT WIND DIRECTION   W (270)
  HIGHEST WIND SPEED    24   HIGHEST WIND DIRECTION    NW (310)
  HIGHEST GUST SPEED    34   HIGHEST GUST DIRECTION     W (290)
  AVERAGE WIND SPEED     9.1


SKY COVER
  AVERAGE SKY COVER 0.2


WEATHER CONDITIONS
 THE FOLLOWING WEATHER WAS RECORDED YESTERDAY.
  LIGHT RAIN


RELATIVE HUMIDITY (PERCENT)
 HIGHEST    85           500 AM
 LOWEST     38           300 PM
 AVERAGE    62

..........................................................


THE MACON CLIMATE NORMALS FOR TODAY
                         NORMAL    RECORD    YEAR
 MAXIMUM TEMPERATURE (F)   61        82      1957
 MINIMUM TEMPERATURE (F)   37        13      1933


SUNRISE AND SUNSET
FEBRUARY  9 2016......SUNRISE   724 AM EST   SUNSET   614 PM EST
FEBRUARY 10 2016......SUNRISE   723 AM EST   SUNSET   615 PM EST


-  INDICATES NEGATIVE NUMBERS.
R  INDICATES RECORD WAS SET OR TIED.
MM INDICATES DATA IS MISSING.
T  INDICATES TRACE AMOUNT.




$$
