000
CDUS42 KFFC 270823
CLIMCN


CLIMATE REPORT
NATIONAL WEATHER SERVICE PEACHTREE CITY GA
423 AM EDT WED AUG 27 2014


...................................

...THE MACON CLIMATE SUMMARY FOR AUGUST 26 2014...

CLIMATE NORMAL PERIOD 1981 TO 2010
CLIMATE RECORD PERIOD 1899 TO 2014


WEATHER ITEM   OBSERVED TIME   RECORD YEAR NORMAL DEPARTURE LAST
                VALUE   (LST)  VALUE       VALUE  FROM      YEAR
                                                  NORMAL
..................................................................
TEMPERATURE (F)
 YESTERDAY
  MAXIMUM         91    406 PM 101    1998  90      1       83
  MINIMUM         62    522 AM  58    2013  69     -7       58
                                      1952
  AVERAGE         77                        80     -3       71

PRECIPITATION (IN)
  YESTERDAY        0.00          1.60 2008   0.14  -0.14     0.00
  MONTH TO DATE    0.92                      3.45  -2.53    10.20
  SINCE JUN 1     11.61                     12.46  -0.85    29.44
  SINCE JAN 1     33.80                     31.29   2.51    58.13

DEGREE DAYS
 HEATING
  YESTERDAY        0                         0      0        0
  MONTH TO DATE    0                         0      0        0
  SINCE JUN 1      0                         0      0        0
  SINCE JUL 1      0                         0      0        0

 COOLING
  YESTERDAY       12                        15     -3        6
  MONTH TO DATE  392                       420    -28      349
  SINCE JUN 1   1246                      1360   -114     1194
  SINCE JAN 1   1524                      1673   -149     1404
..................................................................


WIND (MPH)
  RESULTANT WIND SPEED   5   RESULTANT WIND DIRECTION  NE (50)
  HIGHEST WIND SPEED    15   HIGHEST WIND DIRECTION    NE (30)
  HIGHEST GUST SPEED    20   HIGHEST GUST DIRECTION    NE (40)
  AVERAGE WIND SPEED     5.5


SKY COVER
  AVERAGE SKY COVER 0.2


WEATHER CONDITIONS
 THE FOLLOWING WEATHER WAS RECORDED YESTERDAY.
  NO SIGNIFICANT WEATHER WAS OBSERVED.


RELATIVE HUMIDITY (PERCENT)
 HIGHEST    93          1100 PM
 LOWEST     38           400 PM
 AVERAGE    66

..........................................................


THE MACON CLIMATE NORMALS FOR TODAY
                         NORMAL    RECORD    YEAR
 MAXIMUM TEMPERATURE (F)   90       103      1954
 MINIMUM TEMPERATURE (F)   69        57      1952


SUNRISE AND SUNSET
AUGUST 27 2014........SUNRISE   706 AM EDT   SUNSET   806 PM EDT
AUGUST 28 2014........SUNRISE   707 AM EDT   SUNSET   804 PM EDT


-  INDICATES NEGATIVE NUMBERS.
R  INDICATES RECORD WAS SET OR TIED.
MM INDICATES DATA IS MISSING.
T  INDICATES TRACE AMOUNT.




$$
