000
CDUS42 KFFC 260835
CLIMCN


CLIMATE REPORT
NATIONAL WEATHER SERVICE PEACHTREE CITY GA
435 AM EDT TUE JUL 26 2016


...................................

...THE MACON CLIMATE SUMMARY FOR JULY 25 2016...

CLIMATE NORMAL PERIOD 1981 TO 2010
CLIMATE RECORD PERIOD 1899 TO 2016


WEATHER ITEM   OBSERVED TIME   RECORD YEAR NORMAL DEPARTURE LAST
                VALUE   (LST)  VALUE       VALUE  FROM      YEAR
                                                  NORMAL
..................................................................
TEMPERATURE (F)
 YESTERDAY
  MAXIMUM         97    455 PM 103    1952  93      4       94
  MINIMUM         74    611 AM  64    2009  71      3       73
                                      1909
                                      1902
  AVERAGE         86                        82      4       84

PRECIPITATION (IN)
  YESTERDAY        0.00          2.00 1930   0.16  -0.16     0.00
  MONTH TO DATE    1.69                      4.05  -2.36     1.35
  SINCE JUN 1      3.58                      8.11  -4.53     5.13
  SINCE JAN 1     21.54                     26.94  -5.40    21.63

DEGREE DAYS
 HEATING
  YESTERDAY        0                         0      0        0
  MONTH TO DATE    0                         0      0        0
  SINCE JUN 1      0                         0      0        0
  SINCE JUL 1      0                         0      0        0

 COOLING
  YESTERDAY       21                        17      4       19
  MONTH TO DATE  488                       419     69      476
  SINCE JUN 1    983                       838    145      957
  SINCE JAN 1   1335                      1151    184     1342
..................................................................


WIND (MPH)
  RESULTANT WIND SPEED   2   RESULTANT WIND DIRECTION   S (160)
  HIGHEST WIND SPEED    18   HIGHEST WIND DIRECTION     S (160)
  HIGHEST GUST SPEED    23   HIGHEST GUST DIRECTION     S (160)
  AVERAGE WIND SPEED     3.6


SKY COVER
  AVERAGE SKY COVER 0.2


WEATHER CONDITIONS
 THE FOLLOWING WEATHER WAS RECORDED YESTERDAY.
  NO SIGNIFICANT WEATHER WAS OBSERVED.


RELATIVE HUMIDITY (PERCENT)
 HIGHEST    87           600 AM
 LOWEST     39           100 PM
 AVERAGE    63

..........................................................


THE MACON CLIMATE NORMALS FOR TODAY
                         NORMAL    RECORD    YEAR
 MAXIMUM TEMPERATURE (F)   93       100      2010
                                             1993
 MINIMUM TEMPERATURE (F)   71        60      1911


SUNRISE AND SUNSET
JULY 26 2016..........SUNRISE   645 AM EDT   SUNSET   837 PM EDT
JULY 27 2016..........SUNRISE   646 AM EDT   SUNSET   836 PM EDT


-  INDICATES NEGATIVE NUMBERS.
R  INDICATES RECORD WAS SET OR TIED.
MM INDICATES DATA IS MISSING.
T  INDICATES TRACE AMOUNT.




$$
