942
CDUS42 KFFC 040044
CLIMCN


CLIMATE REPORT
NATIONAL WEATHER SERVICE PEACHTREE CITY GA
744 PM EST SAT DEC 3 2016


...................................

...THE MACON CLIMATE SUMMARY FOR DECEMBER 3 2016...
VALID AS OF 0700 PM LOCAL TIME.

CLIMATE NORMAL PERIOD 1981 TO 2010
CLIMATE RECORD PERIOD 1899 TO 2016


WEATHER ITEM   OBSERVED TIME   RECORD YEAR NORMAL DEPARTURE LAST
                VALUE   (LST)  VALUE       VALUE  FROM      YEAR
                                                  NORMAL
..................................................................
TEMPERATURE (F)
 TODAY
  MAXIMUM         60    152 PM  81    1982  63     -3       52
                                      1970
  MINIMUM         39    223 AM  17    1960  39      0       43
  AVERAGE         50                        51     -1       48

PRECIPITATION (IN)
  TODAY            T             2.70 1896   0.13  -0.13     0.00
  MONTH TO DATE    T                         0.40  -0.40     0.48
  SINCE DEC 1      T                         0.40  -0.40     0.48
  SINCE JAN 1     27.75                     42.04 -14.29    38.07

SNOWFALL (IN)
  TODAY            0.0           0.0  2001   0.0    0.0      0.0
  MONTH TO DATE    0.0                       0.0    0.0      0.0
  SINCE DEC 1      0.0                       0.0    0.0      0.0
  SINCE JUL 1      0.0                       0.0    0.0      0.0
  SNOW DEPTH       0

DEGREE DAYS
 HEATING
  TODAY           15                        14      1       17
  MONTH TO DATE   43                        42      1       23
  SINCE DEC 1     43                        42      1       23
  SINCE JUL 1    285                       437   -152      295
..................................................................


WIND (MPH)
  HIGHEST WIND SPEED    10   HIGHEST WIND DIRECTION    NE (30)
  HIGHEST GUST SPEED    12   HIGHEST GUST DIRECTION    NE (40)
  AVERAGE WIND SPEED     4.5


SKY COVER
  AVERAGE SKY COVER 0.3


WEATHER CONDITIONS
 THE FOLLOWING WEATHER WAS RECORDED TODAY.
  NO SIGNIFICANT WEATHER WAS OBSERVED.


RELATIVE HUMIDITY (PERCENT)
 HIGHEST    85           200 AM
 LOWEST     33           100 PM

..........................................................


THE MACON CLIMATE NORMALS FOR TOMORROW
                         NORMAL    RECORD
 MAXIMUM TEMPERATURE (F)   63        81
 MINIMUM TEMPERATURE (F)   38        20


SUNRISE AND SUNSET
DECEMBER  3 2016......SUNRISE   721 AM EST   SUNSET   528 PM EST
DECEMBER  4 2016......SUNRISE   722 AM EST   SUNSET   528 PM EST


-  INDICATES NEGATIVE NUMBERS.
R  INDICATES RECORD WAS SET OR TIED.
MM INDICATES DATA IS MISSING.
T  INDICATES TRACE AMOUNT.




$$
