000
CDUS42 KMLB 020642
CLIMCO


CLIMATE REPORT
NATIONAL WEATHER SERVICE MELBOURNE FL
238 AM EDT TUE JUN 2 2015


...................................

...THE ORLANDO  CLIMATE SUMMARY FOR JUNE 1 2015...

CLIMATE NORMAL PERIOD 1981 TO 2010
CLIMATE RECORD PERIOD 1892 TO 2015


WEATHER ITEM   OBSERVED TIME   RECORD YEAR NORMAL DEPARTURE LAST
                VALUE   (LST)  VALUE       VALUE  FROM      YEAR
                                                  NORMAL
..................................................................
TEMPERATURE (F)
 YESTERDAY
  MAXIMUM         92    217 PM 100    1945  90      2       86
  MINIMUM         71    829 PM  53    1984  70      1       73
  AVERAGE         82                        80      2       80

PRECIPITATION (IN)
  YESTERDAY        0.21          3.20 1907   0.22  -0.01     0.15
  MONTH TO DATE    0.21                      0.22  -0.01     0.15
  SINCE JUN 1      0.21                      0.22  -0.01     0.15
  SINCE JAN 1     14.20                     14.85  -0.65    17.50

SNOWFALL (IN)
  YESTERDAY        0.0
  MONTH TO DATE    0.0
  SINCE JUN 1      0.0
  SINCE JUL 1      0.0

DEGREE DAYS
 HEATING
  YESTERDAY        0                         0      0        0
  MONTH TO DATE    0                         0      0        0
  SINCE JUN 1      0                         0      0        0
  SINCE JUL 1    486                       571    -85      406

 COOLING
  YESTERDAY       17                        15      2       15
  MONTH TO DATE   17                        15      2       15
  SINCE JUN 1     17                        15      2       15
  SINCE JAN 1   1197                       816    381      949
..................................................................


WIND (MPH)
  HIGHEST WIND SPEED    23   HIGHEST WIND DIRECTION    NE (30)
  HIGHEST GUST SPEED    27   HIGHEST GUST DIRECTION    SE (120)
  AVERAGE WIND SPEED     6.5


SKY COVER
  AVERAGE SKY COVER 0.7


WEATHER CONDITIONS
 THE FOLLOWING WEATHER WAS RECORDED YESTERDAY.
  THUNDERSTORM
  LIGHT RAIN
  FOG


RELATIVE HUMIDITY (PERCENT)
 HIGHEST    93           800 PM
 LOWEST     44           100 PM
 AVERAGE    69

..........................................................


THE ORLANDO  CLIMATE NORMALS FOR TODAY
                         NORMAL    RECORD    YEAR
 MAXIMUM TEMPERATURE (F)   90        98      1927
                                             1924
 MINIMUM TEMPERATURE (F)   70        58      1984


SUNRISE AND SUNSET
JUNE  2 2015..........SUNRISE   628 AM EDT   SUNSET   819 PM EDT
JUNE  3 2015..........SUNRISE   628 AM EDT   SUNSET   819 PM EDT


-  INDICATES NEGATIVE NUMBERS.
R  INDICATES RECORD WAS SET OR TIED.
MM INDICATES DATA IS MISSING.
T  INDICATES TRACE AMOUNT.




$$
