510
CDUS42 KMLB 212132
CLIMCO


CLIMATE REPORT
NATIONAL WEATHER SERVICE MELBOURNE FL
432 PM EST WED FEB 21 2018


...................................

...THE ORLANDO  CLIMATE SUMMARY FOR FEBRUARY 21 2018...
VALID TODAY AS OF 0400 PM LOCAL TIME.

CLIMATE NORMAL PERIOD 1981 TO 2010
CLIMATE RECORD PERIOD 1892 TO 2018


WEATHER ITEM   OBSERVED TIME   RECORD YEAR NORMAL DEPARTURE LAST
                VALUE   (LST)  VALUE       VALUE  FROM      YEAR
                                                  NORMAL
..................................................................
TEMPERATURE (F)
 TODAY
  MAXIMUM         85    231 PM  88    1989  75     10       80
                                      1961
                                      1929
  MINIMUM         67    709 AM  33    1977  53     14       59
                                      1958
  AVERAGE         76                        64     12       70

PRECIPITATION (IN)
  TODAY            0.00          1.00 1984   0.09  -0.09     0.00
  MONTH TO DATE    0.36                      1.76  -1.40     0.47
  SINCE DEC 1      2.81                      6.69  -3.88     4.97
  SINCE JAN 1      2.46                      4.11  -1.65     2.45

SNOWFALL (IN)
  TODAY            0.0
  MONTH TO DATE    0.0
  SINCE DEC 1      0.0
  SINCE JUL 1      0.0

DEGREE DAYS
 HEATING
  TODAY            0                         3     -3        0
  MONTH TO DATE    6                        94    -88       16
  SINCE DEC 1    360                       431    -71      146
  SINCE JUL 1    384                       478    -94      169

 COOLING
  TODAY           11                         2      9        5
  MONTH TO DATE  134                        42     92       66
  SINCE DEC 1    270                       157    113      317
  SINCE JAN 1    178                        87     91      158
..................................................................


WIND (MPH)
  HIGHEST WIND SPEED    18   HIGHEST WIND DIRECTION     E (110)
  HIGHEST GUST SPEED    29   HIGHEST GUST DIRECTION     E (100)
  AVERAGE WIND SPEED     9.9


SKY COVER
  AVERAGE SKY COVER 0.3


WEATHER CONDITIONS
 THE FOLLOWING WEATHER WAS RECORDED TODAY.
  FOG


RELATIVE HUMIDITY (PERCENT)
 HIGHEST   100           500 AM
 LOWEST     51           200 PM
 AVERAGE    76

..........................................................


THE ORLANDO  CLIMATE NORMALS FOR TOMORROW
                         NORMAL    RECORD    YEAR
 MAXIMUM TEMPERATURE (F)   75        88      2003
                                             1971
                                             1962
 MINIMUM TEMPERATURE (F)   53        35      1978
                                             1977


SUNRISE AND SUNSET
FEBRUARY 21 2018......SUNRISE   658 AM EST   SUNSET   620 PM EST
FEBRUARY 22 2018......SUNRISE   657 AM EST   SUNSET   621 PM EST


-  INDICATES NEGATIVE NUMBERS.
R  INDICATES RECORD WAS SET OR TIED.
MM INDICATES DATA IS MISSING.
T  INDICATES TRACE AMOUNT.




$$
