000
CDUS42 KMLB 212020
CLIMCO


CLIMATE REPORT
NATIONAL WEATHER SERVICE MELBOURNE FL
419 PM EDT FRI JUL 21 2017


...................................

...THE ORLANDO  CLIMATE SUMMARY FOR JULY 21 2017...
VALID TODAY AS OF 0400 PM LOCAL TIME.

CLIMATE NORMAL PERIOD 1981 TO 2010
CLIMATE RECORD PERIOD 1892 TO 2017


WEATHER ITEM   OBSERVED TIME   RECORD YEAR NORMAL DEPARTURE LAST
                VALUE   (LST)  VALUE       VALUE  FROM      YEAR
                                                  NORMAL
..................................................................
TEMPERATURE (F)
 TODAY
  MAXIMUM         89   1159 AM  98    1892  92     -3       93
  MINIMUM         72   1236 AM  66    1899  74     -2       76
  AVERAGE         81                        83     -2       85

PRECIPITATION (IN)
  TODAY            T             1.95 1999   0.24  -0.24     0.61
  MONTH TO DATE    8.53                      4.86   3.67     2.54
  SINCE JUN 1     13.97                     12.44   1.53    10.25
  SINCE JAN 1     20.36                     27.07  -6.71    30.34

SNOWFALL (IN)
  TODAY            0.0
  MONTH TO DATE    0.0
  SINCE JUN 1      0.0
  SINCE JUL 1      0.0

DEGREE DAYS
 HEATING
  TODAY            0                         0      0        0
  MONTH TO DATE    0                         0      0        0
  SINCE JUN 1      0                         0      0        0
  SINCE JUL 1      0                         0      0        0

 COOLING
  TODAY           16                        18     -2       20
  MONTH TO DATE  374                       370      4      436
  SINCE JUN 1    823                       860    -37      975
  SINCE JAN 1   1859                      1661    198     1890
..................................................................


WIND (MPH)
  HIGHEST WIND SPEED    22   HIGHEST WIND DIRECTION    SW (210)
  HIGHEST GUST SPEED    26   HIGHEST GUST DIRECTION    SW (210)
  AVERAGE WIND SPEED     2.6


SKY COVER
  AVERAGE SKY COVER 0.6


WEATHER CONDITIONS
 THE FOLLOWING WEATHER WAS RECORDED TODAY.
  THUNDERSTORM
  LIGHT RAIN


RELATIVE HUMIDITY (PERCENT)
 HIGHEST   100          1200 AM
 LOWEST     68          1200 PM
 AVERAGE    84

..........................................................


THE ORLANDO  CLIMATE NORMALS FOR TOMORROW
                         NORMAL    RECORD    YEAR
 MAXIMUM TEMPERATURE (F)   92        97      1908
                                             1907
                                             1903
 MINIMUM TEMPERATURE (F)   74        66      1938


SUNRISE AND SUNSET
JULY 21 2017..........SUNRISE   641 AM EDT   SUNSET   822 PM EDT
JULY 22 2017..........SUNRISE   642 AM EDT   SUNSET   821 PM EDT


-  INDICATES NEGATIVE NUMBERS.
R  INDICATES RECORD WAS SET OR TIED.
MM INDICATES DATA IS MISSING.
T  INDICATES TRACE AMOUNT.




$$
