000
CDUS42 KMLB 192024
CLIMCO


CLIMATE REPORT
NATIONAL WEATHER SERVICE MELBOURNE FL
424 PM EDT TUE SEP 19 2017


...................................

...THE ORLANDO  CLIMATE SUMMARY FOR SEPTEMBER 19 2017...
VALID TODAY AS OF 0400 PM LOCAL TIME.

CLIMATE NORMAL PERIOD 1981 TO 2010
CLIMATE RECORD PERIOD 1892 TO 2017


WEATHER ITEM   OBSERVED TIME   RECORD YEAR NORMAL DEPARTURE LAST
                VALUE   (LST)  VALUE       VALUE  FROM      YEAR
                                                  NORMAL
..................................................................
TEMPERATURE (F)
 TODAY
  MAXIMUM         86   1103 AM  97    1933  89     -3       94
  MINIMUM         74    443 AM  58    1910  73      1       74
  AVERAGE         80                        81     -1       84

PRECIPITATION (IN)
  TODAY            0.06          3.47 1913   0.20  -0.14     0.85
  MONTH TO DATE   13.31                      4.01   9.30     5.58
  SINCE SEP 1     13.31                      4.01   9.30     5.58
  SINCE JAN 1     41.73                     40.62   1.11    47.27

SNOWFALL (IN)
  TODAY            0.0
  MONTH TO DATE    0.0
  SINCE SEP 1      0.0
  SINCE JUL 1      0.0

DEGREE DAYS
 HEATING
  TODAY            0                         0      0        0
  MONTH TO DATE    0                         0      0        0
  SINCE SEP 1      0                         0      0        0
  SINCE JUL 1      0                         0      0        0

 COOLING
  TODAY           15                        16     -1       19
  MONTH TO DATE  304                       317    -13      333
  SINCE SEP 1    304                       317    -13      333
  SINCE JAN 1   2902                      2710    192     3006
..................................................................


WIND (MPH)
  HIGHEST WIND SPEED    17   HIGHEST WIND DIRECTION     N (20)
  HIGHEST GUST SPEED    22   HIGHEST GUST DIRECTION    NE (40)
  AVERAGE WIND SPEED     6.9


SKY COVER
  AVERAGE SKY COVER 0.8


WEATHER CONDITIONS
 THE FOLLOWING WEATHER WAS RECORDED TODAY.
  HEAVY RAIN
  FOG


RELATIVE HUMIDITY (PERCENT)
 HIGHEST    94           100 AM
 LOWEST     65          1100 AM
 AVERAGE    80

..........................................................


THE ORLANDO  CLIMATE NORMALS FOR TOMORROW
                         NORMAL    RECORD    YEAR
 MAXIMUM TEMPERATURE (F)   89        96      1936
                                             1933
                                             1921
 MINIMUM TEMPERATURE (F)   72        57      1981


SUNRISE AND SUNSET
SEPTEMBER 19 2017.....SUNRISE   712 AM EDT   SUNSET   725 PM EDT
SEPTEMBER 20 2017.....SUNRISE   713 AM EDT   SUNSET   724 PM EDT


-  INDICATES NEGATIVE NUMBERS.
R  INDICATES RECORD WAS SET OR TIED.
MM INDICATES DATA IS MISSING.
T  INDICATES TRACE AMOUNT.




$$
