000
CDUS42 KMLB 020629
CLIMCO


CLIMATE REPORT
NATIONAL WEATHER SERVICE MELBOURNE FL
227 AM EDT SUN AUG 2 2015


...................................

...THE ORLANDO  CLIMATE SUMMARY FOR AUGUST 1 2015...

CLIMATE NORMAL PERIOD 1981 TO 2010
CLIMATE RECORD PERIOD 1892 TO 2015


WEATHER ITEM   OBSERVED TIME   RECORD YEAR NORMAL DEPARTURE LAST
                VALUE   (LST)  VALUE       VALUE  FROM      YEAR
                                                  NORMAL
..................................................................
TEMPERATURE (F)
 YESTERDAY
  MAXIMUM         89   1219 PM 101    1922  92     -3       93
  MINIMUM         72    137 PM  66    1938  74     -2       75
                                      1893
  AVERAGE         81                        83     -2       84

PRECIPITATION (IN)
  YESTERDAY        2.12          4.73 1996   0.25   1.87     0.03
  MONTH TO DATE    2.12                      0.25   1.87     0.03
  SINCE JUN 1     16.33                     15.10   1.23    13.46
  SINCE JAN 1     30.32                     29.73   0.59    30.81

SNOWFALL (IN)
  YESTERDAY       MM
  MONTH TO DATE   MM
  SINCE JUN 1      0.0
  SINCE JUL 1      0.0

DEGREE DAYS
 HEATING
  YESTERDAY        0                         0      0        0
  MONTH TO DATE    0                         0      0        0
  SINCE JUN 1      0                         0      0        0
  SINCE JUL 1      0                         0      0        0

 COOLING
  YESTERDAY       16                        18     -2       19
  MONTH TO DATE   16                        18     -2       19
  SINCE JUN 1   1145                      1057     88     1092
  SINCE JAN 1   2325                      1858    467     2026
..................................................................


WIND (MPH)
  HIGHEST WIND SPEED    14   HIGHEST WIND DIRECTION     S (190)
  HIGHEST GUST SPEED    23   HIGHEST GUST DIRECTION     S (190)
  AVERAGE WIND SPEED     8.6


SKY COVER
  AVERAGE SKY COVER 0.9


WEATHER CONDITIONS
 THE FOLLOWING WEATHER WAS RECORDED YESTERDAY.
  THUNDERSTORM
  HEAVY RAIN
  RAIN
  LIGHT RAIN
  FOG


RELATIVE HUMIDITY (PERCENT)
 HIGHEST   100           400 PM
 LOWEST     70          1000 AM
 AVERAGE    85

..........................................................


THE ORLANDO  CLIMATE NORMALS FOR TODAY
                         NORMAL    RECORD    YEAR
 MAXIMUM TEMPERATURE (F)   92        99      1908
 MINIMUM TEMPERATURE (F)   74        65      1893


SUNRISE AND SUNSET
AUGUST  2 2015........SUNRISE   648 AM EDT   SUNSET   815 PM EDT
AUGUST  3 2015........SUNRISE   648 AM EDT   SUNSET   814 PM EDT


-  INDICATES NEGATIVE NUMBERS.
R  INDICATES RECORD WAS SET OR TIED.
MM INDICATES DATA IS MISSING.
T  INDICATES TRACE AMOUNT.




$$
