000
CDUS42 KMLB 180646
CLIMCO


CLIMATE REPORT
NATIONAL WEATHER SERVICE MELBOURNE FL
134 AM EST WED JAN 18 2017


...................................

...THE ORLANDO  CLIMATE SUMMARY FOR JANUARY 17 2017...

CLIMATE NORMAL PERIOD 1981 TO 2010
CLIMATE RECORD PERIOD 1892 TO 2017


WEATHER ITEM   OBSERVED TIME   RECORD YEAR NORMAL DEPARTURE LAST
                VALUE   (LST)  VALUE       VALUE  FROM      YEAR
                                                  NORMAL
..................................................................
TEMPERATURE (F)
 YESTERDAY
  MAXIMUM         81    248 PM  87    1943  71     10       71
  MINIMUM         57    604 AM  28    1959  49      8       51
  AVERAGE         69                        60      9       61

PRECIPITATION (IN)
  YESTERDAY        0.00          2.03 2011   0.07  -0.07     1.22
  MONTH TO DATE    1.14                      1.29  -0.15     2.91
  SINCE DEC 1      3.66                      3.87  -0.21     3.63
  SINCE JAN 1      1.14                      1.29  -0.15     2.91

SNOWFALL (IN)
  YESTERDAY        0.0
  MONTH TO DATE    0.0
  SINCE DEC 1      0.0
  SINCE JUL 1      0.0

DEGREE DAYS
 HEATING
  YESTERDAY        0                         6     -6        4
  MONTH TO DATE   42                       109    -67       72
  SINCE DEC 1     74                       253   -179       81
  SINCE JUL 1     97                       300   -203       90

 COOLING
  YESTERDAY        4                         1      3        0
  MONTH TO DATE   50                        20     30       15
  SINCE DEC 1    209                        90    119      238
  SINCE JAN 1     50                        20     30       15
..................................................................


WIND (MPH)
  HIGHEST WIND SPEED    16   HIGHEST WIND DIRECTION    SE (150)
  HIGHEST GUST SPEED    19   HIGHEST GUST DIRECTION    SE (140)
  AVERAGE WIND SPEED     4.5


SKY COVER
  AVERAGE SKY COVER 0.7


WEATHER CONDITIONS
 THE FOLLOWING WEATHER WAS RECORDED YESTERDAY.
  FOG


RELATIVE HUMIDITY (PERCENT)
 HIGHEST    93           400 AM
 LOWEST     51           300 PM
 AVERAGE    72

..........................................................


THE ORLANDO  CLIMATE NORMALS FOR TODAY
                         NORMAL    RECORD    YEAR
 MAXIMUM TEMPERATURE (F)   71        86      1943
 MINIMUM TEMPERATURE (F)   49        26      1977


SUNRISE AND SUNSET
JANUARY 18 2017.......SUNRISE   718 AM EST   SUNSET   554 PM EST
JANUARY 19 2017.......SUNRISE   718 AM EST   SUNSET   554 PM EST


-  INDICATES NEGATIVE NUMBERS.
R  INDICATES RECORD WAS SET OR TIED.
MM INDICATES DATA IS MISSING.
T  INDICATES TRACE AMOUNT.




$$
