000
CDUS42 KMLB 170635
CLIMCO


CLIMATE REPORT
NATIONAL WEATHER SERVICE MELBOURNE FL
235 AM EDT WED SEP 17 2014


...................................

...THE ORLANDO  CLIMATE SUMMARY FOR SEPTEMBER 16 2014...

CLIMATE NORMAL PERIOD 1981 TO 2010
CLIMATE RECORD PERIOD 1892 TO 2014


WEATHER ITEM   OBSERVED TIME   RECORD YEAR NORMAL DEPARTURE LAST
                VALUE   (LST)  VALUE       VALUE  FROM      YEAR
                                                  NORMAL
..................................................................
TEMPERATURE (F)
 YESTERDAY
  MAXIMUM         90    109 PM  97    1929  90      0       92
  MINIMUM         74    643 AM  64    1932  73      1       72
  AVERAGE         82                        81      1       82

PRECIPITATION (IN)
  YESTERDAY        T             8.43 1945   0.21  -0.21      T
  MONTH TO DATE    2.31                      3.40  -1.09     2.87
  SINCE SEP 1      2.31                      3.40  -1.09     2.87
  SINCE JAN 1     40.10                     40.01   0.09    38.46

SNOWFALL (IN)
  YESTERDAY        0.0
  MONTH TO DATE    0.0
  SINCE SEP 1      0.0
  SINCE JUL 1      0.0

DEGREE DAYS
 HEATING
  YESTERDAY        0                         0      0        0
  MONTH TO DATE    0                         0      0        0
  SINCE SEP 1      0                         0      0        0
  SINCE JUL 1      0                         0      0        0

 COOLING
  YESTERDAY       17                        16      1       17
  MONTH TO DATE  281                       269     12      282
  SINCE SEP 1    281                       269     12      282
  SINCE JAN 1   2879                      2662    217     2773
..................................................................


WIND (MPH)
  HIGHEST WIND SPEED    16   HIGHEST WIND DIRECTION    NW (300)
  HIGHEST GUST SPEED    21   HIGHEST GUST DIRECTION     N (360)
  AVERAGE WIND SPEED     5.9


SKY COVER
  AVERAGE SKY COVER 0.8


WEATHER CONDITIONS
 THE FOLLOWING WEATHER WAS RECORDED YESTERDAY.
  THUNDERSTORM


RELATIVE HUMIDITY (PERCENT)
 HIGHEST    94          1200 AM
 LOWEST     52          1200 PM
 AVERAGE    73

..........................................................


THE ORLANDO  CLIMATE NORMALS FOR TODAY
                         NORMAL    RECORD    YEAR
 MAXIMUM TEMPERATURE (F)   90        98      1988
 MINIMUM TEMPERATURE (F)   73        61      1932


SUNRISE AND SUNSET
SEPTEMBER 17 2014.....SUNRISE   711 AM EDT   SUNSET   728 PM EDT
SEPTEMBER 18 2014.....SUNRISE   712 AM EDT   SUNSET   727 PM EDT


-  INDICATES NEGATIVE NUMBERS.
R  INDICATES RECORD WAS SET OR TIED.
MM INDICATES DATA IS MISSING.
T  INDICATES TRACE AMOUNT.




$$
