000
CDUS43 KDMX 240629
CLIMCW

CLIMATE REPORT
NATIONAL WEATHER SERVICE DES MOINES IA
126 AM CDT TUE OCT 24 2017


...................................

...THE MASON CITY IA CLIMATE SUMMARY FOR OCTOBER 23 2017...

CLIMATE NORMAL PERIOD 1981 TO 2010
CLIMATE RECORD PERIOD 1893 TO 2017


WEATHER ITEM   OBSERVED TIME   RECORD YEAR NORMAL DEPARTURE LAST
                VALUE   (LST)  VALUE       VALUE  FROM      YEAR
                                                  NORMAL
..................................................................
TEMPERATURE (F)
 YESTERDAY
  MAXIMUM         60    117 PM  82    1963  57      3       64
  MINIMUM         40   1207 AM  12    1896  34      6       38
  AVERAGE         50                        46      4       51

PRECIPITATION (IN)
  YESTERDAY        T             2.29 1991   0.07  -0.07     0.00
  MONTH TO DATE    4.81                      1.90   2.91     0.59
  SINCE SEP 1      7.18                      5.17   2.01    11.62
  SINCE JAN 1     30.10                     31.53  -1.43    42.88

SNOWFALL (IN)
  YESTERDAY       MM             3.0  1976   0.0   MM        0.0
  MONTH TO DATE    0.0                       0.1   -0.1      0.0
  SINCE SEP 1      0.0                       0.1   -0.1      0.0
  SINCE JUL 1      0.0                       0.1   -0.1      0.0
  SNOW DEPTH       0

DEGREE DAYS
 HEATING
  YESTERDAY       15                        19     -4       14
  MONTH TO DATE  226                       353   -127      265
  SINCE SEP 1    314                       530   -216      336
  SINCE JUL 1    337                       566   -229      354

 COOLING
  YESTERDAY        0                         0      0        0
  MONTH TO DATE    3                         2      1        4
  SINCE SEP 1    104                        56     48       89
  SINCE JAN 1    603                       612     -9      697
..................................................................


WIND (MPH)
  HIGHEST WIND SPEED    32   HIGHEST WIND DIRECTION    NW (310)
  HIGHEST GUST SPEED    40   HIGHEST GUST DIRECTION    NW (300)
  AVERAGE WIND SPEED    17.4


SKY COVER
  POSSIBLE SUNSHINE  MM
  AVERAGE SKY COVER 0.5


WEATHER CONDITIONS
 THE FOLLOWING WEATHER WAS RECORDED YESTERDAY.
  NO SIGNIFICANT WEATHER WAS OBSERVED.


RELATIVE HUMIDITY (PERCENT)
 HIGHEST    85          1200 AM
 LOWEST     42           100 PM
 AVERAGE    64

..........................................................


THE MASON CITY IA CLIMATE NORMALS FOR TODAY
                         NORMAL    RECORD    YEAR
 MAXIMUM TEMPERATURE (F)   56        79      1963
 MINIMUM TEMPERATURE (F)   34        14      1896


SUNRISE AND SUNSET
OCTOBER 24 2017.......SUNRISE   738 AM CDT   SUNSET   616 PM CDT
OCTOBER 25 2017.......SUNRISE   740 AM CDT   SUNSET   614 PM CDT


-  INDICATES NEGATIVE NUMBERS.
R  INDICATES RECORD WAS SET OR TIED.
MM INDICATES DATA IS MISSING.
T  INDICATES TRACE AMOUNT.

$$
