000
CDUS43 KDMX 270636
CLIMCW

CLIMATE REPORT
NATIONAL WEATHER SERVICE DES MOINES IA
1235 AM CST MON FEB 27 2017

...................................

...THE MASON CITY IA CLIMATE SUMMARY FOR FEBRUARY 26 2017...

CLIMATE NORMAL PERIOD 1981 TO 2010
CLIMATE RECORD PERIOD 1893 TO 2017


WEATHER ITEM   OBSERVED TIME   RECORD YEAR NORMAL DEPARTURE LAST
                VALUE   (LST)  VALUE       VALUE  FROM      YEAR
                                                  NORMAL
..................................................................
TEMPERATURE (F)
 YESTERDAY
  MAXIMUM         30    400 PM  57    1976  33     -3       41
  MINIMUM         14   1158 PM -20    1963  17     -3       27
  AVERAGE         22                        25     -3       34

PRECIPITATION (IN)
  YESTERDAY        0.00          1.15 1999   0.04  -0.04     0.00
  MONTH TO DATE    1.53                      0.90   0.63     0.67
  SINCE DEC 1      5.60                      2.96   2.64     4.86
  SINCE JAN 1      3.44                      1.72   1.72     1.23

SNOWFALL (IN)
  YESTERDAY        0.0          10.0  1929   0.2   -0.2      0.0
  MONTH TO DATE    8.8                       7.2    1.6     13.2
  SINCE DEC 1     39.4                      27.3   12.1     31.9
  SINCE JUL 1     39.4                      32.0    7.4     41.9
  SNOW DEPTH      MM

DEGREE DAYS
 HEATING
  YESTERDAY       43                        40      3       31
  MONTH TO DATE  911                      1161   -250     1094
  SINCE DEC 1   3680                      4092   -412     3664
  SINCE JUL 1   4844                      5772   -928     5019

 COOLING
  YESTERDAY        0                         0      0        0
  MONTH TO DATE    0                         0      0        0
  SINCE DEC 1      0                         0      0        0
  SINCE JAN 1      0                         0      0        0
..................................................................


WIND (MPH)
  HIGHEST WIND SPEED    21   HIGHEST WIND DIRECTION     W (250)
  HIGHEST GUST SPEED    25   HIGHEST GUST DIRECTION     W (250)
  AVERAGE WIND SPEED    11.6


SKY COVER
  POSSIBLE SUNSHINE  MM
  AVERAGE SKY COVER 0.1


WEATHER CONDITIONS
 THE FOLLOWING WEATHER WAS RECORDED YESTERDAY.
  NO SIGNIFICANT WEATHER WAS OBSERVED.


RELATIVE HUMIDITY (PERCENT)
 HIGHEST    81           100 AM
 LOWEST     48           100 PM
 AVERAGE    65

..........................................................


THE MASON CITY IA CLIMATE NORMALS FOR TODAY
                         NORMAL    RECORD    YEAR
 MAXIMUM TEMPERATURE (F)   34        65      1896
 MINIMUM TEMPERATURE (F)   17       -18      2015


SUNRISE AND SUNSET
FEBRUARY 27 2017......SUNRISE   652 AM CST   SUNSET   600 PM CST
FEBRUARY 28 2017......SUNRISE   651 AM CST   SUNSET   602 PM CST


-  INDICATES NEGATIVE NUMBERS.
R  INDICATES RECORD WAS SET OR TIED.
MM INDICATES DATA IS MISSING.
T  INDICATES TRACE AMOUNT.

$$

SMALL
