000
CDUS43 KDMX 280844
CLIMCW

CLIMATE REPORT
NATIONAL WEATHER SERVICE DES MOINES IA
1236 AM CST SUN DEC 28 2014

...................................

...THE MASON CITY IA CLIMATE SUMMARY FOR DECEMBER 27 2014...

CLIMATE NORMAL PERIOD 1981 TO 2010
CLIMATE RECORD PERIOD 1893 TO 2014

WEATHER ITEM   OBSERVED TIME   RECORD YEAR NORMAL DEPARTURE LAST
                VALUE   (LST)  VALUE       VALUE  FROM      YEAR
                                                  NORMAL
..................................................................
TEMPERATURE (F)
 YESTERDAY
  MAXIMUM         30    221 AM  52    1959  25      5       41
  MINIMUM         11    525 PM -26    1950   9      2       12
  AVERAGE         21                        17      4       27

PRECIPITATION (IN)
  YESTERDAY        0.05          1.60 1982   0.04   0.01     0.00
  MONTH TO DATE    0.96                      1.12  -0.16     0.84
  SINCE DEC 1      0.96                      1.12  -0.16     0.84
  SINCE JAN 1     35.07                     35.08  -0.01    38.67

SNOWFALL (IN)
  YESTERDAY        1.2          10.0  1904   0.3    0.9      0.0
  MONTH TO DATE    2.8                       8.1   -5.3     10.0
  SINCE DEC 1      2.8                       8.1   -5.3     10.0
  SINCE JUL 1     10.8                      12.8   -2.0     11.5
  SNOW DEPTH      MM

DEGREE DAYS
 HEATING
  YESTERDAY       44                        48     -4       38
  MONTH TO DATE  987                      1216   -229     1348
  SINCE DEC 1    987                      1216   -229     1348
  SINCE JUL 1   2886                      2896    -10     3012

 COOLING
  YESTERDAY        0                         0      0        0
  MONTH TO DATE    0                         0      0        0
  SINCE DEC 1      0                         0      0        0
  SINCE JAN 1    544                       616    -72      718
..................................................................

WIND (MPH)
  HIGHEST WIND SPEED    26   HIGHEST WIND DIRECTION    NW (320)
  HIGHEST GUST SPEED    30   HIGHEST GUST DIRECTION    NW (330)
  AVERAGE WIND SPEED    15.1

SKY COVER
  POSSIBLE SUNSHINE  MM
  AVERAGE SKY COVER 0.6

WEATHER CONDITIONS
 THE FOLLOWING WEATHER WAS RECORDED YESTERDAY.
  LIGHT SNOW
  FOG

RELATIVE HUMIDITY (PERCENT)
 HIGHEST   100           300 AM
 LOWEST     73           300 PM
 AVERAGE    87
..........................................................

THE MASON CITY IA CLIMATE NORMALS FOR TODAY
                         NORMAL    RECORD    YEAR
 MAXIMUM TEMPERATURE (F)   25        56      1984
 MINIMUM TEMPERATURE (F)    8       -21      1993

SUNRISE AND SUNSET
DECEMBER 28 2014......SUNRISE   744 AM CST   SUNSET   445 PM CST
DECEMBER 29 2014......SUNRISE   745 AM CST   SUNSET   446 PM CST

-  INDICATES NEGATIVE NUMBERS.
R  INDICATES RECORD WAS SET OR TIED.
MM INDICATES DATA IS MISSING.
T  INDICATES TRACE AMOUNT.

$$

FAB
