000
CDUS43 KDMX 200635
CLIMCW

CLIMATE REPORT
NATIONAL WEATHER SERVICE DES MOINES IA
1232 AM CST SAT JAN 20 2018

...................................

...THE MASON CITY IA CLIMATE SUMMARY FOR JANUARY 19 2018...

CLIMATE NORMAL PERIOD 1981 TO 2010
CLIMATE RECORD PERIOD 1893 TO 2018


WEATHER ITEM   OBSERVED TIME   RECORD YEAR NORMAL DEPARTURE LAST
                VALUE   (LST)  VALUE       VALUE  FROM      YEAR
                                                  NORMAL
..................................................................
TEMPERATURE (F)
 YESTERDAY
  MAXIMUM         44    331 PM  50    1981  25     19       36
  MINIMUM         26    629 AM -26    1970   7     19       30
  AVERAGE         35                        16     19       33

PRECIPITATION (IN)
  YESTERDAY        0.00          0.57 1988   0.03  -0.03     0.10
  MONTH TO DATE    0.28                      0.49  -0.21     0.74
  SINCE DEC 1      0.56                      1.73  -1.17     2.90
  SINCE JAN 1      0.28                      0.49  -0.21     0.74

SNOWFALL (IN)
  YESTERDAY        0.0           8.3  2000   0.4   -0.4      0.0
  MONTH TO DATE    3.2                       6.4   -3.2      0.6
  SINCE DEC 1      7.4                      15.7   -8.3     15.5
  SINCE JUL 1      7.6                      20.4  -12.8     15.5
  SNOW DEPTH       1

DEGREE DAYS
 HEATING
  YESTERDAY       30                        49    -19       32
  MONTH TO DATE 1058                       931    127      934
  SINCE DEC 1   2443                      2340    103     2325
  SINCE JUL 1   3946                      4020    -74     3489

 COOLING
  YESTERDAY        0                         0      0        0
  MONTH TO DATE    0                         0      0        0
  SINCE DEC 1      0                         0      0        0
  SINCE JAN 1      0                         0      0        0
..................................................................


WIND (MPH)
  HIGHEST WIND SPEED    22   HIGHEST WIND DIRECTION     S (200)
  HIGHEST GUST SPEED    27   HIGHEST GUST DIRECTION     S (200)
  AVERAGE WIND SPEED    12.0


SKY COVER
  POSSIBLE SUNSHINE  MM
  AVERAGE SKY COVER 0.0


WEATHER CONDITIONS
 THE FOLLOWING WEATHER WAS RECORDED YESTERDAY.
  NO SIGNIFICANT WEATHER WAS OBSERVED.


RELATIVE HUMIDITY (PERCENT)
 HIGHEST    85          1100 PM
 LOWEST     60           100 PM
 AVERAGE    73

..........................................................


THE MASON CITY IA CLIMATE NORMALS FOR TODAY
                         NORMAL    RECORD    YEAR
 MAXIMUM TEMPERATURE (F)   25        50      1944
 MINIMUM TEMPERATURE (F)    7       -25      1994


SUNRISE AND SUNSET
JANUARY 20 2018.......SUNRISE   739 AM CST   SUNSET   510 PM CST
JANUARY 21 2018.......SUNRISE   738 AM CST   SUNSET   511 PM CST


-  INDICATES NEGATIVE NUMBERS.
R  INDICATES RECORD WAS SET OR TIED.
MM INDICATES DATA IS MISSING.
T  INDICATES TRACE AMOUNT.




$$
