000
CDUS43 KDMX 100629 RRB
CLIMCW

CLIMATE REPORT
NATIONAL WEATHER SERVICE DES MOINES IA
127 AM CDT THU JUL 10 2014


...................................

...THE MASON CITY IA CLIMATE SUMMARY FOR JULY 9 2014...

CLIMATE NORMAL PERIOD 1981 TO 2010
CLIMATE RECORD PERIOD 1893 TO 2014


WEATHER ITEM   OBSERVED TIME   RECORD YEAR NORMAL DEPARTURE LAST
                VALUE   (LST)  VALUE       VALUE  FROM      YEAR
                                                  NORMAL
..................................................................
TEMPERATURE (F)
 YESTERDAY
  MAXIMUM         80    251 PM 102    1976  84     -4       91
  MINIMUM         52    505 AM  43    1895  61     -9       70
  AVERAGE         66                        72     -6       81

PRECIPITATION (IN)
  YESTERDAY        0.00          2.75 1903   0.16  -0.16     0.18
  MONTH TO DATE    0.12                      1.39  -1.27     0.29
  SINCE JUN 1      8.76                      6.53   2.23     6.73
  SINCE JAN 1     22.80                     19.01   3.79    28.17

SNOWFALL (IN)
  YESTERDAY        0.0          MM      MM   0.0    0.0      0.0
  MONTH TO DATE    0.0                       0.0    0.0      0.0
  SINCE JUN 1      0.0                       0.0    0.0      0.0
  SINCE JUL 1      0.0                       0.0    0.0      0.0
  SNOW DEPTH       0

DEGREE DAYS
 HEATING
  YESTERDAY        0                         0      0        0
  MONTH TO DATE    9                         0      9        0
  SINCE JUN 1     22                        44    -22       53
  SINCE JUL 1      9                         0      9        0

 COOLING
  YESTERDAY        1                         7     -6       16
  MONTH TO DATE   29                        63    -34       87
  SINCE JUN 1    165                       201    -36      233
  SINCE JAN 1    218                       236    -18      270
..................................................................


WIND (MPH)
  HIGHEST WIND SPEED    15   HIGHEST WIND DIRECTION     W (260)
  HIGHEST GUST SPEED    20   HIGHEST GUST DIRECTION     W (290)
  AVERAGE WIND SPEED     6.5


SKY COVER
  POSSIBLE SUNSHINE  MM
  AVERAGE SKY COVER 0.2


WEATHER CONDITIONS
 THE FOLLOWING WEATHER WAS RECORDED YESTERDAY.
  FOG


RELATIVE HUMIDITY (PERCENT)
 HIGHEST    93          1100 PM
 LOWEST     42           200 PM
 AVERAGE    68

..........................................................


THE MASON CITY IA CLIMATE NORMALS FOR TODAY
                         NORMAL    RECORD    YEAR
 MAXIMUM TEMPERATURE (F)   84       104      1936
 MINIMUM TEMPERATURE (F)   61        45      1945


SUNRISE AND SUNSET
JULY 10 2014..........SUNRISE   543 AM CDT   SUNSET   854 PM CDT
JULY 11 2014..........SUNRISE   544 AM CDT   SUNSET   853 PM CDT


-  INDICATES NEGATIVE NUMBERS.
R  INDICATES RECORD WAS SET OR TIED.
MM INDICATES DATA IS MISSING.
T  INDICATES TRACE AMOUNT.




$$
