000
CDUS43 KDMX 040630 RRB
CLIMCW

CLIMATE REPORT
NATIONAL WEATHER SERVICE DES MOINES IA
127 AM CDT FRI SEP 4 2015


...................................

...THE MASON CITY IA CLIMATE SUMMARY FOR SEPTEMBER 3 2015...

CLIMATE NORMAL PERIOD 1981 TO 2010
CLIMATE RECORD PERIOD 1893 TO 2015


WEATHER ITEM   OBSERVED TIME   RECORD YEAR NORMAL DEPARTURE LAST
                VALUE   (LST)  VALUE       VALUE  FROM      YEAR
                                                  NORMAL
..................................................................
TEMPERATURE (F)
 YESTERDAY
  MAXIMUM         89    334 PM  96    1925  78     11       84
  MINIMUM         64   1144 PM  34    1974  54     10       54
  AVERAGE         77                        66     11       69

PRECIPITATION (IN)
  YESTERDAY        0.00          1.22 1968   0.11  -0.11     0.00
  MONTH TO DATE    0.05                      0.34  -0.29     0.25
  SINCE SEP 1      0.05                      0.34  -0.29     0.25
  SINCE JAN 1     27.86                     26.70   1.16    28.91

SNOWFALL (IN)
  YESTERDAY        0.0          MM      MM   0.0    0.0      0.0
  MONTH TO DATE    0.0                       0.0    0.0      0.0
  SINCE SEP 1      0.0                       0.0    0.0      0.0
  SINCE JUL 1      0.0                       0.0    0.0      0.0
  SNOW DEPTH       0

DEGREE DAYS
 HEATING
  YESTERDAY        0                         2     -2        0
  MONTH TO DATE    0                         6     -6        0
  SINCE SEP 1      0                         6     -6        0
  SINCE JUL 1     58                        42     16       21

 COOLING
  YESTERDAY       12                         3      9        4
  MONTH TO DATE   33                        10     23        9
  SINCE SEP 1     33                        10     23        9
  SINCE JAN 1    550                       566    -16      520
..................................................................


WIND (MPH)
  HIGHEST WIND SPEED    13   HIGHEST WIND DIRECTION    SE (140)
  HIGHEST GUST SPEED    16   HIGHEST GUST DIRECTION    SE (140)
  AVERAGE WIND SPEED     6.4


SKY COVER
  POSSIBLE SUNSHINE  MM
  AVERAGE SKY COVER 0.1


WEATHER CONDITIONS
 THE FOLLOWING WEATHER WAS RECORDED YESTERDAY.
  FOG
  FOG W/VISIBILITY <= 1/4 MILE


RELATIVE HUMIDITY (PERCENT)
 HIGHEST   100           100 AM
 LOWEST     63           100 PM
 AVERAGE    82

..........................................................


THE MASON CITY IA CLIMATE NORMALS FOR TODAY
                         NORMAL    RECORD    YEAR
 MAXIMUM TEMPERATURE (F)   78       100      1925
 MINIMUM TEMPERATURE (F)   54        37      1930


SUNRISE AND SUNSET
SEPTEMBER  4 2015.....SUNRISE   641 AM CDT   SUNSET   743 PM CDT
SEPTEMBER  5 2015.....SUNRISE   642 AM CDT   SUNSET   742 PM CDT


-  INDICATES NEGATIVE NUMBERS.
R  INDICATES RECORD WAS SET OR TIED.
MM INDICATES DATA IS MISSING.
T  INDICATES TRACE AMOUNT.




$$
