000
CDUS43 KDMX 270655 RRA
CLIMCW

CLIMATE REPORT
NATIONAL WEATHER SERVICE DES MOINES IA
154 AM CDT THU APR 27 2017


...................................

...THE MASON CITY IA CLIMATE SUMMARY FOR APRIL 26 2017...

CLIMATE NORMAL PERIOD 1981 TO 2010
CLIMATE RECORD PERIOD 1893 TO 2017


WEATHER ITEM   OBSERVED TIME   RECORD YEAR NORMAL DEPARTURE LAST
                VALUE   (LST)  VALUE       VALUE  FROM      YEAR
                                                  NORMAL
..................................................................
TEMPERATURE (F)
 YESTERDAY
  MAXIMUM         52   1204 AM  87    1962  63    -11       60
  MINIMUM         35   1159 PM  23    2002  39     -4       45
  AVERAGE         44                        51     -7       53

PRECIPITATION (IN)
  YESTERDAY        T             2.14 1988   0.13  -0.13     0.00
  MONTH TO DATE    3.62                      3.19   0.43     0.55
  SINCE MAR 1      5.53                      5.42   0.11     3.77
  SINCE JAN 1      9.52                      7.24   2.28     5.06

SNOWFALL (IN)
  YESTERDAY        0.0           4.6  1988   0.0    0.0      0.0
  MONTH TO DATE    0.0                       2.6   -2.6       T
  SINCE MAR 1      8.5                       8.6   -0.1      8.2
  SINCE JUL 1     47.9                      41.1    6.8     50.9
  SNOW DEPTH       0

DEGREE DAYS
 HEATING
  YESTERDAY       21                        14      7       12
  MONTH TO DATE  366                       503   -137      423
  SINCE MAR 1   1384                      1497   -113     1214
  SINCE JUL 1   6296                      7348  -1052     6313

 COOLING
  YESTERDAY        0                         0      0        0
  MONTH TO DATE    0                         0      0        4
  SINCE MAR 1      0                         0      0        4
  SINCE JAN 1      0                         0      0        4
..................................................................


WIND (MPH)
  HIGHEST WIND SPEED    24   HIGHEST WIND DIRECTION    NW (310)
  HIGHEST GUST SPEED    30   HIGHEST GUST DIRECTION    NW (320)
  AVERAGE WIND SPEED    16.7


SKY COVER
  POSSIBLE SUNSHINE  MM
  AVERAGE SKY COVER 1.0


WEATHER CONDITIONS
 THE FOLLOWING WEATHER WAS RECORDED YESTERDAY.
  LIGHT RAIN
  FOG


RELATIVE HUMIDITY (PERCENT)
 HIGHEST   100           400 AM
 LOWEST     76           400 PM
 AVERAGE    88

..........................................................


THE MASON CITY IA CLIMATE NORMALS FOR TODAY
                         NORMAL    RECORD    YEAR
 MAXIMUM TEMPERATURE (F)   64        87      1981
 MINIMUM TEMPERATURE (F)   40        23      1934


SUNRISE AND SUNSET
APRIL 27 2017.........SUNRISE   612 AM CDT   SUNSET   810 PM CDT
APRIL 28 2017.........SUNRISE   611 AM CDT   SUNSET   812 PM CDT


-  INDICATES NEGATIVE NUMBERS.
R  INDICATES RECORD WAS SET OR TIED.
MM INDICATES DATA IS MISSING.
T  INDICATES TRACE AMOUNT.




$$
