000
CDUS43 KDMX 230652 RRA
CLIMCW

CLIMATE REPORT
NATIONAL WEATHER SERVICE DES MOINES IA
152 AM CDT FRI JUN 23 2017

...................................

...THE MASON CITY IA CLIMATE SUMMARY FOR JUNE 22 2017...

CLIMATE NORMAL PERIOD 1981 TO 2010
CLIMATE RECORD PERIOD 1893 TO 2017


WEATHER ITEM   OBSERVED TIME   RECORD YEAR NORMAL DEPARTURE LAST
                VALUE   (LST)  VALUE       VALUE  FROM      YEAR
                                                  NORMAL
..................................................................
TEMPERATURE (F)
 YESTERDAY
  MAXIMUM         78   1132 AM  95    1995  82     -4       84
  MINIMUM         66   1159 PM  44    1972  59      7       62
  AVERAGE         72                        70      2       73

PRECIPITATION (IN)
  YESTERDAY        1.57          2.29 1969   0.17   1.40     1.13
  MONTH TO DATE    2.58                      3.83  -1.25     5.90
  SINCE JUN 1      2.58                      3.83  -1.25     5.90
  SINCE JAN 1     16.73                     16.31   0.42    17.11

SNOWFALL (IN)
  YESTERDAY        0.0          MM      MM   0.0    0.0      0.0
  MONTH TO DATE    0.0                       0.0    0.0      0.0
  SINCE JUN 1      0.0                       0.0    0.0      0.0
  SINCE JUL 1     47.9                      41.2    6.7     50.9
  SNOW DEPTH       0

DEGREE DAYS
 HEATING
  YESTERDAY        0                         1     -1        0
  MONTH TO DATE    2                        41    -39        8
  SINCE JUN 1      2                        41    -39        8
  SINCE JUL 1   6673                      7676  -1003     6633

 COOLING
  YESTERDAY        7                         6      1        8
  MONTH TO DATE  165                        87     78      143
  SINCE JUN 1    165                        87     78      143
  SINCE JAN 1    190                       122     68      184
..................................................................


WIND (MPH)
  HIGHEST WIND SPEED    21   HIGHEST WIND DIRECTION     N (350)
  HIGHEST GUST SPEED    27   HIGHEST GUST DIRECTION     E (110)
  AVERAGE WIND SPEED    10.7


SKY COVER
  POSSIBLE SUNSHINE  MM
  AVERAGE SKY COVER 0.9


WEATHER CONDITIONS
 THE FOLLOWING WEATHER WAS RECORDED YESTERDAY.
  THUNDERSTORM
  HEAVY RAIN
  RAIN
  LIGHT RAIN
  FOG


RELATIVE HUMIDITY (PERCENT)
 HIGHEST    93          1200 AM
 LOWEST     79           200 AM
 AVERAGE    86

..........................................................


THE MASON CITY IA CLIMATE NORMALS FOR TODAY
                         NORMAL    RECORD    YEAR
 MAXIMUM TEMPERATURE (F)   82       101      1934
 MINIMUM TEMPERATURE (F)   59        40      1972


SUNRISE AND SUNSET
JUNE 23 2017..........SUNRISE   534 AM CDT   SUNSET   857 PM CDT
JUNE 24 2017..........SUNRISE   535 AM CDT   SUNSET   857 PM CDT


-  INDICATES NEGATIVE NUMBERS.
R  INDICATES RECORD WAS SET OR TIED.
MM INDICATES DATA IS MISSING.
T  INDICATES TRACE AMOUNT.

$$

SMALL
