000
CDUS41 KCTP 280626
CLIMDT


CLIMATE REPORT
NATIONAL WEATHER SERVICE STATE COLLEGE PA
226 AM EDT SUN MAY 28 2017


...................................

...THE HARRISBURG PA CLIMATE SUMMARY FOR MAY 27 2017...

CLIMATE NORMAL PERIOD 1981 TO 2010
CLIMATE RECORD PERIOD 1888 TO 2017


WEATHER ITEM   OBSERVED TIME   RECORD YEAR NORMAL DEPARTURE LAST
                VALUE   (LST)  VALUE       VALUE  FROM      YEAR
                                                  NORMAL
..................................................................
TEMPERATURE (F)
 YESTERDAY
  MAXIMUM         73    330 PM  92    1991  75     -2       90
                                      1965
  MINIMUM         53    454 AM  41    1915  56     -3       68
  AVERAGE         63                        66     -3       79

PRECIPITATION (IN)
  YESTERDAY        T             1.13 1946   0.12  -0.12      T
  MONTH TO DATE    3.40                      3.27   0.13     3.08
  SINCE MAR 1     11.54                      9.74   1.80     6.89
  SINCE JAN 1     15.92                     15.01   0.91    16.81

SNOWFALL (IN)
  YESTERDAY        0.0           0.0  2002   0.0    0.0      0.0
                                      2001
  MONTH TO DATE    0.0                       0.0    0.0      0.0
  SINCE MAR 1     18.4                       5.6   12.8      1.4
  SINCE JUL 1     23.9                      30.6   -6.7     39.1
  SNOW DEPTH       0

DEGREE DAYS
 HEATING
  YESTERDAY        2                         3     -1        0
  MONTH TO DATE  143                       139      4      173
  SINCE MAR 1   1121                      1254   -133     1084
  SINCE JUL 1   4359                      5242   -883     4456

 COOLING
  YESTERDAY        0                         3     -3       14
  MONTH TO DATE   41                        46     -5       36
  SINCE MAR 1     68                        53     15       48
  SINCE JAN 1     68                        53     15       48
..................................................................


WIND (MPH)
  HIGHEST WIND SPEED     9   HIGHEST WIND DIRECTION    SW (220)
  HIGHEST GUST SPEED    12   HIGHEST GUST DIRECTION    SW (210)
  AVERAGE WIND SPEED     2.8


SKY COVER
  POSSIBLE SUNSHINE  MM
  AVERAGE SKY COVER 0.6


WEATHER CONDITIONS
 THE FOLLOWING WEATHER WAS RECORDED YESTERDAY.
  LIGHT RAIN
  FOG


RELATIVE HUMIDITY (PERCENT)
 HIGHEST    93           400 AM
 LOWEST     57           100 PM
 AVERAGE    75

..........................................................


THE HARRISBURG PA CLIMATE NORMALS FOR TODAY
                         NORMAL    RECORD    YEAR
 MAXIMUM TEMPERATURE (F)   75        93      1941
 MINIMUM TEMPERATURE (F)   56        41      1983


SUNRISE AND SUNSET
MAY 28 2017...........SUNRISE   542 AM EDT   SUNSET   828 PM EDT
MAY 29 2017...........SUNRISE   541 AM EDT   SUNSET   828 PM EDT


-  INDICATES NEGATIVE NUMBERS.
R  INDICATES RECORD WAS SET OR TIED.
MM INDICATES DATA IS MISSING.
T  INDICATES TRACE AMOUNT.




$$
