000
CDUS41 KCTP 260610
CLIMDT


CLIMATE REPORT
NATIONAL WEATHER SERVICE STATE COLLEGE PA
210 AM EDT SUN OCT 26 2014


...................................

...THE HARRISBURG PA CLIMATE SUMMARY FOR OCTOBER 25 2014...

CLIMATE NORMAL PERIOD 1981 TO 2010
CLIMATE RECORD PERIOD 1888 TO 2014


WEATHER ITEM   OBSERVED TIME   RECORD YEAR NORMAL DEPARTURE LAST
                VALUE   (LST)  VALUE       VALUE  FROM      YEAR
                                                  NORMAL
..................................................................
TEMPERATURE (F)
 YESTERDAY
  MAXIMUM         69    436 PM  75    1963  61      8       53
  MINIMUM         41    633 AM  28    1962  42     -1       36
  AVERAGE         55                        52      3       45

PRECIPITATION (IN)
  YESTERDAY        T             2.19 1980   0.09  -0.09     0.00
  MONTH TO DATE    2.34                      2.72  -0.38    10.99
  SINCE SEP 1      3.88                      6.79  -2.91    12.15
  SINCE JAN 1     37.55                     33.73   3.82    36.42

SNOWFALL (IN)
  YESTERDAY        0.0
  MONTH TO DATE    0.0
  SINCE SEP 1      0.0
  SINCE JUL 1      0.0
  SNOW DEPTH       0

DEGREE DAYS
 HEATING
  YESTERDAY       10                        14     -4       20
  MONTH TO DATE  181                       251    -70      178
  SINCE SEP 1    215                       321   -106      253
  SINCE JUL 1    215                       323   -108      253

 COOLING
  YESTERDAY        0                         0      0        0
  MONTH TO DATE    8                        10     -2       45
  SINCE SEP 1    149                       107     42      153
  SINCE JAN 1   1050                      1003     47     1105
..................................................................


WIND (MPH)
  HIGHEST WIND SPEED    17   HIGHEST WIND DIRECTION     W (250)
  HIGHEST GUST SPEED    23   HIGHEST GUST DIRECTION     W (260)
  AVERAGE WIND SPEED     6.3


SKY COVER
  POSSIBLE SUNSHINE  MM
  AVERAGE SKY COVER 0.2


WEATHER CONDITIONS
 THE FOLLOWING WEATHER WAS RECORDED YESTERDAY.
  LIGHT RAIN


RELATIVE HUMIDITY (PERCENT)
 HIGHEST    89           500 AM
 LOWEST     40           300 PM
 AVERAGE    65

..........................................................


THE HARRISBURG PA CLIMATE NORMALS FOR TODAY
                         NORMAL    RECORD    YEAR
 MAXIMUM TEMPERATURE (F)   61        79      1939
 MINIMUM TEMPERATURE (F)   42        27      1952


SUNRISE AND SUNSET
OCTOBER 26 2014.......SUNRISE   730 AM EDT   SUNSET   612 PM EDT
OCTOBER 27 2014.......SUNRISE   731 AM EDT   SUNSET   611 PM EDT


-  INDICATES NEGATIVE NUMBERS.
R  INDICATES RECORD WAS SET OR TIED.
MM INDICATES DATA IS MISSING.
T  INDICATES TRACE AMOUNT.




$$
