000
CDUS41 KCTP 300627
CLIMDT


CLIMATE REPORT
NATIONAL WEATHER SERVICE STATE COLLEGE PA
226 AM EDT MON MAR 30 2015


...................................

...THE HARRISBURG PA CLIMATE SUMMARY FOR MARCH 29 2015...

CLIMATE NORMAL PERIOD 1981 TO 2010
CLIMATE RECORD PERIOD 1888 TO 2015


WEATHER ITEM   OBSERVED TIME   RECORD YEAR NORMAL DEPARTURE LAST
                VALUE   (LST)  VALUE       VALUE  FROM      YEAR
                                                  NORMAL
..................................................................
TEMPERATURE (F)
 YESTERDAY
  MAXIMUM         46    511 PM  86    1945  55     -9       51
  MINIMUM         23    549 AM  14    1923  37    -14       40
  AVERAGE         35                        46    -11       46

PRECIPITATION (IN)
  YESTERDAY        0.00          1.49 1984   0.11  -0.11     1.15
  MONTH TO DATE    3.54                      3.13   0.41     1.86
  SINCE MAR 1      3.54                      3.13   0.41     1.86
  SINCE JAN 1      7.13                      8.40  -1.27     8.57

SNOWFALL (IN)
  YESTERDAY        0.0           9.0  1942   0.1   -0.1      0.0
  MONTH TO DATE   11.8                       5.1    6.7      1.1
  SINCE MAR 1     11.8                       5.1    6.7      1.1
  SINCE JUL 1     39.2                      30.1    9.1     43.7
  SNOW DEPTH       0

DEGREE DAYS
 HEATING
  YESTERDAY       30                        19     11       19
  MONTH TO DATE  853                       686    167      838
  SINCE MAR 1    853                       686    167      838
  SINCE JUL 1   5156                      4674    482     5182

 COOLING
  YESTERDAY        0                         0      0        0
  MONTH TO DATE    0                         0      0        0
  SINCE MAR 1      0                         0      0        0
  SINCE JAN 1      0                         0      0        0
..................................................................


WIND (MPH)
  HIGHEST WIND SPEED    18   HIGHEST WIND DIRECTION    NW (320)
  HIGHEST GUST SPEED    23   HIGHEST GUST DIRECTION    NW (320)
  AVERAGE WIND SPEED     9.9


SKY COVER
  POSSIBLE SUNSHINE  MM
  AVERAGE SKY COVER 0.2


WEATHER CONDITIONS
 THE FOLLOWING WEATHER WAS RECORDED YESTERDAY.
  NO SIGNIFICANT WEATHER WAS OBSERVED.


RELATIVE HUMIDITY (PERCENT)
 HIGHEST    55           500 AM
 LOWEST     18           300 PM
 AVERAGE    37

..........................................................


THE HARRISBURG PA CLIMATE NORMALS FOR TODAY
                         NORMAL    RECORD    YEAR
 MAXIMUM TEMPERATURE (F)   56        87      1998
 MINIMUM TEMPERATURE (F)   37        12      1970


SUNRISE AND SUNSET
MARCH 30 2015.........SUNRISE   655 AM EDT   SUNSET   729 PM EDT
MARCH 31 2015.........SUNRISE   653 AM EDT   SUNSET   730 PM EDT


-  INDICATES NEGATIVE NUMBERS.
R  INDICATES RECORD WAS SET OR TIED.
MM INDICATES DATA IS MISSING.
T  INDICATES TRACE AMOUNT.




$$
