000
CDUS41 KCTP 290616
CLIMDT


CLIMATE REPORT
NATIONAL WEATHER SERVICE STATE COLLEGE PA
216 AM EDT FRI JUL 29 2016


...................................

...THE HARRISBURG PA CLIMATE SUMMARY FOR JULY 28 2016...

CLIMATE NORMAL PERIOD 1981 TO 2010
CLIMATE RECORD PERIOD 1888 TO 2016


WEATHER ITEM   OBSERVED TIME   RECORD YEAR NORMAL DEPARTURE LAST
                VALUE   (LST)  VALUE       VALUE  FROM      YEAR
                                                  NORMAL
..................................................................
TEMPERATURE (F)
 YESTERDAY
  MAXIMUM         89    128 PM  99    1941  85      4       91
                                      1940
  MINIMUM         72    523 AM  51    1962  66      6       72
  AVERAGE         81                        76      5       82

PRECIPITATION (IN)
  YESTERDAY        0.14          1.43 1898   0.14   0.00     0.00
  MONTH TO DATE    4.55                      4.19   0.36     2.60
  SINCE JUN 1      9.01                      7.79   1.22     9.44
  SINCE JAN 1     26.20                     23.32   2.88    22.18

DEGREE DAYS
 HEATING
  YESTERDAY        0                         0      0        0
  MONTH TO DATE    0                         0      0        0
  SINCE JUN 1      5                        18    -13       13
  SINCE JUL 1      0                         0      0        0

 COOLING
  YESTERDAY       16                        11      5       17
  MONTH TO DATE  410                       306    104      303
  SINCE JUN 1    676                       519    157      564
  SINCE JAN 1    773                       584    189      738
..................................................................


WIND (MPH)
  HIGHEST WIND SPEED    18   HIGHEST WIND DIRECTION    SE (120)
  HIGHEST GUST SPEED    26   HIGHEST GUST DIRECTION     S (160)
  AVERAGE WIND SPEED     3.7


SKY COVER
  POSSIBLE SUNSHINE  MM
  AVERAGE SKY COVER 0.8


WEATHER CONDITIONS
 THE FOLLOWING WEATHER WAS RECORDED YESTERDAY.
  THUNDERSTORM
  LIGHT RAIN
  FOG


RELATIVE HUMIDITY (PERCENT)
 HIGHEST    94           800 PM
 LOWEST     64           100 PM
 AVERAGE    79

..........................................................


THE HARRISBURG PA CLIMATE NORMALS FOR TODAY
                         NORMAL    RECORD    YEAR
 MAXIMUM TEMPERATURE (F)   85        98      1940
                                             1930
 MINIMUM TEMPERATURE (F)   66        56      1978


SUNRISE AND SUNSET
JULY 29 2016..........SUNRISE   603 AM EDT   SUNSET   824 PM EDT
JULY 30 2016..........SUNRISE   604 AM EDT   SUNSET   823 PM EDT


-  INDICATES NEGATIVE NUMBERS.
R  INDICATES RECORD WAS SET OR TIED.
MM INDICATES DATA IS MISSING.
T  INDICATES TRACE AMOUNT.




$$
