000
CDUS41 KCTP 050643
CLIMDT


CLIMATE REPORT
NATIONAL WEATHER SERVICE STATE COLLEGE PA
242 AM EDT THU MAY 5 2016


...................................

...THE HARRISBURG PA CLIMATE SUMMARY FOR MAY 4 2016...

CLIMATE NORMAL PERIOD 1981 TO 2010
CLIMATE RECORD PERIOD 1888 TO 2016


WEATHER ITEM   OBSERVED TIME   RECORD YEAR NORMAL DEPARTURE LAST
                VALUE   (LST)  VALUE       VALUE  FROM      YEAR
                                                  NORMAL
..................................................................
TEMPERATURE (F)
 YESTERDAY
  MAXIMUM         58   1234 PM  91    1949  69    -11       84
  MINIMUM         50   1159 PM  35    2002  48      2       51
  AVERAGE         54                        58     -4       68

PRECIPITATION (IN)
  YESTERDAY        0.10          1.58 1893   0.13  -0.03     0.00
  MONTH TO DATE    1.08                      0.50   0.58     0.00
  SINCE MAR 1      4.89                      6.97  -2.08     5.63
  SINCE JAN 1     14.81                     12.24   2.57     9.22

SNOWFALL (IN)
  YESTERDAY        0.0           0.0  2002   0.0    0.0      0.0
                                      2001
  MONTH TO DATE    0.0                       0.0    0.0      0.0
  SINCE MAR 1      1.4                       5.6   -4.2     11.8
  SINCE JUL 1     39.1                      30.6    8.5     39.2
  SNOW DEPTH       0

DEGREE DAYS
 HEATING
  YESTERDAY       11                         7      4        0
  MONTH TO DATE   36                        31      5       11
  SINCE MAR 1    947                      1146   -199     1250
  SINCE JUL 1   4319                      5134   -815     5553

 COOLING
  YESTERDAY        0                         1     -1        3
  MONTH TO DATE    0                         4     -4        3
  SINCE MAR 1     12                        11      1        3
  SINCE JAN 1     12                        11      1        3
..................................................................


WIND (MPH)
  HIGHEST WIND SPEED    12   HIGHEST WIND DIRECTION     E (100)
  HIGHEST GUST SPEED    17   HIGHEST GUST DIRECTION    NE (60)
  AVERAGE WIND SPEED     7.0


SKY COVER
  POSSIBLE SUNSHINE  MM
  AVERAGE SKY COVER 1.0


WEATHER CONDITIONS
 THE FOLLOWING WEATHER WAS RECORDED YESTERDAY.
  LIGHT RAIN
  FOG
  HAZE


RELATIVE HUMIDITY (PERCENT)
 HIGHEST    89          1000 AM
 LOWEST     72           400 PM
 AVERAGE    81

..........................................................


THE HARRISBURG PA CLIMATE NORMALS FOR TODAY
                         NORMAL    RECORD    YEAR
 MAXIMUM TEMPERATURE (F)   69        93      1949
 MINIMUM TEMPERATURE (F)   48        34      1966


SUNRISE AND SUNSET
MAY  5 2016...........SUNRISE   601 AM EDT   SUNSET   807 PM EDT
MAY  6 2016...........SUNRISE   600 AM EDT   SUNSET   808 PM EDT


-  INDICATES NEGATIVE NUMBERS.
R  INDICATES RECORD WAS SET OR TIED.
MM INDICATES DATA IS MISSING.
T  INDICATES TRACE AMOUNT.




$$
