000
CDUS41 KCTP 030613
CLIMDT


CLIMATE REPORT
NATIONAL WEATHER SERVICE STATE COLLEGE PA
213 AM EDT FRI JUL 3 2015


...................................

...THE HARRISBURG PA CLIMATE SUMMARY FOR JULY 2 2015...

CLIMATE NORMAL PERIOD 1981 TO 2010
CLIMATE RECORD PERIOD 1888 TO 2015


WEATHER ITEM   OBSERVED TIME   RECORD YEAR NORMAL DEPARTURE LAST
                VALUE   (LST)  VALUE       VALUE  FROM      YEAR
                                                  NORMAL
..................................................................
TEMPERATURE (F)
 YESTERDAY
  MAXIMUM         77    133 PM 104    1966  85     -8       94
  MINIMUM         63   1159 PM  50    1982  66     -3       75
  AVERAGE         70                        75     -5       85

PRECIPITATION (IN)
  YESTERDAY        0.00          2.18 1924   0.14  -0.14     0.09
  MONTH TO DATE    T                         0.29  -0.29     0.09
  SINCE JUN 1      6.84                      3.89   2.95     3.87
  SINCE JAN 1     19.58                     19.42   0.16    25.51

DEGREE DAYS
 HEATING
  YESTERDAY        0                         0      0        0
  MONTH TO DATE    0                         0      0        0
  SINCE JUN 1     13                        18     -5        1
  SINCE JUL 1      0                         0      0        0

 COOLING
  YESTERDAY        5                        10     -5       20
  MONTH TO DATE   14                        20     -6       38
  SINCE JUN 1    275                       233     42      285
  SINCE JAN 1    449                       298    151      345
..................................................................


WIND (MPH)
  HIGHEST WIND SPEED     8   HIGHEST WIND DIRECTION    NW (310)
  HIGHEST GUST SPEED    10   HIGHEST GUST DIRECTION     N (20)
  AVERAGE WIND SPEED     2.3


SKY COVER
  POSSIBLE SUNSHINE  MM
  AVERAGE SKY COVER 0.6


WEATHER CONDITIONS
 THE FOLLOWING WEATHER WAS RECORDED YESTERDAY.
  FOG
  HAZE


RELATIVE HUMIDITY (PERCENT)
 HIGHEST    93           400 AM
 LOWEST     60          1000 AM
 AVERAGE    77

..........................................................


THE HARRISBURG PA CLIMATE NORMALS FOR TODAY
                         NORMAL    RECORD    YEAR
 MAXIMUM TEMPERATURE (F)   85       107      1966
 MINIMUM TEMPERATURE (F)   66        51      1939


SUNRISE AND SUNSET
JULY  3 2015..........SUNRISE   542 AM EDT   SUNSET   840 PM EDT
JULY  4 2015..........SUNRISE   543 AM EDT   SUNSET   840 PM EDT


-  INDICATES NEGATIVE NUMBERS.
R  INDICATES RECORD WAS SET OR TIED.
MM INDICATES DATA IS MISSING.
T  INDICATES TRACE AMOUNT.




$$
