000
CDUS41 KCTP 260617
CLIMDT


CLIMATE REPORT
NATIONAL WEATHER SERVICE STATE COLLEGE PA
217 AM EDT WED JUL 26 2017


...................................

...THE HARRISBURG PA CLIMATE SUMMARY FOR JULY 25 2017...

CLIMATE NORMAL PERIOD 1981 TO 2010
CLIMATE RECORD PERIOD 1888 TO 2017


WEATHER ITEM   OBSERVED TIME   RECORD YEAR NORMAL DEPARTURE LAST
                VALUE   (LST)  VALUE       VALUE  FROM      YEAR
                                                  NORMAL
..................................................................
TEMPERATURE (F)
 YESTERDAY
  MAXIMUM         78    249 PM  99    1940  85     -7       97
  MINIMUM         66    459 AM  53    1953  66      0       72
  AVERAGE         72                        76     -4       85

PRECIPITATION (IN)
  YESTERDAY        0.00          2.38 2011   0.14  -0.14     0.82
  MONTH TO DATE    8.72                      3.76   4.96     4.41
  SINCE JUN 1     12.28                      7.36   4.92     8.87
  SINCE JAN 1     28.73                     22.89   5.84    26.06

DEGREE DAYS
 HEATING
  YESTERDAY        0                         0      0        0
  MONTH TO DATE    0                         0      0        0
  SINCE JUN 1      7                        18    -11        5
  SINCE JUL 1      0                         0      0        0

 COOLING
  YESTERDAY        7                        11     -4       20
  MONTH TO DATE  344                       273     71      360
  SINCE JUN 1    609                       486    123      626
  SINCE JAN 1    686                       551    135      723
..................................................................


WIND (MPH)
  HIGHEST WIND SPEED    16   HIGHEST WIND DIRECTION    NW (310)
  HIGHEST GUST SPEED    19   HIGHEST GUST DIRECTION    NW (320)
  AVERAGE WIND SPEED     7.9


SKY COVER
  POSSIBLE SUNSHINE  MM
  AVERAGE SKY COVER 0.7


WEATHER CONDITIONS
 THE FOLLOWING WEATHER WAS RECORDED YESTERDAY.
  NO SIGNIFICANT WEATHER WAS OBSERVED.


RELATIVE HUMIDITY (PERCENT)
 HIGHEST    78           400 AM
 LOWEST     56           300 PM
 AVERAGE    67

..........................................................


THE HARRISBURG PA CLIMATE NORMALS FOR TODAY
                         NORMAL    RECORD    YEAR
 MAXIMUM TEMPERATURE (F)   85       100      1966
                                             1940
 MINIMUM TEMPERATURE (F)   66        53      1976


SUNRISE AND SUNSET
JULY 26 2017..........SUNRISE   600 AM EDT   SUNSET   827 PM EDT
JULY 27 2017..........SUNRISE   601 AM EDT   SUNSET   826 PM EDT


-  INDICATES NEGATIVE NUMBERS.
R  INDICATES RECORD WAS SET OR TIED.
MM INDICATES DATA IS MISSING.
T  INDICATES TRACE AMOUNT.




$$
