000
CDUS41 KCTP 242218
CLIMDT


CLIMATE REPORT
NATIONAL WEATHER SERVICE STATE COLLEGE PA
518 PM EST WED DEC 24 2014


...................................

...THE HARRISBURG PA CLIMATE SUMMARY FOR DECEMBER 24 2014...
VALID TODAY AS OF 0500 PM LOCAL TIME.

CLIMATE NORMAL PERIOD 1981 TO 2010
CLIMATE RECORD PERIOD 1888 TO 2014


WEATHER ITEM   OBSERVED TIME   RECORD YEAR NORMAL DEPARTURE LAST
                VALUE   (LST)  VALUE       VALUE  FROM      YEAR
                                                  NORMAL
..................................................................
TEMPERATURE (F)
 TODAY
  MAXIMUM         47    459 PM  62    1990  39      8       37
  MINIMUM         42    245 AM  -1    1983  25     17       23
  AVERAGE         45                        32     13       30

PRECIPITATION (IN)
  TODAY            0.69          1.55 1986   0.10   0.59      T
  MONTH TO DATE    3.07                      2.60   0.47     2.86
  SINCE DEC 1      3.07                      2.60   0.47     2.86
  SINCE JAN 1     43.46                     40.11   3.35    41.75

SNOWFALL (IN)
  TODAY           MM
  MONTH TO DATE    2.1
  SINCE DEC 1      2.1
  SINCE JUL 1      4.5
  SNOW DEPTH       0

DEGREE DAYS
 HEATING
  TODAY           20                        33    -13       35
  MONTH TO DATE  690                       727    -37      721
  SINCE DEC 1    690                       727    -37      721
  SINCE JUL 1   1703                      1766    -63     1774

 COOLING
  TODAY            0                         0      0        0
  MONTH TO DATE    0                         0      0        0
  SINCE DEC 1      0                         0      0        0
  SINCE JAN 1   1050                      1002     48     1105
..................................................................


WIND (MPH)
  HIGHEST WIND SPEED     9   HIGHEST WIND DIRECTION     E (110)
  HIGHEST GUST SPEED    13   HIGHEST GUST DIRECTION     E (100)
  AVERAGE WIND SPEED     2.1


SKY COVER
  POSSIBLE SUNSHINE  MM
  AVERAGE SKY COVER 0.9


WEATHER CONDITIONS
 THE FOLLOWING WEATHER WAS RECORDED TODAY.
  RAIN
  LIGHT RAIN
  FOG
  FOG W/VISIBILITY <= 1/4 MILE


RELATIVE HUMIDITY (PERCENT)
 HIGHEST   100           100 AM
 LOWEST     92           600 AM
 AVERAGE    96

..........................................................


THE HARRISBURG PA CLIMATE NORMALS FOR TOMORROW
                         NORMAL    RECORD    YEAR
 MAXIMUM TEMPERATURE (F)   39        66      1889
 MINIMUM TEMPERATURE (F)   25        -3      1983


SUNRISE AND SUNSET
DECEMBER 24 2014......SUNRISE   727 AM EST   SUNSET   446 PM EST
DECEMBER 25 2014......SUNRISE   728 AM EST   SUNSET   447 PM EST


-  INDICATES NEGATIVE NUMBERS.
R  INDICATES RECORD WAS SET OR TIED.
MM INDICATES DATA IS MISSING.
T  INDICATES TRACE AMOUNT.




$$
