000
CDUS41 KCTP 210622
CLIMDT


CLIMATE REPORT
NATIONAL WEATHER SERVICE STATE COLLEGE PA
122 AM EST TUE FEB 21 2017


...................................

...THE HARRISBURG PA CLIMATE SUMMARY FOR FEBRUARY 20 2017...

CLIMATE NORMAL PERIOD 1981 TO 2010
CLIMATE RECORD PERIOD 1888 TO 2017


WEATHER ITEM   OBSERVED TIME   RECORD YEAR NORMAL DEPARTURE LAST
                VALUE   (LST)  VALUE       VALUE  FROM      YEAR
                                                  NORMAL
..................................................................
TEMPERATURE (F)
 YESTERDAY
  MAXIMUM         59    240 PM  72    1930  42     17       63
  MINIMUM         39   1154 PM   0    2015  26     13       34
                                      1979
                                      1978
  AVERAGE         49                        34     15       49

PRECIPITATION (IN)
  YESTERDAY        0.00          1.50 1921   0.08  -0.08     0.00
  MONTH TO DATE    1.21                      1.66  -0.45     3.07
  SINCE DEC 1      6.20                      7.77  -1.57    11.99
  SINCE JAN 1      3.84                      4.54  -0.70     7.70

SNOWFALL (IN)
  YESTERDAY        0.0          15.0  1921   0.4   -0.4      0.0
  MONTH TO DATE    3.6                       7.9   -4.3      7.1
  SINCE DEC 1      5.5                      21.8  -16.3     37.7
  SINCE JUL 1      5.5                      22.4  -16.9     37.7
  SNOW DEPTH       0

DEGREE DAYS
 HEATING
  YESTERDAY       16                        31    -15       16
  MONTH TO DATE  529                       662   -133      686
  SINCE DEC 1   2322                      2712   -390     2379
  SINCE JUL 1   3108                      3751   -643     3154

 COOLING
  YESTERDAY        0                         0      0        0
  MONTH TO DATE    0                         0      0        0
  SINCE DEC 1      0                         0      0        0
  SINCE JAN 1      0                         0      0        0
..................................................................


WIND (MPH)
  HIGHEST WIND SPEED    16   HIGHEST WIND DIRECTION    NW (320)
  HIGHEST GUST SPEED    33   HIGHEST GUST DIRECTION    NW (330)
  AVERAGE WIND SPEED     6.4


SKY COVER
  POSSIBLE SUNSHINE  MM
  AVERAGE SKY COVER 0.4


WEATHER CONDITIONS
 THE FOLLOWING WEATHER WAS RECORDED YESTERDAY.
  NO SIGNIFICANT WEATHER WAS OBSERVED.


RELATIVE HUMIDITY (PERCENT)
 HIGHEST    65           100 AM
 LOWEST     30           400 PM
 AVERAGE    48

..........................................................


THE HARRISBURG PA CLIMATE NORMALS FOR TODAY
                         NORMAL    RECORD    YEAR
 MAXIMUM TEMPERATURE (F)   42        71      1997
 MINIMUM TEMPERATURE (F)   26         4      2015


SUNRISE AND SUNSET
FEBRUARY 21 2017......SUNRISE   652 AM EST   SUNSET   550 PM EST
FEBRUARY 22 2017......SUNRISE   650 AM EST   SUNSET   551 PM EST


-  INDICATES NEGATIVE NUMBERS.
R  INDICATES RECORD WAS SET OR TIED.
MM INDICATES DATA IS MISSING.
T  INDICATES TRACE AMOUNT.




$$
