000
CDUS41 KCTP 290635
CLIMDT


CLIMATE REPORT
NATIONAL WEATHER SERVICE STATE COLLEGE PA
234 AM EDT SUN MAY 29 2016


...................................

...THE HARRISBURG PA CLIMATE SUMMARY FOR MAY 28 2016...

CLIMATE NORMAL PERIOD 1981 TO 2010
CLIMATE RECORD PERIOD 1888 TO 2016


WEATHER ITEM   OBSERVED TIME   RECORD YEAR NORMAL DEPARTURE LAST
                VALUE   (LST)  VALUE       VALUE  FROM      YEAR
                                                  NORMAL
..................................................................
TEMPERATURE (F)
 YESTERDAY
  MAXIMUM         91    315 PM  93    1941  75     16       86
  MINIMUM         67    416 AM  41    1983  56     11       66
  AVERAGE         79                        66     13       76

PRECIPITATION (IN)
  YESTERDAY        0.00          2.58 1982   0.12  -0.12     0.00
  MONTH TO DATE    3.08                      3.39  -0.31     2.48
  SINCE MAR 1      6.89                      9.86  -2.97     8.11
  SINCE JAN 1     16.81                     15.13   1.68    11.70

SNOWFALL (IN)
  YESTERDAY        0.0           0.0  2002   0.0    0.0      0.0
                                      2001
  MONTH TO DATE    0.0                       0.0    0.0      0.0
  SINCE MAR 1      1.4                       5.6   -4.2     11.8
  SINCE JUL 1     39.1                      30.6    8.5     39.2
  SNOW DEPTH       0

DEGREE DAYS
 HEATING
  YESTERDAY        0                         2     -2        0
  MONTH TO DATE  173                       141     32       45
  SINCE MAR 1   1084                      1256   -172     1284
  SINCE JUL 1   4456                      5244   -788     5587

 COOLING
  YESTERDAY       14                         3     11       11
  MONTH TO DATE   50                        49      1      136
  SINCE MAR 1     62                        56      6      136
  SINCE JAN 1     62                        56      6      136
..................................................................


WIND (MPH)
  HIGHEST WIND SPEED    10   HIGHEST WIND DIRECTION     S (190)
  HIGHEST GUST SPEED    14   HIGHEST GUST DIRECTION     S (180)
  AVERAGE WIND SPEED     4.2


SKY COVER
  POSSIBLE SUNSHINE  MM
  AVERAGE SKY COVER 0.3


WEATHER CONDITIONS
 THE FOLLOWING WEATHER WAS RECORDED YESTERDAY.
  FOG
  HAZE


RELATIVE HUMIDITY (PERCENT)
 HIGHEST    90           200 AM
 LOWEST     47           200 PM
 AVERAGE    69

..........................................................


THE HARRISBURG PA CLIMATE NORMALS FOR TODAY
                         NORMAL    RECORD    YEAR
 MAXIMUM TEMPERATURE (F)   76        95      1969
 MINIMUM TEMPERATURE (F)   57        40      1949


SUNRISE AND SUNSET
MAY 29 2016...........SUNRISE   541 AM EDT   SUNSET   829 PM EDT
MAY 30 2016...........SUNRISE   540 AM EDT   SUNSET   829 PM EDT


-  INDICATES NEGATIVE NUMBERS.
R  INDICATES RECORD WAS SET OR TIED.
MM INDICATES DATA IS MISSING.
T  INDICATES TRACE AMOUNT.




$$
