000
CDUS41 KCTP 010636
CLIMDT


CLIMATE REPORT
NATIONAL WEATHER SERVICE STATE COLLEGE PA
236 AM EDT TUE SEP 1 2015


...................................

...THE HARRISBURG PA CLIMATE SUMMARY FOR AUGUST 31 2015...

CLIMATE NORMAL PERIOD 1981 TO 2010
CLIMATE RECORD PERIOD 1888 TO 2015


WEATHER ITEM   OBSERVED TIME   RECORD YEAR NORMAL DEPARTURE LAST
                VALUE   (LST)  VALUE       VALUE  FROM      YEAR
                                                  NORMAL
..................................................................
TEMPERATURE (F)
 YESTERDAY
  MAXIMUM         89    158 PM  98    1953  81      8       89
                                      1932
  MINIMUM         71   1158 PM  45    1976  62      9       72
  AVERAGE         80                        72      8       81

PRECIPITATION (IN)
  YESTERDAY        0.00          2.61 1940   0.10  -0.10     0.28
  MONTH TO DATE    2.36                      3.20  -0.84     3.91
  SINCE JUN 1     11.89                     11.41   0.48    12.03
  SINCE JAN 1     24.63                     26.94  -2.31    33.67

DEGREE DAYS
 HEATING
  YESTERDAY        0                         0      0        0
  MONTH TO DATE    0                         0      0        0
  SINCE JUN 1     13                        20     -7        1
  SINCE JUL 1      0                         2     -2        0

 COOLING
  YESTERDAY       15                         7      8       16
  MONTH TO DATE  337                       280     57      244
  SINCE JUN 1    946                       831    115      841
  SINCE JAN 1   1120                       896    224      901
..................................................................


WIND (MPH)
  HIGHEST WIND SPEED    15   HIGHEST WIND DIRECTION    SW (210)
  HIGHEST GUST SPEED    19   HIGHEST GUST DIRECTION     W (250)
  AVERAGE WIND SPEED     1.4


SKY COVER
  POSSIBLE SUNSHINE  MM
  AVERAGE SKY COVER 0.7


WEATHER CONDITIONS
 THE FOLLOWING WEATHER WAS RECORDED YESTERDAY.
  NO SIGNIFICANT WEATHER WAS OBSERVED.


RELATIVE HUMIDITY (PERCENT)
 HIGHEST    84           200 AM
 LOWEST     47           200 PM
 AVERAGE    66

..........................................................


THE HARRISBURG PA CLIMATE NORMALS FOR TODAY
                         NORMAL    RECORD    YEAR
 MAXIMUM TEMPERATURE (F)   81        98      1953
                                             1932
 MINIMUM TEMPERATURE (F)   62        47      1967


SUNRISE AND SUNSET
SEPTEMBER  1 2015.....SUNRISE   634 AM EDT   SUNSET   739 PM EDT
SEPTEMBER  2 2015.....SUNRISE   635 AM EDT   SUNSET   738 PM EDT


-  INDICATES NEGATIVE NUMBERS.
R  INDICATES RECORD WAS SET OR TIED.
MM INDICATES DATA IS MISSING.
T  INDICATES TRACE AMOUNT.




$$
