000
CDUS41 KCTP 212216
CLIMDT


CLIMATE REPORT
NATIONAL WEATHER SERVICE STATE COLLEGE PA
515 PM EST FRI NOV 21 2014


...................................

...THE HARRISBURG PA CLIMATE SUMMARY FOR NOVEMBER 21 2014...
VALID TODAY AS OF 0500 PM LOCAL TIME.

CLIMATE NORMAL PERIOD 1981 TO 2010
CLIMATE RECORD PERIOD 1888 TO 2014


WEATHER ITEM   OBSERVED TIME   RECORD YEAR NORMAL DEPARTURE LAST
                VALUE   (LST)  VALUE       VALUE  FROM      YEAR
                                                  NORMAL
..................................................................
TEMPERATURE (F)
 TODAY
  MAXIMUM         35    142 PM  74    1900  51    -16       45
  MINIMUM         25    636 AM  19    1951  33     -8       25
  AVERAGE         30                        42    -12       35

PRECIPITATION (IN)
  TODAY            0.00          1.78 1952   0.11  -0.11     0.00
  MONTH TO DATE    1.43                      2.16  -0.73     0.85
  SINCE SEP 1      5.40                      9.50  -4.10    13.05
  SINCE JAN 1     39.07                     36.44   2.63    37.32

SNOWFALL (IN)
  TODAY            0.0
  MONTH TO DATE    T
  SINCE SEP 1      T
  SINCE JUL 1      T
  SNOW DEPTH       0

DEGREE DAYS
 HEATING
  TODAY           35                        23     12       30
  MONTH TO DATE  499                       403     96      421
  SINCE SEP 1    778                       813    -35      767
  SINCE JUL 1    778                       815    -37      767

 COOLING
  TODAY            0                         0      0        0
  MONTH TO DATE    0                         0      0        0
  SINCE SEP 1    149                       106     43      153
  SINCE JAN 1   1050                      1002     48     1105
..................................................................


WIND (MPH)
  HIGHEST WIND SPEED    22   HIGHEST WIND DIRECTION    NW (310)
  HIGHEST GUST SPEED    27   HIGHEST GUST DIRECTION    NW (310)
  AVERAGE WIND SPEED    12.4


SKY COVER
  POSSIBLE SUNSHINE  MM
  AVERAGE SKY COVER 0.2


WEATHER CONDITIONS
 THE FOLLOWING WEATHER WAS RECORDED TODAY.
  NO SIGNIFICANT WEATHER WAS OBSERVED.


RELATIVE HUMIDITY (PERCENT)
 HIGHEST    50           500 AM
 LOWEST     35           300 PM
 AVERAGE    43

..........................................................


THE HARRISBURG PA CLIMATE NORMALS FOR TOMORROW
                         NORMAL    RECORD    YEAR
 MAXIMUM TEMPERATURE (F)   50        73      1931
 MINIMUM TEMPERATURE (F)   33        16      1964


SUNRISE AND SUNSET
NOVEMBER 21 2014......SUNRISE   659 AM EST   SUNSET   446 PM EST
NOVEMBER 22 2014......SUNRISE   701 AM EST   SUNSET   446 PM EST


-  INDICATES NEGATIVE NUMBERS.
R  INDICATES RECORD WAS SET OR TIED.
MM INDICATES DATA IS MISSING.
T  INDICATES TRACE AMOUNT.




$$
