000
CDUS41 KCTP 290607
CLIMDT


CLIMATE REPORT
NATIONAL WEATHER SERVICE STATE COLLEGE PA
207 AM EDT MON AUG 29 2016


...................................

...THE HARRISBURG PA CLIMATE SUMMARY FOR AUGUST 28 2016...

CLIMATE NORMAL PERIOD 1981 TO 2010
CLIMATE RECORD PERIOD 1888 TO 2016


WEATHER ITEM   OBSERVED TIME   RECORD YEAR NORMAL DEPARTURE LAST
                VALUE   (LST)  VALUE       VALUE  FROM      YEAR
                                                  NORMAL
..................................................................
TEMPERATURE (F)
 YESTERDAY
  MAXIMUM         90    241 PM 100    1973  82      8       82
                                      1948
  MINIMUM         69    606 AM  49    1968  63      6       59
                                      1941
  AVERAGE         80                        72      8       71

PRECIPITATION (IN)
  YESTERDAY        0.00          2.26 1903   0.10  -0.10     0.00
  MONTH TO DATE    3.76                      2.89   0.87     2.36
  SINCE JUN 1     13.32                     11.10   2.22    11.89
  SINCE JAN 1     30.51                     26.63   3.88    24.63

DEGREE DAYS
 HEATING
  YESTERDAY        0                         0      0        0
  MONTH TO DATE    0                         0      0        0
  SINCE JUN 1      5                        18    -13       13
  SINCE JUL 1      0                         0      0        0

 COOLING
  YESTERDAY       15                         7      8        6
  MONTH TO DATE  406                       257    149      301
  SINCE JUN 1   1127                       808    319      910
  SINCE JAN 1   1224                       873    351     1084
..................................................................


WIND (MPH)
  HIGHEST WIND SPEED    14   HIGHEST WIND DIRECTION     S (200)
  HIGHEST GUST SPEED    18   HIGHEST GUST DIRECTION     S (200)
  AVERAGE WIND SPEED     5.8


SKY COVER
  POSSIBLE SUNSHINE  MM
  AVERAGE SKY COVER 0.2


WEATHER CONDITIONS
 THE FOLLOWING WEATHER WAS RECORDED YESTERDAY.
  FOG


RELATIVE HUMIDITY (PERCENT)
 HIGHEST   100           400 AM
 LOWEST     44           100 PM
 AVERAGE    72

..........................................................


THE HARRISBURG PA CLIMATE NORMALS FOR TODAY
                         NORMAL    RECORD    YEAR
 MAXIMUM TEMPERATURE (F)   82        97      1953
 MINIMUM TEMPERATURE (F)   62        46      1982


SUNRISE AND SUNSET
AUGUST 29 2016........SUNRISE   632 AM EDT   SUNSET   743 PM EDT
AUGUST 30 2016........SUNRISE   633 AM EDT   SUNSET   741 PM EDT


-  INDICATES NEGATIVE NUMBERS.
R  INDICATES RECORD WAS SET OR TIED.
MM INDICATES DATA IS MISSING.
T  INDICATES TRACE AMOUNT.




$$
