000
CDUS43 KLOT 180639
CLIMDW


CLIMATE REPORT
NATIONAL WEATHER SERVICE CHICAGO IL
1237 AM CST WED JAN 18 2017


...................................

...THE CHICAGO-MIDWAY CLIMATE SUMMARY FOR JANUARY 17 2017...

CLIMATE NORMAL PERIOD 1981 TO 2010
CLIMATE RECORD PERIOD 1928 TO 2017


WEATHER ITEM   OBSERVED TIME   RECORD YEAR NORMAL DEPARTURE LAST
                VALUE   (LST)  VALUE       VALUE  FROM      YEAR
                                                  NORMAL
..................................................................
TEMPERATURE (F)
 YESTERDAY
  MAXIMUM         40    712 AM  58    1952  31      9       14
  MINIMUM         33   1159 PM -17    1982  18     15        1
  AVERAGE         37                        25     12        8

PRECIPITATION (IN)
  YESTERDAY        0.43          0.68 1988   0.07   0.36      T
  MONTH TO DATE    1.78                      1.24   0.54     0.53
  SINCE DEC 1      3.03                      3.81  -0.78     5.93
  SINCE JAN 1      1.78                      1.24   0.54     0.53

DEGREE DAYS
 HEATING
  YESTERDAY       28                        40    -12       57
  MONTH TO DATE  664                       679    -15      649
  SINCE DEC 1   1832                      1795     37     1380
  SINCE JUL 1   2544                      2930   -386     2190

 COOLING
  YESTERDAY        0                         0      0        0
  MONTH TO DATE    0                         0      0        0
  SINCE DEC 1      0                         0      0        0
  SINCE JAN 1      0                         0      0        0
..................................................................


WIND (MPH)
  RESULTANT WIND SPEED  10   RESULTANT WIND DIRECTION   W (250)
  HIGHEST WIND SPEED    16   HIGHEST WIND DIRECTION     W (250)
  HIGHEST GUST SPEED    23   HIGHEST GUST DIRECTION     W (260)
  AVERAGE WIND SPEED     9.8



WEATHER CONDITIONS
 THE FOLLOWING WEATHER WAS RECORDED YESTERDAY.
  THUNDERSTORM
  HEAVY RAIN
  LIGHT RAIN
  FOG
  FOG W/VISIBILITY <= 1/4 MILE
  HAZE


..........................................................


THE CHICAGO-MIDWAY CLIMATE NORMALS FOR TODAY
                         NORMAL    RECORD    YEAR
 MAXIMUM TEMPERATURE (F)   31        61      1996
 MINIMUM TEMPERATURE (F)   18       -20      1994


SUNRISE AND SUNSET
JANUARY 18 2017.......SUNRISE   714 AM CST   SUNSET   449 PM CST
JANUARY 19 2017.......SUNRISE   714 AM CST   SUNSET   450 PM CST


-  INDICATES NEGATIVE NUMBERS.
R  INDICATES RECORD WAS SET OR TIED.
MM INDICATES DATA IS MISSING.
T  INDICATES TRACE AMOUNT.




$$
