000
CDUS43 KLOT 300637
CLIMDW


CLIMATE REPORT
NATIONAL WEATHER SERVICE CHICAGO IL
136 AM CDT TUE JUN 30 2015


...................................

...THE CHICAGO-MIDWAY CLIMATE SUMMARY FOR JUNE 29 2015...

CLIMATE NORMAL PERIOD 1981 TO 2010
CLIMATE RECORD PERIOD 1928 TO 2015


WEATHER ITEM   OBSERVED TIME   RECORD YEAR NORMAL DEPARTURE LAST
                VALUE   (LST)  VALUE       VALUE  FROM      YEAR
                                                  NORMAL
..................................................................
TEMPERATURE (F)
 YESTERDAY
  MAXIMUM         75   1009 AM  97    1954  84     -9       88
  MINIMUM         66    524 AM  50    1943  66      0       71
  AVERAGE         71                        75     -4       80

PRECIPITATION (IN)
  YESTERDAY       MM             1.91 1933   0.11  MM        0.04
  MONTH TO DATE    2.96                      3.95  -0.99     5.66
  SINCE JUN 1      2.96                      3.95  -0.99     5.66
  SINCE JAN 1     11.85                     18.44  -6.59    16.95

DEGREE DAYS
 HEATING
  YESTERDAY        0                         0      0        0
  MONTH TO DATE   20                        29     -9        2
  SINCE JUN 1     20                        29     -9        2
  SINCE JUL 1   6083                      5988     95     6809

 COOLING
  YESTERDAY        6                        10     -4       15
  MONTH TO DATE  176                       196    -20      238
  SINCE JUN 1    176                       196    -20      238
  SINCE JAN 1    282                       270     12      349
..................................................................


WIND (MPH)
  RESULTANT WIND SPEED   3   RESULTANT WIND DIRECTION   S (170)
  HIGHEST WIND SPEED    12   HIGHEST WIND DIRECTION     E (80)
  HIGHEST GUST SPEED    13   HIGHEST GUST DIRECTION     E (80)
  AVERAGE WIND SPEED     4.8



WEATHER CONDITIONS
 THE FOLLOWING WEATHER WAS RECORDED YESTERDAY.
  LIGHT RAIN
  FOG
  HAZE


..........................................................


THE CHICAGO-MIDWAY CLIMATE NORMALS FOR TODAY
                         NORMAL    RECORD    YEAR
 MAXIMUM TEMPERATURE (F)   84       101      1931
 MINIMUM TEMPERATURE (F)   66        45      1943


SUNRISE AND SUNSET
JUNE 30 2015..........SUNRISE   519 AM CDT   SUNSET   830 PM CDT
JULY  1 2015..........SUNRISE   520 AM CDT   SUNSET   830 PM CDT


-  INDICATES NEGATIVE NUMBERS.
R  INDICATES RECORD WAS SET OR TIED.
MM INDICATES DATA IS MISSING.
T  INDICATES TRACE AMOUNT.




$$
