000
CDUS44 KMEG 300636
CLIMEG


CLIMATE REPORT
NATIONAL WEATHER SERVICE MEMPHIS TN
136 AM CDT SAT AUG 30 2014


...................................

...THE MEMPHIS/GERMANTOWN WFO CLIMATE SUMMARY FOR AUGUST 29 2014...

CLIMATE NORMAL PERIOD 1981 TO 2010
CLIMATE RECORD PERIOD 1988 TO 2014


WEATHER ITEM   OBSERVED TIME   RECORD YEAR NORMAL DEPARTURE LAST
                VALUE   (LST)  VALUE       VALUE  FROM      YEAR
                                                  NORMAL
..................................................................
TEMPERATURE (F)
 YESTERDAY
  MAXIMUM         94    500 PM 104    2000  89      5       95
  MINIMUM         72    600 AM  54    1992  68      4       69
  AVERAGE         83                        78      5       82

PRECIPITATION (IN)
  YESTERDAY        0.00          1.48 1991   0.10  -0.10     0.00
  MONTH TO DATE    0.45                      3.11  -2.66     2.14
  SINCE JUN 1     16.49                     11.33   5.16    12.02
  SINCE JAN 1     42.07                     35.82   6.25    48.36

SNOWFALL (IN)
  YESTERDAY        0.0          MM      MM   0.0    0.0      0.0
  MONTH TO DATE    0.0                       0.0    0.0      0.0
  SINCE JUN 1      0.0                       0.0    0.0      0.0
  SINCE JUL 1      0.0                       0.0    0.0      0.0
  SNOW DEPTH       0

DEGREE DAYS
 HEATING
  YESTERDAY        0                         0      0        0
  MONTH TO DATE    0                         0      0        0
  SINCE JUN 1      0                         2     -2        0
  SINCE JUL 1      0                         0      0        0

 COOLING
  YESTERDAY       18                        14      4       17
  MONTH TO DATE  481                       442     39      410
  SINCE JUN 1   1255                      1319    -64     1249
  SINCE JAN 1   1554                      1570    -16     1509
..................................................................







THE MEMPHIS/GERMANTOWN WFO CLIMATE NORMALS FOR TODAY
                         NORMAL    RECORD    YEAR
 MAXIMUM TEMPERATURE (F)   89       103      2000
 MINIMUM TEMPERATURE (F)   68        55      1992


SUNRISE AND SUNSET
AUGUST 30 2014........SUNRISE   630 AM CDT   SUNSET   729 PM CDT
AUGUST 31 2014........SUNRISE   631 AM CDT   SUNSET   727 PM CDT


-  INDICATES NEGATIVE NUMBERS.
R  INDICATES RECORD WAS SET OR TIED.
MM INDICATES DATA IS MISSING.
T  INDICATES TRACE AMOUNT.




$$
