000
CDUS44 KMEG 300634
CLIMEG


CLIMATE REPORT
NATIONAL WEATHER SERVICE MEMPHIS TN
132 AM CDT FRI SEP 30 2016


...................................

...THE MEMPHIS/GERMANTOWN WFO CLIMATE SUMMARY FOR SEPTEMBER 29 2016...

CLIMATE NORMAL PERIOD 1981 TO 2010
CLIMATE RECORD PERIOD 1988 TO 2016


WEATHER ITEM   OBSERVED TIME   RECORD YEAR NORMAL DEPARTURE LAST
                VALUE   (LST)  VALUE       VALUE  FROM      YEAR
                                                  NORMAL
..................................................................
TEMPERATURE (F)
 YESTERDAY
  MAXIMUM         75    157 PM  91    1998  80     -5       82
  MINIMUM         51    524 AM  43    2003  56     -5       69
  AVERAGE         63                        68     -5       76

PRECIPITATION (IN)
  YESTERDAY        0.00          0.43 1999   0.13  -0.13     0.15
  MONTH TO DATE    0.56                      3.15  -2.59     1.59
  SINCE SEP 1      0.56                      3.15  -2.59     1.59
  SINCE JAN 1     51.80                     39.16  12.64    35.31

SNOWFALL (IN)
  YESTERDAY        0.0          MM      MM   0.0    0.0      0.0
  MONTH TO DATE    0.0                       0.0    0.0      0.0
  SINCE SEP 1      0.0                       0.0    0.0      0.0
  SINCE JUL 1      0.0                       0.0    0.0      0.0
  SNOW DEPTH       0

DEGREE DAYS
 HEATING
  YESTERDAY        2                         2      0        0
  MONTH TO DATE    2                        15    -13        2
  SINCE SEP 1      2                        15    -13        2
  SINCE JUL 1      2                        15    -13        2

 COOLING
  YESTERDAY        0                         5     -5       11
  MONTH TO DATE  392                       254    138      305
  SINCE SEP 1    392                       254    138      305
  SINCE JAN 1   2228                      1849    379     2044
..................................................................







THE MEMPHIS/GERMANTOWN WFO CLIMATE NORMALS FOR TODAY
                         NORMAL    RECORD    YEAR
 MAXIMUM TEMPERATURE (F)   79        95      1998
 MINIMUM TEMPERATURE (F)   55        44      1999


SUNRISE AND SUNSET
SEPTEMBER 30 2016.....SUNRISE   654 AM CDT   SUNSET   644 PM CDT
OCTOBER  1 2016.......SUNRISE   654 AM CDT   SUNSET   642 PM CDT


-  INDICATES NEGATIVE NUMBERS.
R  INDICATES RECORD WAS SET OR TIED.
MM INDICATES DATA IS MISSING.
T  INDICATES TRACE AMOUNT.




$$
