000
CDUS44 KMEG 030639
CLIMEG


CLIMATE REPORT
NATIONAL WEATHER SERVICE MEMPHIS TN
139 AM CDT TUE MAY 3 2016


...................................

...THE MEMPHIS/GERMANTOWN WFO CLIMATE SUMMARY FOR MAY 2 2016...

CLIMATE NORMAL PERIOD 1981 TO 2010
CLIMATE RECORD PERIOD 1988 TO 2016


WEATHER ITEM   OBSERVED TIME   RECORD YEAR NORMAL DEPARTURE LAST
                VALUE   (LST)  VALUE       VALUE  FROM      YEAR
                                                  NORMAL
..................................................................
TEMPERATURE (F)
 YESTERDAY
  MAXIMUM         67        MM  91    2012  77    -10       79
  MINIMUM         56        MM  40    1994  55      1       45
  AVERAGE         62                        66     -4       62

PRECIPITATION (IN)
  YESTERDAY        0.74          3.75 2011   0.21   0.53     0.00
  MONTH TO DATE    1.08                      0.42   0.66     0.00
  SINCE MAR 1     23.85                     10.69  13.16    10.08
  SINCE JAN 1     32.80                     19.32  13.48    16.16

SNOWFALL (IN)
  YESTERDAY        0.0          MM      MM   0.0    0.0      0.0
  MONTH TO DATE    0.0                       0.0    0.0      0.0
  SINCE MAR 1      T                         0.8   -0.8      4.1
  SINCE JUL 1      0.9                       2.4   -1.5      6.3
  SNOW DEPTH       0

DEGREE DAYS
 HEATING
  YESTERDAY        3                         3      0        3
  MONTH TO DATE    3                         6     -3        9
  SINCE MAR 1    363                       633   -270      536
  SINCE JUL 1   2450                      3379   -929     3443

 COOLING
  YESTERDAY        0                         3     -3        0
  MONTH TO DATE    8                         6      2        0
  SINCE MAR 1     81                        71     10       77
  SINCE JAN 1     81                        72      9       77
..................................................................







THE MEMPHIS/GERMANTOWN WFO CLIMATE NORMALS FOR TODAY
                         NORMAL    RECORD    YEAR
 MAXIMUM TEMPERATURE (F)   77        88      2006
 MINIMUM TEMPERATURE (F)   55        37      2013


SUNRISE AND SUNSET
MAY  3 2016...........SUNRISE   606 AM CDT   SUNSET   747 PM CDT
MAY  4 2016...........SUNRISE   605 AM CDT   SUNSET   748 PM CDT


-  INDICATES NEGATIVE NUMBERS.
R  INDICATES RECORD WAS SET OR TIED.
MM INDICATES DATA IS MISSING.
T  INDICATES TRACE AMOUNT.




$$
