000
CDUS44 KMEG 292156
CLIMEG


CLIMATE REPORT
NATIONAL WEATHER SERVICE MEMPHIS TN
455 PM CDT TUE JUL 29 2014


...................................

...THE MEMPHIS/GERMANTOWN WFO CLIMATE SUMMARY FOR JULY 29 2014...
VALID TODAY AS OF 0400 PM LOCAL TIME.

CLIMATE NORMAL PERIOD 1981 TO 2010
CLIMATE RECORD PERIOD 1988 TO 2014


WEATHER ITEM   OBSERVED TIME   RECORD YEAR NORMAL DEPARTURE LAST
                VALUE   (LST)  VALUE       VALUE  FROM      YEAR
                                                  NORMAL
..................................................................
TEMPERATURE (F)
 TODAY
  MAXIMUM         81    330 PM 101    2008  91    -10       87
  MINIMUM         67    600 AM  61    1994  71     -4       65
  AVERAGE         74                        81     -7       76

PRECIPITATION (IN)
  TODAY            0.00          1.94 1998   0.13  -0.13     0.00
  MONTH TO DATE    2.95                      4.28  -1.33     5.84
  SINCE JUN 1     16.04                      7.96   8.08     9.71
  SINCE JAN 1     41.62                     32.45   9.17    46.05

SNOWFALL (IN)
  TODAY            0.0

DEGREE DAYS
 HEATING
  TODAY            0                         0      0        0
  MONTH TO DATE    0                         0      0        0
  SINCE JUN 1      0                         2     -2        0
  SINCE JUL 1      0                         0      0        0

 COOLING
  TODAY            9                        16     -7       11
  MONTH TO DATE  343                       462   -119      401
  SINCE JUN 1    760                       843    -83      809
  SINCE JAN 1   1059                      1094    -35     1069
..................................................................







THE MEMPHIS/GERMANTOWN WFO CLIMATE NORMALS FOR TOMORROW
                         NORMAL    RECORD    YEAR
 MAXIMUM TEMPERATURE (F)   91       100      2012
 MINIMUM TEMPERATURE (F)   71        61      1994


SUNRISE AND SUNSET
JULY 29 2014..........SUNRISE   606 AM CDT   SUNSET   805 PM CDT
JULY 30 2014..........SUNRISE   607 AM CDT   SUNSET   804 PM CDT


-  INDICATES NEGATIVE NUMBERS.
R  INDICATES RECORD WAS SET OR TIED.
MM INDICATES DATA IS MISSING.
T  INDICATES TRACE AMOUNT.




$$
