000
CDUS44 KMEG 270734
CLIMEG


CLIMATE REPORT
NATIONAL WEATHER SERVICE MEMPHIS TN
133 AM CST FRI FEB 27 2015


...................................

...THE MEMPHIS/GERMANTOWN WFO CLIMATE SUMMARY FOR FEBRUARY 26 2015...

CLIMATE NORMAL PERIOD 1981 TO 2010
CLIMATE RECORD PERIOD 1988 TO 2015


WEATHER ITEM   OBSERVED TIME   RECORD YEAR NORMAL DEPARTURE LAST
                VALUE   (LST)  VALUE       VALUE  FROM      YEAR
                                                  NORMAL
..................................................................
TEMPERATURE (F)
 YESTERDAY
  MAXIMUM         43        MM  74    1996  57    -14       36
  MINIMUM         23        MM  20    2014  35    -12       20
                                      1994
  AVERAGE         33                        46    -13       28

PRECIPITATION (IN)
  YESTERDAY        0.00          2.41 2000   0.17  -0.17     0.00
  MONTH TO DATE    4.74                      4.32   0.42     5.33
  SINCE DEC 1      8.65                     14.22  -5.57    14.12
  SINCE JAN 1      6.08                      8.28  -2.20     8.56

SNOWFALL (IN)
  YESTERDAY        0.0           T    2002   0.0    0.0      0.0
  MONTH TO DATE    1.9                       1.1    0.8      0.5
  SINCE DEC 1      1.9                       1.5    0.4      0.5
  SINCE JUL 1      2.2                       1.5    0.7      0.5
  SNOW DEPTH       0

DEGREE DAYS
 HEATING
  YESTERDAY       32                        19     13       37
  MONTH TO DATE  770                       580    190      644
  SINCE DEC 1   2164                      2110     54     2293
  SINCE JUL 1   2843                      2709    134     2953

 COOLING
  YESTERDAY        0                         0      0        0
  MONTH TO DATE    0                         0      0        0
  SINCE DEC 1      0                         1     -1        1
  SINCE JAN 1      0                         0      0        0
..................................................................







THE MEMPHIS/GERMANTOWN WFO CLIMATE NORMALS FOR TODAY
                         NORMAL    RECORD    YEAR
 MAXIMUM TEMPERATURE (F)   57        74      2011
                                             1996
 MINIMUM TEMPERATURE (F)   36        18      2002


SUNRISE AND SUNSET
FEBRUARY 27 2015......SUNRISE   632 AM CST   SUNSET   553 PM CST
FEBRUARY 28 2015......SUNRISE   630 AM CST   SUNSET   554 PM CST


-  INDICATES NEGATIVE NUMBERS.
R  INDICATES RECORD WAS SET OR TIED.
MM INDICATES DATA IS MISSING.
T  INDICATES TRACE AMOUNT.




$$
