000
CDUS44 KMEG 290632
CLIMEG


CLIMATE REPORT
NATIONAL WEATHER SERVICE MEMPHIS TN
132 AM CDT FRI JUL 29 2016


...................................

...THE MEMPHIS/GERMANTOWN WFO CLIMATE SUMMARY FOR JULY 28 2016...

CLIMATE NORMAL PERIOD 1981 TO 2010
CLIMATE RECORD PERIOD 1988 TO 2016


WEATHER ITEM   OBSERVED TIME   RECORD YEAR NORMAL DEPARTURE LAST
                VALUE   (LST)  VALUE       VALUE  FROM      YEAR
                                                  NORMAL
..................................................................
TEMPERATURE (F)
 YESTERDAY
  MAXIMUM         88        MM  99    1997  91     -3       97
  MINIMUM         74        MM  60    2004  71      3       77
  AVERAGE         81                        81      0       87

PRECIPITATION (IN)
  YESTERDAY        0.86R         0.38 1998   0.14   0.72     0.00
  MONTH TO DATE    4.97                      4.15   0.82     4.83
  SINCE JUN 1      9.08                      7.83   1.25     7.77
  SINCE JAN 1     45.53                     32.32  13.21    29.45

SNOWFALL (IN)
  YESTERDAY        0.0          MM      MM   0.0    0.0      0.0
  MONTH TO DATE    0.0                       0.0    0.0      0.0
  SINCE JUN 1      0.0                       0.0    0.0      0.0
  SINCE JUL 1      0.0                       0.0    0.0      0.0
  SNOW DEPTH       0

DEGREE DAYS
 HEATING
  YESTERDAY        0                         0      0        0
  MONTH TO DATE    0                         0      0        0
  SINCE JUN 1      0                         2     -2        0
  SINCE JUL 1      0                         0      0        0

 COOLING
  YESTERDAY       16                        16      0       22
  MONTH TO DATE  524                       446     78      512
  SINCE JUN 1    999                       827    172      964
  SINCE JAN 1   1244                      1078    166     1264
..................................................................







THE MEMPHIS/GERMANTOWN WFO CLIMATE NORMALS FOR TODAY
                         NORMAL    RECORD    YEAR
 MAXIMUM TEMPERATURE (F)   91       101      2008
 MINIMUM TEMPERATURE (F)   71        61      2014
                                             1994


SUNRISE AND SUNSET
JULY 29 2016..........SUNRISE   606 AM CDT   SUNSET   804 PM CDT
JULY 30 2016..........SUNRISE   607 AM CDT   SUNSET   804 PM CDT


-  INDICATES NEGATIVE NUMBERS.
R  INDICATES RECORD WAS SET OR TIED.
MM INDICATES DATA IS MISSING.
T  INDICATES TRACE AMOUNT.




$$
