000
CDUS44 KMEG 280637
CLIMEG


CLIMATE REPORT
NATIONAL WEATHER SERVICE MEMPHIS TN
135 AM CDT SUN MAY 28 2017


...................................

...THE MEMPHIS/GERMANTOWN WFO CLIMATE SUMMARY FOR MAY 27 2017...

CLIMATE NORMAL PERIOD 1981 TO 2010
CLIMATE RECORD PERIOD 1988 TO 2017


WEATHER ITEM   OBSERVED TIME   RECORD YEAR NORMAL DEPARTURE LAST
                VALUE   (LST)  VALUE       VALUE  FROM      YEAR
                                                  NORMAL
..................................................................
TEMPERATURE (F)
 YESTERDAY
  MAXIMUM         89    410 PM  94    2012  83      6       83
                                      2006
  MINIMUM         63   1113 PM  51    1999  62      1       67
  AVERAGE         76                        73      3       75

PRECIPITATION (IN)
  YESTERDAY        0.65          1.56 2008   0.16   0.49     0.30
  MONTH TO DATE    2.92                      5.00  -2.08     4.59
  SINCE MAR 1     13.21                     15.27  -2.06    27.36
  SINCE JAN 1     18.42                     23.90  -5.48    36.31

SNOWFALL (IN)
  YESTERDAY        0.0          MM      MM                   0.0
  MONTH TO DATE    0.0                                       0.0
  SINCE MAR 1      0.4                                        T
  SINCE JUL 1      1.4                                       0.9
  SNOW DEPTH       0

DEGREE DAYS
 HEATING
  YESTERDAY        0                         0      0        0
  MONTH TO DATE   30                        39     -9       38
  SINCE MAR 1    399                       666   -267      398
  SINCE JUL 1   2240                      3412  -1172     2485

 COOLING
  YESTERDAY       11                         8      3       10
  MONTH TO DATE   89                       149    -60      120
  SINCE MAR 1    235                       214     21      193
  SINCE JAN 1    249                       215     34      193
..................................................................







THE MEMPHIS/GERMANTOWN WFO CLIMATE NORMALS FOR TODAY
                         NORMAL    RECORD    YEAR
 MAXIMUM TEMPERATURE (F)   84        96      2012
 MINIMUM TEMPERATURE (F)   63        50      1994


SUNRISE AND SUNSET
MAY 28 2017...........SUNRISE   548 AM CDT   SUNSET   806 PM CDT
MAY 29 2017...........SUNRISE   547 AM CDT   SUNSET   807 PM CDT


-  INDICATES NEGATIVE NUMBERS.
R  INDICATES RECORD WAS SET OR TIED.
MM INDICATES DATA IS MISSING.
T  INDICATES TRACE AMOUNT.




$$
