000
CDUS44 KMEG 290646
CLIMEG


CLIMATE REPORT
NATIONAL WEATHER SERVICE MEMPHIS TN
145 AM CDT FRI MAY 29 2015


...................................

...THE MEMPHIS/GERMANTOWN WFO CLIMATE SUMMARY FOR MAY 28 2015...

CLIMATE NORMAL PERIOD 1981 TO 2010
CLIMATE RECORD PERIOD 1988 TO 2015


WEATHER ITEM   OBSERVED TIME   RECORD YEAR NORMAL DEPARTURE LAST
                VALUE   (LST)  VALUE       VALUE  FROM      YEAR
                                                  NORMAL
..................................................................
TEMPERATURE (F)
 YESTERDAY
  MAXIMUM         85    430 PM  96    2012  84      1       81
  MINIMUM         68    600 AM  50    1994  63      5       66
  AVERAGE         77                        73      4       74

PRECIPITATION (IN)
  YESTERDAY        0.00          0.55 1995   0.15  -0.15     0.04
  MONTH TO DATE    4.65                      5.15  -0.50     4.40
  SINCE MAR 1     14.73                     15.42  -0.69    16.50
  SINCE JAN 1     20.81                     24.05  -3.24    25.12

SNOWFALL (IN)
  YESTERDAY        0.0          MM      MM   0.0    0.0      0.0
  MONTH TO DATE    0.0                       0.0    0.0      0.0
  SINCE MAR 1      4.1                       0.8    3.3      0.3
  SINCE JUL 1      6.3                       2.4    3.9      0.8
  SNOW DEPTH       0

DEGREE DAYS
 HEATING
  YESTERDAY        0                         0      0        0
  MONTH TO DATE   25                        39    -14       57
  SINCE MAR 1    552                       666   -114      739
  SINCE JUL 1   3459                      3412     47     3743

 COOLING
  YESTERDAY       12                         9      3        9
  MONTH TO DATE  196                       158     38      218
  SINCE MAR 1    273                       223     50      266
  SINCE JAN 1    273                       224     49      266
..................................................................







THE MEMPHIS/GERMANTOWN WFO CLIMATE NORMALS FOR TODAY
                         NORMAL    RECORD    YEAR
 MAXIMUM TEMPERATURE (F)   84        94      2012
 MINIMUM TEMPERATURE (F)   63        52      1992


SUNRISE AND SUNSET
MAY 29 2015...........SUNRISE   547 AM CDT   SUNSET   806 PM CDT
MAY 30 2015...........SUNRISE   547 AM CDT   SUNSET   807 PM CDT


-  INDICATES NEGATIVE NUMBERS.
R  INDICATES RECORD WAS SET OR TIED.
MM INDICATES DATA IS MISSING.
T  INDICATES TRACE AMOUNT.




$$
