000
CDUS44 KJAN 262218
CLIMEI


CLIMATE REPORT
NATIONAL WEATHER SERVICE JACKSON MS
415 PM CST FRI DEC 26 2014


...................................

...THE MERIDIAN CLIMATE SUMMARY FOR DECEMBER 26 2014...
VALID TODAY AS OF 0400 PM LOCAL TIME.

CLIMATE NORMAL PERIOD 1981 TO 2010
CLIMATE RECORD PERIOD 1889 TO 2014


WEATHER ITEM   OBSERVED TIME   RECORD YEAR NORMAL DEPARTURE LAST
                VALUE   (LST)  VALUE       VALUE  FROM      YEAR
                                                  NORMAL
..................................................................
TEMPERATURE (F)
 TODAY
  MAXIMUM         59    305 PM  77    1982  57      2       55
  MINIMUM         32    624 AM  10    1985  34     -2       27
                                      1983
  AVERAGE         46                        46      0       41

PRECIPITATION (IN)
  TODAY            T             2.05 2011   0.15  -0.15     0.00
  MONTH TO DATE    4.77                      4.35   0.42     6.13
  SINCE DEC 1      4.77                      4.35   0.42     6.13
  SINCE JAN 1     50.29                     55.45  -5.16    66.05

SNOWFALL (IN)
  TODAY            0.0           T    2012   0.0    0.0      0.0
  MONTH TO DATE    0.0                       0.1   -0.1      0.0
  SINCE DEC 1      0.0                       0.1   -0.1      0.0
  SINCE JUL 1      0.0                       0.1   -0.1      0.0

DEGREE DAYS
 HEATING
  TODAY           19                        20     -1       24
  MONTH TO DATE  360                       458    -98      436
  SINCE DEC 1    360                       458    -98      436
  SINCE JUL 1    909                       908      1      937

 COOLING
  TODAY            0                         0      0        0
  MONTH TO DATE    0                         0      0       25
  SINCE DEC 1      0                         0      0       25
  SINCE JAN 1   2085                      2029     56     2066
..................................................................


WIND (MPH)
  HIGHEST WIND SPEED    12   HIGHEST WIND DIRECTION    SE (140)
  HIGHEST GUST SPEED    16   HIGHEST GUST DIRECTION    SE (140)
  AVERAGE WIND SPEED     3.8


SKY COVER
  POSSIBLE SUNSHINE  MM
  AVERAGE SKY COVER 0.3


WEATHER CONDITIONS
 THE FOLLOWING WEATHER WAS RECORDED TODAY.
  LIGHT RAIN
  FOG


RELATIVE HUMIDITY (PERCENT)
 HIGHEST   100           800 AM
 LOWEST     57           100 PM
 AVERAGE    79

..........................................................


THE MERIDIAN CLIMATE NORMALS FOR TOMORROW
                         NORMAL    RECORD    YEAR
 MAXIMUM TEMPERATURE (F)   57        80      1982
 MINIMUM TEMPERATURE (F)   34        15      1925
                                             1892


SUNRISE AND SUNSET
DECEMBER 26 2014......SUNRISE   654 AM CST   SUNSET   457 PM CST
DECEMBER 27 2014......SUNRISE   655 AM CST   SUNSET   457 PM CST


-  INDICATES NEGATIVE NUMBERS.
R  INDICATES RECORD WAS SET OR TIED.
MM INDICATES DATA IS MISSING.
T  INDICATES TRACE AMOUNT.




$$
