000
CDUS44 KJAN 260813
CLIMEI


CLIMATE REPORT
NATIONAL WEATHER SERVICE JACKSON MS
211 AM CST WED NOV 26 2014


...................................

...THE MERIDIAN CLIMATE SUMMARY FOR NOVEMBER 25 2014...

CLIMATE NORMAL PERIOD 1981 TO 2010
CLIMATE RECORD PERIOD 1889 TO 2014


WEATHER ITEM   OBSERVED TIME   RECORD YEAR NORMAL DEPARTURE LAST
                VALUE   (LST)  VALUE       VALUE  FROM      YEAR
                                                  NORMAL
..................................................................
TEMPERATURE (F)
 YESTERDAY
  MAXIMUM         58    104 PM  81    1966  65     -7       50
                                      1908
  MINIMUM         35   1146 PM  16    1950  39     -4       34
  AVERAGE         47                        52     -5       42

PRECIPITATION (IN)
  YESTERDAY        0.00          1.87 1899   0.17  -0.17     1.42
  MONTH TO DATE    3.18                      4.01  -0.83     3.13
  SINCE SEP 1      7.16                     11.20  -4.04     8.76
  SINCE JAN 1     45.52                     50.16  -4.64    58.28

SNOWFALL (IN)
  YESTERDAY        0.0           0.0  2001   0.0    0.0      0.0
  MONTH TO DATE    0.0                       0.0    0.0      0.0
  SINCE SEP 1      0.0                       0.0    0.0      0.0
  SINCE JUL 1      0.0                       0.0    0.0      0.0

DEGREE DAYS
 HEATING
  YESTERDAY       18                        13      5       23
  MONTH TO DATE  388                       254    134      288
  SINCE SEP 1    471                       378     93      376
  SINCE JUL 1    471                       378     93      376

 COOLING
  YESTERDAY        0                         0      0        0
  MONTH TO DATE    0                        13    -13        5
  SINCE SEP 1    492                       406     86      461
  SINCE JAN 1   2085                      2026     59     2041
..................................................................


WIND (MPH)
  HIGHEST WIND SPEED    16   HIGHEST WIND DIRECTION     N (360)
  HIGHEST GUST SPEED    21   HIGHEST GUST DIRECTION     N (360)
  AVERAGE WIND SPEED     5.8


SKY COVER
  POSSIBLE SUNSHINE  MM
  AVERAGE SKY COVER 0.2


WEATHER CONDITIONS
 THE FOLLOWING WEATHER WAS RECORDED YESTERDAY.
  NO SIGNIFICANT WEATHER WAS OBSERVED.


RELATIVE HUMIDITY (PERCENT)
 HIGHEST    89           100 AM
 LOWEST     32           200 PM
 AVERAGE    61

..........................................................


THE MERIDIAN CLIMATE NORMALS FOR TODAY
                         NORMAL    RECORD    YEAR
 MAXIMUM TEMPERATURE (F)   64        85      1973
 MINIMUM TEMPERATURE (F)   39        20      1950


SUNRISE AND SUNSET
NOVEMBER 26 2014......SUNRISE   634 AM CST   SUNSET   450 PM CST
NOVEMBER 27 2014......SUNRISE   635 AM CST   SUNSET   450 PM CST


-  INDICATES NEGATIVE NUMBERS.
R  INDICATES RECORD WAS SET OR TIED.
MM INDICATES DATA IS MISSING.
T  INDICATES TRACE AMOUNT.




$$
