000
CDUS44 KJAN 040642
CLIMEI


CLIMATE REPORT
NATIONAL WEATHER SERVICE JACKSON MS
1241 AM CST SUN DEC 4 2016


...................................

...THE MERIDIAN CLIMATE SUMMARY FOR DECEMBER 3 2016...

CLIMATE NORMAL PERIOD 1981 TO 2010
CLIMATE RECORD PERIOD 1889 TO 2016


WEATHER ITEM   OBSERVED TIME   RECORD YEAR NORMAL DEPARTURE LAST
                VALUE   (LST)  VALUE       VALUE  FROM      YEAR
                                                  NORMAL
..................................................................
TEMPERATURE (F)
 YESTERDAY
  MAXIMUM         52    852 AM  82    1982  62    -10       54
                                      1978
  MINIMUM         47   1159 PM  18    1929  38      9       36
  AVERAGE         50                        50      0       45

PRECIPITATION (IN)
  YESTERDAY        0.37          4.60 1994   0.18   0.19     0.00
  MONTH TO DATE    0.37                      0.56  -0.19     1.26
  SINCE DEC 1      0.37                      0.56  -0.19     1.26
  SINCE JAN 1     42.20                     51.66  -9.46    54.40

SNOWFALL (IN)
  YESTERDAY        0.0           0.0  2001   0.0    0.0      0.0
  MONTH TO DATE    0.0                       0.0    0.0      0.0
  SINCE DEC 1      0.0                       0.0    0.0      0.0
  SINCE JUL 1      0.0                       0.0    0.0      0.0

DEGREE DAYS
 HEATING
  YESTERDAY       15                        16     -1       20
  MONTH TO DATE   47                        46      1       38
  SINCE DEC 1     47                        46      1       38
  SINCE JUL 1    256                       496   -240      289

 COOLING
  YESTERDAY        0                         0      0        0
  MONTH TO DATE    0                         0      0        0
  SINCE DEC 1      0                         0      0        0
  SINCE JAN 1   2856                      2029    827     2295
..................................................................


WIND (MPH)
  HIGHEST WIND SPEED    16   HIGHEST WIND DIRECTION     E (80)
  HIGHEST GUST SPEED    23   HIGHEST GUST DIRECTION    NE (50)
  AVERAGE WIND SPEED     6.3


SKY COVER
  POSSIBLE SUNSHINE  MM
  AVERAGE SKY COVER 0.9


WEATHER CONDITIONS
 THE FOLLOWING WEATHER WAS RECORDED YESTERDAY.
  RAIN
  LIGHT RAIN
  FOG
  HAZE


RELATIVE HUMIDITY (PERCENT)
 HIGHEST    93           200 PM
 LOWEST     71          1200 AM
 AVERAGE    82

..........................................................


THE MERIDIAN CLIMATE NORMALS FOR TODAY
                         NORMAL    RECORD    YEAR
 MAXIMUM TEMPERATURE (F)   62        79      2005
 MINIMUM TEMPERATURE (F)   38        20      1989


SUNRISE AND SUNSET
DECEMBER  4 2016......SUNRISE   641 AM CST   SUNSET   450 PM CST
DECEMBER  5 2016......SUNRISE   642 AM CST   SUNSET   450 PM CST


-  INDICATES NEGATIVE NUMBERS.
R  INDICATES RECORD WAS SET OR TIED.
MM INDICATES DATA IS MISSING.
T  INDICATES TRACE AMOUNT.




$$
