000
CDUS44 KJAN 240821
CLIMEI


CLIMATE REPORT
NATIONAL WEATHER SERVICE JACKSON MS
317 AM CDT THU JUL 24 2014


...................................

...THE MERIDIAN CLIMATE SUMMARY FOR JULY 23 2014...

CLIMATE NORMAL PERIOD 1981 TO 2010
CLIMATE RECORD PERIOD 1889 TO 2014


WEATHER ITEM   OBSERVED TIME   RECORD YEAR NORMAL DEPARTURE LAST
                VALUE   (LST)  VALUE       VALUE  FROM      YEAR
                                                  NORMAL
..................................................................
TEMPERATURE (F)
 YESTERDAY
  MAXIMUM         89    201 PM 104    1981  92     -3       89
  MINIMUM         66    509 AM  54    1947  70     -4       71
  AVERAGE         78                        81     -3       80

PRECIPITATION (IN)
  YESTERDAY        T             1.78 2013   0.17  -0.17     1.78
  MONTH TO DATE    1.47                      3.85  -2.38     4.16
  SINCE JUN 1      4.01                      8.25  -4.24    10.75
  SINCE JAN 1     35.73                     33.68   2.05    45.38

SNOWFALL (IN)
  YESTERDAY        0.0           0.0    MM   0.0    0.0      0.0
  MONTH TO DATE    0.0                       0.0    0.0      0.0
  SINCE JUN 1      0.0                       0.0    0.0      0.0
  SINCE JUL 1      0.0                       0.0    0.0      0.0

DEGREE DAYS
 HEATING
  YESTERDAY        0                         0      0        0
  MONTH TO DATE    0                         0      0        0
  SINCE JUN 1      0                         0      0        0
  SINCE JUL 1      0                         0      0        0

 COOLING
  YESTERDAY       13                        16     -3       15
  MONTH TO DATE  312                       359    -47      323
  SINCE JUN 1    722                       739    -17      743
  SINCE JAN 1    992                      1022    -30     1003
..................................................................


WIND (MPH)
  HIGHEST WIND SPEED    14   HIGHEST WIND DIRECTION     S (170)
  HIGHEST GUST SPEED    15   HIGHEST GUST DIRECTION     S (170)
  AVERAGE WIND SPEED     3.2


SKY COVER
  POSSIBLE SUNSHINE  MM
  AVERAGE SKY COVER 0.3


WEATHER CONDITIONS
 THE FOLLOWING WEATHER WAS RECORDED YESTERDAY.
  LIGHT RAIN
  FOG
  FOG W/VISIBILITY <= 1/4 MILE


RELATIVE HUMIDITY (PERCENT)
 HIGHEST   100           300 AM
 LOWEST     55          1200 PM
 AVERAGE    78

..........................................................


THE MERIDIAN CLIMATE NORMALS FOR TODAY
                         NORMAL    RECORD    YEAR
 MAXIMUM TEMPERATURE (F)   92       104      1981
 MINIMUM TEMPERATURE (F)   70        60      1894


SUNRISE AND SUNSET
JULY 24 2014..........SUNRISE   604 AM CDT   SUNSET   758 PM CDT
JULY 25 2014..........SUNRISE   605 AM CDT   SUNSET   758 PM CDT


-  INDICATES NEGATIVE NUMBERS.
R  INDICATES RECORD WAS SET OR TIED.
MM INDICATES DATA IS MISSING.
T  INDICATES TRACE AMOUNT.




$$
