000
CDUS44 KJAN 230637
CLIMEI


CLIMATE REPORT
NATIONAL WEATHER SERVICE JACKSON MS
1235 AM CST SUN NOV 23 2014


...................................

...THE MERIDIAN CLIMATE SUMMARY FOR NOVEMBER 22 2014...

CLIMATE NORMAL PERIOD 1981 TO 2010
CLIMATE RECORD PERIOD 1889 TO 2014


WEATHER ITEM   OBSERVED TIME   RECORD YEAR NORMAL DEPARTURE LAST
                VALUE   (LST)  VALUE       VALUE  FROM      YEAR
                                                  NORMAL
..................................................................
TEMPERATURE (F)
 YESTERDAY
  MAXIMUM         70    119 PM  83    1973  66      4       67
  MINIMUM         39    640 AM  20    2008  40     -1       60
  AVERAGE         55                        53      2       64

PRECIPITATION (IN)
  YESTERDAY        0.00          2.06 1916   0.17  -0.17     0.08
  MONTH TO DATE    2.82                      3.49  -0.67     1.60
  SINCE SEP 1      6.80                     10.68  -3.88     7.23
  SINCE JAN 1     45.16                     49.64  -4.48    56.75

SNOWFALL (IN)
  YESTERDAY        0.0           0.0  2002   0.0    0.0      0.0
                                      2001
  MONTH TO DATE    0.0                       0.0    0.0      0.0
  SINCE SEP 1      0.0                       0.0    0.0      0.0
  SINCE JUL 1      0.0                       0.0    0.0      0.0

DEGREE DAYS
 HEATING
  YESTERDAY       10                        13     -3        1
  MONTH TO DATE  356                       215    141      225
  SINCE SEP 1    439                       339    100      313
  SINCE JUL 1    439                       339    100      313

 COOLING
  YESTERDAY        0                         0      0        0
  MONTH TO DATE    0                        13    -13        5
  SINCE SEP 1    492                       406     86      461
  SINCE JAN 1   2085                      2026     59     2041
..................................................................


WIND (MPH)
  HIGHEST WIND SPEED    18   HIGHEST WIND DIRECTION    SE (120)
  HIGHEST GUST SPEED    24   HIGHEST GUST DIRECTION    SE (150)
  AVERAGE WIND SPEED     6.8


SKY COVER
  POSSIBLE SUNSHINE  MM
  AVERAGE SKY COVER 0.3


WEATHER CONDITIONS
 THE FOLLOWING WEATHER WAS RECORDED YESTERDAY.
  NO SIGNIFICANT WEATHER WAS OBSERVED.


RELATIVE HUMIDITY (PERCENT)
 HIGHEST   100           400 AM
 LOWEST     39          1000 AM
 AVERAGE    70

..........................................................


THE MERIDIAN CLIMATE NORMALS FOR TODAY
                         NORMAL    RECORD    YEAR
 MAXIMUM TEMPERATURE (F)   65        81      2004
                                             1973
 MINIMUM TEMPERATURE (F)   40        19      1956


SUNRISE AND SUNSET
NOVEMBER 23 2014......SUNRISE   631 AM CST   SUNSET   451 PM CST
NOVEMBER 24 2014......SUNRISE   632 AM CST   SUNSET   451 PM CST


-  INDICATES NEGATIVE NUMBERS.
R  INDICATES RECORD WAS SET OR TIED.
MM INDICATES DATA IS MISSING.
T  INDICATES TRACE AMOUNT.




$$
