000
CDUS44 KMEG 230635
CLIMEM


CLIMATE REPORT
NATIONAL WEATHER SERVICE MEMPHIS TN
135 AM CDT WED APR 23 2014


...................................

...THE MEMPHIS CLIMATE SUMMARY FOR APRIL 22 2014...

CLIMATE NORMAL PERIOD 1981 TO 2010
CLIMATE RECORD PERIOD 1872 TO 2014


WEATHER ITEM   OBSERVED TIME   RECORD YEAR NORMAL DEPARTURE LAST
                VALUE   (LST)  VALUE       VALUE  FROM      YEAR
                                                  NORMAL
..................................................................
TEMPERATURE (F)
 YESTERDAY
  MAXIMUM         77    338 PM  90    1980  75      2       75
  MINIMUM         57   1048 PM  39    1993  55      2       48
                                      1931
                                      1927
  AVERAGE         67                        65      2       62

PRECIPITATION (IN)
  YESTERDAY        0.04          2.11 1974   0.19  -0.15     0.00
  MONTH TO DATE    2.56                      4.01  -1.45     5.38
  SINCE MAR 1      9.94                      9.17   0.77     8.76
  SINCE JAN 1     18.06                     17.54   0.52    22.33

SNOWFALL (IN)
  YESTERDAY        0.0          MM      MM   0.0    0.0      0.0
  MONTH TO DATE    0.0                       0.0    0.0      0.0
  SINCE MAR 1      0.5                       0.4    0.1       T
  SINCE JUL 1      0.8                       3.8   -3.0      0.9
  SNOW DEPTH       0

DEGREE DAYS
 HEATING
  YESTERDAY        0                         3     -3        3
  MONTH TO DATE  120                       118      2      142
  SINCE MAR 1    595                       476    119      648
  SINCE JUL 1   3421                      2926    495     2846

 COOLING
  YESTERDAY        2                         3     -1        0
  MONTH TO DATE   40                        48     -8       55
  SINCE MAR 1     42                        65    -23       57
  SINCE JAN 1     42                        68    -26       66
..................................................................


WIND (MPH)
  HIGHEST WIND SPEED    15   HIGHEST WIND DIRECTION     N (350)
  HIGHEST GUST SPEED    36   HIGHEST GUST DIRECTION    NE (50)
  AVERAGE WIND SPEED     6.4


SKY COVER
  POSSIBLE SUNSHINE  MM
  AVERAGE SKY COVER 0.5


WEATHER CONDITIONS
 THE FOLLOWING WEATHER WAS RECORDED YESTERDAY.
  LIGHT RAIN
  FOG


RELATIVE HUMIDITY (PERCENT)
 HIGHEST    97           500 AM
 LOWEST     33           500 PM
 AVERAGE    65

..........................................................


THE MEMPHIS CLIMATE NORMALS FOR TODAY
                         NORMAL    RECORD    YEAR
 MAXIMUM TEMPERATURE (F)   75        89      1965
 MINIMUM TEMPERATURE (F)   55        37      1959


SUNRISE AND SUNSET
APRIL 23 2014.........SUNRISE   618 AM CDT   SUNSET   739 PM CDT
APRIL 24 2014.........SUNRISE   617 AM CDT   SUNSET   740 PM CDT


-  INDICATES NEGATIVE NUMBERS.
R  INDICATES RECORD WAS SET OR TIED.
MM INDICATES DATA IS MISSING.
T  INDICATES TRACE AMOUNT.




$$
