000
CDUS44 KMEG 182306
CLIMEM


CLIMATE REPORT
NATIONAL WEATHER SERVICE MEMPHIS TN
506 PM CST WED JAN 18 2017


...................................

...THE MEMPHIS CLIMATE SUMMARY FOR JANUARY 18 2017...
VALID TODAY AS OF 0500 PM LOCAL TIME.

CLIMATE NORMAL PERIOD 1981 TO 2010
CLIMATE RECORD PERIOD 1872 TO 2017


WEATHER ITEM   OBSERVED TIME   RECORD YEAR NORMAL DEPARTURE LAST
                VALUE   (LST)  VALUE       VALUE  FROM      YEAR
                                                  NORMAL
..................................................................
TEMPERATURE (F)
 TODAY
  MAXIMUM         55    424 PM  73    1974  50      5       30
  MINIMUM         46    615 AM  -2    1930  32     14       21
  AVERAGE         51                        41     10       26

PRECIPITATION (IN)
  TODAY            T             3.85 1995   0.12  -0.12      T
  MONTH TO DATE    3.23                      2.31   0.92     1.47
  SINCE DEC 1     10.56                      8.05   2.51     6.24
  SINCE JAN 1      3.23                      2.31   0.92     1.47

SNOWFALL (IN)
  TODAY            0.0

DEGREE DAYS
 HEATING
  TODAY           14                        24    -10       39
  MONTH TO DATE  333                       432    -99      441
  SINCE DEC 1    963                      1097   -134      789
  SINCE JUL 1   1233                      1596   -363     1090

 COOLING
  TODAY            0                         0      0        0
  MONTH TO DATE    1                         0      1        0
  SINCE DEC 1      4                         2      2       19
  SINCE JAN 1      1                         0      1        0
..................................................................


WIND (MPH)
  HIGHEST WIND SPEED    10   HIGHEST WIND DIRECTION    NE (30)
  HIGHEST GUST SPEED    16   HIGHEST GUST DIRECTION    NE (30)
  AVERAGE WIND SPEED     4.9


SKY COVER
  POSSIBLE SUNSHINE  MM
  AVERAGE SKY COVER 0.9


WEATHER CONDITIONS
 THE FOLLOWING WEATHER WAS RECORDED TODAY.
  NO SIGNIFICANT WEATHER WAS OBSERVED.


RELATIVE HUMIDITY (PERCENT)
 HIGHEST    82           100 AM
 LOWEST     66           200 PM
 AVERAGE    74

..........................................................


THE MEMPHIS CLIMATE NORMALS FOR TOMORROW
                         NORMAL    RECORD    YEAR
 MAXIMUM TEMPERATURE (F)   50        73      1974
                                             1907
                                             1906
 MINIMUM TEMPERATURE (F)   32         0      1940


SUNRISE AND SUNSET
JANUARY 18 2017.......SUNRISE   707 AM CST   SUNSET   515 PM CST
JANUARY 19 2017.......SUNRISE   706 AM CST   SUNSET   516 PM CST


-  INDICATES NEGATIVE NUMBERS.
R  INDICATES RECORD WAS SET OR TIED.
MM INDICATES DATA IS MISSING.
T  INDICATES TRACE AMOUNT.




$$
