000
CDUS44 KMEG 270654
CLIMEM


CLIMATE REPORT
NATIONAL WEATHER SERVICE MEMPHIS TN
152 AM CDT WED JUL 27 2016


...................................

...THE MEMPHIS CLIMATE SUMMARY FOR JULY 26 2016...

CLIMATE NORMAL PERIOD 1981 TO 2010
CLIMATE RECORD PERIOD 1872 TO 2016


WEATHER ITEM   OBSERVED TIME   RECORD YEAR NORMAL DEPARTURE LAST
                VALUE   (LST)  VALUE       VALUE  FROM      YEAR
                                                  NORMAL
..................................................................
TEMPERATURE (F)
 YESTERDAY
  MAXIMUM         96    410 PM 102    1986  92      4       96
                                      1952
  MINIMUM         80    533 AM  66    2004  74      6       76
                                      1996
                                      1962
  AVERAGE         88                        83      5       86

PRECIPITATION (IN)
  YESTERDAY        T             3.67 1886   0.16  -0.16     0.00
  MONTH TO DATE    5.14                      3.89   1.25     5.17
  SINCE JUN 1      6.31                      7.52  -1.21     9.64
  SINCE JAN 1     41.40                     31.80   9.60    29.86

SNOWFALL (IN)
  YESTERDAY        0.0          MM      MM   0.0    0.0      0.0
  MONTH TO DATE    0.0                       0.0    0.0      0.0
  SINCE JUN 1      0.0                       0.0    0.0      0.0
  SINCE JUL 1      0.0                       0.0    0.0      0.0
  SNOW DEPTH       0

DEGREE DAYS
 HEATING
  YESTERDAY        0                         0      0        0
  MONTH TO DATE    0                         0      0        0
  SINCE JUN 1      0                         0      0        0
  SINCE JUL 1      0                         0      0        0

 COOLING
  YESTERDAY       23                        18      5       21
  MONTH TO DATE  538                       464     74      501
  SINCE JUN 1   1090                       902    188      978
  SINCE JAN 1   1395                      1223    172     1332
..................................................................


WIND (MPH)
  HIGHEST WIND SPEED    14   HIGHEST WIND DIRECTION    SE (140)
  HIGHEST GUST SPEED    17   HIGHEST GUST DIRECTION    SE (120)
  AVERAGE WIND SPEED     4.9


SKY COVER
  POSSIBLE SUNSHINE  MM
  AVERAGE SKY COVER 0.3


WEATHER CONDITIONS
 THE FOLLOWING WEATHER WAS RECORDED YESTERDAY.
  LIGHT RAIN


RELATIVE HUMIDITY (PERCENT)
 HIGHEST    79          1200 AM
 LOWEST     45           200 PM
 AVERAGE    62

..........................................................


THE MEMPHIS CLIMATE NORMALS FOR TODAY
                         NORMAL    RECORD    YEAR
 MAXIMUM TEMPERATURE (F)   92       105      1952
 MINIMUM TEMPERATURE (F)   74        60      1962


SUNRISE AND SUNSET
JULY 27 2016..........SUNRISE   606 AM CDT   SUNSET   807 PM CDT
JULY 28 2016..........SUNRISE   607 AM CDT   SUNSET   806 PM CDT


-  INDICATES NEGATIVE NUMBERS.
R  INDICATES RECORD WAS SET OR TIED.
MM INDICATES DATA IS MISSING.
T  INDICATES TRACE AMOUNT.




$$
