000
CDUS44 KMEG 220733
CLIMEM


CLIMATE REPORT
NATIONAL WEATHER SERVICE MEMPHIS TN
133 AM CST MON JAN 22 2018


...................................

...THE MEMPHIS CLIMATE SUMMARY FOR JANUARY 21 2018...

CLIMATE NORMAL PERIOD 1981 TO 2010
CLIMATE RECORD PERIOD 1872 TO 2018


WEATHER ITEM   OBSERVED TIME   RECORD YEAR NORMAL DEPARTURE LAST
                VALUE   (LST)  VALUE       VALUE  FROM      YEAR
                                                  NORMAL
..................................................................
TEMPERATURE (F)
 YESTERDAY
  MAXIMUM         68    346 PM  75    1999  50     18       72
  MINIMUM         53    103 AM   1    1985  33     20       59
  AVERAGE         61                        41     20       66

PRECIPITATION (IN)
  YESTERDAY        0.00          3.44 1906   0.12  -0.12     0.01
  MONTH TO DATE    2.58                      2.69  -0.11     3.62
  SINCE DEC 1      9.84                      8.43   1.41    10.95
  SINCE JAN 1      2.58                      2.69  -0.11     3.62

SNOWFALL (IN)
  YESTERDAY        0.0           3.2  1935   0.1   -0.1      0.0
  MONTH TO DATE    2.5                       1.3    1.2      2.0
  SINCE DEC 1      2.5                       1.5    1.0      2.0
  SINCE JUL 1      2.5                       1.5    1.0      2.0
  SNOW DEPTH       0

DEGREE DAYS
 HEATING
  YESTERDAY        4                        24    -20        0
  MONTH TO DATE  658                       504    154      341
  SINCE DEC 1   1351                      1169    182      971
  SINCE JUL 1   1797                      1668    129     1241

 COOLING
  YESTERDAY        0                         0      0        1
  MONTH TO DATE    0                         0      0        2
  SINCE DEC 1      0                         2     -2        5
  SINCE JAN 1      0                         0      0        2
..................................................................


WIND (MPH)
  HIGHEST WIND SPEED    25   HIGHEST WIND DIRECTION     S (190)
  HIGHEST GUST SPEED    34   HIGHEST GUST DIRECTION     S (190)
  AVERAGE WIND SPEED    13.4


SKY COVER
  POSSIBLE SUNSHINE  MM
  AVERAGE SKY COVER 0.9


WEATHER CONDITIONS
 THE FOLLOWING WEATHER WAS RECORDED YESTERDAY.
  NO SIGNIFICANT WEATHER WAS OBSERVED.


RELATIVE HUMIDITY (PERCENT)
 HIGHEST    89          1200 AM
 LOWEST     63           500 PM
 AVERAGE    76

..........................................................


THE MEMPHIS CLIMATE NORMALS FOR TODAY
                         NORMAL    RECORD    YEAR
 MAXIMUM TEMPERATURE (F)   50        71      2012
                                             1943
                                             1909
 MINIMUM TEMPERATURE (F)   33         3      1885


SUNRISE AND SUNSET
JANUARY 22 2018.......SUNRISE   705 AM CST   SUNSET   518 PM CST
JANUARY 23 2018.......SUNRISE   704 AM CST   SUNSET   519 PM CST


-  INDICATES NEGATIVE NUMBERS.
R  INDICATES RECORD WAS SET OR TIED.
MM INDICATES DATA IS MISSING.
T  INDICATES TRACE AMOUNT.




$$
