000
CDUS44 KMEG 262246
CLIMEM


CLIMATE REPORT
NATIONAL WEATHER SERVICE MEMPHIS TN
445 PM CST WED NOV 26 2014


...................................

...THE MEMPHIS CLIMATE SUMMARY FOR NOVEMBER 26 2014...
VALID TODAY AS OF 0400 PM LOCAL TIME.

CLIMATE NORMAL PERIOD 1981 TO 2010
CLIMATE RECORD PERIOD 1872 TO 2014


WEATHER ITEM   OBSERVED TIME   RECORD YEAR NORMAL DEPARTURE LAST
                VALUE   (LST)  VALUE       VALUE  FROM      YEAR
                                                  NORMAL
..................................................................
TEMPERATURE (F)
 TODAY
  MAXIMUM         52    153 PM  82    1965  58     -6       42
  MINIMUM         29    327 AM  24    1977  40    -11       34
  AVERAGE         41                        49     -8       38

PRECIPITATION (IN)
  TODAY            T             3.01 1988   0.20  -0.20     0.04
  MONTH TO DATE    2.56                      4.64  -2.08     2.67
  SINCE SEP 1     11.31                     11.71  -0.40     8.66
  SINCE JAN 1     55.03                     47.09   7.94    54.61

SNOWFALL (IN)
  TODAY            0.0

DEGREE DAYS
 HEATING
  TODAY           24                        16      8       27
  MONTH TO DATE  472                       301    171      363
  SINCE SEP 1    557                       432    125      476
  SINCE JUL 1    557                       432    125      476

 COOLING
  TODAY            0                         0      0        0
  MONTH TO DATE    0                        11    -11        5
  SINCE SEP 1    453                       419     34      516
  SINCE JAN 1   2159                      2254    -95     2242
..................................................................


WIND (MPH)
  HIGHEST WIND SPEED    20   HIGHEST WIND DIRECTION     S (180)
  HIGHEST GUST SPEED    24   HIGHEST GUST DIRECTION     S (180)
  AVERAGE WIND SPEED     5.8


SKY COVER
  POSSIBLE SUNSHINE  MM
  AVERAGE SKY COVER 0.5


WEATHER CONDITIONS
 THE FOLLOWING WEATHER WAS RECORDED TODAY.
  LIGHT RAIN


RELATIVE HUMIDITY (PERCENT)
 HIGHEST    78           200 AM
 LOWEST     42          1200 PM
 AVERAGE    60

..........................................................


THE MEMPHIS CLIMATE NORMALS FOR TOMORROW
                         NORMAL    RECORD    YEAR
 MAXIMUM TEMPERATURE (F)   58        79      1990
 MINIMUM TEMPERATURE (F)   40        20      1938
                                             1903
                                             1898


SUNRISE AND SUNSET
NOVEMBER 26 2014......SUNRISE   645 AM CST   SUNSET   449 PM CST
NOVEMBER 27 2014......SUNRISE   646 AM CST   SUNSET   449 PM CST


-  INDICATES NEGATIVE NUMBERS.
R  INDICATES RECORD WAS SET OR TIED.
MM INDICATES DATA IS MISSING.
T  INDICATES TRACE AMOUNT.




$$
