000
CDUS44 KMEG 252153
CLIMEM


CLIMATE REPORT
NATIONAL WEATHER SERVICE MEMPHIS TN
452 PM CDT SUN JUN 25 2017


...................................

...THE MEMPHIS CLIMATE SUMMARY FOR JUNE 25 2017...
VALID TODAY AS OF 0400 PM LOCAL TIME.

CLIMATE NORMAL PERIOD 1981 TO 2010
CLIMATE RECORD PERIOD 1872 TO 2017


WEATHER ITEM   OBSERVED TIME   RECORD YEAR NORMAL DEPARTURE LAST
                VALUE   (LST)  VALUE       VALUE  FROM      YEAR
                                                  NORMAL
..................................................................
TEMPERATURE (F)
 TODAY
  MAXIMUM         86    345 PM 100    2012  91     -5       98
                                      1988
  MINIMUM         68    459 AM  56    1974  72     -4       80
  AVERAGE         77                        82     -5       89

PRECIPITATION (IN)
  TODAY            T             2.84 1968   0.10  -0.10     0.00
  MONTH TO DATE    4.52                      3.06   1.46     0.60
  SINCE JUN 1      4.52                      3.06   1.46     0.60
  SINCE JAN 1     23.37                     27.34  -3.97    35.69

SNOWFALL (IN)
  TODAY            0.0

DEGREE DAYS
 HEATING
  TODAY            0                         0      0        0
  MONTH TO DATE    0                         0      0        0
  SINCE JUN 1      0                         0      0        0
  SINCE JUL 1   2059                      2964   -905     2186

 COOLING
  TODAY           12                        17     -5       24
  MONTH TO DATE  341                       355    -14      454
  SINCE JUN 1    341                       355    -14      454
  SINCE JAN 1    721                       676     45      759
..................................................................


WIND (MPH)
  HIGHEST WIND SPEED    14   HIGHEST WIND DIRECTION    NE (30)
  HIGHEST GUST SPEED    18   HIGHEST GUST DIRECTION    NE (30)
  AVERAGE WIND SPEED     4.3


SKY COVER
  POSSIBLE SUNSHINE  MM
  AVERAGE SKY COVER 0.5


WEATHER CONDITIONS
 THE FOLLOWING WEATHER WAS RECORDED TODAY.
  LIGHT RAIN


RELATIVE HUMIDITY (PERCENT)
 HIGHEST    73           500 AM
 LOWEST     34           100 PM
 AVERAGE    54

..........................................................


THE MEMPHIS CLIMATE NORMALS FOR TOMORROW
                         NORMAL    RECORD    YEAR
 MAXIMUM TEMPERATURE (F)   91       102      1954
 MINIMUM TEMPERATURE (F)   73        58      1958


SUNRISE AND SUNSET
JUNE 25 2017..........SUNRISE   547 AM CDT   SUNSET   818 PM CDT
JUNE 26 2017..........SUNRISE   548 AM CDT   SUNSET   818 PM CDT


-  INDICATES NEGATIVE NUMBERS.
R  INDICATES RECORD WAS SET OR TIED.
MM INDICATES DATA IS MISSING.
T  INDICATES TRACE AMOUNT.




$$
