000
CDUS44 KMEG 040733
CLIMEM


CLIMATE REPORT
NATIONAL WEATHER SERVICE MEMPHIS TN
132 AM CST WED MAR 4 2015


...................................

...THE MEMPHIS CLIMATE SUMMARY FOR MARCH 3 2015...

CLIMATE NORMAL PERIOD 1981 TO 2010
CLIMATE RECORD PERIOD 1872 TO 2015


WEATHER ITEM   OBSERVED TIME   RECORD YEAR NORMAL DEPARTURE LAST
                VALUE   (LST)  VALUE       VALUE  FROM      YEAR
                                                  NORMAL
..................................................................
TEMPERATURE (F)
 YESTERDAY
  MAXIMUM         63   1159 PM  80    1899  60      3       31
  MINIMUM         42    324 AM  12    1943  41      1       15
  AVERAGE         53                        50      3       23

PRECIPITATION (IN)
  YESTERDAY        0.12          2.65 1979   0.15  -0.03     0.01
  MONTH TO DATE    0.59                      0.46   0.13     2.40
  SINCE MAR 1      0.59                      0.46   0.13     2.40
  SINCE JAN 1      6.24                      8.83  -2.59    10.52

SNOWFALL (IN)
  YESTERDAY        0.0           1.6  1971   0.1   -0.1      0.5
  MONTH TO DATE    0.0                       0.1   -0.1      0.5
  SINCE MAR 1      0.0                       0.1   -0.1      0.5
  SINCE JUL 1      2.5                       3.5   -1.0      0.8
  SNOW DEPTH       0

DEGREE DAYS
 HEATING
  YESTERDAY       12                        15     -3       42
  MONTH TO DATE   61                        46     15       65
  SINCE MAR 1     61                        46     15       65
  SINCE JUL 1   2784                      2496    288     2891

 COOLING
  YESTERDAY        0                         0      0        0
  MONTH TO DATE    0                         0      0        0
  SINCE MAR 1      0                         0      0        0
  SINCE JAN 1      0                         3     -3        0
..................................................................


WIND (MPH)
  HIGHEST WIND SPEED    16   HIGHEST WIND DIRECTION     S (200)
  HIGHEST GUST SPEED    23   HIGHEST GUST DIRECTION    SW (210)
  AVERAGE WIND SPEED     9.2


SKY COVER
  POSSIBLE SUNSHINE  MM
  AVERAGE SKY COVER 1.0


WEATHER CONDITIONS
 THE FOLLOWING WEATHER WAS RECORDED YESTERDAY.
  LIGHT RAIN
  FOG
  FOG W/VISIBILITY <= 1/4 MILE


RELATIVE HUMIDITY (PERCENT)
 HIGHEST    97           800 PM
 LOWEST     86           100 PM
 AVERAGE    92

..........................................................


THE MEMPHIS CLIMATE NORMALS FOR TODAY
                         NORMAL    RECORD    YEAR
 MAXIMUM TEMPERATURE (F)   60        81      1976
                                             1963
 MINIMUM TEMPERATURE (F)   41        16      1893


SUNRISE AND SUNSET
MARCH  4 2015.........SUNRISE   626 AM CST   SUNSET   558 PM CST
MARCH  5 2015.........SUNRISE   625 AM CST   SUNSET   559 PM CST


-  INDICATES NEGATIVE NUMBERS.
R  INDICATES RECORD WAS SET OR TIED.
MM INDICATES DATA IS MISSING.
T  INDICATES TRACE AMOUNT.




$$
