310
CDUS44 KMEG 280645
CLIMEM


CLIMATE REPORT
NATIONAL WEATHER SERVICE MEMPHIS TN
144 AM CDT TUE MAR 28 2017


...................................

...THE MEMPHIS CLIMATE SUMMARY FOR MARCH 27 2017...

CLIMATE NORMAL PERIOD 1981 TO 2010
CLIMATE RECORD PERIOD 1872 TO 2017


WEATHER ITEM   OBSERVED TIME   RECORD YEAR NORMAL DEPARTURE LAST
                VALUE   (LST)  VALUE       VALUE  FROM      YEAR
                                                  NORMAL
..................................................................
TEMPERATURE (F)
 YESTERDAY
  MAXIMUM         82    259 PM  85    1910  67     15       75
  MINIMUM         60   1208 AM  22    1955  47     13       48
  AVERAGE         71                        57     14       62

PRECIPITATION (IN)
  YESTERDAY        T             2.20 1994   0.17  -0.17      T
  MONTH TO DATE    3.54                      4.43  -0.89    12.01
  SINCE MAR 1      3.54                      4.43  -0.89    12.01
  SINCE JAN 1      9.20                     12.80  -3.60    19.86

SNOWFALL (IN)
  YESTERDAY        0.0           T    1937   0.0    0.0      0.0
  MONTH TO DATE    T                         0.4   -0.4      0.0
  SINCE MAR 1      T                         0.4   -0.4      0.0
  SINCE JUL 1      2.0                       3.8   -1.8      0.3
  SNOW DEPTH       0

DEGREE DAYS
 HEATING
  YESTERDAY        0                         9     -9        3
  MONTH TO DATE  275                       326    -51      197
  SINCE MAR 1    275                       326    -51      197
  SINCE JUL 1   1974                      2776   -802     2068

 COOLING
  YESTERDAY        6                         1      5        0
  MONTH TO DATE   27                        12     15       12
  SINCE MAR 1     27                        12     15       12
  SINCE JAN 1     49                        15     34       15
..................................................................


WIND (MPH)
  HIGHEST WIND SPEED    26   HIGHEST WIND DIRECTION    SW (220)
  HIGHEST GUST SPEED    36   HIGHEST GUST DIRECTION    SW (210)
  AVERAGE WIND SPEED    11.6


SKY COVER
  POSSIBLE SUNSHINE  MM
  AVERAGE SKY COVER 0.7


WEATHER CONDITIONS
 THE FOLLOWING WEATHER WAS RECORDED YESTERDAY.
  THUNDERSTORM
  LIGHT RAIN


RELATIVE HUMIDITY (PERCENT)
 HIGHEST    84           900 AM
 LOWEST     51           400 PM
 AVERAGE    68

..........................................................


THE MEMPHIS CLIMATE NORMALS FOR TODAY
                         NORMAL    RECORD    YEAR
 MAXIMUM TEMPERATURE (F)   68        87      1895
 MINIMUM TEMPERATURE (F)   47        27      1955
                                             1947


SUNRISE AND SUNSET
MARCH 28 2017.........SUNRISE   652 AM CDT   SUNSET   718 PM CDT
MARCH 29 2017.........SUNRISE   651 AM CDT   SUNSET   719 PM CDT


-  INDICATES NEGATIVE NUMBERS.
R  INDICATES RECORD WAS SET OR TIED.
MM INDICATES DATA IS MISSING.
T  INDICATES TRACE AMOUNT.


$$
