000
CDUS41 KCLE 220545
CLIMFD


CLIMATE REPORT
NATIONAL WEATHER SERVICE CLEVELAND OH
145 AM EDT SUN OCT 22 2017


...................................

...THE MANSFIELD OH CLIMATE SUMMARY FOR OCTOBER 21 2017...

CLIMATE NORMAL PERIOD 1981 TO 2010
CLIMATE RECORD PERIOD 1916 TO 2017


WEATHER ITEM   OBSERVED TIME   RECORD YEAR NORMAL DEPARTURE LAST
                VALUE   (LST)  VALUE       VALUE  FROM      YEAR
                                                  NORMAL
..................................................................
TEMPERATURE (F)
 YESTERDAY
  MAXIMUM         76    217 PM  80    2007  60     16       53
  MINIMUM         48    259 AM  21    1952  40      8       44
  AVERAGE         62                        50     12       49

PRECIPITATION (IN)
  YESTERDAY        0.00                      0.09  -0.09     0.73
  MONTH TO DATE    2.21                      1.96   0.25     2.92
  SINCE SEP 1      3.81                      5.28  -1.47     6.63
  SINCE JAN 1     40.39                     36.11   4.28    30.26

SNOWFALL (IN)
  YESTERDAY        0.0                       0.1   -0.1      0.0
  MONTH TO DATE    0.0                       0.2   -0.2      0.0
  SINCE SEP 1      0.0                       0.2   -0.2      0.0
  SINCE JUL 1      0.0                       0.2   -0.2      0.0
  SNOW DEPTH       0

DEGREE DAYS
 HEATING
  YESTERDAY        3                        15    -12       16
  MONTH TO DATE   82                       252   -170      125
  SINCE SEP 1    172                       377   -205      159
  SINCE JUL 1    186                       402   -216      160

 COOLING
  YESTERDAY        0                         0      0        0
  MONTH TO DATE   19                         5     14       28
  SINCE SEP 1    131                        68     63      174
  SINCE JAN 1    748                       630    118     1078
..................................................................


WIND (MPH)
  HIGHEST WIND SPEED    13   HIGHEST WIND DIRECTION     S (200)
  HIGHEST GUST SPEED    17   HIGHEST GUST DIRECTION    SW (210)
  AVERAGE WIND SPEED     8.0


SKY COVER
  POSSIBLE SUNSHINE  MM
  AVERAGE SKY COVER 0.0


WEATHER CONDITIONS
 THE FOLLOWING WEATHER WAS RECORDED YESTERDAY.
  NO SIGNIFICANT WEATHER WAS OBSERVED.


RELATIVE HUMIDITY (PERCENT)
 HIGHEST    77           300 AM
 LOWEST     41           200 PM
 AVERAGE    59

..........................................................


THE MANSFIELD OH CLIMATE NORMALS FOR TODAY
                         NORMAL    RECORD    YEAR
 MAXIMUM TEMPERATURE (F)   60        79      1963
 MINIMUM TEMPERATURE (F)   40        21      1930


SUNRISE AND SUNSET
OCTOBER 22 2017.......SUNRISE   749 AM EDT   SUNSET   639 PM EDT
OCTOBER 23 2017.......SUNRISE   750 AM EDT   SUNSET   638 PM EDT


-  INDICATES NEGATIVE NUMBERS.
R  INDICATES RECORD WAS SET OR TIED.
MM INDICATES DATA IS MISSING.
T  INDICATES TRACE AMOUNT.




$$
