000
CDUS44 KBRO 312125
CLIMFE


CLIMATE REPORT
NATIONAL WEATHER SERVICE BROWNSVILLE TX
425 PM CDT TUE MAY 31 2016


...................................

...THE MCALLEN CLIMATE SUMMARY FOR MAY 31 2016...
VALID TODAY AS OF 0400 PM LOCAL TIME.

CLIMATE NORMAL PERIOD 1981 TO 2010
CLIMATE RECORD PERIOD 1961 TO 2016


WEATHER ITEM   OBSERVED TIME   RECORD YEAR NORMAL DEPARTURE LAST
                VALUE   (LST)  VALUE       VALUE  FROM      YEAR
                                                  NORMAL
..................................................................
TEMPERATURE (F)
 TODAY
  MAXIMUM         95    229 PM 106    1967  95      0       87
  MINIMUM         80    624 AM  60    1984  75      5       71
  AVERAGE         88                        85      3       79

PRECIPITATION (IN)
  TODAY            0.00          0.84 1964   0.09  -0.09     0.26
  MONTH TO DATE    4.98                      2.25   2.73     4.90
  SINCE MAR 1      5.60                      4.62   0.98    10.88
  SINCE JAN 1      6.00                      6.78  -0.78    11.47

SNOWFALL (IN)
  TODAY            0.0
  MONTH TO DATE    0.0
  SINCE MAR 1      0.0
  SINCE JUL 1      0.0
  SNOW DEPTH       0

DEGREE DAYS
 HEATING
  TODAY            0                         0      0        0
  MONTH TO DATE    0                         0      0        0
  SINCE MAR 1      7                        46    -39       66
  SINCE JUL 1    318                       579   -261      756

 COOLING
  TODAY           23                        20      3       14
  MONTH TO DATE  596                       524     72      564
  SINCE MAR 1   1418                      1096    322     1160
  SINCE JAN 1   1623                      1255    368     1245
..................................................................


WIND (MPH)
  HIGHEST WIND SPEED    22   HIGHEST WIND DIRECTION    SE (130)
  HIGHEST GUST SPEED    28   HIGHEST GUST DIRECTION    SE (140)
  AVERAGE WIND SPEED    12.4



WEATHER CONDITIONS
 THE FOLLOWING WEATHER WAS RECORDED TODAY.
  NO SIGNIFICANT WEATHER WAS OBSERVED.


..........................................................


THE MCALLEN CLIMATE NORMALS FOR TOMORROW
                         NORMAL    RECORD    YEAR
 MAXIMUM TEMPERATURE (F)   95       100      2001
                                             1999
                                             1994
 MINIMUM TEMPERATURE (F)   75        61      1984


SUNRISE AND SUNSET
MAY 31 2016...........SUNRISE   641 AM CDT   SUNSET   821 PM CDT
JUNE  1 2016..........SUNRISE   641 AM CDT   SUNSET   821 PM CDT


-  INDICATES NEGATIVE NUMBERS.
R  INDICATES RECORD WAS SET OR TIED.
MM INDICATES DATA IS MISSING.
T  INDICATES TRACE AMOUNT.




$$
