000
CDUS44 KBRO 250628
CLIMFE


CLIMATE REPORT
NATIONAL WEATHER SERVICE BROWNSVILLE TX
126 AM CDT SAT MAR 25 2017


...................................

...THE MCALLEN CLIMATE SUMMARY FOR MARCH 24 2017...

CLIMATE NORMAL PERIOD 1981 TO 2010
CLIMATE RECORD PERIOD 1961 TO 2017


WEATHER ITEM   OBSERVED TIME   RECORD YEAR NORMAL DEPARTURE LAST
                VALUE   (LST)  VALUE       VALUE  FROM      YEAR
                                                  NORMAL
..................................................................
TEMPERATURE (F)
 YESTERDAY
  MAXIMUM         91    331 PM  97    1996  84      7       85
  MINIMUM         74    231 AM  42    1974  61     13       65
  AVERAGE         83                        73     10

PRECIPITATION (IN)
  YESTERDAY        0.00          0.29 1967   0.04  -0.04      T
  MONTH TO DATE    2.52                      0.80   1.72     0.03
  SINCE MAR 1      2.52                      0.80   1.72     0.03
  SINCE JAN 1      4.15                      2.96   1.19     0.43

SNOWFALL (IN)
  YESTERDAY        0.0
  MONTH TO DATE    0.0
  SINCE MAR 1      0.0
  SINCE JUL 1      0.0

DEGREE DAYS
 HEATING
  YESTERDAY        0                         1     -1        0
  MONTH TO DATE    1                        35    -34        6
  SINCE MAR 1      1                        35    -34        6
  SINCE JUL 1    189                       568   -379      317

 COOLING
  YESTERDAY       18                         8     10       10
  MONTH TO DATE  253                       155     98      269
  SINCE MAR 1    253                       155     98      269
  SINCE JAN 1    734                       314    420      474
..................................................................


WIND (MPH)
  HIGHEST WIND SPEED    28   HIGHEST WIND DIRECTION     S (170)
  HIGHEST GUST SPEED    37   HIGHEST GUST DIRECTION    SE (150)
  AVERAGE WIND SPEED    17.3



WEATHER CONDITIONS
 THE FOLLOWING WEATHER WAS RECORDED YESTERDAY.
  HAZE


RELATIVE HUMIDITY (PERCENT)
 HIGHEST    82
 LOWEST     46
 AVERAGE    64

..........................................................


THE MCALLEN CLIMATE NORMALS FOR TODAY
                         NORMAL    RECORD    YEAR
 MAXIMUM TEMPERATURE (F)   84       100      1971
 MINIMUM TEMPERATURE (F)   62        42      1974


SUNRISE AND SUNSET
MARCH 25 2017.........SUNRISE   731 AM CDT   SUNSET   747 PM CDT
MARCH 26 2017.........SUNRISE   730 AM CDT   SUNSET   747 PM CDT


-  INDICATES NEGATIVE NUMBERS.
R  INDICATES RECORD WAS SET OR TIED.
MM INDICATES DATA IS MISSING.
T  INDICATES TRACE AMOUNT.




$$
