000
CDUS44 KBRO 100726
CLIMFE


CLIMATE REPORT
NATIONAL WEATHER SERVICE BROWNSVILLE TX
126 AM CST WED FEB 10 2016


...................................

...THE MCALLEN CLIMATE SUMMARY FOR FEBRUARY 9 2016...

CLIMATE NORMAL PERIOD 1981 TO 2010
CLIMATE RECORD PERIOD 1941 TO 2016


WEATHER ITEM   OBSERVED TIME   RECORD YEAR NORMAL DEPARTURE LAST
                VALUE   (LST)  VALUE       VALUE  FROM      YEAR
                                                  NORMAL
..................................................................
TEMPERATURE (F)
 YESTERDAY
  MAXIMUM         80    248 PM  99    1962  74      6       84
  MINIMUM         48   1153 PM  31    1967  53     -5       53
                                      1973
  AVERAGE         64                        64      0

PRECIPITATION (IN)
  YESTERDAY        0.00          0.59 1988   0.04  -0.04     0.00
  MONTH TO DATE    0.00                      0.39  -0.39     0.37
  SINCE DEC 1      0.44                      2.63  -2.19     1.39
  SINCE JAN 1      0.40                      1.44  -1.04     0.54

SNOWFALL (IN)
  YESTERDAY        0.0
  MONTH TO DATE    0.0
  SINCE DEC 1      0.0
  SINCE JUL 1      0.0

DEGREE DAYS
 HEATING
  YESTERDAY        1                         5     -4        0
  MONTH TO DATE   37                        45     -8       48
  SINCE DEC 1    272                       412   -140      454
  SINCE JUL 1    306                       472   -166      583

 COOLING
  YESTERDAY        0                         3     -3        4
  MONTH TO DATE   17                        25     -8       17
  SINCE DEC 1    206                       170     36      117
  SINCE JAN 1     62                        87    -25       34
..................................................................


WIND (MPH)
  HIGHEST WIND SPEED    16   HIGHEST WIND DIRECTION    SE (120)
  HIGHEST GUST SPEED    22   HIGHEST GUST DIRECTION    SE (120)
  AVERAGE WIND SPEED     5.0



WEATHER CONDITIONS
 THE FOLLOWING WEATHER WAS RECORDED YESTERDAY.
  HAZE


RELATIVE HUMIDITY (PERCENT)
 HIGHEST    68
 LOWEST     12
 AVERAGE    40

..........................................................


THE MCALLEN CLIMATE NORMALS FOR TODAY
                         NORMAL    RECORD    YEAR
 MAXIMUM TEMPERATURE (F)   74        96      2013
 MINIMUM TEMPERATURE (F)   53        29      1973


SUNRISE AND SUNSET
FEBRUARY 10 2016......SUNRISE   712 AM CST   SUNSET   622 PM CST
FEBRUARY 11 2016......SUNRISE   712 AM CST   SUNSET   623 PM CST


-  INDICATES NEGATIVE NUMBERS.
R  INDICATES RECORD WAS SET OR TIED.
MM INDICATES DATA IS MISSING.
T  INDICATES TRACE AMOUNT.




$$
