000
CDUS44 KBRO 020747
CLIMFE


CLIMATE REPORT
NATIONAL WEATHER SERVICE BROWNSVILLE TX
147 AM CST MON MAR 2 2015


...................................

...THE MCALLEN CLIMATE SUMMARY FOR MARCH 1 2015...

CLIMATE NORMAL PERIOD 1981 TO 2010
CLIMATE RECORD PERIOD 1941 TO 2015


WEATHER ITEM   OBSERVED TIME   RECORD YEAR NORMAL DEPARTURE LAST
                VALUE   (LST)  VALUE       VALUE  FROM      YEAR
                                                  NORMAL
..................................................................
TEMPERATURE (F)
 YESTERDAY
  MAXIMUM         66    418 PM  94    1953  78    -12       80
                                      1997
  MINIMUM         47    617 AM  38    1960  57    -10       64
                                      1962
  AVERAGE         57                        68    -11

PRECIPITATION (IN)
  YESTERDAY        0.00          0.06 2003   0.04  -0.04      T
  MONTH TO DATE    0.00                      0.04  -0.04      T
  SINCE MAR 1      0.00                      0.04  -0.04      T
  SINCE JAN 1      0.59                      2.20  -1.61     0.88

SNOWFALL (IN)
  YESTERDAY        0.0
  MONTH TO DATE    0.0
  SINCE MAR 1      0.0
  SINCE JUL 1      0.0

DEGREE DAYS
 HEATING
  YESTERDAY        8                         2      6        0
  MONTH TO DATE    8                         2      6        0
  SINCE MAR 1      8                         2      6        0
  SINCE JUL 1    698                       535    163      776

 COOLING
  YESTERDAY        0                         5     -5        7
  MONTH TO DATE    0                         5     -5        7
  SINCE MAR 1      0                         5     -5        7
  SINCE JAN 1     85                       164    -79      135
..................................................................


WIND (MPH)
  HIGHEST WIND SPEED    13   HIGHEST WIND DIRECTION     N (10)
  HIGHEST GUST SPEED    17   HIGHEST GUST DIRECTION    NE (30)
  AVERAGE WIND SPEED     7.4



WEATHER CONDITIONS
 THE FOLLOWING WEATHER WAS RECORDED YESTERDAY.
  FOG


RELATIVE HUMIDITY (PERCENT)
 HIGHEST   100
 LOWEST     67
 AVERAGE    84

..........................................................


THE MCALLEN CLIMATE NORMALS FOR TODAY
                         NORMAL    RECORD    YEAR
 MAXIMUM TEMPERATURE (F)   78        99      1999
 MINIMUM TEMPERATURE (F)   57        32      1980


SUNRISE AND SUNSET
MARCH  2 2015.........SUNRISE   656 AM CST   SUNSET   635 PM CST
MARCH  3 2015.........SUNRISE   655 AM CST   SUNSET   635 PM CST


-  INDICATES NEGATIVE NUMBERS.
R  INDICATES RECORD WAS SET OR TIED.
MM INDICATES DATA IS MISSING.
T  INDICATES TRACE AMOUNT.




$$
