000
CDUS44 KBRO 282131
CLIMFE


CLIMATE REPORT
NATIONAL WEATHER SERVICE BROWNSVILLE TX
431 PM CDT WED JUN 28 2017


...................................

...THE MCALLEN CLIMATE SUMMARY FOR JUNE 28 2017...
VALID TODAY AS OF 0400 PM LOCAL TIME.

CLIMATE NORMAL PERIOD 1981 TO 2010
CLIMATE RECORD PERIOD 1961 TO 2017


WEATHER ITEM   OBSERVED TIME   RECORD YEAR NORMAL DEPARTURE LAST
                VALUE   (LST)  VALUE       VALUE  FROM      YEAR
                                                  NORMAL
..................................................................
TEMPERATURE (F)
 TODAY
  MAXIMUM         99    219 PM 104    1980  97      2       99
  MINIMUM         78    523 AM  66    1974  76      2       77
  AVERAGE         89                        86      3       88

PRECIPITATION (IN)
  TODAY            0.00          0.92 2002   0.09  -0.09     0.00
  MONTH TO DATE    0.18                      2.43  -2.25     0.24
  SINCE JUN 1      0.18                      2.43  -2.25     0.24
  SINCE JAN 1      6.05                      9.21  -3.16     8.21

SNOWFALL (IN)
  TODAY            0.0
  MONTH TO DATE    0.0
  SINCE JUN 1      0.0
  SINCE JUL 1      0.0
  SNOW DEPTH       0

DEGREE DAYS
 HEATING
  TODAY            0                         0      0        0
  MONTH TO DATE    0                         0      0        0
  SINCE JUN 1      0                         0      0        0
  SINCE JUL 1    189                       579   -390      318

 COOLING
  TODAY           24                        21      3       23
  MONTH TO DATE  694                       582    112      608
  SINCE JUN 1    694                       582    112      608
  SINCE JAN 1   2633                      1837    796     2226
..................................................................


WIND (MPH)
  HIGHEST WIND SPEED    18   HIGHEST WIND DIRECTION    SE (120)
  HIGHEST GUST SPEED    23   HIGHEST GUST DIRECTION     E (100)
  AVERAGE WIND SPEED     4.5



WEATHER CONDITIONS
 THE FOLLOWING WEATHER WAS RECORDED TODAY.
  NO SIGNIFICANT WEATHER WAS OBSERVED.


..........................................................


THE MCALLEN CLIMATE NORMALS FOR TOMORROW
                         NORMAL    RECORD    YEAR
 MAXIMUM TEMPERATURE (F)   97       104      2013
 MINIMUM TEMPERATURE (F)   76        64      1974


SUNRISE AND SUNSET
JUNE 28 2017..........SUNRISE   643 AM CDT   SUNSET   829 PM CDT
JUNE 29 2017..........SUNRISE   644 AM CDT   SUNSET   829 PM CDT


-  INDICATES NEGATIVE NUMBERS.
R  INDICATES RECORD WAS SET OR TIED.
MM INDICATES DATA IS MISSING.
T  INDICATES TRACE AMOUNT.




$$
