000
CDUS44 KBRO 020633
CLIMFE


CLIMATE REPORT
NATIONAL WEATHER SERVICE BROWNSVILLE TX
132 AM CDT WED SEP 2 2015


...................................

...THE MCALLEN CLIMATE SUMMARY FOR SEPTEMBER 1 2015...

CLIMATE NORMAL PERIOD 1981 TO 2010
CLIMATE RECORD PERIOD 1941 TO 2015


WEATHER ITEM   OBSERVED TIME   RECORD YEAR NORMAL DEPARTURE LAST
                VALUE   (LST)  VALUE       VALUE  FROM      YEAR
                                                  NORMAL
..................................................................
TEMPERATURE (F)
 YESTERDAY
  MAXIMUM         94    320 PM 101    2006  96     -2       97
                                      1959
                                      2000
  MINIMUM         76    602 AM  69    1975  76      0       78
  AVERAGE         85                        86     -1

PRECIPITATION (IN)
  YESTERDAY        0.71          3.04 1975   0.14   0.57     0.00
  MONTH TO DATE    0.71                      0.14   0.57     0.00
  SINCE SEP 1      0.71                      0.14   0.57     0.00
  SINCE JAN 1     20.47                     13.71   6.76     6.86

SNOWFALL (IN)
  YESTERDAY        0.0
  MONTH TO DATE    0.0
  SINCE SEP 1      0.0
  SINCE JUL 1      0.0

DEGREE DAYS
 HEATING
  YESTERDAY        0                         0      0        0
  MONTH TO DATE    0                         0      0        0
  SINCE SEP 1      0                         0      0        0
  SINCE JUL 1      0                         0      0        0

 COOLING
  YESTERDAY       20                        21     -1       23
  MONTH TO DATE   20                        21     -1       23
  SINCE SEP 1     20                        21     -1       23
  SINCE JAN 1   3447                      3272    175     3218
..................................................................


WIND (MPH)
  HIGHEST WIND SPEED    32   HIGHEST WIND DIRECTION    SE (130)
  HIGHEST GUST SPEED    38   HIGHEST GUST DIRECTION    SE (130)
  AVERAGE WIND SPEED     8.1



WEATHER CONDITIONS
 THE FOLLOWING WEATHER WAS RECORDED YESTERDAY.
  HEAVY RAIN
  RAIN
  LIGHT RAIN
  HAZE


RELATIVE HUMIDITY (PERCENT)
 HIGHEST    88
 LOWEST     52
 AVERAGE    70

..........................................................


THE MCALLEN CLIMATE NORMALS FOR TODAY
                         NORMAL    RECORD    YEAR
 MAXIMUM TEMPERATURE (F)   96       102      2011
 MINIMUM TEMPERATURE (F)   76        69      1950
                                             1990


SUNRISE AND SUNSET
SEPTEMBER  2 2015.....SUNRISE   713 AM CDT   SUNSET   752 PM CDT
SEPTEMBER  3 2015.....SUNRISE   714 AM CDT   SUNSET   751 PM CDT


-  INDICATES NEGATIVE NUMBERS.
R  INDICATES RECORD WAS SET OR TIED.
MM INDICATES DATA IS MISSING.
T  INDICATES TRACE AMOUNT.




$$
