561
CDUS44 KBRO 030631
CLIMFE


CLIMATE REPORT
NATIONAL WEATHER SERVICE BROWNSVILLE TX
131 AM CDT TUE MAY 3 2016


...................................

...THE MCALLEN CLIMATE SUMMARY FOR MAY 2 2016...

CLIMATE NORMAL PERIOD 1981 TO 2010
CLIMATE RECORD PERIOD 1961 TO 2016


WEATHER ITEM   OBSERVED TIME   RECORD YEAR NORMAL DEPARTURE LAST
                VALUE   (LST)  VALUE       VALUE  FROM      YEAR
                                                  NORMAL
..................................................................
TEMPERATURE (F)
 YESTERDAY
  MAXIMUM         81    321 PM 105    1984  89     -8       87
  MINIMUM         72   1159 PM  54    1976  70      2       65
  AVERAGE         77                        79     -2

PRECIPITATION (IN)
  YESTERDAY        T             1.64 1972   0.07  -0.07     0.00
  MONTH TO DATE    T                         0.13  -0.13     0.00
  SINCE MAR 1      0.62                      2.50  -1.88     5.98
  SINCE JAN 1      1.02                      4.66  -3.64     6.57

SNOWFALL (IN)
  YESTERDAY        0.0
  MONTH TO DATE    0.0
  SINCE MAR 1      0.0
  SINCE JUL 1      0.0

DEGREE DAYS
 HEATING
  YESTERDAY        0                         0      0        0
  MONTH TO DATE    0                         0      0        0
  SINCE MAR 1      7                        46    -39       66
  SINCE JUL 1    318                       579   -261      756

 COOLING
  YESTERDAY       12                        14     -2       11
  MONTH TO DATE   35                        28      7       21
  SINCE MAR 1    857                       600    257      617
  SINCE JAN 1   1062                       759    303      702
..................................................................


WIND (MPH)
  HIGHEST WIND SPEED    25   HIGHEST WIND DIRECTION     N (360)
  HIGHEST GUST SPEED    31   HIGHEST GUST DIRECTION     N (340)
  AVERAGE WIND SPEED    13.5



WEATHER CONDITIONS
 THE FOLLOWING WEATHER WAS RECORDED YESTERDAY.
  LIGHT RAIN
  HAZE


RELATIVE HUMIDITY (PERCENT)
 HIGHEST    85
 LOWEST     45
 AVERAGE    65

..........................................................


THE MCALLEN CLIMATE NORMALS FOR TODAY
                         NORMAL    RECORD    YEAR
 MAXIMUM TEMPERATURE (F)   89       107      1984
 MINIMUM TEMPERATURE (F)   70        51      2004


SUNRISE AND SUNSET
MAY  3 2016...........SUNRISE   654 AM CDT   SUNSET   806 PM CDT
MAY  4 2016...........SUNRISE   653 AM CDT   SUNSET   807 PM CDT


-  INDICATES NEGATIVE NUMBERS.
R  INDICATES RECORD WAS SET OR TIED.
MM INDICATES DATA IS MISSING.
T  INDICATES TRACE AMOUNT.




$$
