000
CDUS44 KBRO 302125
CLIMFE


CLIMATE REPORT
NATIONAL WEATHER SERVICE BROWNSVILLE TX
425 PM CDT THU OCT 30 2014


...................................

...THE MCALLEN CLIMATE SUMMARY FOR OCTOBER 30 2014...
VALID TODAY AS OF 0400 PM LOCAL TIME.

CLIMATE NORMAL PERIOD 1981 TO 2010
CLIMATE RECORD PERIOD 1941 TO 2014


WEATHER ITEM   OBSERVED TIME   RECORD YEAR NORMAL DEPARTURE LAST
                VALUE   (LST)  VALUE       VALUE  FROM      YEAR
                                                  NORMAL
..................................................................
TEMPERATURE (F)
 TODAY
  MAXIMUM         88    259 PM  95    1942  85      3       92
  MINIMUM         69    652 AM  45    1970  64      5       78
  AVERAGE         79                        74      5       85

PRECIPITATION (IN)
  TODAY            0.00          2.10 1949   0.06  -0.06     0.00
  MONTH TO DATE    0.62                      2.03  -1.41     0.14
  SINCE SEP 1     11.85                      6.50   5.35     6.36
  SINCE JAN 1     18.71                     20.07  -1.36    12.30

SNOWFALL (IN)
  TODAY            0.0
  MONTH TO DATE    0.0
  SINCE SEP 1      0.0
  SINCE JUL 1      0.0
  SNOW DEPTH       0

DEGREE DAYS
 HEATING
  TODAY            0                         0      0        0
  MONTH TO DATE    0                         0      0        0
  SINCE SEP 1      0                         0      0        0
  SINCE JUL 1      0                         0      0        0

 COOLING
  TODAY           14                        10      4       20
  MONTH TO DATE  430                       374     56      412
  SINCE SEP 1    957                       922     35      957
  SINCE JAN 1   4152                      4173    -21     4344
..................................................................


WIND (MPH)
  HIGHEST WIND SPEED     9   HIGHEST WIND DIRECTION    NE (50)
  HIGHEST GUST SPEED    11   HIGHEST GUST DIRECTION     S (160)
  AVERAGE WIND SPEED     2.9



WEATHER CONDITIONS
 THE FOLLOWING WEATHER WAS RECORDED TODAY.
  FOG
  HAZE


..........................................................


THE MCALLEN CLIMATE NORMALS FOR TOMORROW
                         NORMAL    RECORD    YEAR
 MAXIMUM TEMPERATURE (F)   85        95      2010
 MINIMUM TEMPERATURE (F)   63        43      1970


SUNRISE AND SUNSET
OCTOBER 30 2014.......SUNRISE   741 AM CDT   SUNSET   652 PM CDT
OCTOBER 31 2014.......SUNRISE   741 AM CDT   SUNSET   652 PM CDT


-  INDICATES NEGATIVE NUMBERS.
R  INDICATES RECORD WAS SET OR TIED.
MM INDICATES DATA IS MISSING.
T  INDICATES TRACE AMOUNT.




$$
