000
CDUS44 KBRO 310627
CLIMFE


CLIMATE REPORT
NATIONAL WEATHER SERVICE BROWNSVILLE TX
126 AM CDT SUN AUG 31 2014


...................................

...THE MCALLEN CLIMATE SUMMARY FOR AUGUST 30 2014...

CLIMATE NORMAL PERIOD 1981 TO 2010
CLIMATE RECORD PERIOD 1941 TO 2014


WEATHER ITEM   OBSERVED TIME   RECORD YEAR NORMAL DEPARTURE LAST
                VALUE   (LST)  VALUE       VALUE  FROM      YEAR
                                                  NORMAL
..................................................................
TEMPERATURE (F)
 YESTERDAY
  MAXIMUM         94    307 PM 107    2012  97     -3       99
  MINIMUM         76    737 AM  68    1970  76      0       76
  AVERAGE         85                        86     -1

PRECIPITATION (IN)
  YESTERDAY        0.44          2.70 2004   0.11   0.33     0.00
  MONTH TO DATE    3.08                      2.09   0.99     0.48
  SINCE JUN 1      3.98                      6.67  -2.69     2.52
  SINCE JAN 1      6.86                     13.45  -6.59     5.94

DEGREE DAYS
 HEATING
  YESTERDAY        0                         0      0        0
  MONTH TO DATE    0                         0      0        0
  SINCE JUN 1      0                         0      0        0
  SINCE JUL 1      0                         0      0        0

 COOLING
  YESTERDAY       20                        21     -1       23
  MONTH TO DATE  735                       677     58      693
  SINCE JUN 1   2117                      1979    138     2068
  SINCE JAN 1   3173                      3234    -61     3364
..................................................................


WIND (MPH)
  HIGHEST WIND SPEED    22   HIGHEST WIND DIRECTION    SE (130)
  HIGHEST GUST SPEED    29   HIGHEST GUST DIRECTION    SE (140)
  AVERAGE WIND SPEED     9.2



WEATHER CONDITIONS
 THE FOLLOWING WEATHER WAS RECORDED YESTERDAY.
  THUNDERSTORM
  HEAVY RAIN
  RAIN
  LIGHT RAIN
  FOG


RELATIVE HUMIDITY (PERCENT)
 HIGHEST   100
 LOWEST     60
 AVERAGE    80

..........................................................


THE MCALLEN CLIMATE NORMALS FOR TODAY
                         NORMAL    RECORD    YEAR
 MAXIMUM TEMPERATURE (F)   96       103      2012
                                             2005
 MINIMUM TEMPERATURE (F)   76        69      1947
                                             1960


SUNRISE AND SUNSET
AUGUST 31 2014........SUNRISE   712 AM CDT   SUNSET   753 PM CDT
SEPTEMBER  1 2014.....SUNRISE   713 AM CDT   SUNSET   752 PM CDT


-  INDICATES NEGATIVE NUMBERS.
R  INDICATES RECORD WAS SET OR TIED.
MM INDICATES DATA IS MISSING.
T  INDICATES TRACE AMOUNT.

$$
