000
CDUS44 KBRO 232126
CLIMFE


CLIMATE REPORT
NATIONAL WEATHER SERVICE BROWNSVILLE TX
426 PM CDT WED APR 23 2014


...................................

...THE MCALLEN CLIMATE SUMMARY FOR APRIL 23 2014...
VALID TODAY AS OF 0400 PM LOCAL TIME.

CLIMATE NORMAL PERIOD 1981 TO 2010
CLIMATE RECORD PERIOD 1941 TO 2014


WEATHER ITEM   OBSERVED TIME   RECORD YEAR NORMAL DEPARTURE LAST
                VALUE   (LST)  VALUE       VALUE  FROM      YEAR
                                                  NORMAL
..................................................................
TEMPERATURE (F)
 TODAY
  MAXIMUM         89    226 PM 105    1955  88      1       88
  MINIMUM         68    447 AM  52    1982  68      0       71
  AVERAGE         79                        78      1       80

PRECIPITATION (IN)
  TODAY            0.00          0.29 1956   0.06  -0.06      T
  MONTH TO DATE    0.03                      0.92  -0.89     0.02
  SINCE MAR 1      1.20                      1.95  -0.75     0.02
  SINCE JAN 1      2.08                      4.11  -2.03     1.01

SNOWFALL (IN)
  TODAY            0.0
  MONTH TO DATE    0.0
  SINCE MAR 1      0.0
  SINCE JUL 1      0.0
  SNOW DEPTH       0

DEGREE DAYS
 HEATING
  TODAY            0                         0      0        0
  MONTH TO DATE    9                         3      6        1
  SINCE MAR 1    107                        41     66       17
  SINCE JUL 1    883                       574    309      313

 COOLING
  TODAY           14                        13      1       15
  MONTH TO DATE  217                       260    -43      265
  SINCE MAR 1    353                       478   -125      484
  SINCE JAN 1    481                       637   -156      733
..................................................................


WIND (MPH)
  HIGHEST WIND SPEED    23   HIGHEST WIND DIRECTION    SE (140)
  HIGHEST GUST SPEED    28   HIGHEST GUST DIRECTION    SE (140)
  AVERAGE WIND SPEED    11.0



WEATHER CONDITIONS
 THE FOLLOWING WEATHER WAS RECORDED TODAY.
  NO SIGNIFICANT WEATHER WAS OBSERVED.


..........................................................


THE MCALLEN CLIMATE NORMALS FOR TOMORROW
                         NORMAL    RECORD    YEAR
 MAXIMUM TEMPERATURE (F)   88       103      1958
 MINIMUM TEMPERATURE (F)   68        50      1982


SUNRISE AND SUNSET
APRIL 23 2014.........SUNRISE   702 AM CDT   SUNSET   801 PM CDT
APRIL 24 2014.........SUNRISE   701 AM CDT   SUNSET   801 PM CDT


-  INDICATES NEGATIVE NUMBERS.
R  INDICATES RECORD WAS SET OR TIED.
MM INDICATES DATA IS MISSING.
T  INDICATES TRACE AMOUNT.




$$
