000
CDUS44 KBRO 260731
CLIMFE


CLIMATE REPORT
NATIONAL WEATHER SERVICE BROWNSVILLE TX
130 AM CST SUN FEB 26 2017


...................................

...THE MCALLEN CLIMATE SUMMARY FOR FEBRUARY 25 2017...

CLIMATE NORMAL PERIOD 1981 TO 2010
CLIMATE RECORD PERIOD 1961 TO 2017


WEATHER ITEM   OBSERVED TIME   RECORD YEAR NORMAL DEPARTURE LAST
                VALUE   (LST)  VALUE       VALUE  FROM      YEAR
                                                  NORMAL
..................................................................
TEMPERATURE (F)
 YESTERDAY
  MAXIMUM         82    306 PM  97    2008  77      5       81
  MINIMUM         59    750 AM  30    1961  56      3       45
  AVERAGE         71                        67      4

PRECIPITATION (IN)
  YESTERDAY        0.00          4.00 1983   0.03  -0.03     0.00
  MONTH TO DATE    0.65                      1.00  -0.35     0.00
  SINCE DEC 1      2.26                      3.24  -0.98     0.44
  SINCE JAN 1      1.63                      2.05  -0.42     0.40

SNOWFALL (IN)
  YESTERDAY        0.0
  MONTH TO DATE    0.0
  SINCE DEC 1      0.0
  SINCE JUL 1      0.0

DEGREE DAYS
 HEATING
  YESTERDAY        0                         3     -3        2
  MONTH TO DATE    8                       100    -92       42
  SINCE DEC 1    181                       467   -286      277
  SINCE JUL 1    188                       527   -339      311

 COOLING
  YESTERDAY        6                         4      2        0
  MONTH TO DATE  254                        82    172      139
  SINCE DEC 1    616                       227    389      328
  SINCE JAN 1    433                       144    289      184
..................................................................


WIND (MPH)
  HIGHEST WIND SPEED    18   HIGHEST WIND DIRECTION     E (70)
  HIGHEST GUST SPEED    24   HIGHEST GUST DIRECTION     E (80)
  AVERAGE WIND SPEED    10.5



WEATHER CONDITIONS
 THE FOLLOWING WEATHER WAS RECORDED YESTERDAY.
  NO SIGNIFICANT WEATHER WAS OBSERVED.


RELATIVE HUMIDITY (PERCENT)
 HIGHEST    73
 LOWEST     39
 AVERAGE    56

..........................................................


THE MCALLEN CLIMATE NORMALS FOR TODAY
                         NORMAL    RECORD    YEAR
 MAXIMUM TEMPERATURE (F)   77        97      1962
 MINIMUM TEMPERATURE (F)   56        33      1974


SUNRISE AND SUNSET
FEBRUARY 26 2017......SUNRISE   659 AM CST   SUNSET   633 PM CST
FEBRUARY 27 2017......SUNRISE   658 AM CST   SUNSET   633 PM CST


-  INDICATES NEGATIVE NUMBERS.
R  INDICATES RECORD WAS SET OR TIED.
MM INDICATES DATA IS MISSING.
T  INDICATES TRACE AMOUNT.

$$
