000
CDUS44 KBRO 142229
CLIMFE


CLIMATE REPORT
NATIONAL WEATHER SERVICE BROWNSVILLE TX
428 PM CST THU DEC 14 2017


...................................

...THE MCALLEN CLIMATE SUMMARY FOR DECEMBER 14 2017...
VALID TODAY AS OF 0400 PM LOCAL TIME.

CLIMATE NORMAL PERIOD 1981 TO 2010
CLIMATE RECORD PERIOD 1961 TO 2017


WEATHER ITEM   OBSERVED TIME   RECORD YEAR NORMAL DEPARTURE LAST
                VALUE   (LST)  VALUE       VALUE  FROM      YEAR
                                                  NORMAL
..................................................................
TEMPERATURE (F)
 TODAY
  MAXIMUM         67    351 PM  88    1973  72     -5       75
  MINIMUM         51    534 AM  30    1966  52     -1       65
  AVERAGE         59                        62     -3       70

PRECIPITATION (IN)
  TODAY            0.00          0.41 1976   0.04  -0.04     0.01
  MONTH TO DATE    0.83                      0.50   0.33     0.56
  SINCE DEC 1      0.83                      0.50   0.33     0.56
  SINCE JAN 1     19.35                     21.51  -2.16    13.71

SNOWFALL (IN)
  TODAY            0.0
  MONTH TO DATE    0.0
  SINCE DEC 1      0.0
  SINCE JUL 1      0.0
  SNOW DEPTH       0

DEGREE DAYS
 HEATING
  TODAY            6                         6      0        0
  MONTH TO DATE  103                        67     36       49
  SINCE DEC 1    103                        67     36       49
  SINCE JUL 1    132                       127      5       56

 COOLING
  TODAY            0                         3     -3        5
  MONTH TO DATE   47                        44      3       47
  SINCE DEC 1     47                        44      3       47
  SINCE JAN 1   5657                      4413   1244     5561
..................................................................


WIND (MPH)
  HIGHEST WIND SPEED     8   HIGHEST WIND DIRECTION    NW (310)
  HIGHEST GUST SPEED    10   HIGHEST GUST DIRECTION    NW (310)
  AVERAGE WIND SPEED     2.4



WEATHER CONDITIONS
 THE FOLLOWING WEATHER WAS RECORDED TODAY.
  FOG
  HAZE


..........................................................


THE MCALLEN CLIMATE NORMALS FOR TOMORROW
                         NORMAL    RECORD    YEAR
 MAXIMUM TEMPERATURE (F)   72        89      2015
 MINIMUM TEMPERATURE (F)   52        33      1964


SUNRISE AND SUNSET
DECEMBER 14 2017......SUNRISE   712 AM CST   SUNSET   543 PM CST
DECEMBER 15 2017......SUNRISE   713 AM CST   SUNSET   544 PM CST


-  INDICATES NEGATIVE NUMBERS.
R  INDICATES RECORD WAS SET OR TIED.
MM INDICATES DATA IS MISSING.
T  INDICATES TRACE AMOUNT.




$$
