000
CDUS44 KBRO 271240
CLIMFE


CLIMATE REPORT
NATIONAL WEATHER SERVICE BROWNSVILLE TX
630 AM CST TUE JAN 27 2015


...................................

...THE MCALLEN CLIMATE SUMMARY FOR JANUARY 26 2015...

CLIMATE NORMAL PERIOD 1981 TO 2010
CLIMATE RECORD PERIOD 1941 TO 2015


WEATHER ITEM   OBSERVED TIME   RECORD YEAR NORMAL DEPARTURE LAST
                VALUE   (LST)  VALUE       VALUE  FROM      YEAR
                                                  NORMAL
..................................................................
TEMPERATURE (F)
 YESTERDAY
  MAXIMUM         76    415 PM  92    1950  72      4       81
  MINIMUM         47    646 AM  34    1978  51     -4       46
  AVERAGE         62                        62      0

PRECIPITATION (IN)
  YESTERDAY        0.00          0.87 1992   0.04  -0.04     0.00
  MONTH TO DATE    0.17                      0.88  -0.71     0.10
  SINCE DEC 1      1.02                      2.07  -1.05     3.13
  SINCE JAN 1      0.17                      0.88  -0.71     0.10

SNOWFALL (IN)
  YESTERDAY        0.0
  MONTH TO DATE    0.0
  SINCE DEC 1      0.0
  SINCE JUL 1      0.0

DEGREE DAYS
 HEATING
  YESTERDAY        3                         5     -2        1
  MONTH TO DATE  301                       166    135      184
  SINCE DEC 1    406                       343     63      423
  SINCE JUL 1    535                       403    132      549

 COOLING
  YESTERDAY        0                         2     -2        0
  MONTH TO DATE    5                        52    -47       12
  SINCE DEC 1     88                       135    -47       58
  SINCE JAN 1      5                        52    -47       12
..................................................................


WIND (MPH)
  HIGHEST WIND SPEED     9   HIGHEST WIND DIRECTION    SE (140)
  HIGHEST GUST SPEED    12   HIGHEST GUST DIRECTION    SE (130)
  AVERAGE WIND SPEED     3.5



WEATHER CONDITIONS
 THE FOLLOWING WEATHER WAS RECORDED YESTERDAY.
  NO SIGNIFICANT WEATHER WAS OBSERVED.


RELATIVE HUMIDITY (PERCENT)
 HIGHEST    86
 LOWEST     21
 AVERAGE    54

..........................................................


THE MCALLEN CLIMATE NORMALS FOR TODAY
                         NORMAL    RECORD    YEAR
 MAXIMUM TEMPERATURE (F)   72        91      1947
 MINIMUM TEMPERATURE (F)   51        30      1966


SUNRISE AND SUNSET
JANUARY 27 2015.......SUNRISE   719 AM CST   SUNSET   612 PM CST
JANUARY 28 2015.......SUNRISE   719 AM CST   SUNSET   613 PM CST


-  INDICATES NEGATIVE NUMBERS.
R  INDICATES RECORD WAS SET OR TIED.
MM INDICATES DATA IS MISSING.
T  INDICATES TRACE AMOUNT.




$$
