000
CDUS44 KBRO 190625
CLIMFE


CLIMATE REPORT
NATIONAL WEATHER SERVICE BROWNSVILLE TX
125 AM CDT THU OCT 19 2017


...................................

...THE MCALLEN CLIMATE SUMMARY FOR OCTOBER 18 2017...

CLIMATE NORMAL PERIOD 1981 TO 2010
CLIMATE RECORD PERIOD 1961 TO 2017


WEATHER ITEM   OBSERVED TIME   RECORD YEAR NORMAL DEPARTURE LAST
                VALUE   (LST)  VALUE       VALUE  FROM      YEAR
                                                  NORMAL
..................................................................
TEMPERATURE (F)
 YESTERDAY
  MAXIMUM         86    445 PM 104    2012  87     -1      100
  MINIMUM         60    639 AM  54    2001  66     -6       75
                                      1999
                                      1974
  AVERAGE         73                        77     -4

PRECIPITATION (IN)
  YESTERDAY        0.00          2.04 1965   0.07  -0.07     0.00
  MONTH TO DATE    6.00                      1.31   4.69     0.05
  SINCE SEP 1      8.44                      5.78   2.66     1.74
  SINCE JAN 1     15.23                     19.35  -4.12    11.04

SNOWFALL (IN)
  YESTERDAY        0.0
  MONTH TO DATE    0.0
  SINCE SEP 1      0.0
  SINCE JUL 1      0.0

DEGREE DAYS
 HEATING
  YESTERDAY        0                         0      0        0
  MONTH TO DATE    0                         0      0        0
  SINCE SEP 1      0                         0      0        0
  SINCE JUL 1      0                         0      0        0

 COOLING
  YESTERDAY        8                        12     -4       23
  MONTH TO DATE  280                       245     35      357
  SINCE SEP 1    930                       793    137     1078
  SINCE JAN 1   5196                      4044   1152     4980
..................................................................


WIND (MPH)
  HIGHEST WIND SPEED    15   HIGHEST WIND DIRECTION     E (80)
  HIGHEST GUST SPEED    18   HIGHEST GUST DIRECTION     E (100)
  AVERAGE WIND SPEED     3.7



WEATHER CONDITIONS
 THE FOLLOWING WEATHER WAS RECORDED YESTERDAY.
  FOG
  HAZE


RELATIVE HUMIDITY (PERCENT)
 HIGHEST    97
 LOWEST     40
 AVERAGE    69

..........................................................


THE MCALLEN CLIMATE NORMALS FOR TODAY
                         NORMAL    RECORD    YEAR
 MAXIMUM TEMPERATURE (F)   87       100      2016
 MINIMUM TEMPERATURE (F)   66        51      1989


SUNRISE AND SUNSET
OCTOBER 19 2017.......SUNRISE   734 AM CDT   SUNSET   701 PM CDT
OCTOBER 20 2017.......SUNRISE   735 AM CDT   SUNSET   700 PM CDT


-  INDICATES NEGATIVE NUMBERS.
R  INDICATES RECORD WAS SET OR TIED.
MM INDICATES DATA IS MISSING.
T  INDICATES TRACE AMOUNT.




$$
