942
CDUS46 KMFR 180835
CLIMFR


CLIMATE REPORT
NATIONAL WEATHER SERVICE MEDFORD, OR
1235 AM PST MON DEC 18 2017


...................................

...THE MEDFORD OR CLIMATE SUMMARY FOR DECEMBER 17 2017...

CLIMATE NORMAL PERIOD 1981 TO 2010
CLIMATE RECORD PERIOD 1911 TO 2017


WEATHER ITEM   OBSERVED TIME   RECORD YEAR NORMAL DEPARTURE LAST
                VALUE   (LST)  VALUE       VALUE  FROM      YEAR
                                                  NORMAL
..................................................................
TEMPERATURE (F)
 YESTERDAY
  MAXIMUM         44    332 PM  64    1923  46     -2       38
  MINIMUM         23    722 AM  13    1965  32     -9       22
  AVERAGE         34                        39     -5       30

PRECIPITATION (IN)
  YESTERDAY        0.00          0.86 1941   0.11  -0.11     0.00
  MONTH TO DATE    0.20                      1.97  -1.77     3.44
  SINCE OCT 1      3.96                      6.12  -2.16    10.57
  SINCE JAN 1     17.48                     16.83   0.65    20.59

SNOWFALL (IN)
  YESTERDAY        0.0                       0.0    0.0      0.0
  MONTH TO DATE    0.0                       0.6   -0.6      0.4
  SINCE JUL 1      0.0                       0.8   -0.8      0.4
  SNOW DEPTH       0

DEGREE DAYS
 HEATING
  YESTERDAY       31                        26      5       35
  MONTH TO DATE  483                       430     53      438
  SINCE DEC 1    483                       430     53      438
  SINCE JUL 1   1418                      1399     19     1211

 COOLING
  YESTERDAY        0                         0      0        0
  MONTH TO DATE    0                         0      0        0
  SINCE DEC 1      0                         0      0        0
  SINCE JAN 1   1281                       829    452     1058
..................................................................


WIND (MPH)
  HIGHEST WIND SPEED     6   HIGHEST WIND DIRECTION    SE (140)
  HIGHEST GUST SPEED     6   HIGHEST GUST DIRECTION     S (160)
  AVERAGE WIND SPEED     0.6


SKY COVER
  POSSIBLE SUNSHINE  MM
  AVERAGE SKY COVER 0.0


WEATHER CONDITIONS
 THE FOLLOWING WEATHER WAS RECORDED YESTERDAY.
  FOG


RELATIVE HUMIDITY (PERCENT)
 HIGHEST   100           300 AM
 LOWEST     62           300 PM
 AVERAGE    81

..........................................................


THE MEDFORD OR CLIMATE NORMALS FOR TODAY
                         NORMAL    RECORD    YEAR
 MAXIMUM TEMPERATURE (F)   45        64      1931
 MINIMUM TEMPERATURE (F)   32         9      1924


SUNRISE AND SUNSET
DECEMBER 18 2017......SUNRISE   736 AM PST   SUNSET   441 PM PST
DECEMBER 19 2017......SUNRISE   736 AM PST   SUNSET   441 PM PST


-  INDICATES NEGATIVE NUMBERS.
R  INDICATES RECORD WAS SET OR TIED.
MM INDICATES DATA IS MISSING.
T  INDICATES TRACE AMOUNT.




$$
