000
CDUS46 KMFR 231205
CLIMFR

CLIMATE REPORT
NATIONAL WEATHER SERVICE MEDFORD, OR
505 AM PDT THU OCT 23 2014


...................................

...THE MEDFORD OR CLIMATE SUMMARY FOR OCTOBER 22 2014...

CLIMATE NORMAL PERIOD 1981 TO 2010
CLIMATE RECORD PERIOD 1911 TO 2014


WEATHER ITEM   OBSERVED TIME   RECORD YEAR NORMAL DEPARTURE LAST
                VALUE   (LST)  VALUE       VALUE  FROM      YEAR
                                                  NORMAL
..................................................................
TEMPERATURE (F)
 YESTERDAY
  MAXIMUM         70    221 PM  81    2008  66      4       79
                                      1965
  MINIMUM         50    706 AM  28    1953  41      9       39
  AVERAGE         60                        54      6       59

PRECIPITATION (IN)
  YESTERDAY        0.02          1.20 1931   0.04  -0.02     0.00
  MONTH TO DATE    0.92                      0.64   0.28     0.19
  SINCE SEP 1      2.96                      1.21   1.75     2.95
  SINCE JAN 1     14.35                     11.35   3.00     7.50

SNOWFALL (IN)
  YESTERDAY        0.0                       0.0    0.0      0.0
  MONTH TO DATE    0.0                       0.0    0.0      0.0
  SINCE JUL 1      0.0                       0.0    0.0      0.0
  SNOW DEPTH       0

DEGREE DAYS
 HEATING
  YESTERDAY        5                        12     -7        6
  MONTH TO DATE   73                       169    -96      245
  SINCE SEP 1     85                       228   -143      329
  SINCE JUL 1     85                       238   -153      329

 COOLING
  YESTERDAY        0                         0      0        0
  MONTH TO DATE   21                         8     13        0
  SINCE SEP 1    224                       120    104      142
  SINCE JAN 1   1238                       827    411     1057
..................................................................


WIND (MPH)
  HIGHEST WIND SPEED    21   HIGHEST WIND DIRECTION     S (200)
  HIGHEST GUST SPEED    25   HIGHEST GUST DIRECTION     S (200)
  AVERAGE WIND SPEED     5.8


SKY COVER
  POSSIBLE SUNSHINE  MM
  AVERAGE SKY COVER 0.7


WEATHER CONDITIONS
 THE FOLLOWING WEATHER WAS RECORDED YESTERDAY.

  LIGHT RAIN


RELATIVE HUMIDITY (PERCENT)
 HIGHEST    89           200 AM
 LOWEST     45           400 PM
 AVERAGE    67

..........................................................


THE MEDFORD OR CLIMATE NORMALS FOR TODAY
                         NORMAL    RECORD    YEAR
 MAXIMUM TEMPERATURE (F)   66        82      1929
 MINIMUM TEMPERATURE (F)   40        25      1916


SUNRISE AND SUNSET
OCTOBER 23 2014.......SUNRISE   734 AM PDT   SUNSET   617 PM PDT
OCTOBER 24 2014.......SUNRISE   735 AM PDT   SUNSET   616 PM PDT


-  INDICATES NEGATIVE NUMBERS.
R  INDICATES RECORD WAS SET OR TIED.
MM INDICATES DATA IS MISSING.
T  INDICATES TRACE AMOUNT.

&&

LOW TEMPERATURE THIS MORNING......56
24-HOUR PRECIPITATION...........0.03

$$
