000
CDUS46 KMFR 270837
CLIMFR


CLIMATE REPORT
NATIONAL WEATHER SERVICE MEDFORD, OR
137 AM PDT WED JUL 27 2016


...................................

...THE MEDFORD OR CLIMATE SUMMARY FOR JULY 26 2016...

CLIMATE NORMAL PERIOD 1981 TO 2010
CLIMATE RECORD PERIOD 1911 TO 2016


WEATHER ITEM   OBSERVED TIME   RECORD YEAR NORMAL DEPARTURE LAST
                VALUE   (LST)  VALUE       VALUE  FROM      YEAR
                                                  NORMAL
..................................................................
TEMPERATURE (F)
 YESTERDAY
  MAXIMUM         98    453 PM 108    1939  93      5       83
  MINIMUM         61    522 AM  41    1919  59      2       61
  AVERAGE         80                        76      4       72

PRECIPITATION (IN)
  YESTERDAY        0.00          0.95 1947   0.01  -0.01     0.00
  MONTH TO DATE    0.45                      0.24   0.21     0.29
  SINCE OCT 1     19.77                     17.34   2.43    14.28
  SINCE JAN 1     10.01                      9.70   0.31     7.43

SNOWFALL (IN)
  YESTERDAY        0.0                       0.0    0.0      0.0
  MONTH TO DATE    0.0                       0.0    0.0      0.0
  SINCE JUL 1      0.0                       0.0    0.0      0.0
  SNOW DEPTH       0

DEGREE DAYS
 HEATING
  YESTERDAY        0                         0      0        0
  MONTH TO DATE    2                         1      1        0
  SINCE JUN 1     42                        55    -13       10
  SINCE JUL 1      2                         1      1        0

 COOLING
  YESTERDAY       15                        11      4        7
  MONTH TO DATE  208                       233    -25      347
  SINCE JUN 1    409                       341     68      658
  SINCE JAN 1    470                       379     91      703
..................................................................


WIND (MPH)
  HIGHEST WIND SPEED    16   HIGHEST WIND DIRECTION     N (340)
  HIGHEST GUST SPEED    19   HIGHEST GUST DIRECTION     N (350)
  AVERAGE WIND SPEED     4.4


SKY COVER
  POSSIBLE SUNSHINE  MM
  AVERAGE SKY COVER 0.0


WEATHER CONDITIONS
 THE FOLLOWING WEATHER WAS RECORDED YESTERDAY.
  NO SIGNIFICANT WEATHER WAS OBSERVED.


RELATIVE HUMIDITY (PERCENT)
 HIGHEST    72           500 AM
 LOWEST     22           500 PM
 AVERAGE    47

..........................................................


THE MEDFORD OR CLIMATE NORMALS FOR TODAY
                         NORMAL    RECORD    YEAR
 MAXIMUM TEMPERATURE (F)   93       106      1998
                                             1939
 MINIMUM TEMPERATURE (F)   59        40      1917


SUNRISE AND SUNSET
JULY 27 2016..........SUNRISE   600 AM PDT   SUNSET   836 PM PDT
JULY 28 2016..........SUNRISE   601 AM PDT   SUNSET   835 PM PDT


-  INDICATES NEGATIVE NUMBERS.
R  INDICATES RECORD WAS SET OR TIED.
MM INDICATES DATA IS MISSING.
T  INDICATES TRACE AMOUNT.




$$
