000
CDUS46 KMFR 110835
CLIMFR


CLIMATE REPORT
NATIONAL WEATHER SERVICE MEDFORD, OR
1235 AM PST SUN DEC 11 2016


...................................

...THE MEDFORD OR CLIMATE SUMMARY FOR DECEMBER 10 2016...

CLIMATE NORMAL PERIOD 1981 TO 2010
CLIMATE RECORD PERIOD 1911 TO 2016


WEATHER ITEM   OBSERVED TIME   RECORD YEAR NORMAL DEPARTURE LAST
                VALUE   (LST)  VALUE       VALUE  FROM      YEAR
                                                  NORMAL
..................................................................
TEMPERATURE (F)
 YESTERDAY
  MAXIMUM         50    100 PM  69    1993  46      4       54
  MINIMUM         34   1159 PM  -6    1972  33      1       39
  AVERAGE         42                        40      2       47

PRECIPITATION (IN)
  YESTERDAY        0.31          2.12 1939   0.11   0.20     0.84
  MONTH TO DATE    1.04                      1.19  -0.15     2.33
  SINCE OCT 1      8.17                      5.34   2.83     4.36
  SINCE JAN 1     18.19                     16.05   2.14    12.08

SNOWFALL (IN)
  YESTERDAY        0.0                       0.1   -0.1      0.0
  MONTH TO DATE    0.4                       0.3    0.1      0.0
  SINCE JUL 1      0.4                       0.5   -0.1      0.0
  SNOW DEPTH       0

DEGREE DAYS
 HEATING
  YESTERDAY       23                        25     -2       18
  MONTH TO DATE  250                       248      2      164
  SINCE DEC 1    250                       248      2      164
  SINCE JUL 1   1023                      1217   -194      968

 COOLING
  YESTERDAY        0                         0      0        0
  MONTH TO DATE    0                         0      0        0
  SINCE DEC 1      0                         0      0        0
  SINCE JAN 1   1058                       829    229     1297
..................................................................


WIND (MPH)
  HIGHEST WIND SPEED    16   HIGHEST WIND DIRECTION    NW (310)
  HIGHEST GUST SPEED    22   HIGHEST GUST DIRECTION    NW (310)
  AVERAGE WIND SPEED     4.0


SKY COVER
  POSSIBLE SUNSHINE  MM
  AVERAGE SKY COVER 0.8


WEATHER CONDITIONS
 THE FOLLOWING WEATHER WAS RECORDED YESTERDAY.
  RAIN
  LIGHT RAIN
  FOG


RELATIVE HUMIDITY (PERCENT)
 HIGHEST   100          1200 AM
 LOWEST     66           300 PM
 AVERAGE    83

..........................................................


THE MEDFORD OR CLIMATE NORMALS FOR TODAY
                         NORMAL    RECORD    YEAR
 MAXIMUM TEMPERATURE (F)   46        67      1995
 MINIMUM TEMPERATURE (F)   33        -3      1972


SUNRISE AND SUNSET
DECEMBER 11 2016......SUNRISE   731 AM PST   SUNSET   439 PM PST
DECEMBER 12 2016......SUNRISE   732 AM PST   SUNSET   439 PM PST


-  INDICATES NEGATIVE NUMBERS.
R  INDICATES RECORD WAS SET OR TIED.
MM INDICATES DATA IS MISSING.
T  INDICATES TRACE AMOUNT.




$$
