000
CDUS46 KMFR 230038
CLIMFR


CLIMATE REPORT
NATIONAL WEATHER SERVICE MEDFORD, OR
538 PM PDT FRI MAY 22 2015


...................................

...THE MEDFORD OR CLIMATE SUMMARY FOR MAY 22 2015...
VALID TODAY AS OF 0500 PM LOCAL TIME.

CLIMATE NORMAL PERIOD 1981 TO 2010
CLIMATE RECORD PERIOD 1911 TO 2015


WEATHER ITEM   OBSERVED TIME   RECORD YEAR NORMAL DEPARTURE LAST
                VALUE   (LST)  VALUE       VALUE  FROM      YEAR
                                                  NORMAL
..................................................................
TEMPERATURE (F)
 TODAY
  MAXIMUM         70    343 PM 100    2001  75     -5       90
                                      1941
  MINIMUM         58   1052 AM  33    1964  47     11       49
                                      1920
  AVERAGE         64                        61      3       70

PRECIPITATION (IN)
  TODAY            0.01          0.71 1990   0.05  -0.04     0.00
  MONTH TO DATE    0.31                      0.95  -0.64     0.47
  SINCE OCT 1     13.66                     16.12  -2.46    11.80
  SINCE JAN 1      6.81                      8.48  -1.67    10.12

SNOWFALL (IN)
  TODAY            0.0                       0.0    0.0      0.0
  MONTH TO DATE    0.0                       0.0    0.0      0.0
  SINCE JUL 1      T                         4.1   -4.1      3.4
  SNOW DEPTH       0

DEGREE DAYS
 HEATING
  TODAY            1                         5     -4        0
  MONTH TO DATE   97                       157    -60       96
  SINCE MAR 1    786                      1042   -256      776
  SINCE JUL 1   3226                      4156   -930     4146

 COOLING
  TODAY            0                         1     -1        5
  MONTH TO DATE    3                        21    -18       32
  SINCE MAR 1      3                        24    -21       36
  SINCE JAN 1      3                        24    -21       36
..................................................................


WIND (MPH)
  HIGHEST WIND SPEED    17   HIGHEST WIND DIRECTION    NE (50)
  HIGHEST GUST SPEED    21   HIGHEST GUST DIRECTION    NE (40)
  AVERAGE WIND SPEED     5.1


SKY COVER
  POSSIBLE SUNSHINE  MM
  AVERAGE SKY COVER 0.9


WEATHER CONDITIONS
 THE FOLLOWING WEATHER WAS RECORDED TODAY.
  LIGHT RAIN
  FOG


RELATIVE HUMIDITY (PERCENT)
 HIGHEST    93           200 AM
 LOWEST     55           200 PM
 AVERAGE    74

..........................................................


THE MEDFORD OR CLIMATE NORMALS FOR TOMORROW
                         NORMAL    RECORD    YEAR
 MAXIMUM TEMPERATURE (F)   75        95      2001
 MINIMUM TEMPERATURE (F)   48        35      1980
                                             1944


SUNRISE AND SUNSET
MAY 22 2015...........SUNRISE   544 AM PDT   SUNSET   833 PM PDT
MAY 23 2015...........SUNRISE   543 AM PDT   SUNSET   834 PM PDT


-  INDICATES NEGATIVE NUMBERS.
R  INDICATES RECORD WAS SET OR TIED.
MM INDICATES DATA IS MISSING.
T  INDICATES TRACE AMOUNT.




$$
