000
CDUS44 KBMX 242129
CLIMGM


CLIMATE REPORT
NATIONAL WEATHER SERVICE BIRMINGHAM, AL
429 PM CDT THU APR 24 2014


...................................

...THE MONTGOMERY CLIMATE SUMMARY FOR APRIL 24 2014...
VALID AS OF 0400 PM LOCAL TIME.

CLIMATE NORMAL PERIOD 1981 TO 2010
CLIMATE RECORD PERIOD 1872 TO 2014


WEATHER ITEM   OBSERVED TIME   RECORD YEAR NORMAL DEPARTURE LAST
                VALUE   (LST)  VALUE       VALUE  FROM      YEAR
                                                  NORMAL
..................................................................
TEMPERATURE (F)
 TODAY
  MAXIMUM         87    155 PM  91    1925  79      8       76
  MINIMUM         56    343 AM  36    1986  54      2       55
  AVERAGE         72                        66      6       66

PRECIPITATION (IN)
  TODAY            0.00          3.92 1908   0.11  -0.11     0.06
  MONTH TO DATE    7.94                      3.36   4.58     3.94
  SINCE MAR 1     13.46                      9.31   4.15     7.31
  SINCE JAN 1     21.13                     19.24   1.89    24.08

SNOWFALL (IN)
  TODAY            0.0                       0.0    0.0      0.0
  MONTH TO DATE    0.0                       0.0    0.0      0.0
  SINCE MAR 1      0.0                       0.3   -0.3      0.0
  SINCE JUL 1      0.5                       0.4    0.1      0.0
  SNOW DEPTH       0

DEGREE DAYS

 COOLING
  TODAY            7                         3      4        1
  MONTH TO DATE   48                        50     -2       74
  SINCE MAR 1     51                        73    -22       85
  SINCE JAN 1     58                        79    -21      107
..................................................................


WIND (MPH)
  HIGHEST WIND SPEED    12   HIGHEST WIND DIRECTION     S (190)
  HIGHEST GUST SPEED    16   HIGHEST GUST DIRECTION     S (160)
  AVERAGE WIND SPEED     4.0


SKY COVER
  AVERAGE SKY COVER 0.5


WEATHER CONDITIONS
 THE FOLLOWING WEATHER WAS RECORDED TODAY.
  NO SIGNIFICANT WEATHER WAS OBSERVED.


RELATIVE HUMIDITY (PERCENT)
 HIGHEST    80           300 AM
 LOWEST     36          1100 AM
 AVERAGE    58

..........................................................


THE MONTGOMERY CLIMATE NORMALS FOR TOMORROW
                         NORMAL    RECORD    YEAR
 MAXIMUM TEMPERATURE (F)   79        89      2009
                                             1960
 MINIMUM TEMPERATURE (F)   54        34      1910


SUNRISE AND SUNSET
APRIL 24 2014.........SUNRISE   606 AM CDT   SUNSET   722 PM CDT
APRIL 25 2014.........SUNRISE   605 AM CDT   SUNSET   722 PM CDT


-  INDICATES NEGATIVE NUMBERS.
R  INDICATES RECORD WAS SET OR TIED.
MM INDICATES DATA IS MISSING.
T  INDICATES TRACE AMOUNT.




$$
