000
CDUS44 KBMX 200753
CLIMGM


CLIMATE REPORT
NATIONAL WEATHER SERVICE BIRMINGHAM, AL
149 AM CST SAT DEC 20 2014


...................................

...THE MONTGOMERY CLIMATE SUMMARY FOR DECEMBER 19 2014...

CLIMATE NORMAL PERIOD 1981 TO 2010
CLIMATE RECORD PERIOD 1872 TO 2014


WEATHER ITEM   OBSERVED TIME   RECORD YEAR NORMAL DEPARTURE LAST
                VALUE   (LST)  VALUE       VALUE  FROM      YEAR
                                                  NORMAL
..................................................................
TEMPERATURE (F)
 YESTERDAY
  MAXIMUM         53    340 PM  79    2008  59     -6       69
                                      1967
  MINIMUM         36    605 AM  16    1884  37     -1       31
  AVERAGE         45                        48     -3       50

PRECIPITATION (IN)
  YESTERDAY        0.14          1.70 1892   0.16  -0.02     0.00
  MONTH TO DATE    0.29                      3.06  -2.77     1.97
  SINCE DEC 1      0.29                      3.06  -2.77     1.97
  SINCE JAN 1     44.00                     51.27  -7.27    49.23

SNOWFALL (IN)
  YESTERDAY        0.0                       0.0    0.0      0.0
  MONTH TO DATE    0.0                       0.0    0.0      0.0
  SINCE DEC 1      0.0                       0.0    0.0      0.0
  SINCE JUL 1      0.0                       0.0    0.0      0.0
  SNOW DEPTH       0

DEGREE DAYS
 HEATING
  YESTERDAY       20                        17      3       15
  MONTH TO DATE  233                       298    -65      235
  SINCE DEC 1    233                       298    -65      235
  SINCE JUL 1    696                       669     27      603
..................................................................


WIND (MPH)
  HIGHEST WIND SPEED     8   HIGHEST WIND DIRECTION     N (20)
  HIGHEST GUST SPEED    10   HIGHEST GUST DIRECTION     N (20)
  AVERAGE WIND SPEED     2.9


SKY COVER
  AVERAGE SKY COVER 0.4


WEATHER CONDITIONS
 THE FOLLOWING WEATHER WAS RECORDED YESTERDAY.
  LIGHT RAIN
  FOG


RELATIVE HUMIDITY (PERCENT)
 HIGHEST    92          1100 PM
 LOWEST     50           100 PM
 AVERAGE    71

..........................................................


THE MONTGOMERY CLIMATE NORMALS FOR TODAY
                         NORMAL    RECORD    YEAR
 MAXIMUM TEMPERATURE (F)   58        77      1978
 MINIMUM TEMPERATURE (F)   37        14      1901


SUNRISE AND SUNSET
DECEMBER 20 2014......SUNRISE   642 AM CST   SUNSET   444 PM CST
DECEMBER 21 2014......SUNRISE   643 AM CST   SUNSET   445 PM CST


-  INDICATES NEGATIVE NUMBERS.
R  INDICATES RECORD WAS SET OR TIED.
MM INDICATES DATA IS MISSING.
T  INDICATES TRACE AMOUNT.




$$
