000
CDUS44 KBMX 020653
CLIMGM


CLIMATE REPORT
NATIONAL WEATHER SERVICE BIRMINGHAM, AL
152 AM CDT WED SEP 2 2015


...................................

...THE MONTGOMERY CLIMATE SUMMARY FOR SEPTEMBER 1 2015...

CLIMATE NORMAL PERIOD 1981 TO 2010
CLIMATE RECORD PERIOD 1994 TO 2015


WEATHER ITEM   OBSERVED TIME   RECORD YEAR NORMAL DEPARTURE LAST
                VALUE   (LST)  VALUE       VALUE  FROM      YEAR
                                                  NORMAL
..................................................................
TEMPERATURE (F)
 YESTERDAY
  MAXIMUM         96    230 PM  99    2011  91      5       95
  MINIMUM         71    433 AM  60    1919  69      2       73
  AVERAGE         84                        80      4       84

PRECIPITATION (IN)
  YESTERDAY        0.00          5.94 2000   0.13  -0.13     0.00
  MONTH TO DATE    0.00                      0.13  -0.13     0.00
  SINCE SEP 1      0.00                      0.13  -0.13     0.00
  SINCE JAN 1     31.10                     36.84  -5.74    39.75

DEGREE DAYS
 COOLING
  YESTERDAY       19                        15      4       19
  MONTH TO DATE   19                        15      4       19
  SINCE SEP 1     19                        15      4       19
  SINCE JAN 1   2240                      1804    436     1918
..................................................................


WIND (MPH)
  HIGHEST WIND SPEED     9   HIGHEST WIND DIRECTION     E (70)
  HIGHEST GUST SPEED    12   HIGHEST GUST DIRECTION    NW (320)
  AVERAGE WIND SPEED     2.9


SKY COVER
  AVERAGE SKY COVER 0.2


WEATHER CONDITIONS
 THE FOLLOWING WEATHER WAS RECORDED YESTERDAY.
  NO SIGNIFICANT WEATHER WAS OBSERVED.


RELATIVE HUMIDITY (PERCENT)
 HIGHEST    93           400 AM
 LOWEST     36           100 PM
 AVERAGE    65

..........................................................


THE MONTGOMERY CLIMATE NORMALS FOR TODAY
                         NORMAL    RECORD    YEAR
 MAXIMUM TEMPERATURE (F)   91        98      1907
 MINIMUM TEMPERATURE (F)   69        57      1887


SUNRISE AND SUNSET
SEPTEMBER  2 2015.....SUNRISE   621 AM CDT   SUNSET   709 PM CDT
SEPTEMBER  3 2015.....SUNRISE   622 AM CDT   SUNSET   708 PM CDT


-  INDICATES NEGATIVE NUMBERS.
R  INDICATES RECORD WAS SET OR TIED.
MM INDICATES DATA IS MISSING.
T  INDICATES TRACE AMOUNT.




$$
