000
CDUS44 KBMX 022219
CLIMGM


CLIMATE REPORT
NATIONAL WEATHER SERVICE BIRMINGHAM, AL
418 PM CST MON MAR 2 2015


...................................

...THE MONTGOMERY CLIMATE SUMMARY FOR MARCH 2 2015...
VALID AS OF 0400 PM LOCAL TIME.

CLIMATE NORMAL PERIOD 1981 TO 2010
CLIMATE RECORD PERIOD 1994 TO 2015


WEATHER ITEM   OBSERVED TIME   RECORD YEAR NORMAL DEPARTURE LAST
                VALUE   (LST)  VALUE       VALUE  FROM      YEAR
                                                  NORMAL
..................................................................
TEMPERATURE (F)
 TODAY
  MAXIMUM         61    207 PM  83    2012  66     -5       79
                                      1918
  MINIMUM         51    642 AM  21    1890  43      8       47
  AVERAGE         56                        54      2       63

PRECIPITATION (IN)
  TODAY            0.01          2.12 1948   0.19  -0.18     0.00
  MONTH TO DATE    0.09                      0.38  -0.29     0.00
  SINCE MAR 1      0.09                      0.38  -0.29     0.00
  SINCE JAN 1      7.75                     10.31  -2.56     7.67

SNOWFALL (IN)
  TODAY            0.0                       0.0    0.0      0.0
  MONTH TO DATE    0.0                       0.0    0.0      0.0
  SINCE MAR 1      0.0                       0.0    0.0      0.0
  SINCE JUL 1      0.0                       0.1   -0.1      0.5
  SNOW DEPTH       0

DEGREE DAYS

 COOLING
  TODAY            0                         0      0        0
  MONTH TO DATE    0                         0      0        0
  SINCE MAR 1      0                         0      0        0
  SINCE JAN 1      0                         6     -6        7
..................................................................


WIND (MPH)
  HIGHEST WIND SPEED    10   HIGHEST WIND DIRECTION    SE (140)
  HIGHEST GUST SPEED    10   HIGHEST GUST DIRECTION    SE (140)
  AVERAGE WIND SPEED     3.1


SKY COVER
  AVERAGE SKY COVER 1.0


WEATHER CONDITIONS
 THE FOLLOWING WEATHER WAS RECORDED TODAY.
  RAIN
  LIGHT RAIN
  FOG
  FOG W/VISIBILITY <= 1/4 MILE
  HAZE


RELATIVE HUMIDITY (PERCENT)
 HIGHEST   100           800 AM
 LOWEST     84           200 PM
 AVERAGE    92

..........................................................


THE MONTGOMERY CLIMATE NORMALS FOR TOMORROW
                         NORMAL    RECORD    YEAR
 MAXIMUM TEMPERATURE (F)   66        84      1951
                                             1899
 MINIMUM TEMPERATURE (F)   43        19      1980


SUNRISE AND SUNSET
MARCH  2 2015.........SUNRISE   612 AM CST   SUNSET   544 PM CST
MARCH  3 2015.........SUNRISE   611 AM CST   SUNSET   545 PM CST


-  INDICATES NEGATIVE NUMBERS.
R  INDICATES RECORD WAS SET OR TIED.
MM INDICATES DATA IS MISSING.
T  INDICATES TRACE AMOUNT.




$$
