000
CDUS44 KBMX 190741
CLIMGM


CLIMATE REPORT
NATIONAL WEATHER SERVICE BIRMINGHAM, AL
241 AM CDT THU OCT 19 2017


...................................

...THE MONTGOMERY CLIMATE SUMMARY FOR OCTOBER 18 2017...

CLIMATE NORMAL PERIOD 1981 TO 2010
CLIMATE RECORD PERIOD 1872 TO 2017


WEATHER ITEM   OBSERVED TIME   RECORD YEAR NORMAL DEPARTURE LAST
                VALUE   (LST)  VALUE       VALUE  FROM      YEAR
                                                  NORMAL
..................................................................
TEMPERATURE (F)
 YESTERDAY
  MAXIMUM         77    315 PM  92    2016  78     -1       92
  MINIMUM         48    547 AM  35    2001  53     -5       63
                                      1948
  AVERAGE         63                        65     -2       78

PRECIPITATION (IN)
  YESTERDAY        0.00          2.32 1937   0.09  -0.09     0.00
  MONTH TO DATE    3.14                      1.69   1.45     0.12
  SINCE SEP 1      5.39                      5.66  -0.27     2.36
  SINCE JAN 1     63.99                     42.37  21.62    35.40

SNOWFALL (IN)
  YESTERDAY        0.0                       0.0    0.0      0.0
  MONTH TO DATE    0.0                       0.0    0.0      0.0
  SINCE SEP 1      0.0                       0.0    0.0      0.0
  SINCE JUL 1      0.0                       0.0    0.0      0.0
  SNOW DEPTH       0

DEGREE DAYS
 HEATING
  YESTERDAY        2                         3     -1        0
  MONTH TO DATE    3                        31    -28        0
  SINCE SEP 1      4                        35    -31        0
  SINCE JUL 1      4                        35    -31        0

 COOLING
  YESTERDAY        0                         3     -3       13
  MONTH TO DATE  204                        85    119      156
  SINCE SEP 1    598                       426    172      675
  SINCE JAN 1   2766                      2215    551     2904
..................................................................


WIND (MPH)
  HIGHEST WIND SPEED    16   HIGHEST WIND DIRECTION     E (70)
  HIGHEST GUST SPEED    21   HIGHEST GUST DIRECTION     E (70)
  AVERAGE WIND SPEED     5.6


SKY COVER
  AVERAGE SKY COVER 0.0


WEATHER CONDITIONS
 THE FOLLOWING WEATHER WAS RECORDED YESTERDAY.
  NO SIGNIFICANT WEATHER WAS OBSERVED.


RELATIVE HUMIDITY (PERCENT)
 HIGHEST    83          1100 PM
 LOWEST     26           300 PM
 AVERAGE    55

..........................................................


THE MONTGOMERY CLIMATE NORMALS FOR TODAY
                         NORMAL    RECORD    YEAR
 MAXIMUM TEMPERATURE (F)   77        91      2016
 MINIMUM TEMPERATURE (F)   52        34      1948


SUNRISE AND SUNSET
OCTOBER 19 2017.......SUNRISE   652 AM CDT   SUNSET   608 PM CDT
OCTOBER 20 2017.......SUNRISE   653 AM CDT   SUNSET   607 PM CDT


-  INDICATES NEGATIVE NUMBERS.
R  INDICATES RECORD WAS SET OR TIED.
MM INDICATES DATA IS MISSING.
T  INDICATES TRACE AMOUNT.




$$
