000
CDUS44 KBMX 210935
CLIMGM


CLIMATE REPORT
NATIONAL WEATHER SERVICE BIRMINGHAM, AL
435 AM CDT TUE OCT 21 2014


...................................

...THE MONTGOMERY CLIMATE SUMMARY FOR OCTOBER 20 2014...

CLIMATE NORMAL PERIOD 1981 TO 2010
CLIMATE RECORD PERIOD 1872 TO 2014


WEATHER ITEM   OBSERVED TIME   RECORD YEAR NORMAL DEPARTURE LAST
                VALUE   (LST)  VALUE       VALUE  FROM      YEAR
                                                  NORMAL
..................................................................
TEMPERATURE (F)
 YESTERDAY
  MAXIMUM         78    246 PM  88    1993  77      1       74
                                      1985
                                      1910
  MINIMUM         47    552 AM  32    1989  52     -5       48
  AVERAGE         63                        64     -1       61

PRECIPITATION (IN)
  YESTERDAY        0.00          0.94 1956   0.09  -0.09     0.00
  MONTH TO DATE    2.12                      1.86   0.26     0.43
  SINCE SEP 1      2.74                      5.83  -3.09     1.91
  SINCE JAN 1     42.49                     42.54  -0.05    44.92

SNOWFALL (IN)
  YESTERDAY        0.0                       0.0    0.0      0.0
  MONTH TO DATE    0.0                       0.0    0.0      0.0
  SINCE SEP 1      0.0                       0.0    0.0      0.0
  SINCE JUL 1      0.0                       0.0    0.0      0.0
  SNOW DEPTH       0

DEGREE DAYS
 HEATING
  YESTERDAY        2                         3     -1        4
  MONTH TO DATE   17                        37    -20        8
  SINCE SEP 1     17                        41    -24        8
  SINCE JUL 1     17                        41    -24        8

 COOLING
  YESTERDAY        0                         3     -3        0
  MONTH TO DATE  129                        91     38      138
  SINCE SEP 1    574                       432    142      540
  SINCE JAN 1   2473                      2221    252     2362
..................................................................


WIND (MPH)
  HIGHEST WIND SPEED     9   HIGHEST WIND DIRECTION     W (270)
  HIGHEST GUST SPEED    22   HIGHEST GUST DIRECTION    NW (330)
  AVERAGE WIND SPEED     1.8


SKY COVER
  AVERAGE SKY COVER 0.0


WEATHER CONDITIONS
 THE FOLLOWING WEATHER WAS RECORDED YESTERDAY.
  FOG


RELATIVE HUMIDITY (PERCENT)
 HIGHEST    93           200 AM
 LOWEST     36          1200 PM
 AVERAGE    65

..........................................................


THE MONTGOMERY CLIMATE NORMALS FOR TODAY
                         NORMAL    RECORD    YEAR
 MAXIMUM TEMPERATURE (F)   77        88      1963
 MINIMUM TEMPERATURE (F)   52        30      1989


SUNRISE AND SUNSET
OCTOBER 21 2014.......SUNRISE   654 AM CDT   SUNSET   606 PM CDT
OCTOBER 22 2014.......SUNRISE   655 AM CDT   SUNSET   605 PM CDT


-  INDICATES NEGATIVE NUMBERS.
R  INDICATES RECORD WAS SET OR TIED.
MM INDICATES DATA IS MISSING.
T  INDICATES TRACE AMOUNT.




$$
