000
CDUS44 KBMX 070818
CLIMGM


CLIMATE REPORT
NATIONAL WEATHER SERVICE BIRMINGHAM, AL
218 AM CST SUN FEB 7 2016


...................................

...THE MONTGOMERY CLIMATE SUMMARY FOR FEBRUARY 6 2016...

CLIMATE NORMAL PERIOD 1981 TO 2010
CLIMATE RECORD PERIOD 1872 TO 2016


WEATHER ITEM   OBSERVED TIME   RECORD YEAR NORMAL DEPARTURE LAST
                VALUE   (LST)  VALUE       VALUE  FROM      YEAR
                                                  NORMAL
..................................................................
TEMPERATURE (F)
 YESTERDAY
  MAXIMUM         55    357 PM  82    1957  60     -5       57
  MINIMUM         27    628 AM  20    2000  37    -10       25
  AVERAGE         41                        49     -8       41

PRECIPITATION (IN)
  YESTERDAY        0.00          3.20 1958   0.18  -0.18     0.00
  MONTH TO DATE    1.45                      1.14   0.31     1.18
  SINCE DEC 1     20.83                     10.65  10.18     8.89
  SINCE JAN 1      6.70                      5.79   0.91     4.00

SNOWFALL (IN)
  YESTERDAY        0.0                       0.0    0.0      0.0
  MONTH TO DATE    0.0                       0.0    0.0      0.0
  SINCE DEC 1      T                         0.1   -0.1      0.0
  SINCE JUL 1      T                         0.1   -0.1      0.0
  SNOW DEPTH       0

DEGREE DAYS
 HEATING
  YESTERDAY       24                        17      7       24
  MONTH TO DATE   67                       102    -35      124
  SINCE DEC 1    855                      1193   -338     1069
  SINCE JUL 1   1042                      1564   -522     1532
..................................................................


WIND (MPH)
  HIGHEST WIND SPEED    10   HIGHEST WIND DIRECTION    NE (30)
  HIGHEST GUST SPEED    13   HIGHEST GUST DIRECTION    NE (30)
  AVERAGE WIND SPEED     3.5


SKY COVER
  AVERAGE SKY COVER 0.0


WEATHER CONDITIONS
 THE FOLLOWING WEATHER WAS RECORDED YESTERDAY.
  NO SIGNIFICANT WEATHER WAS OBSERVED.


RELATIVE HUMIDITY (PERCENT)
 HIGHEST    92           500 AM
 LOWEST     22           200 PM
 AVERAGE    57

..........................................................


THE MONTGOMERY CLIMATE NORMALS FOR TODAY
                         NORMAL    RECORD    YEAR
 MAXIMUM TEMPERATURE (F)   60        81      1957
 MINIMUM TEMPERATURE (F)   38        12      1895


SUNRISE AND SUNSET
FEBRUARY  7 2016......SUNRISE   636 AM CST   SUNSET   524 PM CST
FEBRUARY  8 2016......SUNRISE   635 AM CST   SUNSET   525 PM CST


-  INDICATES NEGATIVE NUMBERS.
R  INDICATES RECORD WAS SET OR TIED.
MM INDICATES DATA IS MISSING.
T  INDICATES TRACE AMOUNT.




$$
