000
CDUS44 KBMX 160835
CLIMGM


CLIMATE REPORT
NATIONAL WEATHER SERVICE BIRMINGHAM, AL
235 AM CST MON JAN 16 2017


...................................

...THE MONTGOMERY CLIMATE SUMMARY FOR JANUARY 15 2017...

CLIMATE NORMAL PERIOD 1981 TO 2010
CLIMATE RECORD PERIOD 1872 TO 2017


WEATHER ITEM   OBSERVED TIME   RECORD YEAR NORMAL DEPARTURE LAST
                VALUE   (LST)  VALUE       VALUE  FROM      YEAR
                                                  NORMAL
..................................................................
TEMPERATURE (F)
 YESTERDAY
  MAXIMUM         78R   131 PM  78    1950  57     21       54
  MINIMUM         47    441 AM  15    1964  35     12       44
                                      1948
  AVERAGE         63                        46     17       49

PRECIPITATION (IN)
  YESTERDAY        0.00          1.58 1890   0.14  -0.14     1.48
  MONTH TO DATE    7.64                      2.06   5.58     1.59
  SINCE DEC 1     11.75                      6.92   4.83    15.72
  SINCE JAN 1      7.64                      2.06   5.58     1.59

SNOWFALL (IN)
  YESTERDAY        0.0                       0.0    0.0     MM
  MONTH TO DATE    0.0                       0.0    0.0      0.0
  SINCE DEC 1      0.0                       0.1   -0.1      0.0
  SINCE JUL 1      0.0                       0.1   -0.1      0.0
  SNOW DEPTH       0

DEGREE DAYS
 HEATING
  YESTERDAY        2                        19    -17       16
  MONTH TO DATE  181                       285   -104      289
  SINCE DEC 1    530                       802   -272      508
  SINCE JUL 1    705                      1173   -468      695
..................................................................


WIND (MPH)
  HIGHEST WIND SPEED     8   HIGHEST WIND DIRECTION     S (170)
  HIGHEST GUST SPEED    11   HIGHEST GUST DIRECTION     S (170)
  AVERAGE WIND SPEED     2.2


SKY COVER
  AVERAGE SKY COVER 0.1


WEATHER CONDITIONS
 THE FOLLOWING WEATHER WAS RECORDED YESTERDAY.
  FOG
  HAZE


RELATIVE HUMIDITY (PERCENT)
 HIGHEST    86           500 AM
 LOWEST     33           300 PM
 AVERAGE    60

..........................................................


THE MONTGOMERY CLIMATE NORMALS FOR TODAY
                         NORMAL    RECORD    YEAR
 MAXIMUM TEMPERATURE (F)   57        79      1952
                                             1943
 MINIMUM TEMPERATURE (F)   36        13      1972


SUNRISE AND SUNSET
JANUARY 16 2017.......SUNRISE   647 AM CST   SUNSET   504 PM CST
JANUARY 17 2017.......SUNRISE   647 AM CST   SUNSET   505 PM CST


-  INDICATES NEGATIVE NUMBERS.
R  INDICATES RECORD WAS SET OR TIED.
MM INDICATES DATA IS MISSING.
T  INDICATES TRACE AMOUNT.




$$
