000
CDUS41 KPBZ 240801
CLIMGW


CLIMATE REPORT
NATIONAL WEATHER SERVICE PITTSBURGH PA
301 AM EST WED JAN 24 2018


...................................

...THE MORGANTOWN WV CLIMATE SUMMARY FOR JANUARY 23 2018...

CLIMATE NORMAL PERIOD 1981 TO 2010
CLIMATE RECORD PERIOD 1872 TO 2018


WEATHER ITEM   OBSERVED TIME   RECORD YEAR NORMAL DEPARTURE LAST
                VALUE   (LST)  VALUE       VALUE  FROM      YEAR
                                                  NORMAL
..................................................................
TEMPERATURE (F)
 YESTERDAY
  MAXIMUM         60    306 AM  73    1999  39     21       53
  MINIMUM         37   1159 PM -16    1936  24     13       35
  AVERAGE         49                        31     18       44

PRECIPITATION (IN)
  YESTERDAY        0.25          1.60 1876   0.09   0.16     0.71
  MONTH TO DATE    2.14                      2.08   0.06     3.62
  SINCE JUN 1     28.47                     26.72   1.75    33.03
  SINCE JAN 1      2.14                      2.08   0.06     3.62

DEGREE DAYS
 HEATING
  YESTERDAY       16                        34    -18       21
  MONTH TO DATE  859                       779     80      608
  SINCE DEC 1   1863                      1715    148     1484
  SINCE JUL 1   2758                      2763     -5     2170

 COOLING
  YESTERDAY        0                         0      0        0
  MONTH TO DATE    0                         0      0        0
  SINCE DEC 1      0                         0      0        0
  SINCE JAN 1      0                         0      0        0
..................................................................


WIND (MPH)
  HIGHEST WIND SPEED    21   HIGHEST WIND DIRECTION    SW (230)
  HIGHEST GUST SPEED    35   HIGHEST GUST DIRECTION    NW (300)
  AVERAGE WIND SPEED     9.0


SKY COVER
  POSSIBLE SUNSHINE  MM
  AVERAGE SKY COVER 0.8


WEATHER CONDITIONS
 THE FOLLOWING WEATHER WAS RECORDED YESTERDAY.
  LIGHT RAIN
  FOG


RELATIVE HUMIDITY (PERCENT)
 HIGHEST    93           500 AM
 LOWEST     45          1200 PM
 AVERAGE    69

..........................................................


THE MORGANTOWN WV CLIMATE NORMALS FOR TODAY
                         NORMAL    RECORD    YEAR
 MAXIMUM TEMPERATURE (F)   39        72      1967
 MINIMUM TEMPERATURE (F)   24       -15      1963


SUNRISE AND SUNSET
JANUARY 24 2018.......SUNRISE   734 AM EST   SUNSET   530 PM EST
JANUARY 25 2018.......SUNRISE   733 AM EST   SUNSET   531 PM EST


-  INDICATES NEGATIVE NUMBERS.
R  INDICATES RECORD WAS SET OR TIED.
MM INDICATES DATA IS MISSING.
T  INDICATES TRACE AMOUNT.




$$
