000
CDUS41 KPBZ 190802
CLIMGW


CLIMATE REPORT
NATIONAL WEATHER SERVICE PITTSBURGH PA
302 AM EST SUN NOV 19 2017


...................................

...THE MORGANTOWN WV CLIMATE SUMMARY FOR NOVEMBER 18 2017...

CLIMATE NORMAL PERIOD 1981 TO 2010
CLIMATE RECORD PERIOD 1872 TO 2017


WEATHER ITEM   OBSERVED TIME   RECORD YEAR NORMAL DEPARTURE LAST
                VALUE   (LST)  VALUE       VALUE  FROM      YEAR
                                                  NORMAL
..................................................................
TEMPERATURE (F)
 YESTERDAY
  MAXIMUM         66    711 PM  81    1921  53     13       76
  MINIMUM         31   1251 AM  12    1959  36     -5       40
  AVERAGE         49                        44      5       58

PRECIPITATION (IN)
  YESTERDAY        0.63          0.75 1984   0.12   0.51     0.00
                                      1892
  MONTH TO DATE    2.84                      2.06   0.78     0.71
  SINCE JUN 1     24.57                     20.33   4.24    24.30
  SINCE JAN 1     47.66                     37.52  10.14    40.34

DEGREE DAYS
 HEATING
  YESTERDAY       16                        21     -5        7
  MONTH TO DATE  355                       325     30      238
  SINCE SEP 1    643                       756   -113      433
  SINCE JUL 1    645                       767   -122      433

 COOLING
  YESTERDAY        0                         0      0        0
  MONTH TO DATE    0                         0      0        5
  SINCE SEP 1    166                       104     62      272
  SINCE JAN 1    919                       813    106     1283
..................................................................


WIND (MPH)
  HIGHEST WIND SPEED    18   HIGHEST WIND DIRECTION    SW (210)
  HIGHEST GUST SPEED    31   HIGHEST GUST DIRECTION    SW (230)
  AVERAGE WIND SPEED     7.0


SKY COVER
  POSSIBLE SUNSHINE  MM
  AVERAGE SKY COVER 0.8


WEATHER CONDITIONS
 THE FOLLOWING WEATHER WAS RECORDED YESTERDAY.
  HEAVY RAIN
  RAIN
  LIGHT RAIN
  FOG


RELATIVE HUMIDITY (PERCENT)
 HIGHEST    86           900 AM
 LOWEST     26           500 AM
 AVERAGE    56

..........................................................


THE MORGANTOWN WV CLIMATE NORMALS FOR TODAY
                         NORMAL    RECORD    YEAR
 MAXIMUM TEMPERATURE (F)   52        79      1913
 MINIMUM TEMPERATURE (F)   35        14      1936


SUNRISE AND SUNSET
NOVEMBER 19 2017......SUNRISE   709 AM EST   SUNSET   501 PM EST
NOVEMBER 20 2017......SUNRISE   710 AM EST   SUNSET   500 PM EST


-  INDICATES NEGATIVE NUMBERS.
R  INDICATES RECORD WAS SET OR TIED.
MM INDICATES DATA IS MISSING.
T  INDICATES TRACE AMOUNT.




$$
