000
CDUS41 KPBZ 272140
CLIMGW


CLIMATE REPORT
NATIONAL WEATHER SERVICE PITTSBURGH PA
540 PM EDT WED AUG 27 2014


...................................

...THE MORGANTOWN WV CLIMATE SUMMARY FOR AUGUST 27 2014...
VALID TODAY AS OF 0500 PM LOCAL TIME.

CLIMATE NORMAL PERIOD 1981 TO 2010
CLIMATE RECORD PERIOD 1948 TO 2014


WEATHER ITEM   OBSERVED TIME   RECORD YEAR NORMAL DEPARTURE LAST
                VALUE   (LST)  VALUE       VALUE  FROM      YEAR
                                                  NORMAL
..................................................................
TEMPERATURE (F)
 TODAY
  MAXIMUM         87    359 PM  98    1948  82      5       77
  MINIMUM         63    623 AM  46    1969  61      2       70
  AVERAGE         75                        71      4       74

PRECIPITATION (IN)
  TODAY            0.00         MM      MM   0.10  -0.10     0.45
  MONTH TO DATE    4.20                      3.11   1.09     4.64
  SINCE JUN 1     14.16                     11.84   2.32    16.06
  SINCE JAN 1     29.65                     29.03   0.62    28.70

DEGREE DAYS
 HEATING
  TODAY            0                         0      0        0
  MONTH TO DATE    3                         0      3        8
  SINCE JUN 1      8                        34    -26       20
  SINCE JUL 1      6                         3      3        9

 COOLING
  TODAY           10                         6      4        9
  MONTH TO DATE  213                       202     11      149
  SINCE JUN 1    691                       619     72      597
  SINCE JAN 1    800                       686    114      743
..................................................................


WIND (MPH)
  RESULTANT WIND SPEED   2   RESULTANT WIND DIRECTION  SE (150)
  HIGHEST WIND SPEED     9   HIGHEST WIND DIRECTION     S (200)
  HIGHEST GUST SPEED    13   HIGHEST GUST DIRECTION     S (170)
  AVERAGE WIND SPEED     3.5


SKY COVER
  POSSIBLE SUNSHINE  MM
  AVERAGE SKY COVER 0.2


WEATHER CONDITIONS
 THE FOLLOWING WEATHER WAS RECORDED TODAY.
  FOG
  HAZE


RELATIVE HUMIDITY (PERCENT)
 HIGHEST    90           300 AM
 LOWEST     51           200 PM
 AVERAGE    71

..........................................................


THE MORGANTOWN WV CLIMATE NORMALS FOR TOMORROW
                         NORMAL    RECORD    YEAR
 MAXIMUM TEMPERATURE (F)   81        95      1953
 MINIMUM TEMPERATURE (F)   60        45      1986


SUNRISE AND SUNSET
AUGUST 27 2014........SUNRISE   643 AM EDT   SUNSET   758 PM EDT
AUGUST 28 2014........SUNRISE   644 AM EDT   SUNSET   757 PM EDT


-  INDICATES NEGATIVE NUMBERS.
R  INDICATES RECORD WAS SET OR TIED.
MM INDICATES DATA IS MISSING.
T  INDICATES TRACE AMOUNT.




$$
