000
CDUS41 KPBZ 201229
CLIMGW


CLIMATE REPORT
NATIONAL WEATHER SERVICE PITTSBURGH PA
829 AM EDT WED SEP 20 2017


...................................

...THE MORGANTOWN WV CLIMATE SUMMARY FOR SEPTEMBER 20 2017...
VALID AS OF 0800 AM LOCAL TIME.

CLIMATE NORMAL PERIOD 1981 TO 2010
CLIMATE RECORD PERIOD 1872 TO 2017


WEATHER ITEM   OBSERVED TIME   RECORD YEAR NORMAL DEPARTURE LAST
                VALUE   (LST)  VALUE       VALUE  FROM      YEAR
                                                  NORMAL
..................................................................
TEMPERATURE (F)
 TODAY
  MAXIMUM         64    659 AM  93    1925
  MINIMUM         60    611 AM  36    1956  53      7       61

PRECIPITATION (IN)
  TODAY            0.00          2.42 1961   0.11  -0.11     0.00
  MONTH TO DATE    1.80                      2.12  -0.32     0.75
  SINCE JUN 1     17.32                     14.40   2.92    16.15
  SINCE JAN 1     40.41                     31.59   8.82    32.19

DEGREE DAYS
 HEATING
  TODAY            3

 COOLING
  TODAY            0
..................................................................





WEATHER CONDITIONS
 THE FOLLOWING WEATHER WAS RECORDED TODAY.
  FOG


RELATIVE HUMIDITY (PERCENT)
 HIGHEST    93          1200 AM

..........................................................


THE MORGANTOWN WV CLIMATE NORMALS FOR TOMORROW
                         NORMAL    RECORD    YEAR
 MAXIMUM TEMPERATURE (F)   74        91      1895
 MINIMUM TEMPERATURE (F)   53        31      1956


SUNRISE AND SUNSET
SEPTEMBER 20 2017.....SUNRISE   706 AM EDT   SUNSET   720 PM EDT
SEPTEMBER 21 2017.....SUNRISE   707 AM EDT   SUNSET   718 PM EDT


-  INDICATES NEGATIVE NUMBERS.
R  INDICATES RECORD WAS SET OR TIED.
MM INDICATES DATA IS MISSING.
T  INDICATES TRACE AMOUNT.




$$
