487
CDUS41 KPBZ 230703
CLIMGW


CLIMATE REPORT
NATIONAL WEATHER SERVICE PITTSBURGH PA
302 AM EDT SUN APR 23 2017


...................................

...THE MORGANTOWN WV CLIMATE SUMMARY FOR APRIL 22 2017...

CLIMATE NORMAL PERIOD 1981 TO 2010
CLIMATE RECORD PERIOD 1948 TO 2017


WEATHER ITEM   OBSERVED TIME   RECORD YEAR NORMAL DEPARTURE LAST
                VALUE   (LST)  VALUE       VALUE  FROM      YEAR
                                                  NORMAL
..................................................................
TEMPERATURE (F)
 YESTERDAY
  MAXIMUM         55   1233 AM  88    1952  66    -11       71
  MINIMUM         43   1159 PM  22    2002  44     -1       57
  AVERAGE         49                        55     -6       64

PRECIPITATION (IN)
  YESTERDAY        0.06         MM      MM   0.12  -0.06     0.19
  MONTH TO DATE    4.50                      2.57   1.93     1.51
  SINCE JUN 1     46.09                     36.27   9.82    32.27
  SINCE JAN 1     16.68                     11.63   5.05     8.73

DEGREE DAYS
 HEATING
  YESTERDAY       16                        11      5        1
  MONTH TO DATE  166                       305   -139      286
  SINCE MAR 1    824                      1017   -193      734
  SINCE JUL 1   3837                      4906  -1069     3828

 COOLING
  YESTERDAY        0                         1     -1        0
  MONTH TO DATE   18                         4     14        4
  SINCE MAR 1     20                         6     14        5
  SINCE JAN 1     23                         6     17        5
..................................................................


WIND (MPH)
  HIGHEST WIND SPEED    16   HIGHEST WIND DIRECTION     N (360)
  HIGHEST GUST SPEED    22   HIGHEST GUST DIRECTION     N (350)
  AVERAGE WIND SPEED     6.0


SKY COVER
  POSSIBLE SUNSHINE  MM
  AVERAGE SKY COVER 0.8


WEATHER CONDITIONS
 THE FOLLOWING WEATHER WAS RECORDED YESTERDAY.
  LIGHT RAIN
  FOG


RELATIVE HUMIDITY (PERCENT)
 HIGHEST    86          1000 AM
 LOWEST     59           500 PM
 AVERAGE    73

..........................................................


THE MORGANTOWN WV CLIMATE NORMALS FOR TODAY
                         NORMAL    RECORD    YEAR
 MAXIMUM TEMPERATURE (F)   67        89      1960
 MINIMUM TEMPERATURE (F)   44        27      1982


SUNRISE AND SUNSET
APRIL 23 2017.........SUNRISE   631 AM EDT   SUNSET   806 PM EDT
APRIL 24 2017.........SUNRISE   629 AM EDT   SUNSET   807 PM EDT


-  INDICATES NEGATIVE NUMBERS.
R  INDICATES RECORD WAS SET OR TIED.
MM INDICATES DATA IS MISSING.
T  INDICATES TRACE AMOUNT.




$$
