000
CDUS41 KPBZ 042112
CLIMGW


CLIMATE REPORT
NATIONAL WEATHER SERVICE PITTSBURGH PA
512 PM EDT WED MAY 4 2016


...................................

...THE MORGANTOWN WV CLIMATE SUMMARY FOR MAY 4 2016...
VALID TODAY AS OF 0500 PM LOCAL TIME.

CLIMATE NORMAL PERIOD 1981 TO 2010
CLIMATE RECORD PERIOD 1948 TO 2016


WEATHER ITEM   OBSERVED TIME   RECORD YEAR NORMAL DEPARTURE LAST
                VALUE   (LST)  VALUE       VALUE  FROM      YEAR
                                                  NORMAL
..................................................................
TEMPERATURE (F)
 TODAY
  MAXIMUM         60    140 PM  89    1949  70    -10       83
  MINIMUM         50    304 PM  29    1957  47      3       47
  AVERAGE         55                        58     -3       65

PRECIPITATION (IN)
  TODAY            0.43         MM      MM   0.14   0.29     0.00
  MONTH TO DATE    1.70                      0.53   1.17     0.01
  SINCE JUN 1     36.07                     37.75  -1.68    42.27
  SINCE JAN 1     12.53                     13.11  -0.58    16.04

DEGREE DAYS
 HEATING
  TODAY           10                         8      2        0
  MONTH TO DATE   17                        32    -15       19
  SINCE MAR 1    788                      1126   -338     1093
  SINCE JUL 1   3882                      5015  -1133     5217

 COOLING
  TODAY            0                         1     -1        0
  MONTH TO DATE    3                         4     -1        0
  SINCE MAR 1      9                        20    -11        8
  SINCE JAN 1      9                        20    -11        8
..................................................................


WIND (MPH)
  RESULTANT WIND SPEED   1   RESULTANT WIND DIRECTION   E (110)
  HIGHEST WIND SPEED    14   HIGHEST WIND DIRECTION     W (270)
  HIGHEST GUST SPEED    19   HIGHEST GUST DIRECTION     W (280)
  AVERAGE WIND SPEED     1.2


SKY COVER
  POSSIBLE SUNSHINE  MM
  AVERAGE SKY COVER 0.9


WEATHER CONDITIONS
 THE FOLLOWING WEATHER WAS RECORDED TODAY.
  THUNDERSTORM
  HEAVY RAIN
  RAIN
  LIGHT RAIN
  FOG


RELATIVE HUMIDITY (PERCENT)
 HIGHEST    89          1200 AM
 LOWEST     53           100 PM
 AVERAGE    71

..........................................................


THE MORGANTOWN WV CLIMATE NORMALS FOR TOMORROW
                         NORMAL    RECORD    YEAR
 MAXIMUM TEMPERATURE (F)   70        89      1949
 MINIMUM TEMPERATURE (F)   47        32      1987


SUNRISE AND SUNSET
MAY  4 2016...........SUNRISE   616 AM EDT   SUNSET   817 PM EDT
MAY  5 2016...........SUNRISE   615 AM EDT   SUNSET   818 PM EDT


-  INDICATES NEGATIVE NUMBERS.
R  INDICATES RECORD WAS SET OR TIED.
MM INDICATES DATA IS MISSING.
T  INDICATES TRACE AMOUNT.




$$
