000
CDUS41 KPBZ 272224
CLIMGW


CLIMATE REPORT
NATIONAL WEATHER SERVICE PITTSBURGH PA
524 PM EST FRI FEB 27 2015


...................................

...THE MORGANTOWN WV CLIMATE SUMMARY FOR FEBRUARY 27 2015...
VALID TODAY AS OF 0500 PM LOCAL TIME.

CLIMATE NORMAL PERIOD 1981 TO 2010
CLIMATE RECORD PERIOD 1948 TO 2015


WEATHER ITEM   OBSERVED TIME   RECORD YEAR NORMAL DEPARTURE LAST
                VALUE   (LST)  VALUE       VALUE  FROM      YEAR
                                                  NORMAL
..................................................................
TEMPERATURE (F)
 TODAY
  MAXIMUM         23        MM  73    1997  46    -23       25
  MINIMUM          7        MM  -6    1963  28    -21        8
  AVERAGE         15                        37    -22       17

PRECIPITATION (IN)
  TODAY            T            MM      MM   0.10  -0.10      T
  MONTH TO DATE    1.73                      2.50  -0.77     3.35
  SINCE JUN 1     30.52                     29.95   0.57    33.60
  SINCE JAN 1      4.29                      5.31  -1.02     5.17

DEGREE DAYS
 HEATING
  TODAY           50                        28     22       48
  MONTH TO DATE 1145                       834    311      961
  SINCE DEC 1   3098                      2813    285     2962
  SINCE JUL 1   4128                      3861    267     4079

 COOLING
  TODAY            0                         0      0        0
  MONTH TO DATE    0                         0      0        0
  SINCE DEC 1      0                         0      0        1
  SINCE JAN 1      0                         0      0        0
..................................................................


WIND (MPH)
  RESULTANT WIND SPEED   3   RESULTANT WIND DIRECTION  NW (330)
  HIGHEST WIND SPEED     8   HIGHEST WIND DIRECTION     N (340)
  HIGHEST GUST SPEED    MM   HIGHEST GUST DIRECTION    MM
  AVERAGE WIND SPEED     4.9


SKY COVER
  POSSIBLE SUNSHINE  MM
  AVERAGE SKY COVER 0.8


WEATHER CONDITIONS
 THE FOLLOWING WEATHER WAS RECORDED TODAY.
  LIGHT SNOW
  FOG
  HAZE


RELATIVE HUMIDITY (PERCENT)
 HIGHEST    70           200 AM
 LOWEST     39           400 PM
 AVERAGE    55

..........................................................


THE MORGANTOWN WV CLIMATE NORMALS FOR TOMORROW
                         NORMAL    RECORD    YEAR
 MAXIMUM TEMPERATURE (F)   46        69      1948
 MINIMUM TEMPERATURE (F)   28         3      2014


SUNRISE AND SUNSET
FEBRUARY 27 2015......SUNRISE   656 AM EST   SUNSET   609 PM EST
FEBRUARY 28 2015......SUNRISE   655 AM EST   SUNSET   610 PM EST


-  INDICATES NEGATIVE NUMBERS.
R  INDICATES RECORD WAS SET OR TIED.
MM INDICATES DATA IS MISSING.
T  INDICATES TRACE AMOUNT.




$$
