000
CDUS41 KPBZ 241326
CLIMGW


CLIMATE REPORT
NATIONAL WEATHER SERVICE PITTSBURGH PA
826 AM EST TUE JAN 24 2017


...................................

...THE MORGANTOWN WV CLIMATE SUMMARY FOR JANUARY 24 2017...
VALID AS OF 0800 AM LOCAL TIME.

CLIMATE NORMAL PERIOD 1981 TO 2010
CLIMATE RECORD PERIOD 1948 TO 2017


WEATHER ITEM   OBSERVED TIME   RECORD YEAR NORMAL DEPARTURE LAST
                VALUE   (LST)  VALUE       VALUE  FROM      YEAR
                                                  NORMAL
..................................................................
TEMPERATURE (F)
 TODAY
  MAXIMUM         36    556 AM  72    1967
  MINIMUM         35    659 AM -15    1963  24     11       15

PRECIPITATION (IN)
  TODAY            0.02         MM      MM   0.09  -0.07     0.00
  MONTH TO DATE    3.64                      2.17   1.47     1.99
  SINCE JUN 1     33.05                     26.81   6.24    25.53
  SINCE JAN 1      3.64                      2.17   1.47     1.99

DEGREE DAYS
 HEATING
  TODAY           29

 COOLING
  TODAY            0
..................................................................





WEATHER CONDITIONS
 THE FOLLOWING WEATHER WAS RECORDED TODAY.
  FOG


RELATIVE HUMIDITY (PERCENT)
 HIGHEST    92          1200 AM

..........................................................


THE MORGANTOWN WV CLIMATE NORMALS FOR TOMORROW
                         NORMAL    RECORD    YEAR
 MAXIMUM TEMPERATURE (F)   39        75      1950
 MINIMUM TEMPERATURE (F)   24        -7      1961


SUNRISE AND SUNSET
JANUARY 24 2017.......SUNRISE   734 AM EST   SUNSET   530 PM EST
JANUARY 25 2017.......SUNRISE   733 AM EST   SUNSET   532 PM EST


-  INDICATES NEGATIVE NUMBERS.
R  INDICATES RECORD WAS SET OR TIED.
MM INDICATES DATA IS MISSING.
T  INDICATES TRACE AMOUNT.




$$
