000
CDUS41 KPBZ 302114
CLIMGW


CLIMATE REPORT
NATIONAL WEATHER SERVICE PITTSBURGH PA
513 PM EDT WED JUL 30 2014


...................................

...THE MORGANTOWN WV CLIMATE SUMMARY FOR JULY 30 2014...
VALID TODAY AS OF 0500 PM LOCAL TIME.

CLIMATE NORMAL PERIOD 1981 TO 2010
CLIMATE RECORD PERIOD 1948 TO 2014


WEATHER ITEM   OBSERVED TIME   RECORD YEAR NORMAL DEPARTURE LAST
                VALUE   (LST)  VALUE       VALUE  FROM      YEAR
                                                  NORMAL
..................................................................
TEMPERATURE (F)
 TODAY
  MAXIMUM         77    352 PM  95    1995  83     -6       79
  MINIMUM         51    528 AM  50    1965  63    -12       57
  AVERAGE         64                        73     -9       68

PRECIPITATION (IN)
  TODAY            0.00         MM      MM   0.13  -0.13     0.00
  MONTH TO DATE    5.43                      4.49   0.94     6.61
  SINCE JUN 1      9.95                      8.60   1.35    11.39
  SINCE JAN 1     25.44                     25.79  -0.35    24.03

DEGREE DAYS
 HEATING
  TODAY            1                         0      1        0
  MONTH TO DATE    3                         0      3        1
  SINCE JUN 1      5                        31    -26       12
  SINCE JUL 1      3                         0      3        1

 COOLING
  TODAY            0                         8     -8        3
  MONTH TO DATE  233                       240     -7      277
  SINCE JUN 1    473                       402     71      446
  SINCE JAN 1    582                       469    113      592
..................................................................


WIND (MPH)
  RESULTANT WIND SPEED   2   RESULTANT WIND DIRECTION   S (170)
  HIGHEST WIND SPEED    12   HIGHEST WIND DIRECTION     S (200)
  HIGHEST GUST SPEED    16   HIGHEST GUST DIRECTION    SE (150)
  AVERAGE WIND SPEED     3.5


SKY COVER
  POSSIBLE SUNSHINE  MM
  AVERAGE SKY COVER 0.4


WEATHER CONDITIONS
 THE FOLLOWING WEATHER WAS RECORDED TODAY.
  FOG


RELATIVE HUMIDITY (PERCENT)
 HIGHEST    89           100 AM
 LOWEST     50           300 PM
 AVERAGE    70

..........................................................


THE MORGANTOWN WV CLIMATE NORMALS FOR TOMORROW
                         NORMAL    RECORD    YEAR
 MAXIMUM TEMPERATURE (F)   83        97      1999
 MINIMUM TEMPERATURE (F)   63        51      1965


SUNRISE AND SUNSET
JULY 30 2014..........SUNRISE   617 AM EDT   SUNSET   835 PM EDT
JULY 31 2014..........SUNRISE   618 AM EDT   SUNSET   834 PM EDT


-  INDICATES NEGATIVE NUMBERS.
R  INDICATES RECORD WAS SET OR TIED.
MM INDICATES DATA IS MISSING.
T  INDICATES TRACE AMOUNT.




$$
