000
CDUS41 KPBZ 170701
CLIMGW


CLIMATE REPORT
NATIONAL WEATHER SERVICE PITTSBURGH PA
300 AM EDT THU APR 17 2014


...................................

...THE MORGANTOWN WV CLIMATE SUMMARY FOR APRIL 16 2014...

CLIMATE NORMAL PERIOD 1981 TO 2010
CLIMATE RECORD PERIOD 1948 TO 2014


WEATHER ITEM   OBSERVED TIME   RECORD YEAR NORMAL DEPARTURE LAST
                VALUE   (LST)  VALUE       VALUE  FROM      YEAR
                                                  NORMAL
..................................................................
TEMPERATURE (F)
 YESTERDAY
  MAXIMUM         48    523 PM  88    2002  64    -16       82
  MINIMUM         26    603 AM  25    1950  42    -16       58
  AVERAGE         37                        53    -16       70

PRECIPITATION (IN)
  YESTERDAY        0.00         MM      MM   0.11  -0.11     0.82
  MONTH TO DATE    2.02                      1.87   0.15     1.16
  SINCE JUN 1     38.38                     35.57   2.81    31.13
  SINCE JAN 1      9.95                     10.93  -0.98     8.11

DEGREE DAYS
 HEATING
  YESTERDAY       28                        12     16        0
  MONTH TO DATE  184                       237    -53      170
  SINCE MAR 1   1047                       949     98      951
  SINCE JUL 1   5173                      4838    335     4642

 COOLING
  YESTERDAY        0                         0      0        5
  MONTH TO DATE   18                         0     18       26
  SINCE MAR 1     18                         2     16       26
  SINCE JAN 1     18                         2     16       26
..................................................................


WIND (MPH)
  HIGHEST WIND SPEED    13   HIGHEST WIND DIRECTION     E (110)
  HIGHEST GUST SPEED    19   HIGHEST GUST DIRECTION    SE (130)
  AVERAGE WIND SPEED     5.6


SKY COVER
  POSSIBLE SUNSHINE  MM
  AVERAGE SKY COVER 0.1


WEATHER CONDITIONS
 THE FOLLOWING WEATHER WAS RECORDED YESTERDAY.
  NO SIGNIFICANT WEATHER WAS OBSERVED.


RELATIVE HUMIDITY (PERCENT)
 HIGHEST    75           600 AM
 LOWEST     28           500 PM
 AVERAGE    52

..........................................................


THE MORGANTOWN WV CLIMATE NORMALS FOR TODAY
                         NORMAL    RECORD    YEAR
 MAXIMUM TEMPERATURE (F)   65        89      1976
 MINIMUM TEMPERATURE (F)   42        22      1962


SUNRISE AND SUNSET
APRIL 17 2014.........SUNRISE   639 AM EDT   SUNSET   800 PM EDT
APRIL 18 2014.........SUNRISE   638 AM EDT   SUNSET   801 PM EDT


-  INDICATES NEGATIVE NUMBERS.
R  INDICATES RECORD WAS SET OR TIED.
MM INDICATES DATA IS MISSING.
T  INDICATES TRACE AMOUNT.




$$
