000
CDUS41 KPBZ 292112
CLIMGW


CLIMATE REPORT
NATIONAL WEATHER SERVICE PITTSBURGH PA
511 PM EDT MON MAY 29 2017


...................................

...THE MORGANTOWN WV CLIMATE SUMMARY FOR MAY 29 2017...
VALID TODAY AS OF 0500 PM LOCAL TIME.

CLIMATE NORMAL PERIOD 1981 TO 2010
CLIMATE RECORD PERIOD 1948 TO 2017


WEATHER ITEM   OBSERVED TIME   RECORD YEAR NORMAL DEPARTURE LAST
                VALUE   (LST)  VALUE       VALUE  FROM      YEAR
                                                  NORMAL
..................................................................
TEMPERATURE (F)
 TODAY
  MAXIMUM         78    336 PM  91    1914  75      3       80
  MINIMUM         59    431 AM  32    1949  54      5       65
  AVERAGE         69                        64      5       73

PRECIPITATION (IN)
  TODAY            0.09          1.50 1929   0.16  -0.07     0.01
  MONTH TO DATE    5.32                      4.30   1.02     5.21
  SINCE JUN 1     52.31                     41.52  10.79    39.58
  SINCE JAN 1     22.90                     16.88   6.02    16.04

DEGREE DAYS
 HEATING
  TODAY            0                         3     -3        0
  MONTH TO DATE  151                       164    -13      171
  SINCE MAR 1   1006                      1258   -252      942
  SINCE JUL 1   4019                      5147  -1128     4036

 COOLING
  TODAY            4                         3      1        8
  MONTH TO DATE   58                        46     12       53
  SINCE MAR 1     95                        62     33       59
  SINCE JAN 1     98                        62     36       59
..................................................................


WIND (MPH)
  RESULTANT WIND SPEED   3   RESULTANT WIND DIRECTION   S (200)
  HIGHEST WIND SPEED    10   HIGHEST WIND DIRECTION    SW (240)
  HIGHEST GUST SPEED    17   HIGHEST GUST DIRECTION     W (270)
  AVERAGE WIND SPEED     5.5


SKY COVER
  POSSIBLE SUNSHINE  MM
  AVERAGE SKY COVER 0.8


WEATHER CONDITIONS
 THE FOLLOWING WEATHER WAS RECORDED TODAY.
  THUNDERSTORM
  HEAVY RAIN
  LIGHT RAIN
  FOG


RELATIVE HUMIDITY (PERCENT)
 HIGHEST    97           600 AM
 LOWEST     43           400 PM
 AVERAGE    70

..........................................................


THE MORGANTOWN WV CLIMATE NORMALS FOR TOMORROW
                         NORMAL    RECORD    YEAR
 MAXIMUM TEMPERATURE (F)   75        93      2006
 MINIMUM TEMPERATURE (F)   54        33      1930


SUNRISE AND SUNSET
MAY 29 2017...........SUNRISE   555 AM EDT   SUNSET   839 PM EDT
MAY 30 2017...........SUNRISE   555 AM EDT   SUNSET   840 PM EDT


-  INDICATES NEGATIVE NUMBERS.
R  INDICATES RECORD WAS SET OR TIED.
MM INDICATES DATA IS MISSING.
T  INDICATES TRACE AMOUNT.




$$
