000
CDUS43 KFSD 260625
CLIMHE


CLIMATE REPORT
NATIONAL WEATHER SERVICE SIOUX FALLS SD
124 AM CDT TUE MAY 26 2015


...................................

...THE MITCHELL SD CLIMATE SUMMARY FOR MAY 25 2015...

CLIMATE NORMAL PERIOD 1981 TO 2010
CLIMATE RECORD PERIOD 1893 TO 2015


WEATHER ITEM   OBSERVED TIME   RECORD YEAR NORMAL DEPARTURE LAST
                VALUE   (LST)  VALUE       VALUE  FROM      YEAR
                                                  NORMAL
..................................................................
TEMPERATURE (F)
 YESTERDAY
  MAXIMUM         69    540 PM 104    1967  73     -4       84
  MINIMUM         56   1159 PM  30    1901  51      5       57
  AVERAGE         63                        62      1       71

PRECIPITATION (IN)
  YESTERDAY        0.01          2.30 1909   0.12  -0.11     0.00
  MONTH TO DATE    4.46                      2.04   2.42     1.01
  SINCE MAR 1      6.01                      5.28   0.73     2.58
  SINCE JAN 1      6.78                      5.84   0.94     3.08

SNOWFALL (IN)
  YESTERDAY        0.0           0.0    MM  MM     MM        0.0
  MONTH TO DATE    0.0                      MM     MM        0.0
  SINCE MAR 1      0.7                      MM     MM        8.6
  SINCE JUL 1     22.6                      MM     MM       30.8
  SNOW DEPTH       0

DEGREE DAYS
 HEATING
  YESTERDAY        2                         4     -2        0
  MONTH TO DATE  188                       187      1      242
  SINCE MAR 1   1352                      1665   -313     1815
  SINCE JUL 1   6842                      7187   -345     7765

 COOLING
  YESTERDAY        0                         2     -2        6
  MONTH TO DATE   11                        24    -13       25
  SINCE MAR 1     17                        26     -9       25
  SINCE JAN 1     17                        26     -9       25
..................................................................


WIND (MPH)
  HIGHEST WIND SPEED    15   HIGHEST WIND DIRECTION     N (10)
  HIGHEST GUST SPEED    25   HIGHEST GUST DIRECTION    NW (330)
  AVERAGE WIND SPEED     6.9


SKY COVER
  POSSIBLE SUNSHINE  MM
  AVERAGE SKY COVER 0.8


WEATHER CONDITIONS
 THE FOLLOWING WEATHER WAS RECORDED YESTERDAY.
  LIGHT RAIN
  FOG
  FOG W/VISIBILITY <= 1/4 MILE


RELATIVE HUMIDITY (PERCENT)
 HIGHEST   100          1200 AM
 LOWEST     66           200 PM
 AVERAGE    83

..........................................................


THE MITCHELL SD CLIMATE NORMALS FOR TODAY
                         NORMAL    RECORD    YEAR
 MAXIMUM TEMPERATURE (F)   74       102      1967
 MINIMUM TEMPERATURE (F)   51        32      1971


SUNRISE AND SUNSET
MAY 26 2015...........SUNRISE   557 AM CDT   SUNSET   902 PM CDT
MAY 27 2015...........SUNRISE   556 AM CDT   SUNSET   903 PM CDT


-  INDICATES NEGATIVE NUMBERS.
R  INDICATES RECORD WAS SET OR TIED.
MM INDICATES DATA IS MISSING.
T  INDICATES TRACE AMOUNT.




$$
