000
CDUS43 KFSD 010722
CLIMHE


CLIMATE REPORT
NATIONAL WEATHER SERVICE SIOUX FALLS SD
221 AM CDT MON SEP 1 2014


...................................

...THE MITCHELL SD CLIMATE SUMMARY FOR AUGUST 31 2014...

CLIMATE NORMAL PERIOD 1981 TO 2010
CLIMATE RECORD PERIOD 1893 TO 2014


WEATHER ITEM   OBSERVED TIME   RECORD YEAR NORMAL DEPARTURE LAST
                VALUE   (LST)  VALUE       VALUE  FROM      YEAR
                                                  NORMAL
..................................................................
TEMPERATURE (F)
 YESTERDAY
  MAXIMUM         82   1212 PM  99    1948  81      1       95
                                      1922
                                      1898
  MINIMUM         62    842 PM  40    1974  57      5       65
  AVERAGE         72                        69      3       80

PRECIPITATION (IN)
  YESTERDAY        T             0.83 2004   0.07  -0.07      T
  MONTH TO DATE    4.82                      2.38   2.44     2.54
  SINCE JUN 1     10.37                      9.62   0.75     8.54
  SINCE JAN 1     15.10                     16.35  -1.25    18.49

SNOWFALL (IN)
  YESTERDAY        0.0           0.0    MM  MM     MM        0.0
  MONTH TO DATE    0.0                      MM     MM        0.0
  SINCE JUN 1      0.0                      MM     MM        0.0
  SINCE JUL 1      0.0                      MM     MM        0.0
  SNOW DEPTH       0

DEGREE DAYS
 HEATING
  YESTERDAY        0                         1     -1        0
  MONTH TO DATE    3                         6     -3        3
  SINCE JUN 1     38                        52    -14       73
  SINCE JUL 1     12                        17     -5       23

 COOLING
  YESTERDAY        7                         5      2       15
  MONTH TO DATE  194                       227    -33      269
  SINCE JUN 1    568                       705   -137      724
  SINCE JAN 1    646                       745    -99      781
..................................................................


WIND (MPH)
  HIGHEST WIND SPEED    22   HIGHEST WIND DIRECTION    NW (300)
  HIGHEST GUST SPEED    26   HIGHEST GUST DIRECTION    NW (300)
  AVERAGE WIND SPEED     8.2


SKY COVER
  POSSIBLE SUNSHINE  MM
  AVERAGE SKY COVER 0.1


WEATHER CONDITIONS
 THE FOLLOWING WEATHER WAS RECORDED YESTERDAY.
  LIGHT RAIN


RELATIVE HUMIDITY (PERCENT)
 HIGHEST    93           500 AM
 LOWEST     58          1100 AM
 AVERAGE    76

..........................................................


THE MITCHELL SD CLIMATE NORMALS FOR TODAY
                         NORMAL    RECORD    YEAR
 MAXIMUM TEMPERATURE (F)   81       100      1913
 MINIMUM TEMPERATURE (F)   57        39      1946


SUNRISE AND SUNSET
SEPTEMBER  1 2014.....SUNRISE   656 AM CDT   SUNSET   808 PM CDT
SEPTEMBER  2 2014.....SUNRISE   657 AM CDT   SUNSET   806 PM CDT


-  INDICATES NEGATIVE NUMBERS.
R  INDICATES RECORD WAS SET OR TIED.
MM INDICATES DATA IS MISSING.
T  INDICATES TRACE AMOUNT.




$$
