959
CDUS43 KTOP 300631
CLIMHK


CLIMATE REPORT
NATIONAL WEATHER SERVICE TOPEKA KS
131 AM CDT SUN APR 30 2017


...................................

...THE MANHATTAN KS CLIMATE SUMMARY FOR APRIL 29 2017...

CLIMATE NORMAL PERIOD 1981 TO 2010
CLIMATE RECORD PERIOD 9999 TO 9999


WEATHER ITEM   OBSERVED NORMAL DEPARTURE LAST
                VALUE   VALUE  FROM      YEAR
                               NORMAL
...............................................
TEMPERATURE (F)
 YESTERDAY
  MAXIMUM         48     71    -23       53
  MINIMUM         42     46     -4       47
  AVERAGE         45     58    -13       50

PRECIPITATION (IN)
  YESTERDAY        0.38   0.15   0.23     0.57
  MONTH TO DATE    3.88   2.66   1.22     7.78
  SINCE MAR 1      7.95   4.86   3.09     8.28
  SINCE JAN 1      9.75   6.58   3.17     9.26

DEGREE DAYS
 HEATING
  YESTERDAY       20      8     12       15
  MONTH TO DATE  265    339    -74      223
  SINCE MAR 1    774   1015   -241      696
  SINCE JUL 1   4058   5175  -1117     3993

 COOLING
  YESTERDAY        0      1     -1        0
  MONTH TO DATE   38     18     20       19
  SINCE MAR 1     44     20     24       28
  SINCE JAN 1     44     20     24       28
...............................................


WIND (MPH)
  HIGHEST WIND SPEED    32   HIGHEST WIND DIRECTION    NE (50)
  HIGHEST GUST SPEED    40   HIGHEST GUST DIRECTION    NE (40)
  AVERAGE WIND SPEED    16.2


SKY COVER
  AVERAGE SKY COVER 1.0


WEATHER CONDITIONS
 THE FOLLOWING WEATHER WAS RECORDED YESTERDAY.
  RAIN
  LIGHT RAIN
  FOG
  HAZE


RELATIVE HUMIDITY (PERCENT)
 HIGHEST   100
 LOWEST     89
 AVERAGE    95

..........................................................


THE MANHATTAN KS CLIMATE NORMALS FOR TODAY
                         NORMAL
 MAXIMUM TEMPERATURE (F)   71
 MINIMUM TEMPERATURE (F)   46


SUNRISE AND SUNSET
APRIL 30 2017.........SUNRISE   629 AM CDT   SUNSET   819 PM CDT
MAY  1 2017...........SUNRISE   628 AM CDT   SUNSET   820 PM CDT


-  INDICATES NEGATIVE NUMBERS.
R  INDICATES RECORD WAS SET OR TIED.
MM INDICATES DATA IS MISSING.
T  INDICATES TRACE AMOUNT.




$$
