000
CDUS43 KTOP 260634
CLIMHK


CLIMATE REPORT
NATIONAL WEATHER SERVICE TOPEKA KS
1233 AM CST WED NOV 26 2014


...................................

...THE MANHATTAN KS CLIMATE SUMMARY FOR NOVEMBER 25 2014...

CLIMATE NORMAL PERIOD 1981 TO 2010
CLIMATE RECORD PERIOD 9999 TO 9999


WEATHER ITEM   OBSERVED NORMAL DEPARTURE LAST
                VALUE   VALUE  FROM      YEAR
                               NORMAL
...............................................
TEMPERATURE (F)
 YESTERDAY
  MAXIMUM         50     50      0       41
  MINIMUM         15     26    -11       22
  AVERAGE         33     38     -5       32

PRECIPITATION (IN)
  YESTERDAY        0.00   0.04  -0.04     0.00
  MONTH TO DATE    0.11   1.43  -1.32     0.54
  SINCE SEP 1      3.83   6.82  -2.99     7.38
  SINCE JAN 1     20.73  31.36 -10.63    28.60

DEGREE DAYS
 HEATING
  YESTERDAY       32     27      5       33
  MONTH TO DATE  708    535    173      567
  SINCE SEP 1   1007    931     76      916
  SINCE JUL 1   1008    934     74      919

 COOLING
  YESTERDAY        0      0      0        0
  MONTH TO DATE    0      0      0        0
  SINCE SEP 1    203    178     25      285
  SINCE JAN 1   1581   1361    220     1513
...............................................


WIND (MPH)
  HIGHEST WIND SPEED    18   HIGHEST WIND DIRECTION    SW (210)
  HIGHEST GUST SPEED    25   HIGHEST GUST DIRECTION     S (190)
  AVERAGE WIND SPEED     8.3


SKY COVER
  AVERAGE SKY COVER 0.2


WEATHER CONDITIONS
 THE FOLLOWING WEATHER WAS RECORDED YESTERDAY.
  NO SIGNIFICANT WEATHER WAS OBSERVED.


RELATIVE HUMIDITY (PERCENT)
 HIGHEST    88
 LOWEST     36
 AVERAGE    62

..........................................................


THE MANHATTAN KS CLIMATE NORMALS FOR TODAY
                         NORMAL
 MAXIMUM TEMPERATURE (F)   49
 MINIMUM TEMPERATURE (F)   26


SUNRISE AND SUNSET
NOVEMBER 26 2014......SUNRISE   722 AM CST   SUNSET   506 PM CST
NOVEMBER 27 2014......SUNRISE   723 AM CST   SUNSET   505 PM CST


-  INDICATES NEGATIVE NUMBERS.
R  INDICATES RECORD WAS SET OR TIED.
MM INDICATES DATA IS MISSING.
T  INDICATES TRACE AMOUNT.




$$
