000
CDUS43 KTOP 190637
CLIMHK


CLIMATE REPORT
NATIONAL WEATHER SERVICE TOPEKA KS
1234 AM CST FRI DEC 19 2014


...................................

...THE MANHATTAN KS CLIMATE SUMMARY FOR DECEMBER 18 2014...

CLIMATE NORMAL PERIOD 1981 TO 2010
CLIMATE RECORD PERIOD 9999 TO 9999


WEATHER ITEM   OBSERVED NORMAL DEPARTURE LAST
                VALUE   VALUE  FROM      YEAR
                               NORMAL
...............................................
TEMPERATURE (F)
 YESTERDAY
  MAXIMUM         34     41     -7       68
  MINIMUM         27     19      8       18
  AVERAGE         31     30      1       43

PRECIPITATION (IN)
  YESTERDAY        0.11   0.02   0.09     0.00
  MONTH TO DATE    2.09   0.63   1.46     0.02
  SINCE DEC 1      2.09   0.63   1.46     0.02
  SINCE JAN 1     22.82  32.16  -9.34    28.62

DEGREE DAYS
 HEATING
  YESTERDAY       34     35     -1       22
  MONTH TO DATE  495    592    -97      654
  SINCE DEC 1    495    592    -97      654
  SINCE JUL 1   1632   1667    -35     1741

 COOLING
  YESTERDAY        0      0      0        0
  MONTH TO DATE    0      0      0        0
  SINCE DEC 1      0      0      0        0
  SINCE JAN 1   1581   1362    219     1513
...............................................


WIND (MPH)
  HIGHEST WIND SPEED     8   HIGHEST WIND DIRECTION     E (70)
  HIGHEST GUST SPEED    10   HIGHEST GUST DIRECTION     E (70)
  AVERAGE WIND SPEED     3.1


SKY COVER
  AVERAGE SKY COVER 1.0


WEATHER CONDITIONS
 THE FOLLOWING WEATHER WAS RECORDED YESTERDAY.
  SNOW
  LIGHT SNOW
  FOG


RELATIVE HUMIDITY (PERCENT)
 HIGHEST   100
 LOWEST     82
 AVERAGE    91

..........................................................


THE MANHATTAN KS CLIMATE NORMALS FOR TODAY
                         NORMAL
 MAXIMUM TEMPERATURE (F)   40
 MINIMUM TEMPERATURE (F)   18


SUNRISE AND SUNSET
DECEMBER 19 2014......SUNRISE   741 AM CST   SUNSET   506 PM CST
DECEMBER 20 2014......SUNRISE   742 AM CST   SUNSET   507 PM CST


-  INDICATES NEGATIVE NUMBERS.
R  INDICATES RECORD WAS SET OR TIED.
MM INDICATES DATA IS MISSING.
T  INDICATES TRACE AMOUNT.




$$
