000
CDUS43 KTOP 182232
CLIMHK


CLIMATE REPORT
NATIONAL WEATHER SERVICE TOPEKA KS
432 PM CST WED JAN 18 2017


...................................

...THE MANHATTAN KS CLIMATE SUMMARY FOR JANUARY 18 2017...
VALID TODAY AS OF 0400 PM LOCAL TIME.

CLIMATE NORMAL PERIOD 1981 TO 2010
CLIMATE RECORD PERIOD 9999 TO 9999


WEATHER ITEM   OBSERVED NORMAL DEPARTURE LAST
                VALUE   VALUE  FROM      YEAR
                               NORMAL
...............................................
TEMPERATURE (F)
 TODAY
  MAXIMUM         59     41     18       32
  MINIMUM         21     17      4        3
  AVERAGE         40     29     11       18

PRECIPITATION (IN)
  TODAY            0.00   0.02  -0.02     0.00
  MONTH TO DATE    1.35   0.25   1.10     0.35
  SINCE DEC 1      2.29   1.27   1.02     3.44
  SINCE JAN 1      1.35   0.25   1.10     0.35

DEGREE DAYS
 HEATING
  TODAY           25     36    -11       47
  MONTH TO DATE  665    663      2      567
  SINCE DEC 1   1742   1729     13     1402
  SINCE JUL 1   2352   2804   -452     2141

 COOLING
  TODAY            0      0      0        0
  MONTH TO DATE    0      0      0        0
  SINCE DEC 1      0      0      0        0
  SINCE JAN 1      0      0      0        0
...............................................


WIND (MPH)
  HIGHEST WIND SPEED    17   HIGHEST WIND DIRECTION    SW (210)
  HIGHEST GUST SPEED    22   HIGHEST GUST DIRECTION     S (190)
  AVERAGE WIND SPEED     3.2



WEATHER CONDITIONS
 THE FOLLOWING WEATHER WAS RECORDED TODAY.
  NO SIGNIFICANT WEATHER WAS OBSERVED.


RELATIVE HUMIDITY (PERCENT)
 HIGHEST    96
 LOWEST     33
 AVERAGE    65

..........................................................


THE MANHATTAN KS CLIMATE NORMALS FOR TOMORROW
                         NORMAL
 MAXIMUM TEMPERATURE (F)   41
 MINIMUM TEMPERATURE (F)   17


SUNRISE AND SUNSET
JANUARY 18 2017.......SUNRISE   743 AM CST   SUNSET   532 PM CST
JANUARY 19 2017.......SUNRISE   742 AM CST   SUNSET   533 PM CST


-  INDICATES NEGATIVE NUMBERS.
R  INDICATES RECORD WAS SET OR TIED.
MM INDICATES DATA IS MISSING.
T  INDICATES TRACE AMOUNT.




$$
