000
CDUS43 KTOP 300636
CLIMHK


CLIMATE REPORT
NATIONAL WEATHER SERVICE TOPEKA KS
134 AM CDT SAT MAY 30 2015


...................................

...THE MANHATTAN KS CLIMATE SUMMARY FOR MAY 29 2015...

CLIMATE NORMAL PERIOD 1981 TO 2010
CLIMATE RECORD PERIOD 9999 TO 9999


WEATHER ITEM   OBSERVED NORMAL DEPARTURE LAST
                VALUE   VALUE  FROM      YEAR
                               NORMAL
...............................................
TEMPERATURE (F)
 YESTERDAY
  MAXIMUM         78     80     -2       87
  MINIMUM         60     56      4       63
  AVERAGE         69     68      1       75

PRECIPITATION (IN)
  YESTERDAY        0.06   0.17  -0.11     0.00
  MONTH TO DATE    9.98   4.12   5.86     2.15
  SINCE MAR 1     12.76   9.12   3.64     4.63
  SINCE JAN 1     14.22  10.84   3.38     5.85

DEGREE DAYS
 HEATING
  YESTERDAY        0      2     -2        0
  MONTH TO DATE  101    122    -21      118
  SINCE MAR 1    926   1143   -217     1210
  SINCE JUL 1   5120   5303   -183     5741

 COOLING
  YESTERDAY        4      5     -1       10
  MONTH TO DATE   73     73      0      151
  SINCE MAR 1     81     90     -9      181
  SINCE JAN 1     81     90     -9      181
...............................................


WIND (MPH)
  HIGHEST WIND SPEED    22   HIGHEST WIND DIRECTION    NW (300)
  HIGHEST GUST SPEED    36   HIGHEST GUST DIRECTION    NW (300)
  AVERAGE WIND SPEED     5.4


SKY COVER
  AVERAGE SKY COVER 0.6


WEATHER CONDITIONS
 THE FOLLOWING WEATHER WAS RECORDED YESTERDAY.
  LIGHT RAIN
  FOG


RELATIVE HUMIDITY (PERCENT)
 HIGHEST   100
 LOWEST     69
 AVERAGE    85

..........................................................


THE MANHATTAN KS CLIMATE NORMALS FOR TODAY
                         NORMAL
 MAXIMUM TEMPERATURE (F)   81
 MINIMUM TEMPERATURE (F)   56


SUNRISE AND SUNSET
MAY 30 2015...........SUNRISE   603 AM CDT   SUNSET   845 PM CDT
MAY 31 2015...........SUNRISE   603 AM CDT   SUNSET   846 PM CDT


-  INDICATES NEGATIVE NUMBERS.
R  INDICATES RECORD WAS SET OR TIED.
MM INDICATES DATA IS MISSING.
T  INDICATES TRACE AMOUNT.




$$
