243
CDUS43 KTOP 200638
CLIMHK


CLIMATE REPORT
NATIONAL WEATHER SERVICE TOPEKA KS
1237 AM CST MON FEB 20 2017


...................................

...THE MANHATTAN KS CLIMATE SUMMARY FOR FEBRUARY 19 2017...

CLIMATE NORMAL PERIOD 1981 TO 2010
CLIMATE RECORD PERIOD 9999 TO 9999


WEATHER ITEM   OBSERVED NORMAL DEPARTURE LAST
                VALUE   VALUE  FROM      YEAR
                               NORMAL
...............................................
TEMPERATURE (F)
 YESTERDAY
  MAXIMUM         65     46     19       72
  MINIMUM         36     22     14       46
  AVERAGE         51     34     17       59

PRECIPITATION (IN)
  YESTERDAY        T      0.04  -0.04     0.00
  MONTH TO DATE    0.02   0.70  -0.68     0.41
  SINCE DEC 1      2.34   2.37  -0.03     4.06
  SINCE JAN 1      1.40   1.35   0.05     0.97

DEGREE DAYS
 HEATING
  YESTERDAY       14     31    -17        6
  MONTH TO DATE  444    630   -186      516
  SINCE DEC 1   2503   2821   -318     2338
  SINCE JUL 1   3113   3896   -783     3077

 COOLING
  YESTERDAY        0      0      0        0
  MONTH TO DATE    0      0      0        0
  SINCE DEC 1      0      0      0        0
  SINCE JAN 1      0      0      0        0
...............................................


WIND (MPH)
  HIGHEST WIND SPEED    17   HIGHEST WIND DIRECTION    SE (150)
  HIGHEST GUST SPEED    23   HIGHEST GUST DIRECTION     S (180)
  AVERAGE WIND SPEED     6.2


SKY COVER
  AVERAGE SKY COVER 0.4


WEATHER CONDITIONS
 THE FOLLOWING WEATHER WAS RECORDED YESTERDAY.
  LIGHT RAIN
  FOG
  FOG W/VISIBILITY <= 1/4 MILE


RELATIVE HUMIDITY (PERCENT)
 HIGHEST   100
 LOWEST     67
 AVERAGE    84

..........................................................


THE MANHATTAN KS CLIMATE NORMALS FOR TODAY
                         NORMAL
 MAXIMUM TEMPERATURE (F)   47
 MINIMUM TEMPERATURE (F)   22


SUNRISE AND SUNSET
FEBRUARY 20 2017......SUNRISE   711 AM CST   SUNSET   610 PM CST
FEBRUARY 21 2017......SUNRISE   710 AM CST   SUNSET   611 PM CST


-  INDICATES NEGATIVE NUMBERS.
R  INDICATES RECORD WAS SET OR TIED.
MM INDICATES DATA IS MISSING.
T  INDICATES TRACE AMOUNT.




$$
