000
CDUS46 KMFR 290036
CLIMHS


CLIMATE REPORT
NATIONAL WEATHER SERVICE MEDFORD, OR
435 PM PST FRI NOV 28 2014


...................................

...THE MT SHASTA CITY CA CLIMATE SUMMARY FOR NOVEMBER 28 2014...
VALID TODAY AS OF 0400 PM LOCAL TIME.

CLIMATE NORMAL PERIOD 1981 TO 2010
CLIMATE RECORD PERIOD 1908 TO 2014


WEATHER ITEM   OBSERVED TIME   RECORD YEAR NORMAL DEPARTURE LAST
                VALUE   (LST)  VALUE       VALUE  FROM      YEAR
                                                  NORMAL
..................................................................
TEMPERATURE (F)
 TODAY
  MAXIMUM         51   1249 AM  64    1959  47      4       59
  MINIMUM         42    238 PM  16    1952  28     14       30
  AVERAGE         47                        37     10       45

PRECIPITATION (IN)
  TODAY            0.02          1.69 1982   0.20  -0.18     0.00
  MONTH TO DATE    1.50                      4.66  -3.16     0.22
  SINCE SEP 1      8.89                      7.61   1.28     2.58
  SINCE JAN 1     21.17                     34.94 -13.77     9.76

SNOWFALL (IN)
  TODAY           MM                         0.4   MM       MM
  MONTH TO DATE   MM                         6.8   MM       MM
  SINCE JUL 1     MM                         7.0   MM        0.0
  SNOW DEPTH      MM

DEGREE DAYS
 HEATING
  TODAY           18                        28    -10       20
  MONTH TO DATE  557                       677   -120      560
  SINCE SEP 1    959                      1266   -307     1187
  SINCE JUL 1    964                      1341   -377     1199

 COOLING
  TODAY            0                         0      0        0
  MONTH TO DATE    0                         0      0        0
  SINCE SEP 1     49                        28     21       47
  SINCE JAN 1    547                       288    259      474
..................................................................


WIND (MPH)
  HIGHEST WIND SPEED    12   HIGHEST WIND DIRECTION     E (90)
  HIGHEST GUST SPEED    20   HIGHEST GUST DIRECTION     E (90)
  AVERAGE WIND SPEED     4.3


SKY COVER
  POSSIBLE SUNSHINE  MM
  AVERAGE SKY COVER 0.5


WEATHER CONDITIONS
 THE FOLLOWING WEATHER WAS RECORDED TODAY.
  LIGHT RAIN
  FOG
  HAZE


RELATIVE HUMIDITY (PERCENT)
 HIGHEST    82           100 PM
 LOWEST     46           500 AM

..........................................................


THE MT SHASTA CITY CA CLIMATE NORMALS FOR TOMORROW
                         NORMAL    RECORD    YEAR
 MAXIMUM TEMPERATURE (F)   47        77      1915
 MINIMUM TEMPERATURE (F)   27        13      2010
                                             2006


SUNRISE AND SUNSET
NOVEMBER 28 2014......SUNRISE   713 AM PST   SUNSET   442 PM PST
NOVEMBER 29 2014......SUNRISE   714 AM PST   SUNSET   441 PM PST


-  INDICATES NEGATIVE NUMBERS.
R  INDICATES RECORD WAS SET OR TIED.
MM INDICATES DATA IS MISSING.
T  INDICATES TRACE AMOUNT.




$$
