000
CDUS46 KMFR 170837
CLIMHS


CLIMATE REPORT
NATIONAL WEATHER SERVICE MEDFORD, OR
137 AM PDT WED SEP 17 2014


...................................

...THE MT SHASTA CITY CA CLIMATE SUMMARY FOR SEPTEMBER 16 2014...

CLIMATE NORMAL PERIOD 1981 TO 2010
CLIMATE RECORD PERIOD 1908 TO 2014


WEATHER ITEM   OBSERVED TIME   RECORD YEAR NORMAL DEPARTURE LAST
                VALUE   (LST)  VALUE       VALUE  FROM      YEAR
                                                  NORMAL
..................................................................
TEMPERATURE (F)
 YESTERDAY
  MAXIMUM         82    316 PM  94    2008  78      4       80
                                      1981
  MINIMUM         52    636 AM  30    1908  43      9       47
  AVERAGE         67                        60      7       64

PRECIPITATION (IN)
  YESTERDAY        0.00          0.75 1925   0.02  -0.02     0.00
  MONTH TO DATE    0.00                      0.31  -0.31     0.00
  SINCE SEP 1      0.00                      0.31  -0.31     0.00
  SINCE JAN 1     12.28                     27.64 -15.36     7.18

SNOWFALL (IN)
  YESTERDAY       MM                         0.0   MM       MM
  MONTH TO DATE   MM                         0.0   MM       MM
  SINCE JUL 1     MM                         0.0   MM       MM
  SNOW DEPTH      MM

DEGREE DAYS
 HEATING
  YESTERDAY        0                         5     -5        1
  MONTH TO DATE    5                        64    -59        8
  SINCE SEP 1      5                        64    -59        8
  SINCE JUL 1     10                       139   -129       20

 COOLING
  YESTERDAY        2                         1      1        0
  MONTH TO DATE   33                        17     16       47
  SINCE SEP 1     33                        17     16       47
  SINCE JAN 1    531                       277    254      474
..................................................................


WIND (MPH)
  HIGHEST WIND SPEED     6   HIGHEST WIND DIRECTION     E (110)
  HIGHEST GUST SPEED    14   HIGHEST GUST DIRECTION    SE (140)
  AVERAGE WIND SPEED     0.5


SKY COVER
  POSSIBLE SUNSHINE  MM
  AVERAGE SKY COVER 0.0


WEATHER CONDITIONS
 THE FOLLOWING WEATHER WAS RECORDED YESTERDAY.
  NO SIGNIFICANT WEATHER WAS OBSERVED.


RELATIVE HUMIDITY (PERCENT)
 HIGHEST    55           700 AM
 LOWEST     18           100 PM

..........................................................


THE MT SHASTA CITY CA CLIMATE NORMALS FOR TODAY
                         NORMAL    RECORD    YEAR
 MAXIMUM TEMPERATURE (F)   78        92      1984
 MINIMUM TEMPERATURE (F)   43        25      1965


SUNRISE AND SUNSET
SEPTEMBER 17 2014.....SUNRISE   652 AM PDT   SUNSET   715 PM PDT
SEPTEMBER 18 2014.....SUNRISE   653 AM PDT   SUNSET   713 PM PDT


-  INDICATES NEGATIVE NUMBERS.
R  INDICATES RECORD WAS SET OR TIED.
MM INDICATES DATA IS MISSING.
T  INDICATES TRACE AMOUNT.




$$
