000
CDUS46 KMFR 070849
CLIMHS


CLIMATE REPORT
NATIONAL WEATHER SERVICE MEDFORD, OR
149 AM PDT TUE JUL 7 2015


...................................

...THE MT SHASTA CITY CA CLIMATE SUMMARY FOR JULY 6 2015...

CLIMATE NORMAL PERIOD 1981 TO 2010
CLIMATE RECORD PERIOD 1908 TO 2015


WEATHER ITEM   OBSERVED TIME   RECORD YEAR NORMAL DEPARTURE LAST
                VALUE   (LST)  VALUE       VALUE  FROM      YEAR
                                                  NORMAL
..................................................................
TEMPERATURE (F)
 YESTERDAY
  MAXIMUM         91    228 PM  99    2007  84      7       97
  MINIMUM         55    437 AM  37    1961  49      6       44
  AVERAGE         73                        66      7       71

PRECIPITATION (IN)
  YESTERDAY        0.00          0.04 1960   0.02  -0.02     0.00
  MONTH TO DATE    0.00                      0.11  -0.11     0.00
  SINCE OCT 1     34.90                     41.92  -7.02    12.94
  SINCE JAN 1     15.38                     26.71 -11.33    11.83

SNOWFALL (IN)
  YESTERDAY       MM                         0.0   MM       MM
  MONTH TO DATE   MM                         0.0   MM       MM
  SINCE JUL 1     MM                         0.0   MM       MM
  SNOW DEPTH      MM

DEGREE DAYS
 HEATING
  YESTERDAY        0                         2     -2        0
  MONTH TO DATE    0                        12    -12        0
  SINCE JUN 1     21                       154   -133       56
  SINCE JUL 1      0                        12    -12        0

 COOLING
  YESTERDAY        8                         3      5        6
  MONTH TO DATE   68                        18     50       50
  SINCE JUN 1    243                        55    188      108
  SINCE JAN 1    248                        63    185      117
..................................................................


WIND (MPH)
  HIGHEST WIND SPEED     6   HIGHEST WIND DIRECTION     E (90)
  HIGHEST GUST SPEED    11   HIGHEST GUST DIRECTION    SE (140)
  AVERAGE WIND SPEED     0.8


SKY COVER
  POSSIBLE SUNSHINE  MM
  AVERAGE SKY COVER 0.0


WEATHER CONDITIONS
 THE FOLLOWING WEATHER WAS RECORDED YESTERDAY.
  NO SIGNIFICANT WEATHER WAS OBSERVED.


RELATIVE HUMIDITY (PERCENT)
 HIGHEST    77           400 AM
 LOWEST     23           500 PM

..........................................................


THE MT SHASTA CITY CA CLIMATE NORMALS FOR TODAY
                         NORMAL    RECORD    YEAR
 MAXIMUM TEMPERATURE (F)   84       101      2014
 MINIMUM TEMPERATURE (F)   50        34      1935


SUNRISE AND SUNSET
JULY  7 2015..........SUNRISE   543 AM PDT   SUNSET   845 PM PDT
JULY  8 2015..........SUNRISE   544 AM PDT   SUNSET   845 PM PDT


-  INDICATES NEGATIVE NUMBERS.
R  INDICATES RECORD WAS SET OR TIED.
MM INDICATES DATA IS MISSING.
T  INDICATES TRACE AMOUNT.




$$
