969
CDUS46 KMFR 060839
CLIMHS


CLIMATE REPORT
NATIONAL WEATHER SERVICE MEDFORD, OR
1239 AM PST SAT FEB 6 2016


...................................

...THE MT SHASTA CITY CA CLIMATE SUMMARY FOR FEBRUARY 5 2016...

CLIMATE NORMAL PERIOD 1981 TO 2010
CLIMATE RECORD PERIOD 1908 TO 2016


WEATHER ITEM   OBSERVED TIME   RECORD YEAR NORMAL DEPARTURE LAST
                VALUE   (LST)  VALUE       VALUE  FROM      YEAR
                                                  NORMAL
..................................................................
TEMPERATURE (F)
 YESTERDAY
  MAXIMUM         55    243 PM  66    2007  47      8       48
  MINIMUM         26    501 AM  -1    1989  27     -1       43
  AVERAGE         41                        37      4       46

PRECIPITATION (IN)
  YESTERDAY        0.00          1.91 1978   0.24  -0.24     0.44
  MONTH TO DATE    0.13                      1.21  -1.08     1.50
  SINCE OCT 1     22.62                     23.48  -0.86    21.50
  SINCE JAN 1     13.13                      8.27   4.86     1.98

SNOWFALL (IN)
  YESTERDAY       MM                         0.6   MM       MM
  MONTH TO DATE   MM                         3.4   MM       MM
  SINCE JUL 1     MM                        56.7   MM       MM
  SNOW DEPTH      MM

DEGREE DAYS
 HEATING
  YESTERDAY       24                        28     -4       19
  MONTH TO DATE  147                       140      7       92
  SINCE DEC 1   1919                      1969    -50     1506
  SINCE JUL 1   3051                      3366   -315     2516

 COOLING
  YESTERDAY        0                         0      0        0
  MONTH TO DATE    0                         0      0        0
  SINCE DEC 1      0                         0      0        0
  SINCE JAN 1      0                         0      0        0
..................................................................


WIND (MPH)
  HIGHEST WIND SPEED     7   HIGHEST WIND DIRECTION    SE (140)
  HIGHEST GUST SPEED    13   HIGHEST GUST DIRECTION    SE (130)
  AVERAGE WIND SPEED     1.4


SKY COVER
  POSSIBLE SUNSHINE  MM
  AVERAGE SKY COVER 0.2


WEATHER CONDITIONS
 THE FOLLOWING WEATHER WAS RECORDED YESTERDAY.
  NO SIGNIFICANT WEATHER WAS OBSERVED.


RELATIVE HUMIDITY (PERCENT)
 HIGHEST    85          1200 AM
 LOWEST     38           200 PM

..........................................................


THE MT SHASTA CITY CA CLIMATE NORMALS FOR TODAY
                         NORMAL    RECORD    YEAR
 MAXIMUM TEMPERATURE (F)   47        65      1954
 MINIMUM TEMPERATURE (F)   27        -3      1989


SUNRISE AND SUNSET
FEBRUARY  6 2016......SUNRISE   716 AM PST   SUNSET   532 PM PST
FEBRUARY  7 2016......SUNRISE   714 AM PST   SUNSET   533 PM PST


-  INDICATES NEGATIVE NUMBERS.
R  INDICATES RECORD WAS SET OR TIED.
MM INDICATES DATA IS MISSING.
T  INDICATES TRACE AMOUNT.




$$
