000
CDUS46 KMFR 270837
CLIMHS


CLIMATE REPORT
NATIONAL WEATHER SERVICE MEDFORD, OR
137 AM PDT WED AUG 27 2014


...................................

...THE MT SHASTA CITY CA CLIMATE SUMMARY FOR AUGUST 26 2014...

CLIMATE NORMAL PERIOD 1981 TO 2010
CLIMATE RECORD PERIOD 1908 TO 2014


WEATHER ITEM   OBSERVED TIME   RECORD YEAR NORMAL DEPARTURE LAST
                VALUE   (LST)  VALUE       VALUE  FROM      YEAR
                                                  NORMAL
..................................................................
TEMPERATURE (F)
 YESTERDAY
  MAXIMUM         89    312 PM  97    1924  83      6       79
  MINIMUM         46    526 AM  34    1927  47     -1       49
  AVERAGE         68                        65      3       64

PRECIPITATION (IN)
  YESTERDAY        0.00          0.57 1990   0.01  -0.01     0.00
  MONTH TO DATE    0.21                      0.27  -0.06      T
  SINCE SEP 1     15.10                     43.14 -28.04    27.88
  SINCE JAN 1     12.28                     27.26 -14.98     7.18

SNOWFALL (IN)
  YESTERDAY       MM                         0.0   MM       MM
  MONTH TO DATE   MM                         0.0   MM       MM
  SINCE JUL 1     MM                         0.0   MM       MM
  SNOW DEPTH      MM

DEGREE DAYS
 HEATING
  YESTERDAY        0                         2     -2        1
  MONTH TO DATE    1                        32    -31       10
  SINCE JUN 1     58                       207   -149       97
  SINCE JUL 1      2                        65    -63       10

 COOLING
  YESTERDAY        3                         2      1        0
  MONTH TO DATE  123                        81     42       85
  SINCE JUN 1    471                       241    230      407
  SINCE JAN 1    480                       249    231      416
..................................................................


WIND (MPH)
  HIGHEST WIND SPEED     9   HIGHEST WIND DIRECTION    NW (300)
  HIGHEST GUST SPEED    13   HIGHEST GUST DIRECTION     N (20)
  AVERAGE WIND SPEED     1.0


SKY COVER
  POSSIBLE SUNSHINE  MM
  AVERAGE SKY COVER 0.0


WEATHER CONDITIONS
 THE FOLLOWING WEATHER WAS RECORDED YESTERDAY.
  NO SIGNIFICANT WEATHER WAS OBSERVED.


RELATIVE HUMIDITY (PERCENT)
 HIGHEST    76           400 AM
 LOWEST     18           100 PM

..........................................................


THE MT SHASTA CITY CA CLIMATE NORMALS FOR TODAY
                         NORMAL    RECORD    YEAR
 MAXIMUM TEMPERATURE (F)   83        97      1931
 MINIMUM TEMPERATURE (F)   46        35      1928


SUNRISE AND SUNSET
AUGUST 27 2014........SUNRISE   631 AM PDT   SUNSET   750 PM PDT
AUGUST 28 2014........SUNRISE   632 AM PDT   SUNSET   748 PM PDT


-  INDICATES NEGATIVE NUMBERS.
R  INDICATES RECORD WAS SET OR TIED.
MM INDICATES DATA IS MISSING.
T  INDICATES TRACE AMOUNT.




$$
