000
CDUS46 KMFR 300036
CLIMHS


CLIMATE REPORT
NATIONAL WEATHER SERVICE MEDFORD, OR
535 PM PDT SAT APR 29 2017


...................................

...THE MT SHASTA CITY CA CLIMATE SUMMARY FOR APRIL 29 2017...
VALID TODAY AS OF 0500 PM LOCAL TIME.

CLIMATE NORMAL PERIOD 1981 TO 2010
CLIMATE RECORD PERIOD 1908 TO 2017


WEATHER ITEM   OBSERVED TIME   RECORD YEAR NORMAL DEPARTURE LAST
                VALUE   (LST)  VALUE       VALUE  FROM      YEAR
                                                  NORMAL
..................................................................
TEMPERATURE (F)
 TODAY
  MAXIMUM         72    201 PM  84    1981  64      8       65
  MINIMUM         30    553 AM  25    1950  36     -6       40
  AVERAGE         51                        50      1       53

PRECIPITATION (IN)
  TODAY            0.00          1.17 1941   0.08  -0.08      T
  MONTH TO DATE    8.48                      2.86   5.62     1.90
  SINCE OCT 1     57.94                     38.32  19.62    38.63
  SINCE JAN 1     36.78                     23.11  13.67    29.14

SNOWFALL (IN)
  TODAY           MM                         0.0   MM       MM
  MONTH TO DATE   MM                         5.3   MM       MM
  SINCE JUL 1     MM                        91.4   MM       MM
  SNOW DEPTH      MM

DEGREE DAYS
 HEATING
  TODAY           14                        15     -1       12
  MONTH TO DATE  543                       521     22      351
  SINCE MAR 1   1172                      1225    -53      979
  SINCE JUL 1   5069                      5200   -131     4494

 COOLING
  TODAY            0                         0      0        0
  MONTH TO DATE    0                         0      0        0
  SINCE MAR 1      0                         0      0        0
  SINCE JAN 1      0                         0      0        0
..................................................................


WIND (MPH)
  HIGHEST WIND SPEED    10   HIGHEST WIND DIRECTION     N (10)
  HIGHEST GUST SPEED    17   HIGHEST GUST DIRECTION     W (290)
  AVERAGE WIND SPEED     1.9


SKY COVER
  POSSIBLE SUNSHINE  MM
  AVERAGE SKY COVER 0.0


WEATHER CONDITIONS
 THE FOLLOWING WEATHER WAS RECORDED TODAY.
  HAZE


RELATIVE HUMIDITY (PERCENT)
 HIGHEST    78           200 AM
 LOWEST     12           200 PM

..........................................................


THE MT SHASTA CITY CA CLIMATE NORMALS FOR TOMORROW
                         NORMAL    RECORD    YEAR
 MAXIMUM TEMPERATURE (F)   65        86      1981
 MINIMUM TEMPERATURE (F)   36        22      1953


SUNRISE AND SUNSET
APRIL 29 2017.........SUNRISE   609 AM PDT   SUNSET   805 PM PDT
APRIL 30 2017.........SUNRISE   607 AM PDT   SUNSET   806 PM PDT


-  INDICATES NEGATIVE NUMBERS.
R  INDICATES RECORD WAS SET OR TIED.
MM INDICATES DATA IS MISSING.
T  INDICATES TRACE AMOUNT.




$$
