000
CDUS46 KMFR 100837
CLIMHS


CLIMATE REPORT
NATIONAL WEATHER SERVICE MEDFORD, OR
137 AM PDT THU JUL 10 2014


...................................

...THE MT SHASTA CITY CA CLIMATE SUMMARY FOR JULY 9 2014...

CLIMATE NORMAL PERIOD 1981 TO 2010
CLIMATE RECORD PERIOD 1908 TO 2014


WEATHER ITEM   OBSERVED TIME   RECORD YEAR NORMAL DEPARTURE LAST
                VALUE   (LST)  VALUE       VALUE  FROM      YEAR
                                                  NORMAL
..................................................................
TEMPERATURE (F)
 YESTERDAY
  MAXIMUM         96R   128 PM  96    1973  85     11       90
  MINIMUM         61   1121 PM  33    1936  50     11       44
  AVERAGE         79                        67     12       67

PRECIPITATION (IN)
  YESTERDAY        0.00          0.13 1971   0.02  -0.02     0.00
  MONTH TO DATE    0.00                      0.16  -0.16     0.05
  SINCE SEP 1     14.65                     42.64 -27.99    27.83
  SINCE JAN 1     11.83                     26.76 -14.93     7.13

SNOWFALL (IN)
  YESTERDAY       MM                         0.0   MM       MM
  MONTH TO DATE   MM                         0.0   MM       MM
  SINCE JUL 1     MM                         0.0   MM       MM
  SNOW DEPTH      MM

DEGREE DAYS
 HEATING
  YESTERDAY        0                         1     -1        0
  MONTH TO DATE    0                        15    -15        0
  SINCE JUN 1     56                       157   -101       87
  SINCE JUL 1      0                        15    -15        0

 COOLING
  YESTERDAY       14                         3     11        2
  MONTH TO DATE   90                        27     63       79
  SINCE JUN 1    148                        64     84      178
  SINCE JAN 1    157                        72     85      187
..................................................................


WIND (MPH)
  HIGHEST WIND SPEED     9   HIGHEST WIND DIRECTION     N (340)
  HIGHEST GUST SPEED    16   HIGHEST GUST DIRECTION     N (360)
  AVERAGE WIND SPEED     0.8


SKY COVER
  POSSIBLE SUNSHINE  MM
  AVERAGE SKY COVER 0.2


WEATHER CONDITIONS
 THE FOLLOWING WEATHER WAS RECORDED YESTERDAY.
  NO SIGNIFICANT WEATHER WAS OBSERVED.


RELATIVE HUMIDITY (PERCENT)
 HIGHEST    63           500 AM
 LOWEST     26          1200 PM

..........................................................


THE MT SHASTA CITY CA CLIMATE NORMALS FOR TODAY
                         NORMAL    RECORD    YEAR
 MAXIMUM TEMPERATURE (F)   85       101      2002
 MINIMUM TEMPERATURE (F)   50        33      1936


SUNRISE AND SUNSET
JULY 10 2014..........SUNRISE   545 AM PDT   SUNSET   844 PM PDT
JULY 11 2014..........SUNRISE   546 AM PDT   SUNSET   843 PM PDT


-  INDICATES NEGATIVE NUMBERS.
R  INDICATES RECORD WAS SET OR TIED.
MM INDICATES DATA IS MISSING.
T  INDICATES TRACE AMOUNT.




$$
