000
CDUS46 KMFR 280836
CLIMHS


CLIMATE REPORT
NATIONAL WEATHER SERVICE MEDFORD, OR
136 AM PDT SAT MAY 28 2016


...................................

...THE MT SHASTA CITY CA CLIMATE SUMMARY FOR MAY 27 2016...

CLIMATE NORMAL PERIOD 1981 TO 2010
CLIMATE RECORD PERIOD 1908 TO 2016


WEATHER ITEM   OBSERVED TIME   RECORD YEAR NORMAL DEPARTURE LAST
                VALUE   (LST)  VALUE       VALUE  FROM      YEAR
                                                  NORMAL
..................................................................
TEMPERATURE (F)
 YESTERDAY
  MAXIMUM         72    204 PM  90    1983  72      0       81
  MINIMUM         44    530 AM  19    1927  42      2       42
  AVERAGE         58                        57      1       62

PRECIPITATION (IN)
  YESTERDAY        0.00          2.29 1990   0.07  -0.07     0.00
  MONTH TO DATE    1.28                      1.94  -0.66     1.76
  SINCE OCT 1     39.91                     40.33  -0.42    34.67
  SINCE JAN 1     30.42                     25.12   5.30    15.15

SNOWFALL (IN)
  YESTERDAY       MM                         0.0   MM       MM
  MONTH TO DATE   MM                         0.3   MM       MM
  SINCE JUL 1     MM                        91.8   MM       MM
  SNOW DEPTH      MM

DEGREE DAYS
 HEATING
  YESTERDAY        7                         8     -1        3
  MONTH TO DATE  215                       304    -89      229
  SINCE MAR 1   1205                      1544   -339     1183
  SINCE JUL 1   4720                      5519   -799     4149

 COOLING
  YESTERDAY        0                         0      0        0
  MONTH TO DATE    4                         0      4        0
  SINCE MAR 1      4                         0      4        0
  SINCE JAN 1      4                         0      4        0
..................................................................


WIND (MPH)
  HIGHEST WIND SPEED    13   HIGHEST WIND DIRECTION    NW (300)
  HIGHEST GUST SPEED    24   HIGHEST GUST DIRECTION    NW (330)
  AVERAGE WIND SPEED     6.2


SKY COVER
  POSSIBLE SUNSHINE  MM
  AVERAGE SKY COVER 0.0


WEATHER CONDITIONS
 THE FOLLOWING WEATHER WAS RECORDED YESTERDAY.
  NO SIGNIFICANT WEATHER WAS OBSERVED.


RELATIVE HUMIDITY (PERCENT)
 HIGHEST    71           200 AM
 LOWEST     22          1200 PM

..........................................................


THE MT SHASTA CITY CA CLIMATE NORMALS FOR TODAY
                         NORMAL    RECORD    YEAR
 MAXIMUM TEMPERATURE (F)   72        94      1984
 MINIMUM TEMPERATURE (F)   42        27      1909
                                             1977


SUNRISE AND SUNSET
MAY 28 2016...........SUNRISE   540 AM PDT   SUNSET   834 PM PDT
MAY 29 2016...........SUNRISE   540 AM PDT   SUNSET   834 PM PDT


-  INDICATES NEGATIVE NUMBERS.
R  INDICATES RECORD WAS SET OR TIED.
MM INDICATES DATA IS MISSING.
T  INDICATES TRACE AMOUNT.




$$
