000
CDUS46 KMFR 190037
CLIMHS


CLIMATE REPORT
NATIONAL WEATHER SERVICE MEDFORD, OR
537 PM PDT FRI AUG 18 2017


...................................

...THE MT SHASTA CITY CA CLIMATE SUMMARY FOR AUGUST 18 2017...
VALID TODAY AS OF 0500 PM LOCAL TIME.

CLIMATE NORMAL PERIOD 1981 TO 2010
CLIMATE RECORD PERIOD 1908 TO 2017


WEATHER ITEM   OBSERVED TIME   RECORD YEAR NORMAL DEPARTURE LAST
                VALUE   (LST)  VALUE       VALUE  FROM      YEAR
                                                  NORMAL
..................................................................
TEMPERATURE (F)
 TODAY
  MAXIMUM         89    239 PM  99    2016  85      4       99
                                      1915
  MINIMUM         54    554 AM  35    1995  48      6       56
  AVERAGE         72                        66      6       78

PRECIPITATION (IN)
  TODAY            0.00          0.53 1990   0.01  -0.01     0.00
  MONTH TO DATE    T                         0.18  -0.18     0.00
  SINCE OCT 1     59.73                     42.38  17.35    42.31
  SINCE JAN 1     38.57                     27.17  11.40    32.82

SNOWFALL (IN)
  TODAY           MM                         0.0   MM       MM
  MONTH TO DATE   MM                         0.0   MM       MM
  SINCE JUL 1     MM                         0.0   MM       MM
  SNOW DEPTH      MM

DEGREE DAYS
 HEATING
  TODAY            0                         1     -1        0
  MONTH TO DATE    0                        18    -18        0
  SINCE JUN 1    105                       193    -88      102
  SINCE JUL 1      0                        51    -51       15

 COOLING
  TODAY            7                         3      4       13
  MONTH TO DATE  152                        64     88      118
  SINCE JUN 1    495                       224    271      400
  SINCE JAN 1    509                       232    277      408
..................................................................


WIND (MPH)
  HIGHEST WIND SPEED     9   HIGHEST WIND DIRECTION    NW (310)
  HIGHEST GUST SPEED    16   HIGHEST GUST DIRECTION    NW (320)
  AVERAGE WIND SPEED     3.4


SKY COVER
  POSSIBLE SUNSHINE  MM
  AVERAGE SKY COVER 0.0


WEATHER CONDITIONS
 THE FOLLOWING WEATHER WAS RECORDED TODAY.
  HAZE


RELATIVE HUMIDITY (PERCENT)
 HIGHEST    66           500 AM
 LOWEST     23           400 PM

..........................................................


THE MT SHASTA CITY CA CLIMATE NORMALS FOR TOMORROW
                         NORMAL    RECORD    YEAR
 MAXIMUM TEMPERATURE (F)   85       100      2016
 MINIMUM TEMPERATURE (F)   48        35      1924


SUNRISE AND SUNSET
AUGUST 18 2017........SUNRISE   622 AM PDT   SUNSET   803 PM PDT
AUGUST 19 2017........SUNRISE   623 AM PDT   SUNSET   802 PM PDT


-  INDICATES NEGATIVE NUMBERS.
R  INDICATES RECORD WAS SET OR TIED.
MM INDICATES DATA IS MISSING.
T  INDICATES TRACE AMOUNT.




$$
