000
CDUS46 KMFR 171239
CLIMHS


CLIMATE REPORT
NATIONAL WEATHER SERVICE MEDFORD, OR
439 AM PST WED JAN 17 2018


...................................

...THE MT SHASTA CITY CA CLIMATE SUMMARY FOR JANUARY 16 2018...

CLIMATE NORMAL PERIOD 1981 TO 2010
CLIMATE RECORD PERIOD 1908 TO 2018


WEATHER ITEM   OBSERVED TIME   RECORD YEAR NORMAL DEPARTURE LAST
                VALUE   (LST)  VALUE       VALUE  FROM      YEAR
                                                  NORMAL
..................................................................
TEMPERATURE (F)
 YESTERDAY
  MAXIMUM         49    132 PM  64    1961  45      4       53
  MINIMUM         36    815 AM   0    1917  26     10       25
  AVERAGE         43                        36      7       39

PRECIPITATION (IN)
  YESTERDAY        0.15          3.45 1974   0.23  -0.08     0.00
  MONTH TO DATE    2.20                      3.83  -1.63     7.11
  SINCE OCT 1      8.03                     19.04 -11.01    28.27
  SINCE JAN 1      2.20                      3.83  -1.63     7.11

SNOWFALL (IN)
  YESTERDAY       MM                         0.6   MM       MM
  MONTH TO DATE   MM                        11.8   MM       MM
  SINCE JUL 1     MM                        44.5   MM       MM
  SNOW DEPTH      MM

DEGREE DAYS
 HEATING
  YESTERDAY       22                        29     -7       26
  MONTH TO DATE  349                       474   -125      530
  SINCE DEC 1   1203                      1399   -196     1512
  SINCE JUL 1   2454                      2796   -342     2697

 COOLING
  YESTERDAY        0                         0      0        0
  MONTH TO DATE    0                         0      0        0
  SINCE DEC 1      0                         0      0        0
  SINCE JAN 1      0                         0      0        0
..................................................................


WIND (MPH)
  HIGHEST WIND SPEED     8   HIGHEST WIND DIRECTION     E (80)
  HIGHEST GUST SPEED    13   HIGHEST GUST DIRECTION     E (90)
  AVERAGE WIND SPEED     0.2


SKY COVER
  POSSIBLE SUNSHINE  MM
  AVERAGE SKY COVER 0.8


WEATHER CONDITIONS
 THE FOLLOWING WEATHER WAS RECORDED YESTERDAY.
  RAIN
  LIGHT RAIN
  FOG


RELATIVE HUMIDITY (PERCENT)
 HIGHEST   100           300 AM
 LOWEST     80           100 PM

..........................................................


THE MT SHASTA CITY CA CLIMATE NORMALS FOR TODAY
                         NORMAL    RECORD    YEAR
 MAXIMUM TEMPERATURE (F)   45        63      1920
 MINIMUM TEMPERATURE (F)   26         0      1917


SUNRISE AND SUNSET
JANUARY 17 2018.......SUNRISE   732 AM PST   SUNSET   507 PM PST
JANUARY 18 2018.......SUNRISE   731 AM PST   SUNSET   509 PM PST


-  INDICATES NEGATIVE NUMBERS.
R  INDICATES RECORD WAS SET OR TIED.
MM INDICATES DATA IS MISSING.
T  INDICATES TRACE AMOUNT.




$$
