000
CDUS42 KMFL 280924
CLIMIA


CLIMATE REPORT
NATIONAL WEATHER SERVICE MIAMI, FL
423 AM EST SAT FEB 28 2015


...................................

...THE MIAMI CLIMATE SUMMARY FOR FEBRUARY 27 2015...

CLIMATE NORMAL PERIOD 1981 TO 2010
CLIMATE RECORD PERIOD 1895 TO 2015


WEATHER ITEM   OBSERVED TIME   RECORD YEAR NORMAL DEPARTURE LAST
                VALUE   (LST)  VALUE       VALUE  FROM      YEAR
                                                  NORMAL
..................................................................
TEMPERATURE (F)
 YESTERDAY
  MAXIMUM         80    135 PM  87    2003  79      1       80
                                      1959
  MINIMUM         68    811 AM  41    1965  64      4       65
  AVERAGE         74                        71      3       73

PRECIPITATION (IN)
  YESTERDAY        0.20          2.66 1983   0.09   0.11     0.21
  MONTH TO DATE    1.62                      2.17  -0.55     1.15
  SINCE NOV 1      6.55                      9.10  -2.55    13.46
  SINCE JAN 1      2.57                      3.79  -1.22     3.06

SNOWFALL (IN)
  YESTERDAY        0.0
  MONTH TO DATE    0.0
  SINCE DEC 1      0.0
  SINCE JUL 1      0.0
  SNOW DEPTH       0

DEGREE DAYS
 HEATING
  YESTERDAY        0                         1     -1        0
  MONTH TO DATE   35                        27      8        4
  SINCE DEC 1     65                       114    -49       59
  SINCE JUL 1     76                       117    -41       61

 COOLING
  YESTERDAY        9                         7      2        8
  MONTH TO DATE  127                       164    -37      264
  SINCE DEC 1    549                       518     31      734
  SINCE JAN 1    329                       315     14      416
..................................................................


WIND (MPH)
  HIGHEST WIND SPEED    13   HIGHEST WIND DIRECTION     N (340)
  HIGHEST GUST SPEED    18   HIGHEST GUST DIRECTION    NW (320)
  AVERAGE WIND SPEED     7.2


SKY COVER
  POSSIBLE SUNSHINE  MM
  AVERAGE SKY COVER 0.8


WEATHER CONDITIONS
 THE FOLLOWING WEATHER WAS RECORDED YESTERDAY.
  LIGHT RAIN


RELATIVE HUMIDITY (PERCENT)
 HIGHEST    87
 LOWEST     62
 AVERAGE    75

..........................................................


THE MIAMI CLIMATE NORMALS FOR TODAY
                         NORMAL    RECORD    YEAR
 MAXIMUM TEMPERATURE (F)   79        89      1956
 MINIMUM TEMPERATURE (F)   64        37      1942


SUNRISE AND SUNSET
FEBRUARY 28 2015......SUNRISE   646 AM EST   SUNSET   622 PM EST
MARCH  1 2015.........SUNRISE   645 AM EST   SUNSET   623 PM EST


-  INDICATES NEGATIVE NUMBERS.
R  INDICATES RECORD WAS SET OR TIED.
MM INDICATES DATA IS MISSING.
T  INDICATES TRACE AMOUNT.




$$
