000
CDUS42 KMFL 260827
CLIMIA


CLIMATE REPORT
NATIONAL WEATHER SERVICE MIAMI, FL
427 AM EDT FRI AUG 26 2016


...................................

...THE MIAMI CLIMATE SUMMARY FOR AUGUST 25 2016...

CLIMATE NORMAL PERIOD 1981 TO 2010
CLIMATE RECORD PERIOD 1895 TO 2016


WEATHER ITEM   OBSERVED TIME   RECORD YEAR NORMAL DEPARTURE LAST
                VALUE   (LST)  VALUE       VALUE  FROM      YEAR
                                                  NORMAL
..................................................................
TEMPERATURE (F)
 YESTERDAY
  MAXIMUM         94R  1112 AM  94    1998  91      3       92
                                      1992
                                      1958
  MINIMUM         80    531 AM  71    1910  77      3       80
  AVERAGE         87                        84      3       86

PRECIPITATION (IN)
  YESTERDAY        0.02          6.11 1916   0.30  -0.28     0.18
  MONTH TO DATE   10.74                      6.99   3.75     5.69
  SINCE JUN 1     23.57                     23.16   0.41    15.20
  SINCE JAN 1     43.96                     38.51   5.45    26.70

SNOWFALL (IN)
  YESTERDAY        0.0
  MONTH TO DATE    0.0
  SINCE JUN 1      0.0
  SINCE JUL 1      0.0
  SNOW DEPTH       0

DEGREE DAYS
 HEATING
  YESTERDAY        0                         0      0        0
  MONTH TO DATE    0                         0      0        0
  SINCE JUN 1      0                         0      0        0
  SINCE JUL 1      0                         0      0        0

 COOLING
  YESTERDAY       22                        19      3       21
  MONTH TO DATE  481                       483     -2      503
  SINCE JUN 1   1662                      1607     55     1687
  SINCE JAN 1   3124                      2963    161     3364
..................................................................


WIND (MPH)
  HIGHEST WIND SPEED    17   HIGHEST WIND DIRECTION     E (80)
  HIGHEST GUST SPEED    23   HIGHEST GUST DIRECTION     E (80)
  AVERAGE WIND SPEED     7.4


SKY COVER
  POSSIBLE SUNSHINE  MM
  AVERAGE SKY COVER 0.8


WEATHER CONDITIONS
 THE FOLLOWING WEATHER WAS RECORDED YESTERDAY.
  THUNDERSTORM
  LIGHT RAIN


RELATIVE HUMIDITY (PERCENT)
 HIGHEST    94
 LOWEST     56
 AVERAGE    75

..........................................................


THE MIAMI CLIMATE NORMALS FOR TODAY
                         NORMAL    RECORD    YEAR
 MAXIMUM TEMPERATURE (F)   91        94      2011
                                             2001
                                             1958
 MINIMUM TEMPERATURE (F)   77        70      1939


SUNRISE AND SUNSET
AUGUST 26 2016........SUNRISE   659 AM EDT   SUNSET   746 PM EDT
AUGUST 27 2016........SUNRISE   700 AM EDT   SUNSET   745 PM EDT


-  INDICATES NEGATIVE NUMBERS.
R  INDICATES RECORD WAS SET OR TIED.
MM INDICATES DATA IS MISSING.
T  INDICATES TRACE AMOUNT.




$$
