000
CDUS42 KMFL 242018
CLIMIA


CLIMATE REPORT
NATIONAL WEATHER SERVICE MIAMI, FL
417 PM EDT THU JUL 24 2014


...................................

...THE MIAMI CLIMATE SUMMARY FOR JULY 24 2014...
VALID TODAY AS OF 0400 PM LOCAL TIME.

CLIMATE NORMAL PERIOD 1981 TO 2010
CLIMATE RECORD PERIOD 1839 TO 2014


WEATHER ITEM   OBSERVED TIME   RECORD YEAR NORMAL DEPARTURE LAST
                VALUE   (LST)  VALUE       VALUE  FROM      YEAR
                                                  NORMAL
..................................................................
TEMPERATURE (F)
 TODAY
  MAXIMUM         90   1218 PM  98    1983  91     -1       94
  MINIMUM         79    610 AM  69    1933  78      1       78
  AVERAGE         85                        84      1       86

PRECIPITATION (IN)
  TODAY            0.03          1.48 1937   0.19  -0.16      T
  MONTH TO DATE    8.13                      5.10   3.03    11.90
  SINCE JUN 1     27.75                     14.77  12.98    18.08
  SINCE JAN 1     37.90                     30.12   7.78    37.45

SNOWFALL (IN)
  TODAY            0.0
  MONTH TO DATE    0.0
  SINCE JUN 1      0.0
  SINCE JUL 1      0.0
  SNOW DEPTH       0

DEGREE DAYS
 HEATING
  TODAY            0                         0      0        0
  MONTH TO DATE    0                         0      0        0
  SINCE JUN 1      0                         0      0        0
  SINCE JUL 1      0                         0      0        0

 COOLING
  TODAY           20                        19      1       21
  MONTH TO DATE  451                       455     -4      413
  SINCE JUN 1    953                       987    -34      961
  SINCE JAN 1   2527                      2343    184     2406
..................................................................


WIND (MPH)
  HIGHEST WIND SPEED    12   HIGHEST WIND DIRECTION    SE (140)
  HIGHEST GUST SPEED    21   HIGHEST GUST DIRECTION    SE (140)
  AVERAGE WIND SPEED     3.9


SKY COVER
  AVERAGE SKY COVER 0.7


WEATHER CONDITIONS
 THE FOLLOWING WEATHER WAS RECORDED TODAY.
  LIGHT RAIN


RELATIVE HUMIDITY (PERCENT)
 HIGHEST    85
 LOWEST     63
 AVERAGE    74

..........................................................


THE MIAMI CLIMATE NORMALS FOR TOMORROW
                         NORMAL    RECORD    YEAR
 MAXIMUM TEMPERATURE (F)   91        96      1940
 MINIMUM TEMPERATURE (F)   78        71      1984
                                             1951
                                             1910


SUNRISE AND SUNSET
JULY 24 2014..........SUNRISE   643 AM EDT   SUNSET   812 PM EDT
JULY 25 2014..........SUNRISE   644 AM EDT   SUNSET   811 PM EDT


-  INDICATES NEGATIVE NUMBERS.
R  INDICATES RECORD WAS SET OR TIED.
MM INDICATES DATA IS MISSING.
T  INDICATES TRACE AMOUNT.




$$
