000
CDUS42 KMFL 282016
CLIMIA


CLIMATE REPORT
NATIONAL WEATHER SERVICE MIAMI, FL
415 PM EDT WED SEP 28 2016


...................................

...THE MIAMI CLIMATE SUMMARY FOR SEPTEMBER 28 2016...
VALID TODAY AS OF 0400 PM LOCAL TIME.

CLIMATE NORMAL PERIOD 1981 TO 2010
CLIMATE RECORD PERIOD 1895 TO 2016


WEATHER ITEM   OBSERVED TIME   RECORD YEAR NORMAL DEPARTURE LAST
                VALUE   (LST)  VALUE       VALUE  FROM      YEAR
                                                  NORMAL
..................................................................
TEMPERATURE (F)
 TODAY
  MAXIMUM         92   1228 PM  93    1958  88      4       88
                                      1952
                                      1895
  MINIMUM         72    528 AM  67    1903  76     -4       75
  AVERAGE         82                        82      0       82

PRECIPITATION (IN)
  TODAY            0.00         10.42 1929   0.32  -0.32     0.01
  MONTH TO DATE    5.80                      9.23  -3.43     9.47
  SINCE JUN 1     32.40                     34.28  -1.88    28.00
  SINCE JAN 1     52.79                     49.63   3.16    39.50

SNOWFALL (IN)
  TODAY            0.0
  MONTH TO DATE    0.0
  SINCE SEP 1      0.0
  SINCE JUL 1      0.0
  SNOW DEPTH       0

DEGREE DAYS
 HEATING
  TODAY            0                         0      0        0
  MONTH TO DATE    0                         0      0        0
  SINCE SEP 1      0                         0      0        0
  SINCE JUL 1      0                         0      0        0

 COOLING
  TODAY           17                        17      0       17
  MONTH TO DATE  523                       502     21      520
  SINCE SEP 1    523                       502     21      520
  SINCE JAN 1   3755                      3577    178     3998
..................................................................


WIND (MPH)
  HIGHEST WIND SPEED    16   HIGHEST WIND DIRECTION     S (180)
  HIGHEST GUST SPEED    25   HIGHEST GUST DIRECTION     S (190)
  AVERAGE WIND SPEED     3.4


SKY COVER
  AVERAGE SKY COVER 0.4


WEATHER CONDITIONS
 THE FOLLOWING WEATHER WAS RECORDED TODAY.
  NO SIGNIFICANT WEATHER WAS OBSERVED.


RELATIVE HUMIDITY (PERCENT)
 HIGHEST   100
 LOWEST     68
 AVERAGE    84

..........................................................


THE MIAMI CLIMATE NORMALS FOR TOMORROW
                         NORMAL    RECORD    YEAR
 MAXIMUM TEMPERATURE (F)   88        93      1980
                                             1952
                                             1910
 MINIMUM TEMPERATURE (F)   76        62      1903


SUNRISE AND SUNSET
SEPTEMBER 28 2016.....SUNRISE   712 AM EDT   SUNSET   710 PM EDT
SEPTEMBER 29 2016.....SUNRISE   713 AM EDT   SUNSET   709 PM EDT


-  INDICATES NEGATIVE NUMBERS.
R  INDICATES RECORD WAS SET OR TIED.
MM INDICATES DATA IS MISSING.
T  INDICATES TRACE AMOUNT.




$$
