000
CDUS42 KMFL 272018
CLIMIA


CLIMATE REPORT
NATIONAL WEATHER SERVICE MIAMI, FL
418 PM EDT SUN JUL 27 2014


...................................

...THE MIAMI CLIMATE SUMMARY FOR JULY 27 2014...
VALID TODAY AS OF 0400 PM LOCAL TIME.

CLIMATE NORMAL PERIOD 1981 TO 2010
CLIMATE RECORD PERIOD 1839 TO 2014


WEATHER ITEM   OBSERVED TIME   RECORD YEAR NORMAL DEPARTURE LAST
                VALUE   (LST)  VALUE       VALUE  FROM      YEAR
                                                  NORMAL
..................................................................
TEMPERATURE (F)
 TODAY
  MAXIMUM         93    102 PM  95    1993  91      2       87
                                      1990
  MINIMUM         78    520 AM  71    1946  78      0       76
                                      1940
                                      1937
  AVERAGE         86                        84      2       82

PRECIPITATION (IN)
  TODAY            0.00          1.64 1947   0.20  -0.20     0.44
  MONTH TO DATE    8.97                      5.68   3.29    12.35
  SINCE JUN 1     28.59                     15.35  13.24    18.53
  SINCE JAN 1     38.74                     30.70   8.04    37.90

SNOWFALL (IN)
  TODAY            0.0
  MONTH TO DATE    0.0
  SINCE JUN 1      0.0
  SINCE JUL 1      0.0
  SNOW DEPTH       0

DEGREE DAYS
 HEATING
  TODAY            0                         0      0        0
  MONTH TO DATE    0                         0      0        0
  SINCE JUN 1      0                         0      0        0
  SINCE JUL 1      0                         0      0        0

 COOLING
  TODAY           21                        20      1       17
  MONTH TO DATE  509                       513     -4      471
  SINCE JUN 1   1011                      1045    -34     1019
  SINCE JAN 1   2585                      2401    184     2464
..................................................................


WIND (MPH)
  HIGHEST WIND SPEED    13   HIGHEST WIND DIRECTION    SE (120)
  HIGHEST GUST SPEED    19   HIGHEST GUST DIRECTION     S (190)
  AVERAGE WIND SPEED     3.0


SKY COVER
  AVERAGE SKY COVER 0.5


WEATHER CONDITIONS
 THE FOLLOWING WEATHER WAS RECORDED TODAY.
  NO SIGNIFICANT WEATHER WAS OBSERVED.


RELATIVE HUMIDITY (PERCENT)
 HIGHEST    91
 LOWEST     52
 AVERAGE    72

..........................................................


THE MIAMI CLIMATE NORMALS FOR TOMORROW
                         NORMAL    RECORD    YEAR
 MAXIMUM TEMPERATURE (F)   91        96      1999
                                             1990
 MINIMUM TEMPERATURE (F)   78        68      1939


SUNRISE AND SUNSET
JULY 27 2014..........SUNRISE   645 AM EDT   SUNSET   810 PM EDT
JULY 28 2014..........SUNRISE   645 AM EDT   SUNSET   810 PM EDT


-  INDICATES NEGATIVE NUMBERS.
R  INDICATES RECORD WAS SET OR TIED.
MM INDICATES DATA IS MISSING.
T  INDICATES TRACE AMOUNT.

$$
