000
CDUS42 KMFL 252016
CLIMIA


CLIMATE REPORT
NATIONAL WEATHER SERVICE MIAMI, FL
416 PM EDT SUN JUN 25 2017


...................................

...THE MIAMI CLIMATE SUMMARY FOR JUNE 25 2017...
VALID TODAY AS OF 0400 PM LOCAL TIME.

CLIMATE NORMAL PERIOD 1981 TO 2010
CLIMATE RECORD PERIOD 1895 TO 2017


WEATHER ITEM   OBSERVED TIME   RECORD YEAR NORMAL DEPARTURE LAST
                VALUE   (LST)  VALUE       VALUE  FROM      YEAR
                                                  NORMAL
..................................................................
TEMPERATURE (F)
 TODAY
  MAXIMUM         91   1258 PM  97    1987  90      1       91
                                      1944
  MINIMUM         82    609 AM  66    1938  76      6       81
  AVERAGE         87                        83      4       86

PRECIPITATION (IN)
  TODAY            0.00          4.05 1943   0.32  -0.32     0.00
  MONTH TO DATE   13.30                      8.05   5.25     6.65
  SINCE JUN 1     13.30                      8.05   5.25     6.65
  SINCE JAN 1     26.78                     23.40   3.38    27.04

SNOWFALL (IN)
  TODAY            0.0
  MONTH TO DATE    0.0
  SINCE JUN 1      0.0
  SINCE JUL 1      0.0
  SNOW DEPTH       0

DEGREE DAYS
 HEATING
  TODAY            0                         0      0        0
  MONTH TO DATE    0                         0      0        0
  SINCE JUN 1      0                         0      0        0
  SINCE JUL 1     17                       128   -111       67

 COOLING
  TODAY           22                        18      4       21
  MONTH TO DATE  467                       441     26      469
  SINCE JUN 1    467                       441     26      469
  SINCE JAN 1   2171                      1797    374     1931
..................................................................


WIND (MPH)
  HIGHEST WIND SPEED    16   HIGHEST WIND DIRECTION    SE (130)
  HIGHEST GUST SPEED    21   HIGHEST GUST DIRECTION    SE (130)
  AVERAGE WIND SPEED     9.7


SKY COVER
  AVERAGE SKY COVER 0.6


WEATHER CONDITIONS
 THE FOLLOWING WEATHER WAS RECORDED TODAY.
  NO SIGNIFICANT WEATHER WAS OBSERVED.


RELATIVE HUMIDITY (PERCENT)
 HIGHEST    79
 LOWEST     56
 AVERAGE    68

..........................................................


THE MIAMI CLIMATE NORMALS FOR TOMORROW
                         NORMAL    RECORD    YEAR
 MAXIMUM TEMPERATURE (F)   90        95      1987
 MINIMUM TEMPERATURE (F)   77        66      1937


SUNRISE AND SUNSET
JUNE 25 2017..........SUNRISE   631 AM EDT   SUNSET   816 PM EDT
JUNE 26 2017..........SUNRISE   632 AM EDT   SUNSET   816 PM EDT


-  INDICATES NEGATIVE NUMBERS.
R  INDICATES RECORD WAS SET OR TIED.
MM INDICATES DATA IS MISSING.
T  INDICATES TRACE AMOUNT.




$$
