000
CDUS42 KMFL 240824
CLIMIA


CLIMATE REPORT
NATIONAL WEATHER SERVICE MIAMI, FL
424 AM EDT FRI MAR 24 2017


...................................

...THE MIAMI CLIMATE SUMMARY FOR MARCH 23 2017...

CLIMATE NORMAL PERIOD 1981 TO 2010
CLIMATE RECORD PERIOD 1895 TO 2017


WEATHER ITEM   OBSERVED TIME   RECORD YEAR NORMAL DEPARTURE LAST
                VALUE   (LST)  VALUE       VALUE  FROM      YEAR
                                                  NORMAL
..................................................................
TEMPERATURE (F)
 YESTERDAY
  MAXIMUM         85   1216 PM  90    2014  81      4       81
                                      2005
  MINIMUM         66    652 AM  45    1945  66      0       67
                                      1915
  AVERAGE         76                        73      3       74

PRECIPITATION (IN)
  YESTERDAY        1.17          2.85 1984   0.10   1.07     0.00
  MONTH TO DATE    3.08                      2.13   0.95     0.21
  SINCE NOV 1     11.06                     11.31  -0.25    28.00
  SINCE JAN 1      7.79                      6.00   1.79    10.63

SNOWFALL (IN)
  YESTERDAY        0.0
  MONTH TO DATE    0.0
  SINCE MAR 1      0.0
  SINCE JUL 1      0.0
  SNOW DEPTH       0

DEGREE DAYS
 HEATING
  YESTERDAY        0                         0      0        0
  MONTH TO DATE    3                         8     -5        0
  SINCE MAR 1      3                         8     -5        0
  SINCE JUL 1     17                       124   -107       67

 COOLING
  YESTERDAY       11                         8      3        9
  MONTH TO DATE  178                       176      2      246
  SINCE MAR 1    178                       176      2      246
  SINCE JAN 1    672                       498    174      503
..................................................................


WIND (MPH)
  HIGHEST WIND SPEED    26   HIGHEST WIND DIRECTION     E (70)
  HIGHEST GUST SPEED    46   HIGHEST GUST DIRECTION     E (70)
  AVERAGE WIND SPEED     8.5


SKY COVER
  POSSIBLE SUNSHINE  MM
  AVERAGE SKY COVER 0.5


WEATHER CONDITIONS
 THE FOLLOWING WEATHER WAS RECORDED YESTERDAY.
  THUNDERSTORM
  HEAVY RAIN
  RAIN
  LIGHT RAIN
  FOG


RELATIVE HUMIDITY (PERCENT)
 HIGHEST    87
 LOWEST     48
 AVERAGE    68

..........................................................


THE MIAMI CLIMATE NORMALS FOR TODAY
                         NORMAL    RECORD    YEAR
 MAXIMUM TEMPERATURE (F)   81        90      2013
                                             1897
 MINIMUM TEMPERATURE (F)   66        44      1945


SUNRISE AND SUNSET
MARCH 24 2017.........SUNRISE   721 AM EDT   SUNSET   734 PM EDT
MARCH 25 2017.........SUNRISE   720 AM EDT   SUNSET   735 PM EDT


-  INDICATES NEGATIVE NUMBERS.
R  INDICATES RECORD WAS SET OR TIED.
MM INDICATES DATA IS MISSING.
T  INDICATES TRACE AMOUNT.




$$
