000
CDUS42 KMFL 032118
CLIMIA


CLIMATE REPORT
NATIONAL WEATHER SERVICE MIAMI, FL
417 PM EST SAT DEC 3 2016


...................................

...THE MIAMI CLIMATE SUMMARY FOR DECEMBER 3 2016...
VALID TODAY AS OF 0400 PM LOCAL TIME.

CLIMATE NORMAL PERIOD 1981 TO 2010
CLIMATE RECORD PERIOD 1895 TO 2016


WEATHER ITEM   OBSERVED TIME   RECORD YEAR NORMAL DEPARTURE LAST
                VALUE   (LST)  VALUE       VALUE  FROM      YEAR
                                                  NORMAL
..................................................................
TEMPERATURE (F)
 TODAY
  MAXIMUM         80    115 PM  89    1902  79      1       84
  MINIMUM         73    719 AM  37    1910  65      8       72
  AVERAGE         77                        72      5       78

PRECIPITATION (IN)
  TODAY            0.00          1.36 2015   0.07  -0.07     1.36
  MONTH TO DATE    0.27                      0.22   0.05     1.81
  SINCE NOV 1      1.21                      3.49  -2.28     9.36
  SINCE JAN 1     63.87                     60.08   3.79    54.06

SNOWFALL (IN)
  TODAY            0.0
  MONTH TO DATE    0.0
  SINCE DEC 1      0.0
  SINCE JUL 1      0.0
  SNOW DEPTH       0

DEGREE DAYS
 HEATING
  TODAY            0                         0      0        0
  MONTH TO DATE    0                         0      0        0
  SINCE DEC 1      0                         0      0        0
  SINCE JUL 1      0                         3     -3        0

 COOLING
  TODAY           12                         8      4       13
  MONTH TO DATE   40                        24     16       38
  SINCE DEC 1     40                        24     16       38
  SINCE JAN 1   4623                      4396    227     4971
..................................................................


WIND (MPH)
  HIGHEST WIND SPEED    16   HIGHEST WIND DIRECTION     E (90)
  HIGHEST GUST SPEED    21   HIGHEST GUST DIRECTION    NE (60)
  AVERAGE WIND SPEED     9.0


SKY COVER
  AVERAGE SKY COVER 0.5


WEATHER CONDITIONS
 THE FOLLOWING WEATHER WAS RECORDED TODAY.
  NO SIGNIFICANT WEATHER WAS OBSERVED.


RELATIVE HUMIDITY (PERCENT)
 HIGHEST    84
 LOWEST     62
 AVERAGE    73

..........................................................


THE MIAMI CLIMATE NORMALS FOR TOMORROW
                         NORMAL    RECORD    YEAR
 MAXIMUM TEMPERATURE (F)   79        88      1900
 MINIMUM TEMPERATURE (F)   65        42      1939
                                             1903


SUNRISE AND SUNSET
DECEMBER  3 2016......SUNRISE   653 AM EST   SUNSET   530 PM EST
DECEMBER  4 2016......SUNRISE   653 AM EST   SUNSET   530 PM EST


-  INDICATES NEGATIVE NUMBERS.
R  INDICATES RECORD WAS SET OR TIED.
MM INDICATES DATA IS MISSING.
T  INDICATES TRACE AMOUNT.




$$
