000
CDUS42 KMFL 160921
CLIMIA


CLIMATE REPORT
NATIONAL WEATHER SERVICE MIAMI, FL
420 AM EST SAT DEC 16 2017


...................................

...THE MIAMI CLIMATE SUMMARY FOR DECEMBER 15 2017...

CLIMATE NORMAL PERIOD 1981 TO 2010
CLIMATE RECORD PERIOD 1895 TO 2017


WEATHER ITEM   OBSERVED TIME   RECORD YEAR NORMAL DEPARTURE LAST
                VALUE   (LST)  VALUE       VALUE  FROM      YEAR
                                                  NORMAL
..................................................................
TEMPERATURE (F)
 YESTERDAY
  MAXIMUM         79    204 PM  86    2013  78      1       83
  MINIMUM         53    513 AM  35    1944  63    -10       69
  AVERAGE         66                        70     -4       76

PRECIPITATION (IN)
  YESTERDAY        0.00          1.46 1918   0.07  -0.07     0.00
  MONTH TO DATE    0.56                      1.04  -0.48     2.13
  SINCE NOV 1      4.97                      4.31   0.66     3.07
  SINCE JAN 1     83.02                     60.90  22.12    65.73

SNOWFALL (IN)
  YESTERDAY        0.0
  MONTH TO DATE    0.0
  SINCE DEC 1      0.0
  SINCE JUL 1      0.0
  SNOW DEPTH       0

DEGREE DAYS
 HEATING
  YESTERDAY        0                         1     -1        0
  MONTH TO DATE   26                        11     15        0
  SINCE DEC 1     26                        11     15        0
  SINCE JUL 1     26                        14     12        0

 COOLING
  YESTERDAY        1                         7     -6       11
  MONTH TO DATE  100                       110    -10      177
  SINCE DEC 1    100                       110    -10      177
  SINCE JAN 1   5151                      4482    669     4760
..................................................................


WIND (MPH)
  HIGHEST WIND SPEED    14   HIGHEST WIND DIRECTION    SE (120)
  HIGHEST GUST SPEED    19   HIGHEST GUST DIRECTION     E (110)
  AVERAGE WIND SPEED     2.5


SKY COVER
  POSSIBLE SUNSHINE  MM
  AVERAGE SKY COVER 0.5


WEATHER CONDITIONS
 THE FOLLOWING WEATHER WAS RECORDED YESTERDAY.
  NO SIGNIFICANT WEATHER WAS OBSERVED.


RELATIVE HUMIDITY (PERCENT)
 HIGHEST    93
 LOWEST     39
 AVERAGE    66

..........................................................


THE MIAMI CLIMATE NORMALS FOR TODAY
                         NORMAL    RECORD    YEAR
 MAXIMUM TEMPERATURE (F)   78        85      2009
                                             1947
 MINIMUM TEMPERATURE (F)   63        34      1968


SUNRISE AND SUNSET
DECEMBER 16 2017......SUNRISE   701 AM EST   SUNSET   533 PM EST
DECEMBER 17 2017......SUNRISE   701 AM EST   SUNSET   533 PM EST


-  INDICATES NEGATIVE NUMBERS.
R  INDICATES RECORD WAS SET OR TIED.
MM INDICATES DATA IS MISSING.
T  INDICATES TRACE AMOUNT.




$$
