000
CDUS42 KMFL 212018
CLIMIA


CLIMATE REPORT
NATIONAL WEATHER SERVICE MIAMI, FL
418 PM EDT THU AUG 21 2014


...................................

...THE MIAMI CLIMATE SUMMARY FOR AUGUST 21 2014...
VALID TODAY AS OF 0400 PM LOCAL TIME.

CLIMATE NORMAL PERIOD 1981 TO 2010
CLIMATE RECORD PERIOD 1839 TO 2014


WEATHER ITEM   OBSERVED TIME   RECORD YEAR NORMAL DEPARTURE LAST
                VALUE   (LST)  VALUE       VALUE  FROM      YEAR
                                                  NORMAL
..................................................................
TEMPERATURE (F)
 TODAY
  MAXIMUM         92   1240 PM  97    1993  91      1       90
  MINIMUM         81    600 AM  70    1910  77      4       77
  AVERAGE         87                        84      3       84

PRECIPITATION (IN)
  TODAY            0.00          2.22 1957   0.29  -0.29     0.65
  MONTH TO DATE    7.02                      5.77   1.25     3.10
  SINCE JUN 1     36.93                     21.94  14.99    21.98
  SINCE JAN 1     47.08                     37.29   9.79    41.35

SNOWFALL (IN)
  TODAY            0.0
  MONTH TO DATE    0.0
  SINCE JUN 1      0.0
  SINCE JUL 1      0.0
  SNOW DEPTH       0

DEGREE DAYS
 HEATING
  TODAY            0                         0      0        0
  MONTH TO DATE    0                         0      0        0
  SINCE JUN 1      0                         0      0        0
  SINCE JUL 1      0                         0      0        0

 COOLING
  TODAY           22                        19      3       19
  MONTH TO DATE  414                       407      7      411
  SINCE JUN 1   1509                      1531    -22     1510
  SINCE JAN 1   3083                      2887    196     2955
..................................................................


WIND (MPH)
  HIGHEST WIND SPEED    15   HIGHEST WIND DIRECTION     E (110)
  HIGHEST GUST SPEED    26   HIGHEST GUST DIRECTION    SE (120)
  AVERAGE WIND SPEED     1.8


SKY COVER
  AVERAGE SKY COVER 0.4


WEATHER CONDITIONS
 THE FOLLOWING WEATHER WAS RECORDED TODAY.
  NO SIGNIFICANT WEATHER WAS OBSERVED.


RELATIVE HUMIDITY (PERCENT)
 HIGHEST    85
 LOWEST     59
 AVERAGE    72

..........................................................


THE MIAMI CLIMATE NORMALS FOR TOMORROW
                         NORMAL    RECORD    YEAR
 MAXIMUM TEMPERATURE (F)   91        96      1993
 MINIMUM TEMPERATURE (F)   77        70      1938
                                             1933
                                             1924


SUNRISE AND SUNSET
AUGUST 21 2014........SUNRISE   657 AM EDT   SUNSET   751 PM EDT
AUGUST 22 2014........SUNRISE   657 AM EDT   SUNSET   750 PM EDT


-  INDICATES NEGATIVE NUMBERS.
R  INDICATES RECORD WAS SET OR TIED.
MM INDICATES DATA IS MISSING.
T  INDICATES TRACE AMOUNT.

$$
