000
CDUS42 KMFL 272120
CLIMIA


CLIMATE REPORT
NATIONAL WEATHER SERVICE MIAMI, FL
420 PM EST THU NOV 27 2014


...................................

...THE MIAMI CLIMATE SUMMARY FOR NOVEMBER 27 2014...
VALID TODAY AS OF 0400 PM LOCAL TIME.

CLIMATE NORMAL PERIOD 1981 TO 2010
CLIMATE RECORD PERIOD 1839 TO 2014


WEATHER ITEM   OBSERVED TIME   RECORD YEAR NORMAL DEPARTURE LAST
                VALUE   (LST)  VALUE       VALUE  FROM      YEAR
                                                  NORMAL
..................................................................
TEMPERATURE (F)
 TODAY
  MAXIMUM         73    347 PM  87    1940  80     -7       79
  MINIMUM         56    723 AM  42    1949  66    -10       60
  AVERAGE         65                        73     -8       70

PRECIPITATION (IN)
  TODAY            0.00          1.99 1920   0.09  -0.09     1.14
  MONTH TO DATE    2.66                      3.01  -0.35     5.15
  SINCE NOV 1      2.66                      3.01  -0.35     5.15
  SINCE JAN 1     62.28                     59.60   2.68    65.17

SNOWFALL (IN)
  TODAY            0.0
  MONTH TO DATE    0.0
  SINCE SEP 1      0.0
  SINCE JUL 1      0.0
  SNOW DEPTH       0

DEGREE DAYS
 HEATING
  TODAY            0                         0      0        0
  MONTH TO DATE    8                         0      8        0
  SINCE SEP 1      8                         0      8        0
  SINCE JUL 1      8                         0      8        0

 COOLING
  TODAY            0                         8     -8        5
  MONTH TO DATE  238                       276    -38      358
  SINCE SEP 1   1239                      1273    -34     1391
  SINCE JAN 1   4534                      4348    186     4528
..................................................................


WIND (MPH)
  HIGHEST WIND SPEED    17   HIGHEST WIND DIRECTION     N (360)
  HIGHEST GUST SPEED    25   HIGHEST GUST DIRECTION     N (360)
  AVERAGE WIND SPEED    10.1


SKY COVER
  AVERAGE SKY COVER 0.3


WEATHER CONDITIONS
 THE FOLLOWING WEATHER WAS RECORDED TODAY.
  NO SIGNIFICANT WEATHER WAS OBSERVED.


RELATIVE HUMIDITY (PERCENT)
 HIGHEST    72
 LOWEST     23
 AVERAGE    48

..........................................................


THE MIAMI CLIMATE NORMALS FOR TOMORROW
                         NORMAL    RECORD    YEAR
 MAXIMUM TEMPERATURE (F)   80        88      1988
 MINIMUM TEMPERATURE (F)   66        38      1903


SUNRISE AND SUNSET
NOVEMBER 27 2014......SUNRISE   648 AM EST   SUNSET   530 PM EST
NOVEMBER 28 2014......SUNRISE   649 AM EST   SUNSET   530 PM EST


-  INDICATES NEGATIVE NUMBERS.
R  INDICATES RECORD WAS SET OR TIED.
MM INDICATES DATA IS MISSING.
T  INDICATES TRACE AMOUNT.

$$
