000
CDUS43 KIND 220531
CLIMIE


CLIMATE REPORT
NATIONAL WEATHER SERVICE INDIANAPOLIS IN
131 AM EDT SAT JUL 22 2017


...................................

...THE MUNCIE IN CLIMATE SUMMARY FOR JULY 21 2017...

CLIMATE NORMAL PERIOD 1981 TO 2010
CLIMATE RECORD PERIOD 9999 TO 9999


WEATHER ITEM   OBSERVED TIME   NORMAL DEPARTURE LAST
                VALUE   (LST)  VALUE  FROM      YEAR
                                      NORMAL
......................................................
TEMPERATURE (F)
 YESTERDAY
  MAXIMUM         86    601 PM  84      2       90
  MINIMUM         72    808 AM  64      8       72
  AVERAGE         79            74      5       81

PRECIPITATION (IN)
  YESTERDAY        0.46          0.15   0.31     0.02
  MONTH TO DATE    3.55          3.08   0.47     2.23
  SINCE JUN 1     12.71          7.74   4.97     5.85
  SINCE JAN 1     32.28         23.31   8.97    19.92

DEGREE DAYS
 HEATING
  YESTERDAY        0             0      0        0
  MONTH TO DATE    0             0      0        3
  SINCE JUN 1      3            24    -21        6
  SINCE JUL 1      0             0      0        3

 COOLING
  YESTERDAY       14             9      5       16
  MONTH TO DATE  241           207     34      204
  SINCE JUN 1    489           423     66      483
  SINCE JAN 1    605           506     99      590
......................................................


WIND (MPH)
  HIGHEST WIND SPEED    32   HIGHEST WIND DIRECTION    NW (310)
  HIGHEST GUST SPEED    46   HIGHEST GUST DIRECTION    NW (300)
  AVERAGE WIND SPEED     5.8


SKY COVER
  AVERAGE SKY COVER 0.3


WEATHER CONDITIONS
 THE FOLLOWING WEATHER WAS RECORDED YESTERDAY.
  THUNDERSTORM
  HEAVY RAIN
  RAIN
  LIGHT RAIN
  FOG
  HAZE


RELATIVE HUMIDITY (PERCENT)
 HIGHEST    91           500 AM
 LOWEST     65           100 PM
 AVERAGE    78

..........................................................


THE MUNCIE IN CLIMATE NORMALS FOR TODAY
                         NORMAL
 MAXIMUM TEMPERATURE (F)   84
 MINIMUM TEMPERATURE (F)   64


SUNRISE AND SUNSET
JULY 22 2017..........SUNRISE   631 AM EDT   SUNSET   905 PM EDT
JULY 23 2017..........SUNRISE   631 AM EDT   SUNSET   904 PM EDT


-  INDICATES NEGATIVE NUMBERS.
R  INDICATES RECORD WAS SET OR TIED.
MM INDICATES DATA IS MISSING.
T  INDICATES TRACE AMOUNT.




$$
