000
CDUS43 KIND 310531
CLIMIE


CLIMATE REPORT
NATIONAL WEATHER SERVICE INDIANAPOLIS IN
130 AM EDT FRI JUL 31 2015


...................................

...THE MUNCIE IN CLIMATE SUMMARY FOR JULY 30 2015...

CLIMATE NORMAL PERIOD 1981 TO 2010
CLIMATE RECORD PERIOD 9999 TO 9999


WEATHER ITEM   OBSERVED TIME   NORMAL DEPARTURE LAST
                VALUE   (LST)  VALUE  FROM      YEAR
                                      NORMAL
......................................................
TEMPERATURE (F)
 YESTERDAY
  MAXIMUM         83    420 PM  84     -1       78
  MINIMUM         62    524 AM  64     -2       59
  AVERAGE         73            74     -1       69

PRECIPITATION (IN)
  YESTERDAY        0.00          0.13  -0.13     0.00
  MONTH TO DATE    6.84          4.26   2.58     2.13
  SINCE JUN 1     14.53          8.92   5.61     7.59
  SINCE JAN 1     29.33         24.49   4.84    22.36

DEGREE DAYS
 HEATING
  YESTERDAY        0             0      0        0
  MONTH TO DATE    0             0      0       18
  SINCE JUN 1     28            24      4       26
  SINCE JUL 1      0             0      0       18

 COOLING
  YESTERDAY        8             9     -1        4
  MONTH TO DATE  246           288    -42      149
  SINCE JUN 1    466           504    -38      394
  SINCE JAN 1    610           587     23      509
......................................................


WIND (MPH)
  HIGHEST WIND SPEED    17   HIGHEST WIND DIRECTION    NW (330)
  HIGHEST GUST SPEED    23   HIGHEST GUST DIRECTION     N (340)
  AVERAGE WIND SPEED     7.8


SKY COVER
  AVERAGE SKY COVER 0.0


WEATHER CONDITIONS
 THE FOLLOWING WEATHER WAS RECORDED YESTERDAY.
  NO SIGNIFICANT WEATHER WAS OBSERVED.


RELATIVE HUMIDITY (PERCENT)
 HIGHEST    90           500 AM
 LOWEST     40           200 PM
 AVERAGE    65

..........................................................


THE MUNCIE IN CLIMATE NORMALS FOR TODAY
                         NORMAL
 MAXIMUM TEMPERATURE (F)   84
 MINIMUM TEMPERATURE (F)   64


SUNRISE AND SUNSET
JULY 31 2015..........SUNRISE   638 AM EDT   SUNSET   857 PM EDT
AUGUST  1 2015........SUNRISE   639 AM EDT   SUNSET   856 PM EDT


-  INDICATES NEGATIVE NUMBERS.
R  INDICATES RECORD WAS SET OR TIED.
MM INDICATES DATA IS MISSING.
T  INDICATES TRACE AMOUNT.




$$
