000
CDUS43 KIND 220531
CLIMIE


CLIMATE REPORT
NATIONAL WEATHER SERVICE INDIANAPOLIS IN
131 AM EDT MON SEP 22 2014


...................................

...THE MUNCIE IN CLIMATE SUMMARY FOR SEPTEMBER 21 2014...

CLIMATE NORMAL PERIOD 1981 TO 2010
CLIMATE RECORD PERIOD 9999 TO 9999


WEATHER ITEM   OBSERVED TIME   NORMAL DEPARTURE LAST
                VALUE   (LST)  VALUE  FROM      YEAR
                                      NORMAL
......................................................
TEMPERATURE (F)
 YESTERDAY
  MAXIMUM         71   1247 PM  75     -4       71
  MINIMUM         50   1159 PM  52     -2       48
  AVERAGE         61            63     -2       60

PRECIPITATION (IN)
  YESTERDAY        0.07          0.10  -0.03     0.08
  MONTH TO DATE    3.57          2.14   1.43     2.89
  SINCE SEP 1      3.57          2.14   1.43     2.89
  SINCE JAN 1     31.99         30.05   1.94    27.77

DEGREE DAYS
 HEATING
  YESTERDAY        4             4      0        5
  MONTH TO DATE   79            41     38       46
  SINCE SEP 1     79            41     38       46
  SINCE JUL 1    105            51     54       72

 COOLING
  YESTERDAY        0             2     -2        0
  MONTH TO DATE   63            89    -26      123
  SINCE SEP 1     63            89    -26      123
  SINCE JAN 1    818           923   -105      938
......................................................


WIND (MPH)
  HIGHEST WIND SPEED    26   HIGHEST WIND DIRECTION     W (290)
  HIGHEST GUST SPEED    36   HIGHEST GUST DIRECTION    NW (300)
  AVERAGE WIND SPEED    12.3


SKY COVER
  AVERAGE SKY COVER 0.5


WEATHER CONDITIONS
 THE FOLLOWING WEATHER WAS RECORDED YESTERDAY.
  THUNDERSTORM
  RAIN
  LIGHT RAIN
  FOG


RELATIVE HUMIDITY (PERCENT)
 HIGHEST    90           400 AM
 LOWEST     44          1200 PM
 AVERAGE    67

..........................................................


THE MUNCIE IN CLIMATE NORMALS FOR TODAY
                         NORMAL
 MAXIMUM TEMPERATURE (F)   75
 MINIMUM TEMPERATURE (F)   51


SUNRISE AND SUNSET
SEPTEMBER 22 2014.....SUNRISE   729 AM EDT   SUNSET   739 PM EDT
SEPTEMBER 23 2014.....SUNRISE   730 AM EDT   SUNSET   737 PM EDT


-  INDICATES NEGATIVE NUMBERS.
R  INDICATES RECORD WAS SET OR TIED.
MM INDICATES DATA IS MISSING.
T  INDICATES TRACE AMOUNT.




$$
