000
CDUS43 KIND 250531
CLIMIE


CLIMATE REPORT
NATIONAL WEATHER SERVICE INDIANAPOLIS IN
131 AM EDT FRI JUL 25 2014


...................................

...THE MUNCIE IN CLIMATE SUMMARY FOR JULY 24 2014...

CLIMATE NORMAL PERIOD 1981 TO 2010
CLIMATE RECORD PERIOD 9999 TO 9999


WEATHER ITEM   OBSERVED TIME   NORMAL DEPARTURE LAST
                VALUE   (LST)  VALUE  FROM      YEAR
                                      NORMAL
......................................................
TEMPERATURE (F)
 YESTERDAY
  MAXIMUM         76    341 PM  84     -8       73
  MINIMUM         56   1150 PM  64     -8       53
  AVERAGE         66            74     -8       63

PRECIPITATION (IN)
  YESTERDAY        0.00          0.14  -0.14     0.00
  MONTH TO DATE    1.93          3.50  -1.57     1.56
  SINCE JUN 1      7.39          8.16  -0.77     6.54
  SINCE JAN 1     22.16         23.73  -1.57    22.35

DEGREE DAYS
 HEATING
  YESTERDAY        0             0      0        2
  MONTH TO DATE    9             0      9        2
  SINCE JUN 1     17            24     -7       16
  SINCE JUL 1      9             0      9        2

 COOLING
  YESTERDAY        1             9     -8        0
  MONTH TO DATE  126           234   -108      219
  SINCE JUN 1    371           450    -79      425
  SINCE JAN 1    486           533    -47      593
......................................................


WIND (MPH)
  HIGHEST WIND SPEED    20   HIGHEST WIND DIRECTION     N (20)
  HIGHEST GUST SPEED    25   HIGHEST GUST DIRECTION     N (20)
  AVERAGE WIND SPEED     7.3


SKY COVER
  AVERAGE SKY COVER 0.3


WEATHER CONDITIONS
 THE FOLLOWING WEATHER WAS RECORDED YESTERDAY.
  FOG


RELATIVE HUMIDITY (PERCENT)
 HIGHEST    93           300 AM
 LOWEST     41           500 PM
 AVERAGE    67

..........................................................


THE MUNCIE IN CLIMATE NORMALS FOR TODAY
                         NORMAL
 MAXIMUM TEMPERATURE (F)   84
 MINIMUM TEMPERATURE (F)   64


SUNRISE AND SUNSET
JULY 25 2014..........SUNRISE   633 AM EDT   SUNSET   903 PM EDT
JULY 26 2014..........SUNRISE   634 AM EDT   SUNSET   902 PM EDT


-  INDICATES NEGATIVE NUMBERS.
R  INDICATES RECORD WAS SET OR TIED.
MM INDICATES DATA IS MISSING.
T  INDICATES TRACE AMOUNT.




$$
