000
CDUS43 KMKX 210642
CLIMKE


CLIMATE REPORT
NATIONAL WEATHER SERVICE IN MILWAUKEE
1241 AM CST TUE NOV 21 2017


...................................

...THE MILWAUKEE WI CLIMATE SUMMARY FOR NOVEMBER 20 2017...

CLIMATE NORMAL PERIOD 1981 TO 2010
CLIMATE RECORD PERIOD 1871 TO 2017


WEATHER ITEM   OBSERVED TIME   RECORD YEAR NORMAL DEPARTURE LAST
                VALUE   (LST)  VALUE       VALUE  FROM      YEAR
                                                  NORMAL
..................................................................
TEMPERATURE (F)
 YESTERDAY
  MAXIMUM         52    316 PM  66    1897  44      8       36
  MINIMUM         30    223 AM   8    1880  30      0       25
  AVERAGE         41                        37      4       31

PRECIPITATION (IN)
  YESTERDAY        0.00          1.39 1931   0.09  -0.09     0.00
  MONTH TO DATE    1.37                      1.82  -0.45     0.52
  SINCE SEP 1      6.31                      7.65  -1.34     8.38
  SINCE JAN 1     33.63                     31.83   1.80    26.04

SNOWFALL (IN)
  YESTERDAY        0.0           2.0  1981   0.1   -0.1      0.0
  MONTH TO DATE    0.2                       0.9   -0.7       T
  SINCE SEP 1      0.2                       1.2   -1.0       T
  SINCE JUL 1      0.2                       1.2   -1.0       T
  SNOW DEPTH       0

DEGREE DAYS
 HEATING
  YESTERDAY       24                        28     -4       34
  MONTH TO DATE  536                       472     64      276
  SINCE SEP 1    862                      1031   -169      576
  SINCE JUL 1    871                      1057   -186      578

 COOLING
  YESTERDAY        0                         0      0        0
  MONTH TO DATE    0                         0      0        3
  SINCE SEP 1    162                        76     86      155
  SINCE JAN 1    772                       641    131      991
..................................................................


WIND (MPH)
  HIGHEST WIND SPEED    28   HIGHEST WIND DIRECTION    SW (220)
  HIGHEST GUST SPEED    36   HIGHEST GUST DIRECTION    SW (220)
  AVERAGE WIND SPEED    17.4


SKY COVER
  POSSIBLE SUNSHINE  MM
  AVERAGE SKY COVER 0.6


WEATHER CONDITIONS
 THE FOLLOWING WEATHER WAS RECORDED YESTERDAY.
  NO SIGNIFICANT WEATHER WAS OBSERVED.


RELATIVE HUMIDITY (PERCENT)
 HIGHEST    75           800 AM
 LOWEST     46           100 PM
 AVERAGE    61

..........................................................


THE MILWAUKEE WI CLIMATE NORMALS FOR TODAY
                         NORMAL    RECORD    YEAR
 MAXIMUM TEMPERATURE (F)   43        70      1913
 MINIMUM TEMPERATURE (F)   30        -3      1880


SUNRISE AND SUNSET
NOVEMBER 21 2017......SUNRISE   652 AM CST   SUNSET   423 PM CST
NOVEMBER 22 2017......SUNRISE   653 AM CST   SUNSET   422 PM CST


-  INDICATES NEGATIVE NUMBERS.
R  INDICATES RECORD WAS SET OR TIED.
MM INDICATES DATA IS MISSING.
T  INDICATES TRACE AMOUNT.




$$
