000
CDUS43 KMKX 080041
CLIMKE


CLIMATE REPORT
NATIONAL WEATHER SERVICE IN MILWAUKEE
741 PM CDT TUE JUL 7 2015


...................................

...THE MILWAUKEE WI CLIMATE SUMMARY FOR JULY 7 2015...
VALID TODAY AS OF 0700 PM LOCAL TIME.

CLIMATE NORMAL PERIOD 1981 TO 2010
CLIMATE RECORD PERIOD 1871 TO 2015


WEATHER ITEM   OBSERVED TIME   RECORD YEAR NORMAL DEPARTURE LAST
                VALUE   (LST)  VALUE       VALUE  FROM      YEAR
                                                  NORMAL
..................................................................
TEMPERATURE (F)
 TODAY
  MAXIMUM         72   1238 AM  98    1980  80     -8       86
                                      1936
  MINIMUM         57    536 AM  48    1960  63     -6       73
  AVERAGE         65                        72     -7       80

PRECIPITATION (IN)
  TODAY            0.05          1.78 1991   0.13  -0.08      T
  MONTH TO DATE    0.47                      0.87  -0.40     0.13
  SINCE JUN 1      2.96                      4.77  -1.81     6.47
  SINCE JAN 1     13.16                     17.41  -4.25    17.42

SNOWFALL (IN)
  TODAY            0.0           0.0    MM   0.0    0.0      0.0
  MONTH TO DATE    0.0                       0.0    0.0      0.0
  SINCE JUN 1      0.0                       0.0    0.0      0.0
  SINCE JUL 1      0.0                       0.0    0.0      0.0
  SNOW DEPTH       0

DEGREE DAYS
 HEATING
  TODAY            0                         0      0        0
  MONTH TO DATE   16                         4     12        6
  SINCE JUN 1    118                        88     30       80
  SINCE JUL 1     16                         4     12        6

 COOLING
  TODAY            0                         7     -7       15
  MONTH TO DATE   21                        48    -27       32
  SINCE JUN 1     94                       168    -74      122
  SINCE JAN 1    120                       198    -78      140
..................................................................


WIND (MPH)
  HIGHEST WIND SPEED    23   HIGHEST WIND DIRECTION     N (10)
  HIGHEST GUST SPEED    32   HIGHEST GUST DIRECTION     N (20)
  AVERAGE WIND SPEED    13.4


SKY COVER
  POSSIBLE SUNSHINE  MM
  AVERAGE SKY COVER 0.6


WEATHER CONDITIONS
 THE FOLLOWING WEATHER WAS RECORDED TODAY.
  LIGHT RAIN
  FOG
  HAZE


RELATIVE HUMIDITY (PERCENT)
 HIGHEST    93           200 AM
 LOWEST     56          1000 AM
 AVERAGE    75

..........................................................


THE MILWAUKEE WI CLIMATE NORMALS FOR TOMORROW
                         NORMAL    RECORD    YEAR
 MAXIMUM TEMPERATURE (F)   80       101      1936
 MINIMUM TEMPERATURE (F)   63        51      1961
                                             1883


SUNRISE AND SUNSET
JULY  7 2015..........SUNRISE   520 AM CDT   SUNSET   833 PM CDT
JULY  8 2015..........SUNRISE   521 AM CDT   SUNSET   832 PM CDT


-  INDICATES NEGATIVE NUMBERS.
R  INDICATES RECORD WAS SET OR TIED.
MM INDICATES DATA IS MISSING.
T  INDICATES TRACE AMOUNT.




$$
