000
CDUS43 KMKX 260913
CLIMKE


CLIMATE REPORT
NATIONAL WEATHER SERVICE IN MILWAUKEE
312 AM CST FRI DEC 26 2014


...................................

...THE MILWAUKEE WI CLIMATE SUMMARY FOR DECEMBER 25 2014...

CLIMATE NORMAL PERIOD 1981 TO 2010
CLIMATE RECORD PERIOD 1871 TO 2014


WEATHER ITEM   OBSERVED TIME   RECORD YEAR NORMAL DEPARTURE LAST
                VALUE   (LST)  VALUE       VALUE  FROM      YEAR
                                                  NORMAL
..................................................................
TEMPERATURE (F)
 YESTERDAY
  MAXIMUM         41   1017 PM  61    1982  30     11       24
  MINIMUM         34    956 AM -12    1983  18     16       15
  AVERAGE         38                        24     14       20

PRECIPITATION (IN)
  YESTERDAY        0.00          0.96 2009   0.06  -0.06     0.08
  MONTH TO DATE    1.01                      1.70  -0.69     1.69
  SINCE DEC 1      1.01                      1.70  -0.69     1.69
  SINCE JAN 1     32.09                     34.42  -2.33    39.92

SNOWFALL (IN)
  YESTERDAY        0.0           5.7  1950   0.4   -0.4      1.5
  MONTH TO DATE    0.5                       8.2   -7.7     18.0
  SINCE DEC 1      0.5                       8.2   -7.7     18.0
  SINCE JUL 1      5.3                      10.9   -5.6     20.0
  SNOW DEPTH       0

DEGREE DAYS
 HEATING
  YESTERDAY       27                        41    -14       45
  MONTH TO DATE  800                       944   -144     1079
  SINCE DEC 1    800                       944   -144     1079
  SINCE JUL 1   2371                      2309     62     2454

 COOLING
  YESTERDAY        0                         0      0        0
  MONTH TO DATE    0                         0      0        0
  SINCE DEC 1      0                         0      0        0
  SINCE JAN 1    464                       641   -177      688
..................................................................


WIND (MPH)
  HIGHEST WIND SPEED    21   HIGHEST WIND DIRECTION    SW (230)
  HIGHEST GUST SPEED    28   HIGHEST GUST DIRECTION    SW (230)
  AVERAGE WIND SPEED    13.4


SKY COVER
  POSSIBLE SUNSHINE  MM
  AVERAGE SKY COVER 0.9


WEATHER CONDITIONS
 THE FOLLOWING WEATHER WAS RECORDED YESTERDAY.
  NO SIGNIFICANT WEATHER WAS OBSERVED.


RELATIVE HUMIDITY (PERCENT)
 HIGHEST    79           900 PM
 LOWEST     64          1200 PM
 AVERAGE    72

..........................................................


THE MILWAUKEE WI CLIMATE NORMALS FOR TODAY
                         NORMAL    RECORD    YEAR
 MAXIMUM TEMPERATURE (F)   30        51      2008
                                             1936
 MINIMUM TEMPERATURE (F)   17       -14      1962


SUNRISE AND SUNSET
DECEMBER 26 2014......SUNRISE   722 AM CST   SUNSET   423 PM CST
DECEMBER 27 2014......SUNRISE   722 AM CST   SUNSET   424 PM CST


-  INDICATES NEGATIVE NUMBERS.
R  INDICATES RECORD WAS SET OR TIED.
MM INDICATES DATA IS MISSING.
T  INDICATES TRACE AMOUNT.




$$
