000
CDUS43 KGRR 190518
CLIMKG


CLIMATE REPORT
NATIONAL WEATHER SERVICE GRAND RAPIDS, MI
1218 AM EST MON FEB 19 2018


...................................

...THE MUSKEGON MI CLIMATE SUMMARY FOR FEBRUARY 18 2018...

CLIMATE NORMAL PERIOD 1981 TO 2010
CLIMATE RECORD PERIOD 1896 TO 2018


WEATHER ITEM   OBSERVED TIME   RECORD YEAR NORMAL DEPARTURE LAST
                VALUE   (LST)  VALUE       VALUE  FROM      YEAR
                                                  NORMAL
..................................................................
TEMPERATURE (F)
 YESTERDAY
  MAXIMUM         39    430 PM  54    2017  34      5       54
                                      1994
  MINIMUM         20    818 AM  -8    1936  21     -1       33
  AVERAGE         30                        28      2       44

PRECIPITATION (IN)
  YESTERDAY        0.00          0.52 1926   0.07  -0.07     0.00
  MONTH TO DATE    1.49                      1.11   0.38     0.16
  SINCE DEC 1      7.18                      5.69   1.49     5.41
  SINCE JAN 1      4.41                      3.14   1.27     3.19

SNOWFALL (IN)
  YESTERDAY        0.0           5.6  2008   0.7   -0.7      0.0
  MONTH TO DATE   20.9                      13.4    7.5      0.3
  SINCE DEC 1     91.6                      70.3   21.3     40.7
  SINCE JUL 1     91.6                      76.5   15.1     41.7
  SNOW DEPTH       4

DEGREE DAYS
 HEATING
  YESTERDAY       35                        37     -2       21
  MONTH TO DATE  750                       699     51      602
  SINCE DEC 1   3106                      3004    102     2740
  SINCE JUL 1   4265                      4371   -106     3645

 COOLING
  YESTERDAY        0                         0      0        0
  MONTH TO DATE    0                         0      0        0
  SINCE DEC 1      0                         0      0        0
  SINCE JAN 1      0                         0      0        0
..................................................................


WIND (MPH)
  RESULTANT WIND SPEED   7   RESULTANT WIND DIRECTION   S (190)
  HIGHEST WIND SPEED    21   HIGHEST WIND DIRECTION    SE (150)
  HIGHEST GUST SPEED    28   HIGHEST GUST DIRECTION    SE (140)
  AVERAGE WIND SPEED    11.1


SKY COVER
  AVERAGE SKY COVER 0.7


WEATHER CONDITIONS
 THE FOLLOWING WEATHER WAS RECORDED YESTERDAY.
  NO SIGNIFICANT WEATHER WAS OBSERVED.


RELATIVE HUMIDITY (PERCENT)
 HIGHEST    92           900 AM
 LOWEST     52           500 PM
 AVERAGE    72

..........................................................


THE MUSKEGON MI CLIMATE NORMALS FOR TODAY
                         NORMAL    RECORD    YEAR
 MAXIMUM TEMPERATURE (F)   34        58      2017
 MINIMUM TEMPERATURE (F)   22       -14      1920


SUNRISE AND SUNSET
FEBRUARY 19 2018......SUNRISE   737 AM EST   SUNSET   621 PM EST
FEBRUARY 20 2018......SUNRISE   735 AM EST   SUNSET   623 PM EST


-  INDICATES NEGATIVE NUMBERS.
R  INDICATES RECORD WAS SET OR TIED.
MM INDICATES DATA IS MISSING.
T  INDICATES TRACE AMOUNT.




$$
