000
CDUS43 KGRR 120528
CLIMKG


CLIMATE REPORT
NATIONAL WEATHER SERVICE GRAND RAPIDS, MI
125 AM EDT SAT JUL 12 2014


...................................

...THE MUSKEGON MI CLIMATE SUMMARY FOR JULY 11 2014...

CLIMATE NORMAL PERIOD 1981 TO 2010
CLIMATE RECORD PERIOD 1895 TO 2014


WEATHER ITEM   OBSERVED TIME   RECORD YEAR NORMAL DEPARTURE LAST
                VALUE   (LST)  VALUE       VALUE  FROM      YEAR
                                                  NORMAL
..................................................................
TEMPERATURE (F)
 YESTERDAY
  MAXIMUM         78    131 PM  91    2005  81     -3       80
  MINIMUM         54    159 AM  40    1945  62     -8       56
  AVERAGE         66                        71     -5       68

PRECIPITATION (IN)
  YESTERDAY        0.00          1.21 2006   0.07  -0.07     0.00
  MONTH TO DATE    0.70                      0.79  -0.09     0.60
  SINCE JUN 1      7.72                      3.34   4.38     4.93
  SINCE JAN 1     21.02                     15.61   5.41    27.62

SNOWFALL (IN)
  YESTERDAY        0.0          MM      MM   0.0    0.0      0.0
  MONTH TO DATE    0.0                       0.0    0.0      0.0
  SINCE JUN 1      0.0                       0.0    0.0      0.0
  SINCE JUL 1      0.0                       0.0    0.0      0.0
  SNOW DEPTH       0

DEGREE DAYS
 HEATING
  YESTERDAY        0                         0      0        0
  MONTH TO DATE    3                         4     -1        2
  SINCE JUN 1     34                        70    -36       54
  SINCE JUL 1      3                         4     -1        2

 COOLING
  YESTERDAY        1                         7     -6        3
  MONTH TO DATE   25                        68    -43       64
  SINCE JUN 1    157                       173    -16      164
  SINCE JAN 1    174                       202    -28      224
..................................................................


WIND (MPH)
  RESULTANT WIND SPEED   4   RESULTANT WIND DIRECTION   S (200)
  HIGHEST WIND SPEED    16   HIGHEST WIND DIRECTION    SW (230)
  HIGHEST GUST SPEED    20   HIGHEST GUST DIRECTION    SW (240)
  AVERAGE WIND SPEED     5.1


SKY COVER
  AVERAGE SKY COVER 0.5


WEATHER CONDITIONS
 THE FOLLOWING WEATHER WAS RECORDED YESTERDAY.
  NO SIGNIFICANT WEATHER WAS OBSERVED.


RELATIVE HUMIDITY (PERCENT)
 HIGHEST    86          1200 AM
 LOWEST     43           300 PM
 AVERAGE    65

..........................................................


THE MUSKEGON MI CLIMATE NORMALS FOR TODAY
                         NORMAL    RECORD    YEAR
 MAXIMUM TEMPERATURE (F)   81        92      1930
 MINIMUM TEMPERATURE (F)   62        45      1978


SUNRISE AND SUNSET
JULY 12 2014..........SUNRISE   616 AM EDT   SUNSET   924 PM EDT
JULY 13 2014..........SUNRISE   617 AM EDT   SUNSET   924 PM EDT


-  INDICATES NEGATIVE NUMBERS.
R  INDICATES RECORD WAS SET OR TIED.
MM INDICATES DATA IS MISSING.
T  INDICATES TRACE AMOUNT.




$$
