000
CDUS44 KMEG 110732
CLIMKL


CLIMATE REPORT
NATIONAL WEATHER SERVICE MEMPHIS TN
132 AM CST MON DEC 11 2017


...................................

...THE JACKSON CLIMATE SUMMARY FOR DECEMBER 10 2017...

CLIMATE NORMAL PERIOD 1981 TO 2010
CLIMATE RECORD PERIOD 1948 TO 2017


WEATHER ITEM   OBSERVED TIME   RECORD YEAR NORMAL DEPARTURE LAST
                VALUE   (LST)  VALUE       VALUE  FROM      YEAR
                                                  NORMAL
..................................................................
TEMPERATURE (F)
 YESTERDAY
  MAXIMUM         53    311 PM  73    1965  52      1       43
  MINIMUM         17    553 AM   7    1995  32    -15       17
  AVERAGE         35                        42     -7       30

PRECIPITATION (IN)
  YESTERDAY        0.00          1.24 1994   0.19  -0.19     0.00
  MONTH TO DATE    0.89                      1.84  -0.95     1.19
  SINCE DEC 1      0.89                      1.84  -0.95     1.19
  SINCE JAN 1     43.82                     49.76  -5.94    40.74

DEGREE DAYS
 HEATING
  YESTERDAY       30                        23      7       35
  MONTH TO DATE  214                       220     -6      258
  SINCE DEC 1    214                       220     -6      258
  SINCE JUL 1    815                       887    -72      642

 COOLING
  YESTERDAY        0                         0      0        0
  MONTH TO DATE    0                         0      0        0
  SINCE DEC 1      0                         0      0        0
  SINCE JAN 1   1812                      1697    115     2092
..................................................................


WIND (MPH)
  HIGHEST WIND SPEED    20   HIGHEST WIND DIRECTION    SW (240)
  HIGHEST GUST SPEED    25   HIGHEST GUST DIRECTION    SW (230)
  AVERAGE WIND SPEED     8.1


SKY COVER
  POSSIBLE SUNSHINE  MM
  AVERAGE SKY COVER 0.0


WEATHER CONDITIONS
 THE FOLLOWING WEATHER WAS RECORDED YESTERDAY.
  NO SIGNIFICANT WEATHER WAS OBSERVED.


RELATIVE HUMIDITY (PERCENT)
 HIGHEST    92          1200 AM
 LOWEST     29           300 PM
 AVERAGE    61

..........................................................


THE JACKSON CLIMATE NORMALS FOR TODAY
                         NORMAL    RECORD    YEAR
 MAXIMUM TEMPERATURE (F)   51        74      2015
                                             2007
 MINIMUM TEMPERATURE (F)   32         6      1962


SUNRISE AND SUNSET
DECEMBER 11 2017......SUNRISE   655 AM CST   SUNSET   443 PM CST
DECEMBER 12 2017......SUNRISE   656 AM CST   SUNSET   443 PM CST


-  INDICATES NEGATIVE NUMBERS.
R  INDICATES RECORD WAS SET OR TIED.
MM INDICATES DATA IS MISSING.
T  INDICATES TRACE AMOUNT.




$$
