000
CDUS44 KMEG 290646
CLIMKL


CLIMATE REPORT
NATIONAL WEATHER SERVICE MEMPHIS TN
145 AM CDT FRI MAY 29 2015


...................................

...THE JACKSON CLIMATE SUMMARY FOR MAY 28 2015...

CLIMATE NORMAL PERIOD 1981 TO 2010
CLIMATE RECORD PERIOD 1948 TO 2015


WEATHER ITEM   OBSERVED TIME   RECORD YEAR NORMAL DEPARTURE LAST
                VALUE   (LST)  VALUE       VALUE  FROM      YEAR
                                                  NORMAL
..................................................................
TEMPERATURE (F)
 YESTERDAY
  MAXIMUM         80    529 PM  94    2012  83     -3       80
                                      1962
  MINIMUM         59    412 AM  41    1961  61     -2       66
  AVERAGE         70                        72     -2       73

PRECIPITATION (IN)
  YESTERDAY        0.00          1.87 1957   0.19  -0.19     0.37
  MONTH TO DATE    3.92                      5.14  -1.22     3.60
  SINCE MAR 1     13.92                     14.75  -0.83    13.63
  SINCE JAN 1     19.81                     22.99  -3.18    21.79

SNOWFALL (IN)
  YESTERDAY        0.0          MM      MM   0.0    0.0      0.0
  MONTH TO DATE    0.0                       0.0    0.0      0.0
  SINCE MAR 1      4.4                       0.4    4.0      0.8
  SINCE JUL 1      5.9                       4.6    1.3      1.3
  SNOW DEPTH       0

DEGREE DAYS
 HEATING
  YESTERDAY        0                         0      0        0
  MONTH TO DATE   39                        46     -7       59
  SINCE MAR 1    664                       688    -24      851
  SINCE JUL 1   3837                      3572    265     4147

 COOLING
  YESTERDAY        5                         7     -2        8
  MONTH TO DATE  144                       134     10      182
  SINCE MAR 1    205                       192     13      219
  SINCE JAN 1    205                       193     12      219
..................................................................


WIND (MPH)
  HIGHEST WIND SPEED    10   HIGHEST WIND DIRECTION     S (170)
  HIGHEST GUST SPEED    13   HIGHEST GUST DIRECTION     E (110)
  AVERAGE WIND SPEED     2.8


SKY COVER
  POSSIBLE SUNSHINE  MM
  AVERAGE SKY COVER 0.5


WEATHER CONDITIONS
 THE FOLLOWING WEATHER WAS RECORDED YESTERDAY.
  FOG


RELATIVE HUMIDITY (PERCENT)
 HIGHEST    93          1200 AM
 LOWEST     62           400 PM
 AVERAGE    78

..........................................................


THE JACKSON CLIMATE NORMALS FOR TODAY
                         NORMAL    RECORD    YEAR
 MAXIMUM TEMPERATURE (F)   83        96      1953
 MINIMUM TEMPERATURE (F)   61        46      1984


SUNRISE AND SUNSET
MAY 29 2015...........SUNRISE   543 AM CDT   SUNSET   804 PM CDT
MAY 30 2015...........SUNRISE   542 AM CDT   SUNSET   805 PM CDT


-  INDICATES NEGATIVE NUMBERS.
R  INDICATES RECORD WAS SET OR TIED.
MM INDICATES DATA IS MISSING.
T  INDICATES TRACE AMOUNT.




$$
