000
CDUS44 KMEG 052146
CLIMKL


CLIMATE REPORT
NATIONAL WEATHER SERVICE MEMPHIS TN
446 PM CDT SUN JUL 5 2015


...................................

...THE JACKSON CLIMATE SUMMARY FOR JULY 5 2015...
VALID TODAY AS OF 0400 PM LOCAL TIME.

CLIMATE NORMAL PERIOD 1981 TO 2010
CLIMATE RECORD PERIOD 1948 TO 2015


WEATHER ITEM   OBSERVED TIME   RECORD YEAR NORMAL DEPARTURE LAST
                VALUE   (LST)  VALUE       VALUE  FROM      YEAR
                                                  NORMAL
..................................................................
TEMPERATURE (F)
 TODAY
  MAXIMUM         86    252 PM 103    2012  90     -4       83
  MINIMUM         67    344 AM  53    1968  68     -1       54
  AVERAGE         77                        79     -2       69

PRECIPITATION (IN)
  TODAY            0.00          3.01 1967   0.14  -0.14     0.00
  MONTH TO DATE    0.56                      0.73  -0.17     0.30
  SINCE JUN 1      3.32                      5.57  -2.25    12.87
  SINCE JAN 1     25.10                     29.11  -4.01    34.88

SNOWFALL (IN)
  TODAY            0.0

DEGREE DAYS
 HEATING
  TODAY            0                         0      0        0
  MONTH TO DATE    0                         0      0        0
  SINCE JUN 1      0                         2     -2        0
  SINCE JUL 1      0                         0      0        0

 COOLING
  TODAY           12                        14     -2        4
  MONTH TO DATE   60                        70    -10       41
  SINCE JUN 1    481                       409     72      404
  SINCE JAN 1    712                       624     88      654
..................................................................


WIND (MPH)
  HIGHEST WIND SPEED    14   HIGHEST WIND DIRECTION    SW (230)
  HIGHEST GUST SPEED    19   HIGHEST GUST DIRECTION    SW (210)
  AVERAGE WIND SPEED     3.4


SKY COVER
  POSSIBLE SUNSHINE  MM
  AVERAGE SKY COVER 0.6


WEATHER CONDITIONS
 THE FOLLOWING WEATHER WAS RECORDED TODAY.
  FOG


RELATIVE HUMIDITY (PERCENT)
 HIGHEST    97          1200 AM
 LOWEST     61           100 PM
 AVERAGE    79

..........................................................


THE JACKSON CLIMATE NORMALS FOR TOMORROW
                         NORMAL    RECORD    YEAR
 MAXIMUM TEMPERATURE (F)   90       104      2012
 MINIMUM TEMPERATURE (F)   69        53      1972


SUNRISE AND SUNSET
JULY  5 2015..........SUNRISE   545 AM CDT   SUNSET   815 PM CDT
JULY  6 2015..........SUNRISE   546 AM CDT   SUNSET   815 PM CDT


-  INDICATES NEGATIVE NUMBERS.
R  INDICATES RECORD WAS SET OR TIED.
MM INDICATES DATA IS MISSING.
T  INDICATES TRACE AMOUNT.




$$
