000
CDUS44 KMEG 230634
CLIMKL


CLIMATE REPORT
NATIONAL WEATHER SERVICE MEMPHIS TN
133 AM CDT TUE SEP 23 2014


...................................

...THE JACKSON CLIMATE SUMMARY FOR SEPTEMBER 22 2014...

CLIMATE NORMAL PERIOD 1981 TO 2010
CLIMATE RECORD PERIOD 1948 TO 2014


WEATHER ITEM   OBSERVED TIME   RECORD YEAR NORMAL DEPARTURE LAST
                VALUE   (LST)  VALUE       VALUE  FROM      YEAR
                                                  NORMAL
..................................................................
TEMPERATURE (F)
 YESTERDAY
  MAXIMUM         77    341 PM  96    2010  82     -5       77
  MINIMUM         53   1135 PM  36    1983  56     -3       48
  AVERAGE         65                        69     -4       63

PRECIPITATION (IN)
  YESTERDAY        0.00          2.17 1992   0.12  -0.12     0.00
  MONTH TO DATE    4.83                      2.34   2.49     2.16
  SINCE SEP 1      4.83                      2.34   2.49     2.16
  SINCE JAN 1     48.49                     38.21  10.28    47.25

SNOWFALL (IN)
  YESTERDAY        0.0           0.0  2002   0.0    0.0      0.0
                                      2001
  MONTH TO DATE    0.0                       0.0    0.0      0.0
  SINCE SEP 1      0.0                       0.0    0.0      0.0
  SINCE JUL 1      0.0                       0.0    0.0      0.0
  SNOW DEPTH       0

DEGREE DAYS
 HEATING
  YESTERDAY        0                         1     -1        2
  MONTH TO DATE    7                         7      0        6
  SINCE SEP 1      7                         7      0        6
  SINCE JUL 1      7                         7      0        6

 COOLING
  YESTERDAY        0                         5     -5        0
  MONTH TO DATE  175                       185    -10      209
  SINCE SEP 1    175                       185    -10      209
  SINCE JAN 1   1492                      1608   -116     1493
..................................................................


WIND (MPH)
  HIGHEST WIND SPEED    16   HIGHEST WIND DIRECTION     N (360)
  HIGHEST GUST SPEED    22   HIGHEST GUST DIRECTION     N (10)
  AVERAGE WIND SPEED     6.6


SKY COVER
  POSSIBLE SUNSHINE  MM
  AVERAGE SKY COVER 0.0


WEATHER CONDITIONS
 THE FOLLOWING WEATHER WAS RECORDED YESTERDAY.
  NO SIGNIFICANT WEATHER WAS OBSERVED.


RELATIVE HUMIDITY (PERCENT)
 HIGHEST    89           500 AM
 LOWEST     39           300 PM
 AVERAGE    64

..........................................................


THE JACKSON CLIMATE NORMALS FOR TODAY
                         NORMAL    RECORD    YEAR
 MAXIMUM TEMPERATURE (F)   81        95      2010
 MINIMUM TEMPERATURE (F)   56        38      1999


SUNRISE AND SUNSET
SEPTEMBER 23 2014.....SUNRISE   644 AM CDT   SUNSET   651 PM CDT
SEPTEMBER 24 2014.....SUNRISE   645 AM CDT   SUNSET   650 PM CDT


-  INDICATES NEGATIVE NUMBERS.
R  INDICATES RECORD WAS SET OR TIED.
MM INDICATES DATA IS MISSING.
T  INDICATES TRACE AMOUNT.




$$
