000
CDUS44 KMEG 260816
CLIMKL


CLIMATE REPORT
NATIONAL WEATHER SERVICE MEMPHIS TN
137 AM CST FRI DEC 26 2014


...................................

...THE JACKSON CLIMATE SUMMARY FOR DECEMBER 25 2014...

CLIMATE NORMAL PERIOD 1981 TO 2010
CLIMATE RECORD PERIOD 1948 TO 2014


WEATHER ITEM   OBSERVED TIME   RECORD YEAR NORMAL DEPARTURE LAST
                VALUE   (LST)  VALUE       VALUE  FROM      YEAR
                                                  NORMAL
..................................................................
TEMPERATURE (F)
 YESTERDAY
  MAXIMUM         53    329 PM  71    1982  49      4       47
  MINIMUM         37    757 AM  -2    1983  30      7       17
  AVERAGE         45                        39      6       32

PRECIPITATION (IN)
  YESTERDAY        T             3.66 1987   0.16  -0.16     0.00
  MONTH TO DATE    2.64                      4.46  -1.82     4.55
  SINCE DEC 1      2.64                      4.46  -1.82     4.55
  SINCE JAN 1     57.82                     52.38   5.44    58.12

SNOWFALL (IN)
  YESTERDAY        0.0           0.1  2009   0.0    0.0      0.0
                                      1993
                                      1992
  MONTH TO DATE    T                         0.1   -0.1       T
  SINCE DEC 1      T                         0.1   -0.1       T
  SINCE JUL 1      0.1                       0.2   -0.1       T
  SNOW DEPTH       0

DEGREE DAYS
 HEATING
  YESTERDAY       20                        26     -6       33
  MONTH TO DATE  510                       594    -84      590
  SINCE DEC 1    510                       594    -84      590
  SINCE JUL 1   1302                      1261     41     1380

 COOLING
  YESTERDAY        0                         0      0        0
  MONTH TO DATE    0                         0      0        8
  SINCE DEC 1      0                         0      0        8
  SINCE JAN 1   1609                      1697    -88     1600
..................................................................


WIND (MPH)
  HIGHEST WIND SPEED    15   HIGHEST WIND DIRECTION     S (190)
  HIGHEST GUST SPEED    18   HIGHEST GUST DIRECTION     S (200)
  AVERAGE WIND SPEED     7.5


SKY COVER
  POSSIBLE SUNSHINE  MM
  AVERAGE SKY COVER 0.3


WEATHER CONDITIONS
 THE FOLLOWING WEATHER WAS RECORDED YESTERDAY.
  LIGHT RAIN


RELATIVE HUMIDITY (PERCENT)
 HIGHEST    85          1200 AM
 LOWEST     45           300 PM
 AVERAGE    65

..........................................................


THE JACKSON CLIMATE NORMALS FOR TODAY
                         NORMAL    RECORD    YEAR
 MAXIMUM TEMPERATURE (F)   49        72      1971
 MINIMUM TEMPERATURE (F)   29         5      1983


SUNRISE AND SUNSET
DECEMBER 26 2014......SUNRISE   704 AM CST   SUNSET   449 PM CST
DECEMBER 27 2014......SUNRISE   704 AM CST   SUNSET   450 PM CST


-  INDICATES NEGATIVE NUMBERS.
R  INDICATES RECORD WAS SET OR TIED.
MM INDICATES DATA IS MISSING.
T  INDICATES TRACE AMOUNT.




$$
