000
CDUS44 KMEG 270734
CLIMKL


CLIMATE REPORT
NATIONAL WEATHER SERVICE MEMPHIS TN
133 AM CST FRI FEB 27 2015


...................................

...THE JACKSON CLIMATE SUMMARY FOR FEBRUARY 26 2015...

CLIMATE NORMAL PERIOD 1981 TO 2010
CLIMATE RECORD PERIOD 1948 TO 2015


WEATHER ITEM   OBSERVED TIME   RECORD YEAR NORMAL DEPARTURE LAST
                VALUE   (LST)  VALUE       VALUE  FROM      YEAR
                                                  NORMAL
..................................................................
TEMPERATURE (F)
 YESTERDAY
  MAXIMUM         43   1234 PM  76    1981  56    -13       34
                                      1977
  MINIMUM         19    532 AM  14    1963  35    -16       16
  AVERAGE         31                        46    -15       25

PRECIPITATION (IN)
  YESTERDAY        0.00          1.78 1987   0.15  -0.15     0.00
  MONTH TO DATE    5.15                      3.88   1.27     5.13
  SINCE DEC 1      8.97                     13.30  -4.33    12.94
  SINCE JAN 1      5.89                      7.95  -2.06     8.14

SNOWFALL (IN)
  YESTERDAY        0.0           1.0  1982   0.0    0.0      0.0
  MONTH TO DATE    1.4                       1.6   -0.2      0.5
  SINCE DEC 1      1.4                       4.1   -2.7      0.5
  SINCE JUL 1      1.5                       4.2   -2.7      0.5
  SNOW DEPTH       0

DEGREE DAYS
 HEATING
  YESTERDAY       34                        20     14       40
  MONTH TO DATE  823                       597    226      683
  SINCE DEC 1   2315                      2179    136     2445
  SINCE JUL 1   3107                      2846    261     3235

 COOLING
  YESTERDAY        0                         0      0        0
  MONTH TO DATE    0                         0      0        0
  SINCE DEC 1      0                         1     -1        8
  SINCE JAN 1      0                         0      0        0
..................................................................


WIND (MPH)
  HIGHEST WIND SPEED    20   HIGHEST WIND DIRECTION     N (360)
  HIGHEST GUST SPEED    25   HIGHEST GUST DIRECTION     N (360)
  AVERAGE WIND SPEED     9.8


SKY COVER
  POSSIBLE SUNSHINE  MM
  AVERAGE SKY COVER 0.6


WEATHER CONDITIONS
 THE FOLLOWING WEATHER WAS RECORDED YESTERDAY.
  FOG


RELATIVE HUMIDITY (PERCENT)
 HIGHEST    92           100 AM
 LOWEST     51          1200 PM
 AVERAGE    72

..........................................................


THE JACKSON CLIMATE NORMALS FOR TODAY
                         NORMAL    RECORD    YEAR
 MAXIMUM TEMPERATURE (F)   57        80      1981
 MINIMUM TEMPERATURE (F)   35        14      2014
                                             1963


SUNRISE AND SUNSET
FEBRUARY 27 2015......SUNRISE   628 AM CST   SUNSET   549 PM CST
FEBRUARY 28 2015......SUNRISE   627 AM CST   SUNSET   550 PM CST


-  INDICATES NEGATIVE NUMBERS.
R  INDICATES RECORD WAS SET OR TIED.
MM INDICATES DATA IS MISSING.
T  INDICATES TRACE AMOUNT.




$$
