281
CDUS42 KMLB 052117
CLIMLB


CLIMATE REPORT
NATIONAL WEATHER SERVICE MELBOURNE FL
417 PM EST MON DEC 5 2016


...................................

...THE MELBOURNE CLIMATE SUMMARY FOR DECEMBER 5 2016...
VALID TODAY AS OF 0400 PM LOCAL TIME.

CLIMATE NORMAL PERIOD 1981 TO 2010
CLIMATE RECORD PERIOD 1939 TO 2016


WEATHER ITEM   OBSERVED TIME   RECORD YEAR NORMAL DEPARTURE LAST
                VALUE   (LST)  VALUE       VALUE  FROM      YEAR
                                                  NORMAL
..................................................................
TEMPERATURE (F)
 TODAY
  MAXIMUM         87    209 PM  89    1983  75     12       79
  MINIMUM         65    607 AM  35    1968  55     10       73
  AVERAGE         76                        65     11       76

PRECIPITATION (IN)
  TODAY            0.00          2.08 1985   0.09  -0.09      T
  MONTH TO DATE    0.00                      0.43  -0.43     2.86
  SINCE DEC 1      0.00                      0.43  -0.43     2.86
  SINCE JAN 1     59.32                     49.86   9.46    52.36

SNOWFALL (IN)
  TODAY            0.0
  MONTH TO DATE    0.0
  SINCE JUL 1      0.0

DEGREE DAYS
 HEATING
  TODAY            0                         3     -3        0
  MONTH TO DATE    0                        15    -15        0
  SINCE DEC 1      0                        15    -15        0
  SINCE JUL 1     19                        57    -38        5

 COOLING
  TODAY           11                         3      8       11
  MONTH TO DATE   35                        15     20       43
  SINCE DEC 1     35                        15     20       43
  SINCE JAN 1   3763                      3210    553     3950
..................................................................


WIND (MPH)
  HIGHEST WIND SPEED    17   HIGHEST WIND DIRECTION     S (190)
  HIGHEST GUST SPEED    23   HIGHEST GUST DIRECTION     S (200)
  AVERAGE WIND SPEED     8.3


SKY COVER
  AVERAGE SKY COVER 0.2


WEATHER CONDITIONS
 THE FOLLOWING WEATHER WAS RECORDED TODAY.
  FOG


RELATIVE HUMIDITY (PERCENT)
 HIGHEST   100           300 AM
 LOWEST     55           200 PM
 AVERAGE    78

..........................................................


THE MELBOURNE CLIMATE NORMALS FOR TOMORROW
                         NORMAL    RECORD    YEAR
 MAXIMUM TEMPERATURE (F)   75        90      1942
 MINIMUM TEMPERATURE (F)   55        34      1968


SUNRISE AND SUNSET
DECEMBER  5 2016......SUNRISE   700 AM EST   SUNSET   527 PM EST
DECEMBER  6 2016......SUNRISE   701 AM EST   SUNSET   527 PM EST


-  INDICATES NEGATIVE NUMBERS.
R  INDICATES RECORD WAS SET OR TIED.
MM INDICATES DATA IS MISSING.
T  INDICATES TRACE AMOUNT.




$$
