000
CDUS42 KMLB 202127
CLIMLB


CLIMATE REPORT
NATIONAL WEATHER SERVICE MELBOURNE FL
426 PM EST MON FEB 20 2017


...................................

...THE MELBOURNE CLIMATE SUMMARY FOR FEBRUARY 20 2017...
VALID TODAY AS OF 0400 PM LOCAL TIME.

CLIMATE NORMAL PERIOD 1981 TO 2010
CLIMATE RECORD PERIOD 1939 TO 2017


WEATHER ITEM   OBSERVED TIME   RECORD YEAR NORMAL DEPARTURE LAST
                VALUE   (LST)  VALUE       VALUE  FROM      YEAR
                                                  NORMAL
..................................................................
TEMPERATURE (F)
 TODAY
  MAXIMUM         79    209 PM  86    1988  74      5       74
                                      1975
  MINIMUM         55    641 AM  34    2015  52      3       54
  AVERAGE         67                        63      4       64

PRECIPITATION (IN)
  TODAY            0.00          1.24 1998   0.09  -0.09     0.00
  MONTH TO DATE    0.93                      1.77  -0.84     2.00
  SINCE DEC 1      2.71                      6.61  -3.90    13.52
  SINCE JAN 1      2.39                      4.04  -1.65     9.83

SNOWFALL (IN)
  TODAY            0.0
  MONTH TO DATE    0.0
  SINCE JUL 1      0.0

DEGREE DAYS
 HEATING
  TODAY            0                         4     -4        1
  MONTH TO DATE   30                        92    -62      103
  SINCE DEC 1    159                       419   -260      281
  SINCE JUL 1    178                       461   -283      286

 COOLING
  TODAY            2                         2      0        0
  MONTH TO DATE   55                        40     15       40
  SINCE DEC 1    309                       160    149      360
  SINCE JAN 1    133                        84     49       76
..................................................................


WIND (MPH)
  HIGHEST WIND SPEED    13   HIGHEST WIND DIRECTION    NE (40)
  HIGHEST GUST SPEED    16   HIGHEST GUST DIRECTION    NE (40)
  AVERAGE WIND SPEED     5.9


SKY COVER
  AVERAGE SKY COVER 0.2


WEATHER CONDITIONS
 THE FOLLOWING WEATHER WAS RECORDED TODAY.
  FOG


RELATIVE HUMIDITY (PERCENT)
 HIGHEST   100           300 AM
 LOWEST     56          1100 AM
 AVERAGE    78

..........................................................


THE MELBOURNE CLIMATE NORMALS FOR TOMORROW
                         NORMAL    RECORD    YEAR
 MAXIMUM TEMPERATURE (F)   74        88      1989
 MINIMUM TEMPERATURE (F)   53        30      1977


SUNRISE AND SUNSET
FEBRUARY 20 2017......SUNRISE   656 AM EST   SUNSET   617 PM EST
FEBRUARY 21 2017......SUNRISE   655 AM EST   SUNSET   618 PM EST


-  INDICATES NEGATIVE NUMBERS.
R  INDICATES RECORD WAS SET OR TIED.
MM INDICATES DATA IS MISSING.
T  INDICATES TRACE AMOUNT.




$$
