000
CDUS42 KMLB 210627
CLIMLB


CLIMATE REPORT
NATIONAL WEATHER SERVICE MELBOURNE FL
127 AM EST WED FEB 21 2018


...................................

...THE MELBOURNE CLIMATE SUMMARY FOR FEBRUARY 20 2018...

CLIMATE NORMAL PERIOD 1981 TO 2010
CLIMATE RECORD PERIOD 1939 TO 2018


WEATHER ITEM   OBSERVED TIME   RECORD YEAR NORMAL DEPARTURE LAST
                VALUE   (LST)  VALUE       VALUE  FROM      YEAR
                                                  NORMAL
..................................................................
TEMPERATURE (F)
 YESTERDAY
  MAXIMUM         83    243 PM  86    1988  74      9       79
                                      1975
  MINIMUM         75    723 AM  34    2015  52     23       55
  AVERAGE         79                        63     16       67

PRECIPITATION (IN)
  YESTERDAY        T             1.24 1998   0.09  -0.09     0.00
  MONTH TO DATE    0.21                      1.77  -1.56     0.93
  SINCE DEC 1      4.21                      6.61  -2.40     2.71
  SINCE JAN 1      3.14                      4.04  -0.90     2.39

SNOWFALL (IN)
  YESTERDAY        0.0
  MONTH TO DATE    0.0
  SINCE JUL 1      0.0

DEGREE DAYS
 HEATING
  YESTERDAY        0                         4     -4        0
  MONTH TO DATE    4                        92    -88       30
  SINCE DEC 1    240                       419   -179      159
  SINCE JUL 1    253                       461   -208      178

 COOLING
  YESTERDAY       14                         2     12        2
  MONTH TO DATE  158                        40    118       55
  SINCE DEC 1    380                       160    220      309
  SINCE JAN 1    237                        84    153      133
..................................................................


WIND (MPH)
  HIGHEST WIND SPEED    21   HIGHEST WIND DIRECTION    SE (120)
  HIGHEST GUST SPEED    25   HIGHEST GUST DIRECTION    SE (120)
  AVERAGE WIND SPEED    13.1


SKY COVER
  AVERAGE SKY COVER 0.4


WEATHER CONDITIONS
 THE FOLLOWING WEATHER WAS RECORDED YESTERDAY.
  LIGHT RAIN


RELATIVE HUMIDITY (PERCENT)
 HIGHEST    87           800 PM
 LOWEST     63           100 PM
 AVERAGE    75

..........................................................


THE MELBOURNE CLIMATE NORMALS FOR TODAY
                         NORMAL    RECORD    YEAR
 MAXIMUM TEMPERATURE (F)   74        88      1989
 MINIMUM TEMPERATURE (F)   53        30      1977


SUNRISE AND SUNSET
FEBRUARY 21 2018......SUNRISE   655 AM EST   SUNSET   618 PM EST
FEBRUARY 22 2018......SUNRISE   654 AM EST   SUNSET   618 PM EST


-  INDICATES NEGATIVE NUMBERS.
R  INDICATES RECORD WAS SET OR TIED.
MM INDICATES DATA IS MISSING.
T  INDICATES TRACE AMOUNT.




$$
