000
CDUS42 KMLB 142017
CLIMLB


CLIMATE REPORT
NATIONAL WEATHER SERVICE MELBOURNE FL
416 PM EDT SUN SEP 14 2014


...................................

...THE MELBOURNE CLIMATE SUMMARY FOR SEPTEMBER 14 2014...
VALID TODAY AS OF 0400 PM LOCAL TIME.

CLIMATE NORMAL PERIOD 1981 TO 2010
CLIMATE RECORD PERIOD 1939 TO 2014


WEATHER ITEM   OBSERVED TIME   RECORD YEAR NORMAL DEPARTURE LAST
                VALUE   (LST)  VALUE       VALUE  FROM      YEAR
                                                  NORMAL
..................................................................
TEMPERATURE (F)
 TODAY
  MAXIMUM         87    259 PM  97    1961  89     -2       91
  MINIMUM         72    625 AM  64    1938  73     -1       74
  AVERAGE         80                        81     -1       83

PRECIPITATION (IN)
  TODAY            0.00          1.68 1958   0.27  -0.27     0.17
  MONTH TO DATE    1.26                      3.49  -2.23     1.16
  SINCE SEP 1      1.26                      3.49  -2.23     1.16
  SINCE JAN 1     39.09                     37.34   1.75    32.35

SNOWFALL (IN)
  TODAY            0.0
  MONTH TO DATE    0.0
  SINCE JUL 1      0.0

DEGREE DAYS
 HEATING
  TODAY            0                         0      0        0
  MONTH TO DATE    0                         0      0        0
  SINCE SEP 1      0                         0      0        0
  SINCE JUL 1      0                         0      0        0

 COOLING
  TODAY           15                        16     -1       18
  MONTH TO DATE  235                       224     11      241
  SINCE SEP 1    235                       224     11      241
  SINCE JAN 1   2722                      2450    272     2690
..................................................................


WIND (MPH)
  HIGHEST WIND SPEED    16   HIGHEST WIND DIRECTION    SE (120)
  HIGHEST GUST SPEED    22   HIGHEST GUST DIRECTION     E (100)
  AVERAGE WIND SPEED     6.4


SKY COVER
  AVERAGE SKY COVER 0.1


WEATHER CONDITIONS
 THE FOLLOWING WEATHER WAS RECORDED TODAY.
  NO SIGNIFICANT WEATHER WAS OBSERVED.


RELATIVE HUMIDITY (PERCENT)
 HIGHEST    87           300 AM
 LOWEST     57          1200 PM
 AVERAGE    72

..........................................................


THE MELBOURNE CLIMATE NORMALS FOR TOMORROW
                         NORMAL    RECORD    YEAR
 MAXIMUM TEMPERATURE (F)   89        94      1938
 MINIMUM TEMPERATURE (F)   73        68      1971
                                             1968
                                             1965


SUNRISE AND SUNSET
SEPTEMBER 14 2014.....SUNRISE   707 AM EDT   SUNSET   729 PM EDT
SEPTEMBER 15 2014.....SUNRISE   708 AM EDT   SUNSET   727 PM EDT


-  INDICATES NEGATIVE NUMBERS.
R  INDICATES RECORD WAS SET OR TIED.
MM INDICATES DATA IS MISSING.
T  INDICATES TRACE AMOUNT.




$$
