000
CDUS42 KMLB 212015
CLIMLB


CLIMATE REPORT
NATIONAL WEATHER SERVICE MELBOURNE FL
414 PM EDT MON AUG 21 2017


...................................

...THE MELBOURNE CLIMATE SUMMARY FOR AUGUST 21 2017...
VALID TODAY AS OF 0400 PM LOCAL TIME.

CLIMATE NORMAL PERIOD 1981 TO 2010
CLIMATE RECORD PERIOD 1939 TO 2017


WEATHER ITEM   OBSERVED TIME   RECORD YEAR NORMAL DEPARTURE LAST
                VALUE   (LST)  VALUE       VALUE  FROM      YEAR
                                                  NORMAL
..................................................................
TEMPERATURE (F)
 TODAY
  MAXIMUM         91   1239 PM  96    2012  90      1       92
  MINIMUM         81    315 AM  68    1972  73      8       76
  AVERAGE         86                        82      4       84

PRECIPITATION (IN)
  TODAY            0.00          2.66 1998   0.24  -0.24     0.04
  MONTH TO DATE    3.52                      5.19  -1.67     2.89
  SINCE JUN 1     17.56                     17.86  -0.30    12.89
  SINCE JAN 1     25.90                     31.36  -5.46    34.86

SNOWFALL (IN)
  TODAY            0.0
  MONTH TO DATE    0.0
  SINCE JUL 1      0.0

DEGREE DAYS
 HEATING
  TODAY            0                         0      0        0
  MONTH TO DATE    0                         0      0        0
  SINCE JUN 1      0                         0      0        0
  SINCE JUL 1      0                         0      0        0

 COOLING
  TODAY           21                        17      4       19
  MONTH TO DATE  418                       357     61      404
  SINCE JUN 1   1544                      1335    209     1525
  SINCE JAN 1   2691                      2061    630     2458
..................................................................


WIND (MPH)
  HIGHEST WIND SPEED    16   HIGHEST WIND DIRECTION     E (110)
  HIGHEST GUST SPEED    22   HIGHEST GUST DIRECTION     E (110)
  AVERAGE WIND SPEED     9.4


SKY COVER
  AVERAGE SKY COVER 0.2


WEATHER CONDITIONS
 THE FOLLOWING WEATHER WAS RECORDED TODAY.
  NO SIGNIFICANT WEATHER WAS OBSERVED.


RELATIVE HUMIDITY (PERCENT)
 HIGHEST    91           300 AM
 LOWEST     59           100 PM
 AVERAGE    75

..........................................................


THE MELBOURNE CLIMATE NORMALS FOR TOMORROW
                         NORMAL    RECORD    YEAR
 MAXIMUM TEMPERATURE (F)   90        96      1993
                                             1982
 MINIMUM TEMPERATURE (F)   73        67      1973


SUNRISE AND SUNSET
AUGUST 21 2017........SUNRISE   656 AM EDT   SUNSET   755 PM EDT
AUGUST 22 2017........SUNRISE   656 AM EDT   SUNSET   754 PM EDT


-  INDICATES NEGATIVE NUMBERS.
R  INDICATES RECORD WAS SET OR TIED.
MM INDICATES DATA IS MISSING.
T  INDICATES TRACE AMOUNT.




$$
