000
CDUS42 KMLB 280632
CLIMLB


CLIMATE REPORT
NATIONAL WEATHER SERVICE MELBOURNE FL
231 AM EDT THU MAY 28 2015


...................................

...THE MELBOURNE CLIMATE SUMMARY FOR MAY 27 2015...

CLIMATE NORMAL PERIOD 1981 TO 2010
CLIMATE RECORD PERIOD 1939 TO 2015


WEATHER ITEM   OBSERVED TIME   RECORD YEAR NORMAL DEPARTURE LAST
                VALUE   (LST)  VALUE       VALUE  FROM      YEAR
                                                  NORMAL
..................................................................
TEMPERATURE (F)
 YESTERDAY
  MAXIMUM         86    126 PM  95    1962  87     -1       85
                                      1953
  MINIMUM         76    751 PM  55    1979  70      6       74
  AVERAGE         81                        78      3       80

PRECIPITATION (IN)
  YESTERDAY        0.00          2.25 1954   0.15  -0.15     0.00
  MONTH TO DATE    1.38                      2.66  -1.28     3.46
  SINCE MAR 1      5.55                      8.07  -2.52     9.05
  SINCE JAN 1     11.66                     12.87  -1.21    16.11

SNOWFALL (IN)
  YESTERDAY        0.0
  MONTH TO DATE    0.0
  SINCE JUL 1      0.0

DEGREE DAYS
 HEATING
  YESTERDAY        0                         0      0        0
  MONTH TO DATE    0                         0      0        0
  SINCE MAR 1     14                        87    -73       52
  SINCE JUL 1    424                       576   -152      358

 COOLING
  YESTERDAY       16                        13      3       15
  MONTH TO DATE  346                       296     50      330
  SINCE MAR 1    957                       573    384      673
  SINCE JAN 1   1055                       671    384      841
..................................................................


WIND (MPH)
  HIGHEST WIND SPEED    20   HIGHEST WIND DIRECTION     E (110)
  HIGHEST GUST SPEED    24   HIGHEST GUST DIRECTION     E (100)
  AVERAGE WIND SPEED    13.5


SKY COVER
  AVERAGE SKY COVER 0.5


WEATHER CONDITIONS
 THE FOLLOWING WEATHER WAS RECORDED YESTERDAY.
  NO SIGNIFICANT WEATHER WAS OBSERVED.


RELATIVE HUMIDITY (PERCENT)
 HIGHEST    74           700 PM
 LOWEST     48          1000 AM
 AVERAGE    61

..........................................................


THE MELBOURNE CLIMATE NORMALS FOR TODAY
                         NORMAL    RECORD    YEAR
 MAXIMUM TEMPERATURE (F)   87        97      2000
 MINIMUM TEMPERATURE (F)   70        60      1982
                                             1980


SUNRISE AND SUNSET
MAY 28 2015...........SUNRISE   627 AM EDT   SUNSET   813 PM EDT
MAY 29 2015...........SUNRISE   627 AM EDT   SUNSET   813 PM EDT


-  INDICATES NEGATIVE NUMBERS.
R  INDICATES RECORD WAS SET OR TIED.
MM INDICATES DATA IS MISSING.
T  INDICATES TRACE AMOUNT.




$$
