000
CDUS42 KMLB 010635
CLIMLB


CLIMATE REPORT
NATIONAL WEATHER SERVICE MELBOURNE FL
235 AM EDT WED JUL 1 2015


...................................

...THE MELBOURNE CLIMATE SUMMARY FOR JUNE 30 2015...

CLIMATE NORMAL PERIOD 1981 TO 2010
CLIMATE RECORD PERIOD 1939 TO 2015


WEATHER ITEM   OBSERVED TIME   RECORD YEAR NORMAL DEPARTURE LAST
                VALUE   (LST)  VALUE       VALUE  FROM      YEAR
                                                  NORMAL
..................................................................
TEMPERATURE (F)
 YESTERDAY
  MAXIMUM         95    310 PM  99    1998  90      5       91
  MINIMUM         72    547 AM  69    1950  72      0       75
                                      1938
  AVERAGE         84                        81      3       83

PRECIPITATION (IN)
  YESTERDAY        0.00          4.15 1966   0.24  -0.24     0.02
  MONTH TO DATE    6.25                      6.71  -0.46     6.06
  SINCE JUN 1      6.25                      6.71  -0.46     6.06
  SINCE JAN 1     19.10                     20.21  -1.11    22.28

SNOWFALL (IN)
  YESTERDAY        0.0
  MONTH TO DATE    0.0
  SINCE JUL 1      0.0

DEGREE DAYS
 HEATING
  YESTERDAY        0                         0      0        0
  MONTH TO DATE    0                         0      0        0
  SINCE JUN 1      0                         0      0        0
  SINCE JUL 1    424                       577   -153      358

 COOLING
  YESTERDAY       19                        16      3       18
  MONTH TO DATE  490                       462     28      461
  SINCE JUN 1    490                       462     28      461
  SINCE JAN 1   1602                      1188    414     1354
..................................................................


WIND (MPH)
  HIGHEST WIND SPEED    15   HIGHEST WIND DIRECTION     S (190)
  HIGHEST GUST SPEED    20   HIGHEST GUST DIRECTION     W (250)
  AVERAGE WIND SPEED     8.5


SKY COVER
  AVERAGE SKY COVER 0.1


WEATHER CONDITIONS
 THE FOLLOWING WEATHER WAS RECORDED YESTERDAY.
  NO SIGNIFICANT WEATHER WAS OBSERVED.


RELATIVE HUMIDITY (PERCENT)
 HIGHEST   100           100 AM
 LOWEST     44           400 PM
 AVERAGE    72

..........................................................


THE MELBOURNE CLIMATE NORMALS FOR TODAY
                         NORMAL    RECORD    YEAR
 MAXIMUM TEMPERATURE (F)   90        99      1998
 MINIMUM TEMPERATURE (F)   72        62      1981


SUNRISE AND SUNSET
JULY  1 2015..........SUNRISE   629 AM EDT   SUNSET   823 PM EDT
JULY  2 2015..........SUNRISE   630 AM EDT   SUNSET   823 PM EDT


-  INDICATES NEGATIVE NUMBERS.
R  INDICATES RECORD WAS SET OR TIED.
MM INDICATES DATA IS MISSING.
T  INDICATES TRACE AMOUNT.




$$
