000
CDUS42 KMLB 232120
CLIMLB


CLIMATE REPORT
NATIONAL WEATHER SERVICE MELBOURNE FL
420 PM EST THU NOV 23 2017


...................................

...THE MELBOURNE CLIMATE SUMMARY FOR NOVEMBER 23 2017...
VALID TODAY AS OF 0400 PM LOCAL TIME.

CLIMATE NORMAL PERIOD 1981 TO 2010
CLIMATE RECORD PERIOD 1939 TO 2017


WEATHER ITEM   OBSERVED TIME   RECORD YEAR NORMAL DEPARTURE LAST
                VALUE   (LST)  VALUE       VALUE  FROM      YEAR
                                                  NORMAL
..................................................................
TEMPERATURE (F)
 TODAY
  MAXIMUM         81    236 PM  86    2014  77      4       78
                                      1992
                                      1948
  MINIMUM         71    348 PM  39    1981  58     13       54
                                      1976
  AVERAGE         76                        67      9       66

PRECIPITATION (IN)
  TODAY            1.29          1.45 1988   0.08   1.21     0.00
  MONTH TO DATE    2.58                      2.29   0.29     0.12
  SINCE SEP 1     36.96                     14.99  21.97    20.61
  SINCE JAN 1     64.65                     48.84  15.81    59.17

SNOWFALL (IN)
  TODAY            0.0
  MONTH TO DATE    0.0
  SINCE JUL 1      0.0

DEGREE DAYS
 HEATING
  TODAY            0                         2     -2        0
  MONTH TO DATE    0                        24    -24       19
  SINCE SEP 1     13                        28    -15       19
  SINCE JUL 1     13                        28    -15       19

 COOLING
  TODAY           11                         4      7        1
  MONTH TO DATE  213                       130     83      123
  SINCE SEP 1   1161                       941    220     1032
  SINCE JAN 1   4049                      3167    882     3680
..................................................................


WIND (MPH)
  HIGHEST WIND SPEED    25   HIGHEST WIND DIRECTION     W (260)
  HIGHEST GUST SPEED    33   HIGHEST GUST DIRECTION     W (260)
  AVERAGE WIND SPEED     8.6


SKY COVER
  AVERAGE SKY COVER 0.2


WEATHER CONDITIONS
 THE FOLLOWING WEATHER WAS RECORDED TODAY.
  THUNDERSTORM
  HEAVY RAIN
  LIGHT RAIN
  FOG
  HAZE


RELATIVE HUMIDITY (PERCENT)
 HIGHEST    93           200 AM
 LOWEST     67           100 PM
 AVERAGE    80

..........................................................


THE MELBOURNE CLIMATE NORMALS FOR TOMORROW
                         NORMAL    RECORD    YEAR
 MAXIMUM TEMPERATURE (F)   77        88      2014
                                             1979
 MINIMUM TEMPERATURE (F)   57        31      1970


SUNRISE AND SUNSET
NOVEMBER 23 2017......SUNRISE   651 AM EST   SUNSET   527 PM EST
NOVEMBER 24 2017......SUNRISE   652 AM EST   SUNSET   527 PM EST


-  INDICATES NEGATIVE NUMBERS.
R  INDICATES RECORD WAS SET OR TIED.
MM INDICATES DATA IS MISSING.
T  INDICATES TRACE AMOUNT.




$$
