000
CDUS42 KMLB 190626
CLIMLB


CLIMATE REPORT
NATIONAL WEATHER SERVICE MELBOURNE FL
126 AM EST FRI DEC 19 2014


...................................

...THE MELBOURNE CLIMATE SUMMARY FOR DECEMBER 18 2014...

CLIMATE NORMAL PERIOD 1981 TO 2010
CLIMATE RECORD PERIOD 1939 TO 2014


WEATHER ITEM   OBSERVED TIME   RECORD YEAR NORMAL DEPARTURE LAST
                VALUE   (LST)  VALUE       VALUE  FROM      YEAR
                                                  NORMAL
..................................................................
TEMPERATURE (F)
 YESTERDAY
  MAXIMUM         71    237 PM  88    1961  73     -2       69
  MINIMUM         45    700 AM  35    1988  52     -7       50
  AVERAGE         58                        63     -5       60

PRECIPITATION (IN)
  YESTERDAY        0.00          1.87 2010   0.08  -0.08     0.00
  MONTH TO DATE    1.02                      1.52  -0.50     1.44
  SINCE DEC 1      1.02                      1.52  -0.50     1.44
  SINCE JAN 1     56.28                     50.95   5.33    42.12

SNOWFALL (IN)
  YESTERDAY        0.0
  MONTH TO DATE    0.0
  SINCE JUL 1      0.0

DEGREE DAYS
 HEATING
  YESTERDAY        7                         5      2        5
  MONTH TO DATE   73                        66      7       21
  SINCE DEC 1     73                        66      7       21
  SINCE JUL 1    138                       108     30       35

 COOLING
  YESTERDAY        0                         2     -2        0
  MONTH TO DATE   54                        49      5       85
  SINCE DEC 1     54                        49      5       85
  SINCE JAN 1   3497                      3244    253     3682
..................................................................


WIND (MPH)
  HIGHEST WIND SPEED    10   HIGHEST WIND DIRECTION    NE (30)
  HIGHEST GUST SPEED    13   HIGHEST GUST DIRECTION    NE (30)
  AVERAGE WIND SPEED     4.6


SKY COVER
  AVERAGE SKY COVER 0.0


WEATHER CONDITIONS
 THE FOLLOWING WEATHER WAS RECORDED YESTERDAY.
  HAZE


RELATIVE HUMIDITY (PERCENT)
 HIGHEST    96           100 AM
 LOWEST     44           200 PM
 AVERAGE    70

..........................................................


THE MELBOURNE CLIMATE NORMALS FOR TODAY
                         NORMAL    RECORD    YEAR
 MAXIMUM TEMPERATURE (F)   73        84      1990
                                             1961
                                             1948
 MINIMUM TEMPERATURE (F)   52        32      1981


SUNRISE AND SUNSET
DECEMBER 19 2014......SUNRISE   709 AM EST   SUNSET   531 PM EST
DECEMBER 20 2014......SUNRISE   709 AM EST   SUNSET   531 PM EST


-  INDICATES NEGATIVE NUMBERS.
R  INDICATES RECORD WAS SET OR TIED.
MM INDICATES DATA IS MISSING.
T  INDICATES TRACE AMOUNT.




$$
