000
CDUS42 KMLB 240628
CLIMLB


CLIMATE REPORT
NATIONAL WEATHER SERVICE MELBOURNE FL
128 AM EST TUE JAN 24 2017


...................................

...THE MELBOURNE CLIMATE SUMMARY FOR JANUARY 23 2017...

CLIMATE NORMAL PERIOD 1981 TO 2010
CLIMATE RECORD PERIOD 1939 TO 2017


WEATHER ITEM   OBSERVED TIME   RECORD YEAR NORMAL DEPARTURE LAST
                VALUE   (LST)  VALUE       VALUE  FROM      YEAR
                                                  NORMAL
..................................................................
TEMPERATURE (F)
 YESTERDAY
  MAXIMUM         74    123 PM  84    1982  72      2       56
  MINIMUM         58   1159 PM  28    1985  49      9       42
                                      1961
  AVERAGE         66                        60      6       49

PRECIPITATION (IN)
  YESTERDAY        0.13          2.97 1998   0.07   0.06      T
  MONTH TO DATE    1.32                      1.63  -0.31     5.92
  SINCE DEC 1      1.64                      4.20  -2.56     9.61
  SINCE JAN 1      1.32                      1.63  -0.31     5.92

SNOWFALL (IN)
  YESTERDAY        0.0
  MONTH TO DATE    0.0
  SINCE JUL 1      0.0

DEGREE DAYS
 HEATING
  YESTERDAY        0                         6     -6       16
  MONTH TO DATE   39                       138    -99      120
  SINCE DEC 1     67                       275   -208      127
  SINCE JUL 1     86                       317   -231      132

 COOLING
  YESTERDAY        1                         1      0        0
  MONTH TO DATE   72                        26     46       31
  SINCE DEC 1    248                       102    146      315
  SINCE JAN 1     72                        26     46       31
..................................................................


WIND (MPH)
  HIGHEST WIND SPEED    37   HIGHEST WIND DIRECTION     W (260)
  HIGHEST GUST SPEED    45   HIGHEST GUST DIRECTION     W (260)
  AVERAGE WIND SPEED    15.4


SKY COVER
  AVERAGE SKY COVER 0.6


WEATHER CONDITIONS
 THE FOLLOWING WEATHER WAS RECORDED YESTERDAY.
  THUNDERSTORM
  RAIN
  LIGHT RAIN
  FOG


RELATIVE HUMIDITY (PERCENT)
 HIGHEST   100           200 AM
 LOWEST     49           300 PM
 AVERAGE    75

..........................................................


THE MELBOURNE CLIMATE NORMALS FOR TODAY
                         NORMAL    RECORD    YEAR
 MAXIMUM TEMPERATURE (F)   72        84      2002
                                             1965
                                             1954
 MINIMUM TEMPERATURE (F)   49        29      2003


SUNRISE AND SUNSET
JANUARY 24 2017.......SUNRISE   713 AM EST   SUNSET   557 PM EST
JANUARY 25 2017.......SUNRISE   713 AM EST   SUNSET   557 PM EST


-  INDICATES NEGATIVE NUMBERS.
R  INDICATES RECORD WAS SET OR TIED.
MM INDICATES DATA IS MISSING.
T  INDICATES TRACE AMOUNT.




$$
