000
CDUS42 KMLB 252016
CLIMLB


CLIMATE REPORT
NATIONAL WEATHER SERVICE MELBOURNE FL
416 PM EDT SUN JUN 25 2017


...................................

...THE MELBOURNE CLIMATE SUMMARY FOR JUNE 25 2017...
VALID TODAY AS OF 0400 PM LOCAL TIME.

CLIMATE NORMAL PERIOD 1981 TO 2010
CLIMATE RECORD PERIOD 1939 TO 2017


WEATHER ITEM   OBSERVED TIME   RECORD YEAR NORMAL DEPARTURE LAST
                VALUE   (LST)  VALUE       VALUE  FROM      YEAR
                                                  NORMAL
..................................................................
TEMPERATURE (F)
 TODAY
  MAXIMUM         93   1021 AM  99    1944  90      3       92
  MINIMUM         77    543 AM  62    1965  72      5       76
  AVERAGE         85                        81      4       84

PRECIPITATION (IN)
  TODAY            0.00          2.30 1949   0.22  -0.22     0.00
  MONTH TO DATE    6.12                      5.58   0.54     6.98
  SINCE JUN 1      6.12                      5.58   0.54     6.98
  SINCE JAN 1     14.46                     19.08  -4.62    28.95

SNOWFALL (IN)
  TODAY            0.0
  MONTH TO DATE    0.0
  SINCE JUL 1      0.0

DEGREE DAYS
 HEATING
  TODAY            0                         0      0        0
  MONTH TO DATE    0                         0      0        0
  SINCE JUN 1      0                         0      0        0
  SINCE JUL 1    220                       577   -357      341

 COOLING
  TODAY           20                        16      4       19
  MONTH TO DATE  423                       383     40      420
  SINCE JUN 1    423                       383     40      420
  SINCE JAN 1   1570                      1109    461     1353
..................................................................


WIND (MPH)
  HIGHEST WIND SPEED    16   HIGHEST WIND DIRECTION    SE (130)
  HIGHEST GUST SPEED    20   HIGHEST GUST DIRECTION    SE (130)
  AVERAGE WIND SPEED     8.2


SKY COVER
  AVERAGE SKY COVER 0.1


WEATHER CONDITIONS
 THE FOLLOWING WEATHER WAS RECORDED TODAY.
  NO SIGNIFICANT WEATHER WAS OBSERVED.


RELATIVE HUMIDITY (PERCENT)
 HIGHEST    94           500 AM
 LOWEST     50          1000 AM
 AVERAGE    72

..........................................................


THE MELBOURNE CLIMATE NORMALS FOR TOMORROW
                         NORMAL    RECORD    YEAR
 MAXIMUM TEMPERATURE (F)   90       100      1950
 MINIMUM TEMPERATURE (F)   72        67      1938


SUNRISE AND SUNSET
JUNE 25 2017..........SUNRISE   628 AM EDT   SUNSET   823 PM EDT
JUNE 26 2017..........SUNRISE   628 AM EDT   SUNSET   823 PM EDT


-  INDICATES NEGATIVE NUMBERS.
R  INDICATES RECORD WAS SET OR TIED.
MM INDICATES DATA IS MISSING.
T  INDICATES TRACE AMOUNT.




$$
