000
CDUS43 KDVN 051012
CLIMLI


CLIMATE REPORT
NATIONAL WEATHER SERVICE QUAD CITIES IA IL
412 AM CST MON DEC 5 2016


...................................

...THE MOLINE IL CLIMATE SUMMARY FOR DECEMBER 4 2016...

CLIMATE NORMAL PERIOD 1981 TO 2010
CLIMATE RECORD PERIOD 1872 TO 2016


WEATHER ITEM   OBSERVED TIME   RECORD YEAR NORMAL DEPARTURE LAST
                VALUE   (LST)  VALUE       VALUE  FROM      YEAR
                                                  NORMAL
..................................................................
TEMPERATURE (F)
 YESTERDAY
  MAXIMUM         35   1159 PM  71    1998  39     -4       50
  MINIMUM         32    122 PM  -2    1991  22     10       23
  AVERAGE         34                        30      4       37

PRECIPITATION (IN)
  YESTERDAY        0.61          1.40 1973   0.08   0.53     0.00
  MONTH TO DATE    0.61                      0.33   0.28      T
  SINCE DEC 1      0.61                      0.33   0.28      T
  SINCE JAN 1     35.45                     36.11  -0.66    40.34

SNOWFALL (IN)
  YESTERDAY        7.8          MM      MM   0.3    7.5      0.0
  MONTH TO DATE    7.8                       0.9    6.9      0.6
  SINCE DEC 1      7.8                       0.9    6.9      0.6
  SINCE JUL 1      7.8                       2.1    5.7     10.5
  SNOW DEPTH       T

DEGREE DAYS
 HEATING
  YESTERDAY       31                        35     -4       28
  MONTH TO DATE  112                       136    -24      123
  SINCE DEC 1    112                       136    -24      123
  SINCE JUL 1    893                      1367   -474     1086

 COOLING
  YESTERDAY        0                         0      0        0
  MONTH TO DATE    0                         0      0        0
  SINCE DEC 1      0                         0      0        0
  SINCE JAN 1   1314                      1004    310     1017
..................................................................


WIND (MPH)
  HIGHEST WIND SPEED    14   HIGHEST WIND DIRECTION     W (260)
  HIGHEST GUST SPEED    17   HIGHEST GUST DIRECTION     W (270)
  AVERAGE WIND SPEED     7.1


SKY COVER
  POSSIBLE SUNSHINE  MM
  AVERAGE SKY COVER 1.0


WEATHER CONDITIONS
 THE FOLLOWING WEATHER WAS RECORDED YESTERDAY.
  HEAVY SNOW
  SNOW
  LIGHT SNOW
  FOG
  FOG W/VISIBILITY <= 1/4 MILE


RELATIVE HUMIDITY (PERCENT)
 HIGHEST    92           800 AM
 LOWEST     70          1200 AM
 AVERAGE    81

..........................................................


THE MOLINE IL CLIMATE NORMALS FOR TODAY
                         NORMAL    RECORD    YEAR
 MAXIMUM TEMPERATURE (F)   38        69      2001
 MINIMUM TEMPERATURE (F)   22        -4      2005


SUNRISE AND SUNSET
DECEMBER  5 2016......SUNRISE   713 AM CST   SUNSET   432 PM CST
DECEMBER  6 2016......SUNRISE   714 AM CST   SUNSET   432 PM CST


-  INDICATES NEGATIVE NUMBERS.
R  INDICATES RECORD WAS SET OR TIED.
MM INDICATES DATA IS MISSING.
T  INDICATES TRACE AMOUNT.




$$
