000
CDUS43 KDVN 010921
CLIMLI


CLIMATE REPORT
NATIONAL WEATHER SERVICE QUAD CITIES IA IL
420 AM CDT SUN MAY 1 2016


...................................

...THE MOLINE IL CLIMATE SUMMARY FOR APRIL 30 2016...

CLIMATE NORMAL PERIOD 1981 TO 2010
CLIMATE RECORD PERIOD 1872 TO 2016


WEATHER ITEM   OBSERVED TIME   RECORD YEAR NORMAL DEPARTURE LAST
                VALUE   (LST)  VALUE       VALUE  FROM      YEAR
                                                  NORMAL
..................................................................
TEMPERATURE (F)
 YESTERDAY
  MAXIMUM         51   1120 AM  89    2007  68    -17       64
                                      1942
                                      1926
  MINIMUM         46    636 AM  31    1971  46      0       39
                                      1956
                                      1908
  AVERAGE         49                        57     -8       52

PRECIPITATION (IN)
  YESTERDAY        0.66          1.52 2003   0.14   0.52     0.00
  MONTH TO DATE    2.44                      3.59  -1.15     1.48
  SINCE MAR 1      5.35                      6.45  -1.10     2.37
  SINCE JAN 1      6.68                      9.54  -2.86     5.30

SNOWFALL (IN)
  YESTERDAY        0.0          MM      MM   0.0    0.0      0.0
  MONTH TO DATE    T                         0.9   -0.9      0.0
  SINCE MAR 1      2.9                       4.9   -2.0      0.1
  SINCE JUL 1     24.1                      31.6   -7.5     39.1
  SNOW DEPTH       0

DEGREE DAYS
 HEATING
  YESTERDAY       16                         9      7       13
  MONTH TO DATE  417                       421     -4      370
  SINCE MAR 1   1016                      1225   -209     1213
  SINCE JUL 1   5005                      6023  -1018     6471

 COOLING
  YESTERDAY        0                         1     -1        0
  MONTH TO DATE    8                        13     -5        0
  SINCE MAR 1     11                        14     -3        0
  SINCE JAN 1     11                        14     -3        0
..................................................................


WIND (MPH)
  HIGHEST WIND SPEED    29   HIGHEST WIND DIRECTION     E (80)
  HIGHEST GUST SPEED    34   HIGHEST GUST DIRECTION     E (80)
  AVERAGE WIND SPEED    17.6


SKY COVER
  POSSIBLE SUNSHINE  MM
  AVERAGE SKY COVER 0.9


WEATHER CONDITIONS
 THE FOLLOWING WEATHER WAS RECORDED YESTERDAY.
  HEAVY RAIN
  RAIN
  LIGHT RAIN
  FOG
  HAZE


RELATIVE HUMIDITY (PERCENT)
 HIGHEST    93           600 PM
 LOWEST     71           100 AM
 AVERAGE    82

..........................................................


THE MOLINE IL CLIMATE NORMALS FOR TODAY
                         NORMAL    RECORD    YEAR
 MAXIMUM TEMPERATURE (F)   68        90      1952
 MINIMUM TEMPERATURE (F)   46        30      1909


SUNRISE AND SUNSET
MAY  1 2016...........SUNRISE   558 AM CDT   SUNSET   800 PM CDT
MAY  2 2016...........SUNRISE   557 AM CDT   SUNSET   801 PM CDT


-  INDICATES NEGATIVE NUMBERS.
R  INDICATES RECORD WAS SET OR TIED.
MM INDICATES DATA IS MISSING.
T  INDICATES TRACE AMOUNT.




$$
