000
CDUS43 KDVN 302129
CLIMLI


CLIMATE REPORT
NATIONAL WEATHER SERVICE QUAD CITIES IA IL
429 PM CDT THU OCT 30 2014


...................................

...THE MOLINE IL CLIMATE SUMMARY FOR OCTOBER 30 2014...
VALID TODAY AS OF 0400 PM LOCAL TIME.

CLIMATE NORMAL PERIOD 1981 TO 2010
CLIMATE RECORD PERIOD 1872 TO 2014


WEATHER ITEM   OBSERVED TIME   RECORD YEAR NORMAL DEPARTURE LAST
                VALUE   (LST)  VALUE       VALUE  FROM      YEAR
                                                  NORMAL
..................................................................
TEMPERATURE (F)
 TODAY
  MAXIMUM         52    252 PM  84    1950  58     -6       62
  MINIMUM         29    207 AM  15    1925  38     -9       52
  AVERAGE         41                        48     -7       57

PRECIPITATION (IN)
  TODAY            T             1.60 2013   0.10  -0.10     1.60
  MONTH TO DATE    2.80                      2.87  -0.07     3.00
  SINCE SEP 1      8.43                      5.96   2.47     3.96
  SINCE JAN 1     37.00                     33.12   3.88    36.57

SNOWFALL (IN)
  TODAY            0.0          MM      MM   0.1   -0.1      0.0
  MONTH TO DATE    T                         0.1   -0.1      0.4
  SINCE SEP 1      T                         0.1   -0.1      0.4
  SINCE JUL 1      T                         0.1   -0.1      0.4
  SNOW DEPTH       0

DEGREE DAYS
 HEATING
  TODAY           24                        17      7        8
  MONTH TO DATE  382                       361     21      410
  SINCE SEP 1    501                       457     44      477
  SINCE JUL 1    506                       465     41      488

 COOLING
  TODAY            0                         0      0        0
  MONTH TO DATE    3                        11     -8       27
  SINCE SEP 1     73                       117    -44      184
  SINCE JAN 1    839                      1000   -161      998
..................................................................


WIND (MPH)
  HIGHEST WIND SPEED    10   HIGHEST WIND DIRECTION     S (160)
  HIGHEST GUST SPEED    12   HIGHEST GUST DIRECTION     S (160)
  AVERAGE WIND SPEED     2.4


SKY COVER
  POSSIBLE SUNSHINE  MM
  AVERAGE SKY COVER 0.5


WEATHER CONDITIONS
 THE FOLLOWING WEATHER WAS RECORDED TODAY.
  LIGHT RAIN
  HAZE


RELATIVE HUMIDITY (PERCENT)
 HIGHEST    92           100 AM
 LOWEST     59           300 PM
 AVERAGE    76

..........................................................


THE MOLINE IL CLIMATE NORMALS FOR TOMORROW
                         NORMAL    RECORD    YEAR
 MAXIMUM TEMPERATURE (F)   58        85      1950
 MINIMUM TEMPERATURE (F)   38        21      1913


SUNRISE AND SUNSET
OCTOBER 30 2014.......SUNRISE   731 AM CDT   SUNSET   600 PM CDT
OCTOBER 31 2014.......SUNRISE   733 AM CDT   SUNSET   558 PM CDT


-  INDICATES NEGATIVE NUMBERS.
R  INDICATES RECORD WAS SET OR TIED.
MM INDICATES DATA IS MISSING.
T  INDICATES TRACE AMOUNT.




$$
