000
CDUS43 KDVN 301004
CLIMLI


CLIMATE REPORT
NATIONAL WEATHER SERVICE QUAD CITIES IA IL
403 AM CST FRI JAN 30 2015


...................................

...THE MOLINE IL CLIMATE SUMMARY FOR JANUARY 29 2015...

CLIMATE NORMAL PERIOD 1981 TO 2010
CLIMATE RECORD PERIOD 1872 TO 2015


WEATHER ITEM   OBSERVED TIME   RECORD YEAR NORMAL DEPARTURE LAST
                VALUE   (LST)  VALUE       VALUE  FROM      YEAR
                                                  NORMAL
..................................................................
TEMPERATURE (F)
 YESTERDAY
  MAXIMUM         40   1212 AM  62    2013  32      8       30
  MINIMUM         27   1159 PM -19    1966  14     13       -6
  AVERAGE         34                        23     11       12

PRECIPITATION (IN)
  YESTERDAY        0.00          1.43 1947   0.04  -0.04     0.00
  MONTH TO DATE    1.20                      1.39  -0.19     1.14
  SINCE DEC 1      1.92                      3.57  -1.65     2.36
  SINCE JAN 1      1.20                      1.39  -0.19     1.14

SNOWFALL (IN)
  YESTERDAY        0.0          MM      MM   0.3   -0.3      0.0
  MONTH TO DATE   14.5                       8.8    5.7     17.4
  SINCE DEC 1     14.5                      18.1   -3.6     31.2
  SINCE JUL 1     19.1                      19.3   -0.2     32.2
  SNOW DEPTH       1

DEGREE DAYS
 HEATING
  YESTERDAY       31                        42    -11       53
  MONTH TO DATE 1237                      1230      7     1458
  SINCE DEC 1   2272                      2420   -148     2828
  SINCE JUL 1   3777                      3651    126     4174

 COOLING
  YESTERDAY        0                         0      0        0
  MONTH TO DATE    0                         0      0        0
  SINCE DEC 1      0                         0      0        0
  SINCE JAN 1      0                         0      0        0
..................................................................


WIND (MPH)
  HIGHEST WIND SPEED    29   HIGHEST WIND DIRECTION    NW (320)
  HIGHEST GUST SPEED    37   HIGHEST GUST DIRECTION    NW (320)
  AVERAGE WIND SPEED    16.2


SKY COVER
  POSSIBLE SUNSHINE  MM
  AVERAGE SKY COVER 0.8


WEATHER CONDITIONS
 THE FOLLOWING WEATHER WAS RECORDED YESTERDAY.
  FOG
  HAZE


RELATIVE HUMIDITY (PERCENT)
 HIGHEST    89           500 AM
 LOWEST     61           800 PM
 AVERAGE    75

..........................................................


THE MOLINE IL CLIMATE NORMALS FOR TODAY
                         NORMAL    RECORD    YEAR
 MAXIMUM TEMPERATURE (F)   32        60      2012
 MINIMUM TEMPERATURE (F)   14       -14      1966
                                             1951


SUNRISE AND SUNSET
JANUARY 30 2015.......SUNRISE   716 AM CST   SUNSET   515 PM CST
JANUARY 31 2015.......SUNRISE   715 AM CST   SUNSET   517 PM CST


-  INDICATES NEGATIVE NUMBERS.
R  INDICATES RECORD WAS SET OR TIED.
MM INDICATES DATA IS MISSING.
T  INDICATES TRACE AMOUNT.




$$
