000
CDUS43 KDVN 282236 RRA
CLIMLI

CLIMATE REPORT
NATIONAL WEATHER SERVICE DES MOINES IA
529 PM CDT WED JUN 28 2017


...................................

...THE MOLINE  IL  CLIMATE SUMMARY FOR JUNE 28 2017...
VALID TODAY AS OF 0500 PM LOCAL TIME.

CLIMATE NORMAL PERIOD 1981 TO 2010
CLIMATE RECORD PERIOD 9999 TO 9999


WEATHER ITEM   OBSERVED TIME   RECORD YEAR NORMAL DEPARTURE LAST
                VALUE   (LST)  VALUE       VALUE  FROM      YEAR
                                                  NORMAL
..................................................................
TEMPERATURE (F)
 TODAY
  MAXIMUM         83    320 PM 103    1934  85     -2       77
  MINIMUM         61   1258 AM  47    1968  64     -3       58
  AVERAGE         72                        75     -3       68

PRECIPITATION (IN)
  TODAY            1.62R         1.30 1902   0.15   1.47     0.00
  MONTH TO DATE    4.06                      4.18  -0.12     3.56
  SINCE JUN 1      4.06                      4.18  -0.12     3.56
  SINCE JAN 1     18.41                     18.04   0.37    13.56

SNOWFALL (IN)
  TODAY            0.0                       0.0    0.0      0.0
  MONTH TO DATE    0.0                       0.0    0.0      0.0
  SINCE JUN 1      0.0                       0.0    0.0      0.0
  SINCE JUL 1     22.4                      31.6   -9.2     24.1
  SNOW DEPTH       0

DEGREE DAYS
 HEATING
  TODAY            0                         0      0        0
  MONTH TO DATE    9                        17     -8        1
  SINCE JUN 1      9                        17     -8        1
  SINCE JUL 1   5037                      6201  -1164     5164

 COOLING
  TODAY            7                        10     -3        3
  MONTH TO DATE  250                       195     55      296
  SINCE JUN 1    250                       195     55      296
  SINCE JAN 1    311                       271     40      398
..................................................................


WIND (MPH)
  HIGHEST WIND SPEED    25   HIGHEST WIND DIRECTION    SW (210)
  HIGHEST GUST SPEED    36   HIGHEST GUST DIRECTION     S (200)
  AVERAGE WIND SPEED    11.6


SKY COVER
  AVERAGE SKY COVER 0.6


WEATHER CONDITIONS
 THE FOLLOWING WEATHER WAS RECORDED TODAY.
  THUNDERSTORM
  HEAVY RAIN
  RAIN
  LIGHT RAIN
  FOG
  FOG W/VISIBILITY <= 1/4 MILE


RELATIVE HUMIDITY (PERCENT)
 HIGHEST    93
 LOWEST     62
 AVERAGE    78

..........................................................


THE MOLINE  IL  CLIMATE NORMALS FOR TOMORROW
                         NORMAL    RECORD    YEAR
 MAXIMUM TEMPERATURE (F)   85       104      1936
 MINIMUM TEMPERATURE (F)   64        50      1923


SUNRISE AND SUNSET
JUNE 28 2017..........SUNRISE   531 AM CDT   SUNSET   840 PM CDT
JUNE 29 2017..........SUNRISE   531 AM CDT   SUNSET   840 PM CDT


-  INDICATES NEGATIVE NUMBERS.
R  INDICATES RECORD WAS SET OR TIED.
MM INDICATES DATA IS MISSING.
T  INDICATES TRACE AMOUNT.




$$
