000
CDUS43 KDVN 310902
CLIMLI


CLIMATE REPORT
NATIONAL WEATHER SERVICE QUAD CITIES IA IL
401 AM CDT THU JUL 31 2014


...................................

...THE MOLINE IL CLIMATE SUMMARY FOR JULY 30 2014...

CLIMATE NORMAL PERIOD 1981 TO 2010
CLIMATE RECORD PERIOD 1872 TO 2014


WEATHER ITEM   OBSERVED TIME   RECORD YEAR NORMAL DEPARTURE LAST
                VALUE   (LST)  VALUE       VALUE  FROM      YEAR
                                                  NORMAL
..................................................................
TEMPERATURE (F)
 YESTERDAY
  MAXIMUM         82    331 PM 102    1931  85     -3       69
                                      1913
  MINIMUM         55    457 AM  46    1971  65    -10       62
  AVERAGE         69                        75     -6       66

PRECIPITATION (IN)
  YESTERDAY        0.00          1.47 1882   0.13  -0.13     0.68
  MONTH TO DATE    1.78                      4.17  -2.39     2.56
  SINCE JUN 1     12.69                      8.66   4.03     8.70
  SINCE JAN 1     24.25                     22.52   1.73    31.85

SNOWFALL (IN)
  YESTERDAY        0.0          MM      MM   0.0    0.0      0.0
  MONTH TO DATE    0.0                       0.0    0.0      0.0
  SINCE JUN 1      0.0                       0.0    0.0      0.0
  SINCE JUL 1      0.0                       0.0    0.0      0.0
  SNOW DEPTH       0

DEGREE DAYS
 HEATING
  YESTERDAY        0                         0      0        0
  MONTH TO DATE    4                         0      4        7
  SINCE JUN 1      8                        19    -11       34
  SINCE JUL 1      4                         0      4        7

 COOLING
  YESTERDAY        4                        10     -6        1
  MONTH TO DATE  164                       316   -152      251
  SINCE JUN 1    393                       530   -137      454
  SINCE JAN 1    498                       606   -108      544
..................................................................


WIND (MPH)
  HIGHEST WIND SPEED    14   HIGHEST WIND DIRECTION    NW (320)
  HIGHEST GUST SPEED    18   HIGHEST GUST DIRECTION     W (270)
  AVERAGE WIND SPEED     4.5


SKY COVER
  POSSIBLE SUNSHINE  MM
  AVERAGE SKY COVER 0.1


WEATHER CONDITIONS
 THE FOLLOWING WEATHER WAS RECORDED YESTERDAY.
  NO SIGNIFICANT WEATHER WAS OBSERVED.


RELATIVE HUMIDITY (PERCENT)
 HIGHEST    93           300 AM
 LOWEST     43           200 PM
 AVERAGE    68

..........................................................


THE MOLINE IL CLIMATE NORMALS FOR TODAY
                         NORMAL    RECORD    YEAR
 MAXIMUM TEMPERATURE (F)   85       101      1988
 MINIMUM TEMPERATURE (F)   65        46      1971


SUNRISE AND SUNSET
JULY 31 2014..........SUNRISE   556 AM CDT   SUNSET   820 PM CDT
AUGUST  1 2014........SUNRISE   557 AM CDT   SUNSET   819 PM CDT


-  INDICATES NEGATIVE NUMBERS.
R  INDICATES RECORD WAS SET OR TIED.
MM INDICATES DATA IS MISSING.
T  INDICATES TRACE AMOUNT.




$$
