088
CDUS43 KDVN 241023
CLIMLI


CLIMATE REPORT
NATIONAL WEATHER SERVICE QUAD CITIES IA IL
420 AM CST TUE JAN 24 2017


...................................

...THE MOLINE IL CLIMATE SUMMARY FOR JANUARY 23 2017...

CLIMATE NORMAL PERIOD 1981 TO 2010
CLIMATE RECORD PERIOD 1872 TO 2017


WEATHER ITEM   OBSERVED TIME   RECORD YEAR NORMAL DEPARTURE LAST
                VALUE   (LST)  VALUE       VALUE  FROM      YEAR
                                                  NORMAL
..................................................................
TEMPERATURE (F)
 YESTERDAY
  MAXIMUM         41    159 PM  66    1909  31     10       35
  MINIMUM         35   1159 PM -21    1936  14     21       11
  AVERAGE         38                        22     16       23

PRECIPITATION (IN)
  YESTERDAY        0.00          1.01 1938   0.04  -0.04     0.00
  MONTH TO DATE    1.40                      1.12   0.28     0.29
  SINCE DEC 1      3.02                      3.30  -0.28     4.49
  SINCE JAN 1      1.40                      1.12   0.28     0.29

SNOWFALL (IN)
  YESTERDAY        0.0          MM      MM   0.3   -0.3      0.0
  MONTH TO DATE    T                         7.0   -7.0      1.5
  SINCE DEC 1     13.8                      16.3   -2.5      5.0
  SINCE JUL 1     13.8                      17.5   -3.7     14.9
  SNOW DEPTH       0

DEGREE DAYS
 HEATING
  YESTERDAY       27                        43    -16       42
  MONTH TO DATE  853                       978   -125      997
  SINCE DEC 1   2029                      2168   -139     1807
  SINCE JUL 1   2810                      3399   -589     2770

 COOLING
  YESTERDAY        0                         0      0        0
  MONTH TO DATE    0                         0      0        0
  SINCE DEC 1      0                         0      0        0
  SINCE JAN 1      0                         0      0        0
..................................................................


WIND (MPH)
  HIGHEST WIND SPEED    13   HIGHEST WIND DIRECTION     W (280)
  HIGHEST GUST SPEED    17   HIGHEST GUST DIRECTION    NW (300)
  AVERAGE WIND SPEED     7.7


SKY COVER
  POSSIBLE SUNSHINE  MM
  AVERAGE SKY COVER 1.0


WEATHER CONDITIONS
 THE FOLLOWING WEATHER WAS RECORDED YESTERDAY.
  FOG


RELATIVE HUMIDITY (PERCENT)
 HIGHEST    85          1200 AM
 LOWEST     73           200 PM
 AVERAGE    79

..........................................................


THE MOLINE IL CLIMATE NORMALS FOR TODAY
                         NORMAL    RECORD    YEAR
 MAXIMUM TEMPERATURE (F)   31        65      1950
 MINIMUM TEMPERATURE (F)   14       -16      1884


SUNRISE AND SUNSET
JANUARY 24 2017.......SUNRISE   720 AM CST   SUNSET   509 PM CST
JANUARY 25 2017.......SUNRISE   720 AM CST   SUNSET   510 PM CST


-  INDICATES NEGATIVE NUMBERS.
R  INDICATES RECORD WAS SET OR TIED.
MM INDICATES DATA IS MISSING.
T  INDICATES TRACE AMOUNT.




$$
