000
CDUS45 KBYZ 230723
CLIMLS


CLIMATE REPORT
NATIONAL WEATHER SERVICE BILLINGS MT
123 AM MDT WED AUG 23 2017


...................................

...THE MILES CITY MT CLIMATE SUMMARY FOR AUGUST 22 2017...

CLIMATE NORMAL PERIOD 1981 TO 2010
CLIMATE RECORD PERIOD 1937 TO 2017


WEATHER ITEM   OBSERVED TIME   RECORD YEAR NORMAL DEPARTURE LAST
                VALUE   (LST)  VALUE       VALUE  FROM      YEAR
                                                  NORMAL
..................................................................
TEMPERATURE (F)
 YESTERDAY
  MAXIMUM         88    406 PM 103    1971  86      2       95
  MINIMUM         52    548 AM  35    1966  57     -5       56
  AVERAGE         70                        71     -1       76

PRECIPITATION (IN)
  YESTERDAY        0.00          1.52 1973   0.02  -0.02     0.00
  MONTH TO DATE    0.15                      0.68  -0.53     0.77
  SINCE OCT 1      4.42                     11.13  -6.71    11.92
  SINCE JAN 1      3.33                      9.53  -6.20    10.66

DEGREE DAYS
 HEATING
  YESTERDAY        0                         1     -1        0
  MONTH TO DATE    4                         6     -2        5
  SINCE JUN 1     23                       107    -84       16
  SINCE JUL 1      4                        18    -14        7

 COOLING
  YESTERDAY        5                         7     -2       11
  MONTH TO DATE  116                       205    -89      193
  SINCE JUN 1    759                       600    159      728
  SINCE JAN 1    780                       620    160      752
..................................................................


WIND (MPH)
  HIGHEST WIND SPEED    15   HIGHEST WIND DIRECTION    NE (60)
  HIGHEST GUST SPEED    18   HIGHEST GUST DIRECTION    NE (60)
  AVERAGE WIND SPEED     6.0


SKY COVER
  POSSIBLE SUNSHINE  MM
  AVERAGE SKY COVER 0.0


WEATHER CONDITIONS
 THE FOLLOWING WEATHER WAS RECORDED YESTERDAY.
  NO SIGNIFICANT WEATHER WAS OBSERVED.


RELATIVE HUMIDITY (PERCENT)
 HIGHEST    50           500 AM
 LOWEST     15           100 PM
 AVERAGE    33

..........................................................


THE MILES CITY MT CLIMATE NORMALS FOR TODAY
                         NORMAL    RECORD    YEAR
 MAXIMUM TEMPERATURE (F)   86       103      1969
 MINIMUM TEMPERATURE (F)   56        35      2015


SUNRISE AND SUNSET
AUGUST 23 2017........SUNRISE   613 AM MDT   SUNSET   758 PM MDT
AUGUST 24 2017........SUNRISE   614 AM MDT   SUNSET   757 PM MDT


-  INDICATES NEGATIVE NUMBERS.
R  INDICATES RECORD WAS SET OR TIED.
MM INDICATES DATA IS MISSING.
T  INDICATES TRACE AMOUNT.




$$
