514
CDUS45 KBYZ 211031
CLIMLS


CLIMATE REPORT
NATIONAL WEATHER SERVICE BILLINGS MT
331 AM MST SAT JAN 21 2017


...................................

...THE MILES CITY MT CLIMATE SUMMARY FOR JANUARY 20 2017...

CLIMATE NORMAL PERIOD 1981 TO 2010
CLIMATE RECORD PERIOD 1937 TO 2017


WEATHER ITEM   OBSERVED TIME   RECORD YEAR NORMAL DEPARTURE LAST
                VALUE   (LST)  VALUE       VALUE  FROM      YEAR
                                                  NORMAL
..................................................................
TEMPERATURE (F)
 YESTERDAY
  MAXIMUM         37    247 PM  56    1992  30      7       32
  MINIMUM         16    430 AM -36    1954   9      7        9
  AVERAGE         27                        20      7       21

PRECIPITATION (IN)
  YESTERDAY        T             0.26 1957   0.01  -0.01      T
  MONTH TO DATE    0.04                      0.23  -0.19     0.15
  SINCE OCT 1      1.13                      1.83  -0.70     1.41
  SINCE JAN 1      0.04                      0.23  -0.19     0.15

DEGREE DAYS
 HEATING
  YESTERDAY       38                        45     -7       44
  MONTH TO DATE 1189                       919    270      947
  SINCE DEC 1   2768                      2304    464     2137
  SINCE JUL 1   4083                      4103    -20     3565

 COOLING
  YESTERDAY        0                         0      0        0
  MONTH TO DATE    0                         0      0        0
  SINCE DEC 1      0                         0      0        0
  SINCE JAN 1      0                         0      0        0
..................................................................


WIND (MPH)
  HIGHEST WIND SPEED    16   HIGHEST WIND DIRECTION     W (250)
  HIGHEST GUST SPEED    18   HIGHEST GUST DIRECTION     W (250)
  AVERAGE WIND SPEED     6.2


SKY COVER
  POSSIBLE SUNSHINE  MM
  AVERAGE SKY COVER 0.7


WEATHER CONDITIONS
 THE FOLLOWING WEATHER WAS RECORDED YESTERDAY.
  LIGHT RAIN
  FOG
  FOG W/VISIBILITY <= 1/4 MILE


RELATIVE HUMIDITY (PERCENT)
 HIGHEST    92           800 AM
 LOWEST     77           200 AM
 AVERAGE    85

..........................................................


THE MILES CITY MT CLIMATE NORMALS FOR TODAY
                         NORMAL    RECORD    YEAR
 MAXIMUM TEMPERATURE (F)   30        53      1981
 MINIMUM TEMPERATURE (F)    9       -30      1949


SUNRISE AND SUNSET
JANUARY 21 2017.......SUNRISE   738 AM MST   SUNSET   452 PM MST
JANUARY 22 2017.......SUNRISE   737 AM MST   SUNSET   454 PM MST


-  INDICATES NEGATIVE NUMBERS.
R  INDICATES RECORD WAS SET OR TIED.
MM INDICATES DATA IS MISSING.
T  INDICATES TRACE AMOUNT.





&&

THIS IS AN AUTOMATED...UNATTENDED WEATHER STATION AND MAY
UNDERESTIMATE WINTER PRECIPITATION.

$$
