000
CDUS45 KBYZ 020933
CLIMLS


CLIMATE REPORT
NATIONAL WEATHER SERVICE BILLINGS MT
332 AM MDT TUE JUN 2 2015


...................................

...THE MILES CITY MT CLIMATE SUMMARY FOR JUNE 1 2015...

CLIMATE NORMAL PERIOD 1981 TO 2010
CLIMATE RECORD PERIOD 1937 TO 2015


WEATHER ITEM   OBSERVED TIME   RECORD YEAR NORMAL DEPARTURE LAST
                VALUE   (LST)  VALUE       VALUE  FROM      YEAR
                                                  NORMAL
..................................................................
TEMPERATURE (F)
 YESTERDAY
  MAXIMUM         87    430 PM  96    1948  73     14       65
  MINIMUM         60    438 AM  32    1951  48     12       53
  AVERAGE         74                        61     13       59

PRECIPITATION (IN)
  YESTERDAY        0.44          2.23 1962   0.09   0.35     0.04
  MONTH TO DATE    0.44                      0.09   0.35     0.04
  SINCE OCT 1      4.17                      6.39  -2.22     7.11
  SINCE JAN 1      3.16                      4.79  -1.63     5.43

DEGREE DAYS
 HEATING
  YESTERDAY        0                         6     -6        6
  MONTH TO DATE    0                         6     -6        6
  SINCE JUN 1      0                         6     -6        6
  SINCE JUL 1   6985                      7555   -570     8013

 COOLING
  YESTERDAY        9                         1      8        0
  MONTH TO DATE    9                         1      8        0
  SINCE JUN 1      9                         1      8        0
  SINCE JAN 1     10                        21    -11       34
..................................................................


WIND (MPH)
  HIGHEST WIND SPEED    32   HIGHEST WIND DIRECTION    NW (300)
  HIGHEST GUST SPEED    42   HIGHEST GUST DIRECTION    NW (300)
  AVERAGE WIND SPEED     8.2


SKY COVER
  POSSIBLE SUNSHINE  MM
  AVERAGE SKY COVER 0.0


WEATHER CONDITIONS
 THE FOLLOWING WEATHER WAS RECORDED YESTERDAY.
  THUNDERSTORM
  HEAVY RAIN
  RAIN
  LIGHT RAIN
  FOG


RELATIVE HUMIDITY (PERCENT)
 HIGHEST    84           500 AM
 LOWEST     27           500 PM
 AVERAGE    56

..........................................................


THE MILES CITY MT CLIMATE NORMALS FOR TODAY
                         NORMAL    RECORD    YEAR
 MAXIMUM TEMPERATURE (F)   74        96      1986
 MINIMUM TEMPERATURE (F)   49        32      1951


SUNRISE AND SUNSET
JUNE  2 2015..........SUNRISE   514 AM MDT   SUNSET   849 PM MDT
JUNE  3 2015..........SUNRISE   514 AM MDT   SUNSET   850 PM MDT


-  INDICATES NEGATIVE NUMBERS.
R  INDICATES RECORD WAS SET OR TIED.
MM INDICATES DATA IS MISSING.
T  INDICATES TRACE AMOUNT.





&&

THIS IS AN AUTOMATED...UNATTENDED WEATHER STATION AND MAY
UNDERESTIMATE WINTER PRECIPITATION.

$$
