000
CDUS45 KBYZ 252328
CLIMLS


CLIMATE REPORT
NATIONAL WEATHER SERVICE BILLINGS MT
427 PM MST SUN JAN 25 2015


...................................

...THE MILES CITY MT CLIMATE SUMMARY FOR JANUARY 25 2015...
VALID TODAY AS OF 0400 PM LOCAL TIME.

CLIMATE NORMAL PERIOD 1981 TO 2010
CLIMATE RECORD PERIOD 1937 TO 2015


WEATHER ITEM   OBSERVED TIME   RECORD YEAR NORMAL DEPARTURE LAST
                VALUE   (LST)  VALUE       VALUE  FROM      YEAR
                                                  NORMAL
..................................................................
TEMPERATURE (F)
 TODAY
  MAXIMUM         53    337 PM  58    2006  31     22       54
  MINIMUM         29    426 AM -37    1969  10     19       33
                                      1957
  AVERAGE         41                        20     21       44

PRECIPITATION (IN)
  TODAY            0.00          0.22        0.01  -0.01     0.00
  MONTH TO DATE    0.21                      0.27  -0.06     0.02
  SINCE OCT 1      1.22                      1.87  -0.65     1.70
  SINCE JAN 1      0.21                      0.27  -0.06     0.02

DEGREE DAYS
 HEATING
  TODAY           24                        45    -21       21
  MONTH TO DATE 1158                      1144     14     1002
  SINCE DEC 1   2359                      2529   -170     2613
  SINCE JUL 1   4189                      4328   -139     4320

 COOLING
  TODAY            0                         0      0        0
  MONTH TO DATE    0                         0      0        0
  SINCE DEC 1      0                         0      0        0
  SINCE JAN 1      0                         0      0        0
..................................................................


WIND (MPH)
  HIGHEST WIND SPEED    13   HIGHEST WIND DIRECTION     S (160)
  HIGHEST GUST SPEED    15   HIGHEST GUST DIRECTION     W (290)
  AVERAGE WIND SPEED     7.6


SKY COVER
  POSSIBLE SUNSHINE  MM
  AVERAGE SKY COVER 0.5


WEATHER CONDITIONS
 THE FOLLOWING WEATHER WAS RECORDED TODAY.
  NO SIGNIFICANT WEATHER WAS OBSERVED.


RELATIVE HUMIDITY (PERCENT)
 HIGHEST    85           400 AM
 LOWEST     59           300 PM
 AVERAGE    72

..........................................................


THE MILES CITY MT CLIMATE NORMALS FOR TOMORROW
                         NORMAL    RECORD    YEAR
 MAXIMUM TEMPERATURE (F)   31        54      2006
 MINIMUM TEMPERATURE (F)   10       -33      1957


SUNRISE AND SUNSET
JANUARY 25 2015.......SUNRISE   735 AM MST   SUNSET   457 PM MST
JANUARY 26 2015.......SUNRISE   734 AM MST   SUNSET   459 PM MST


-  INDICATES NEGATIVE NUMBERS.
R  INDICATES RECORD WAS SET OR TIED.
MM INDICATES DATA IS MISSING.
T  INDICATES TRACE AMOUNT.





&&

THIS IS AN AUTOMATED...UNATTENDED WEATHER STATION AND MAY
UNDERESTIMATE WINTER PRECIPITATION.

$$
