000
CDUS45 KBYZ 010937
CLIMLS


CLIMATE REPORT
NATIONAL WEATHER SERVICE BILLINGS MT
336 AM MDT SUN MAY 1 2016


...................................

...THE MILES CITY MT CLIMATE SUMMARY FOR APRIL 30 2016...

CLIMATE NORMAL PERIOD 1981 TO 2010
CLIMATE RECORD PERIOD 1937 TO 2016


WEATHER ITEM   OBSERVED TIME   RECORD YEAR NORMAL DEPARTURE LAST
                VALUE   (LST)  VALUE       VALUE  FROM      YEAR
                                                  NORMAL
..................................................................
TEMPERATURE (F)
 YESTERDAY
  MAXIMUM         61    514 PM  88    1968  64     -3       66
  MINIMUM         42    512 AM  20    1966  38      4       44
  AVERAGE         52                        51      1       55

PRECIPITATION (IN)
  YESTERDAY        0.00          0.98 1944   0.06  -0.06      T
  MONTH TO DATE    4.36                      1.37   2.99     0.45
  SINCE OCT 1      6.69                      4.12   2.57     1.91
  SINCE JAN 1      5.43                      2.52   2.91     0.90

DEGREE DAYS
 HEATING
  YESTERDAY       13                        14     -1       10
  MONTH TO DATE  475                       571    -96      522
  SINCE MAR 1   1162                      1512   -350     1187
  SINCE JUL 1   5855                      7246  -1391     6657

 COOLING
  YESTERDAY        0                         0      0        0
  MONTH TO DATE    2                         1      1        0
  SINCE MAR 1      2                         1      1        0
  SINCE JAN 1      2                         1      1        0
..................................................................


WIND (MPH)
  HIGHEST WIND SPEED    17   HIGHEST WIND DIRECTION     E (90)
  HIGHEST GUST SPEED    22   HIGHEST GUST DIRECTION     E (90)
  AVERAGE WIND SPEED     8.8


SKY COVER
  POSSIBLE SUNSHINE  MM
  AVERAGE SKY COVER 0.6


WEATHER CONDITIONS
 THE FOLLOWING WEATHER WAS RECORDED YESTERDAY.
  NO SIGNIFICANT WEATHER WAS OBSERVED.


RELATIVE HUMIDITY (PERCENT)
 HIGHEST    82           500 AM
 LOWEST     32           500 PM
 AVERAGE    57

..........................................................


THE MILES CITY MT CLIMATE NORMALS FOR TODAY
                         NORMAL    RECORD    YEAR
 MAXIMUM TEMPERATURE (F)   64        89      1981
 MINIMUM TEMPERATURE (F)   38        21      2013


SUNRISE AND SUNSET
MAY  1 2016...........SUNRISE   549 AM MDT   SUNSET   813 PM MDT
MAY  2 2016...........SUNRISE   547 AM MDT   SUNSET   815 PM MDT


-  INDICATES NEGATIVE NUMBERS.
R  INDICATES RECORD WAS SET OR TIED.
MM INDICATES DATA IS MISSING.
T  INDICATES TRACE AMOUNT.





&&

THIS IS AN AUTOMATED...UNATTENDED WEATHER STATION AND MAY
UNDERESTIMATE WINTER PRECIPITATION.

$$
